[INFO] fetching crate reifydb-rql 0.9.3...
[INFO] testing reifydb-rql-0.9.3 against 1.99.0-beta.8 for beta-1.100-2
[INFO] extracting crate reifydb-rql 0.9.3 into /workspace/builds/worker-6-tc1/source
[INFO] started tweaking crates.io crate reifydb-rql 0.9.3
[INFO] removed 0 missing tests
[INFO] finished tweaking crates.io crate reifydb-rql 0.9.3
[INFO] tweaked toml for crates.io crate reifydb-rql 0.9.3 written to /workspace/builds/worker-6-tc1/source/Cargo.toml
[INFO] validating manifest of crates.io crate reifydb-rql 0.9.3 on toolchain 1.99.0-beta.8
[INFO] running `Command { std: CARGO_HOME="/workspace/cargo-home" RUSTUP_HOME="/workspace/rustup-home" "/workspace/cargo-home/bin/cargo" "+1.99.0-beta.8" "metadata" "--manifest-path" "Cargo.toml" "--no-deps", kill_on_drop: false }`
[INFO] crate crates.io crate reifydb-rql 0.9.3 already has a lockfile, it will not be regenerated
[INFO] running `Command { std: CARGO_HOME="/workspace/cargo-home" RUSTUP_HOME="/workspace/rustup-home" "/workspace/cargo-home/bin/cargo" "+1.99.0-beta.8" "fetch" "--manifest-path" "Cargo.toml", kill_on_drop: false }`
[INFO] [stderr]     Updating crates.io index
[INFO] [stderr]  Downloading crates ...
[INFO] [stderr]   Downloaded reifydb-build v0.9.3
[INFO] [stderr]   Downloaded reifydb-value v0.9.3
[INFO] [stderr]   Downloaded reifydb-sqlite v0.9.3
[INFO] [stderr]   Downloaded reifydb-store-single v0.9.3
[INFO] [stderr]   Downloaded rsqlite-vfs v0.1.1
[INFO] [stderr]   Downloaded reifydb-macro v0.9.3
[INFO] [stderr]   Downloaded reifydb-filter v0.9.3
[INFO] [stderr]   Downloaded reifydb-macro-impl v0.9.3
[INFO] [stderr]   Downloaded reifydb-store v0.9.3
[INFO] [stderr]   Downloaded reifydb-runtime v0.9.3
[INFO] [stderr]   Downloaded dashmap v7.0.0-rc2
[INFO] [stderr]   Downloaded reifydb-routine-abi v0.9.3
[INFO] [stderr]   Downloaded reifydb-store-commit v0.9.3
[INFO] [stderr]   Downloaded reifydb-transaction v0.9.3
[INFO] [stderr]   Downloaded rusqlite v0.39.0
[INFO] [stderr]   Downloaded reifydb-codec v0.9.3
[INFO] [stderr]   Downloaded reifydb-store-multi v0.9.3
[INFO] [stderr]   Downloaded reifydb-catalog v0.9.3
[INFO] [stderr]   Downloaded reifydb-core v0.9.3
[INFO] [stderr]   Downloaded libsqlite3-sys v0.37.0
[INFO] [stderr]   Downloaded sqlite-wasm-rs v0.5.5
[INFO] running `Command { std: "docker" "create" "-v" "/var/lib/crater-agent-workspace/builds/worker-6-tc1/source:/opt/rustwide/workdir:ro,Z" "-v" "/var/lib/crater-agent-workspace/builds/worker-6-tc1/target:/opt/rustwide/target:rw,Z" "-v" "/var/lib/crater-agent-workspace/cargo-home:/opt/rustwide/cargo-home:ro,Z" "-v" "/var/lib/crater-agent-workspace/rustup-home:/opt/rustwide/rustup-home:ro,Z" "-m" "1610612736" "--network" "none" "ghcr.io/rust-lang/crates-build-env/linux@sha256:3111399a4047eeb3a02b7a90e478d715f38a8c6669b5c4b49d30a17385265909" "sleep" "infinity", kill_on_drop: false }`
[INFO] [stdout] a758f39a5d4d64ccb03c0c441e1a6b8380ccb1f1daab4ee2cfb0905016a2aec5
[INFO] running `Command { std: "docker" "start" "a758f39a5d4d64ccb03c0c441e1a6b8380ccb1f1daab4ee2cfb0905016a2aec5", kill_on_drop: false }`
[INFO] running `Command { std: "docker" "inspect" "a758f39a5d4d64ccb03c0c441e1a6b8380ccb1f1daab4ee2cfb0905016a2aec5", kill_on_drop: false }`
[INFO] running `Command { std: "docker" "exec" "-e" "SOURCE_DIR=/opt/rustwide/workdir" "-e" "CARGO_HOME=/opt/rustwide/cargo-home" "-e" "RUSTUP_HOME=/opt/rustwide/rustup-home" "-e" "CARGO_TARGET_DIR=/opt/rustwide/target" "-w" "/opt/rustwide/workdir" "--user" "0:0" "a758f39a5d4d64ccb03c0c441e1a6b8380ccb1f1daab4ee2cfb0905016a2aec5" "/opt/rustwide/cargo-home/bin/cargo" "+1.99.0-beta.8" "metadata" "--no-deps" "--format-version=1", kill_on_drop: false }`
[INFO] running `Command { std: "docker" "inspect" "a758f39a5d4d64ccb03c0c441e1a6b8380ccb1f1daab4ee2cfb0905016a2aec5", kill_on_drop: false }`
[INFO] running `Command { std: "docker" "exec" "-e" "SOURCE_DIR=/opt/rustwide/workdir" "-e" "CARGO_HOME=/opt/rustwide/cargo-home" "-e" "RUSTUP_HOME=/opt/rustwide/rustup-home" "-e" "CARGO_TARGET_DIR=/opt/rustwide/target" "-e" "CARGO_INCREMENTAL=0" "-e" "RUST_BACKTRACE=full" "-e" "RUSTFLAGS=--cap-lints=warn" "-e" "RUSTDOCFLAGS=--cap-lints=warn" "-w" "/opt/rustwide/workdir" "--user" "0:0" "a758f39a5d4d64ccb03c0c441e1a6b8380ccb1f1daab4ee2cfb0905016a2aec5" "/opt/rustwide/cargo-home/bin/cargo" "+1.99.0-beta.8" "build" "--frozen" "--message-format=json", kill_on_drop: false }`
[INFO] [stderr]    Compiling reifydb-build v0.9.3
[INFO] [stderr]    Compiling serde_core v1.0.228
[INFO] [stderr]    Compiling serde v1.0.228
[INFO] [stderr]    Compiling getrandom v0.4.2
[INFO] [stderr]    Compiling lock_api v0.4.14
[INFO] [stderr]    Compiling num-traits v0.2.19
[INFO] [stderr]    Compiling heapless v0.7.17
[INFO] [stderr]    Compiling hash32 v0.2.1
[INFO] [stderr]    Compiling bigdecimal v0.4.10
[INFO] [stderr]    Compiling crossbeam-epoch v0.9.18
[INFO] [stderr]    Compiling cc v1.2.63
[INFO] [stderr]    Compiling memchr v2.8.1
[INFO] [stderr]    Compiling zstd-safe v7.2.4
[INFO] [stderr]    Compiling cobs v0.3.0
[INFO] [stderr]    Compiling portable-atomic v1.13.1
[INFO] [stderr]    Compiling xxhash-rust v0.8.15
[INFO] [stderr]    Compiling reifydb-value v0.9.3
[INFO] [stderr]    Compiling chacha20 v0.10.0
[INFO] [stderr]    Compiling reifydb-codec v0.9.3
[INFO] [stderr]    Compiling reifydb-runtime v0.9.3
[INFO] [stderr]    Compiling crossbeam-channel v0.5.15
[INFO] [stderr]    Compiling futures-core v0.3.32
[INFO] [stderr]    Compiling tagptr v0.2.0
[INFO] [stderr]    Compiling futures-sink v0.3.32
[INFO] [stderr]    Compiling either v1.16.0
[INFO] [stderr]    Compiling hashbrown v0.16.1
[INFO] [stderr]    Compiling crossbeam-deque v0.8.6
[INFO] [stderr]    Compiling spin v0.9.8
[INFO] [stderr]    Compiling futures-util v0.3.32
[INFO] [stderr]    Compiling rayon-core v1.13.0
[INFO] [stderr]    Compiling tokio v1.52.3
[INFO] [stderr]    Compiling rand v0.10.1
[INFO] [stderr]    Compiling reifydb-core v0.9.3
[INFO] [stderr]    Compiling reifydb-macro-impl v0.9.3
[INFO] [stderr]    Compiling crossbeam-skiplist v0.1.3
[INFO] [stderr]    Compiling reifydb-filter v0.9.3
[INFO] [stderr]    Compiling reifydb-sqlite v0.9.3
[INFO] [stderr]    Compiling reifydb-store v0.9.3
[INFO] [stderr]    Compiling reifydb-store-commit v0.9.3
[INFO] [stderr]    Compiling reifydb-store-multi v0.9.3
[INFO] [stderr]    Compiling reifydb-store-single v0.9.3
[INFO] [stderr]    Compiling reifydb-transaction v0.9.3
[INFO] [stderr]    Compiling reifydb-catalog v0.9.3
[INFO] [stderr]    Compiling rustc-hash v2.1.2
[INFO] [stderr]    Compiling reifydb-routine-abi v0.9.3
[INFO] [stderr]    Compiling rayon v1.12.0
[INFO] [stderr]    Compiling subtle v2.6.1
[INFO] [stderr]    Compiling reifydb-rql v0.9.3 (/opt/rustwide/workdir)
[INFO] [stderr]    Compiling bumpalo v3.20.3
[INFO] [stderr]    Compiling zstd-sys v2.0.16+zstd.1.5.7
[INFO] [stderr]    Compiling libsqlite3-sys v0.37.0
[INFO] [stderr]    Compiling num-integer v0.1.46
[INFO] [stderr]    Compiling hashlink v0.11.1
[INFO] [stderr]    Compiling reifydb-macro v0.9.3
[INFO] [stderr]    Compiling uuid v1.23.2
[INFO] [stderr]    Compiling serde_json v1.0.150
[INFO] [stderr]    Compiling serde_bytes v0.11.19
[INFO] [stderr]    Compiling indexmap v2.14.0
[INFO] [stderr]    Compiling smallvec v1.15.1
[INFO] [stderr]    Compiling num-bigint v0.4.6
[INFO] [stderr]    Compiling parking_lot_core v0.9.12
[INFO] [stderr]    Compiling postcard v1.1.3
[INFO] [stderr]    Compiling parking_lot v0.12.5
[INFO] [stderr]    Compiling dashmap v7.0.0-rc2
[INFO] [stderr]    Compiling moka v0.12.15
[INFO] [stderr]    Compiling zstd v0.13.3
[INFO] [stderr]    Compiling rusqlite v0.39.0
[INFO] [stderr]     Finished `dev` profile [unoptimized + debuginfo] target(s) in 1m 31s
[INFO] running `Command { std: "docker" "inspect" "a758f39a5d4d64ccb03c0c441e1a6b8380ccb1f1daab4ee2cfb0905016a2aec5", kill_on_drop: false }`
[INFO] running `Command { std: "docker" "exec" "-e" "SOURCE_DIR=/opt/rustwide/workdir" "-e" "CARGO_HOME=/opt/rustwide/cargo-home" "-e" "RUSTUP_HOME=/opt/rustwide/rustup-home" "-e" "CARGO_TARGET_DIR=/opt/rustwide/target" "-e" "CARGO_INCREMENTAL=0" "-e" "RUST_BACKTRACE=full" "-e" "RUSTFLAGS=--cap-lints=warn" "-e" "RUSTDOCFLAGS=--cap-lints=warn" "-w" "/opt/rustwide/workdir" "--user" "0:0" "a758f39a5d4d64ccb03c0c441e1a6b8380ccb1f1daab4ee2cfb0905016a2aec5" "/opt/rustwide/cargo-home/bin/cargo" "+1.99.0-beta.8" "test" "--frozen" "--no-run" "--message-format=json", kill_on_drop: false }`
[INFO] [stderr]    Compiling reifydb-rql v0.9.3 (/opt/rustwide/workdir)
[INFO] [stdout] error[E0432]: unresolved import `reifydb`
[INFO] [stdout]  --> tests/mod.rs:6:5
[INFO] [stdout]   |
[INFO] [stdout] 6 | use reifydb::{Database, Params, RuntimeConfig, embedded as db_embedded};
[INFO] [stdout]   |     ^^^^^^^ use of unresolved module or unlinked crate `reifydb`
[INFO] [stdout]   |
[INFO] [stdout]   = help: if you wanted to use a crate named `reifydb`, use `cargo add reifydb` to add it to your `Cargo.toml`
[INFO] [stdout] 
[INFO] [stdout] 
[INFO] [stdout] error[E0433]: cannot find module or crate `reifydb_testing` in this scope
[INFO] [stdout]  --> tests/mod.rs:8:5
[INFO] [stdout]   |
[INFO] [stdout] 8 | use reifydb_testing::{testscript, testscript::command::Command};
[INFO] [stdout]   |     ^^^^^^^^^^^^^^^ use of unresolved module or unlinked crate `reifydb_testing`
[INFO] [stdout]   |
[INFO] [stdout] help: there is a crate or module with a similar name
[INFO] [stdout]   |
[INFO] [stdout] 8 - use reifydb_testing::{testscript, testscript::command::Command};
[INFO] [stdout] 8 + use reifydb_runtime::{testscript, testscript::command::Command};
[INFO] [stdout]   |
[INFO] [stdout] 
[INFO] [stdout] 
[INFO] [stdout] error[E0432]: unresolved import `reifydb_testing`
[INFO] [stdout]  --> tests/mod.rs:8:5
[INFO] [stdout]   |
[INFO] [stdout] 8 | use reifydb_testing::{testscript, testscript::command::Command};
[INFO] [stdout]   |     ^^^^^^^^^^^^^^^ use of unresolved module or unlinked crate `reifydb_testing`
[INFO] [stdout]   |
[INFO] [stdout] help: there is a crate or module with a similar name
[INFO] [stdout]   |
[INFO] [stdout] 8 - use reifydb_testing::{testscript, testscript::command::Command};
[INFO] [stdout] 8 + use reifydb_runtime::{testscript, testscript::command::Command};
[INFO] [stdout]   |
[INFO] [stdout] 
[INFO] [stdout] 
[INFO] [stdout] error[E0433]: cannot find module or crate `tokio` in this scope
[INFO] [stdout]   --> tests/mod.rs:11:5
[INFO] [stdout]    |
[INFO] [stdout] 11 | use tokio::runtime::Runtime;
[INFO] [stdout]    |     ^^^^^ use of unresolved module or unlinked crate `tokio`
[INFO] [stdout]    |
[INFO] [stdout]    = help: if you wanted to use a crate named `tokio`, use `cargo add tokio` to add it to your `Cargo.toml`
[INFO] [stdout] 
[INFO] [stdout] 
[INFO] [stdout] error[E0432]: unresolved import `test_each_file`
[INFO] [stdout]   --> tests/mod.rs:10:5
[INFO] [stdout]    |
[INFO] [stdout] 10 | use test_each_file::test_each_path;
[INFO] [stdout]    |     ^^^^^^^^^^^^^^ use of unresolved module or unlinked crate `test_each_file`
[INFO] [stdout]    |
[INFO] [stdout]    = help: if you wanted to use a crate named `test_each_file`, use `cargo add test_each_file` to add it to your `Cargo.toml`
[INFO] [stdout] 
[INFO] [stdout] 
[INFO] [stdout] Some errors have detailed explanations: E0432, E0433.
[INFO] [stdout] 
[INFO] [stdout] For more information about an error, try `rustc --explain E0432`.
[INFO] [stdout] 
[INFO] [stderr] error: could not compile `reifydb-rql` (test "mod") due to 5 previous errors
[INFO] [stderr] warning: build failed, waiting for other jobs to finish...
[INFO] [stdout] error[E0433]: cannot find module or crate `reifydb_test_harness` in this scope
[INFO] [stdout]   --> src/flow/loader.rs:46:6
[INFO] [stdout]    |
[INFO] [stdout] 46 |     use reifydb_test_harness::engine::create_test_admin_transaction;
[INFO] [stdout]    |         ^^^^^^^^^^^^^^^^^^^^ use of unresolved module or unlinked crate `reifydb_test_harness`
[INFO] [stdout]    |
[INFO] [stdout]    = help: if you wanted to use a crate named `reifydb_test_harness`, use `cargo add reifydb_test_harness` to add it to your `Cargo.toml`
[INFO] [stdout] 
[INFO] [stdout] 
[INFO] [stdout] error[E0433]: cannot find module or crate `reifydb_test_harness` in this scope
[INFO] [stdout]    --> src/flow/time_domain.rs:157:6
[INFO] [stdout]     |
[INFO] [stdout] 157 |     use reifydb_test_harness::engine::create_test_admin_transaction;
[INFO] [stdout]     |         ^^^^^^^^^^^^^^^^^^^^ use of unresolved module or unlinked crate `reifydb_test_harness`
[INFO] [stdout]     |
[INFO] [stdout]     = help: if you wanted to use a crate named `reifydb_test_harness`, use `cargo add reifydb_test_harness` to add it to your `Cargo.toml`
[INFO] [stdout] 
[INFO] [stdout] 
[INFO] [stdout] For more information about this error, try `rustc --explain E0433`.
[INFO] [stdout] 
[INFO] [stderr] error: could not compile `reifydb-rql` (lib test) due to 2 previous errors
[INFO] running `Command { std: "docker" "inspect" "a758f39a5d4d64ccb03c0c441e1a6b8380ccb1f1daab4ee2cfb0905016a2aec5", kill_on_drop: false }`
[INFO] running `Command { std: "docker" "rm" "-f" "a758f39a5d4d64ccb03c0c441e1a6b8380ccb1f1daab4ee2cfb0905016a2aec5", kill_on_drop: false }`
[INFO] [stdout] a758f39a5d4d64ccb03c0c441e1a6b8380ccb1f1daab4ee2cfb0905016a2aec5
