[INFO] fetching crate refuse-pool 0.0.6...
[INFO] testing refuse-pool-0.0.6 against 1.99.0-beta.8 for beta-1.100-2
[INFO] extracting crate refuse-pool 0.0.6 into /workspace/builds/worker-7-tc1/source
[INFO] started tweaking crates.io crate refuse-pool 0.0.6
[INFO] finished tweaking crates.io crate refuse-pool 0.0.6
[INFO] tweaked toml for crates.io crate refuse-pool 0.0.6 written to /workspace/builds/worker-7-tc1/source/Cargo.toml
[INFO] validating manifest of crates.io crate refuse-pool 0.0.6 on toolchain 1.99.0-beta.8
[INFO] running `Command { std: CARGO_HOME="/workspace/cargo-home" RUSTUP_HOME="/workspace/rustup-home" "/workspace/cargo-home/bin/cargo" "+1.99.0-beta.8" "metadata" "--manifest-path" "Cargo.toml" "--no-deps", kill_on_drop: false }`
[INFO] running `Command { std: CARGO_HOME="/workspace/cargo-home" RUSTUP_HOME="/workspace/rustup-home" "/workspace/cargo-home/bin/cargo" "+1.99.0-beta.8" "generate-lockfile" "--manifest-path" "Cargo.toml", kill_on_drop: false }`
[INFO] [stderr]     Blocking waiting for file lock on package cache
[INFO] [stderr]     Updating crates.io index
[INFO] [stderr]     Blocking waiting for file lock on package cache
[INFO] [stderr]      Locking 62 packages to highest compatible versions
[INFO] [stderr]       Adding hashbrown v0.14.5 (available: v0.17.1)
[INFO] running `Command { std: CARGO_HOME="/workspace/cargo-home" RUSTUP_HOME="/workspace/rustup-home" "/workspace/cargo-home/bin/cargo" "+1.99.0-beta.8" "fetch" "--manifest-path" "Cargo.toml", kill_on_drop: false }`
[INFO] [stderr]     Blocking waiting for file lock on package cache
[INFO] [stderr]  Downloading crates ...
[INFO] [stderr]   Downloaded proc-macro-utils v0.10.0
[INFO] [stderr]   Downloaded refuse-macros v0.0.6
[INFO] [stderr]   Downloaded refuse v0.0.6
[INFO] [stderr]   Downloaded manyhow v0.11.4
[INFO] [stderr]   Downloaded manyhow-macros v0.11.4
[INFO] [stderr]   Downloaded interpolator v0.5.0
[INFO] [stderr]   Downloaded manyhow v0.10.4
[INFO] [stderr]   Downloaded quote-use v0.8.4
[INFO] [stderr]   Downloaded manyhow-macros v0.10.4
[INFO] [stderr]   Downloaded attribute-derive v0.9.2
[INFO] [stderr]   Downloaded intentional v0.1.1
[INFO] [stderr]   Downloaded nanorand v0.7.0
[INFO] [stderr]   Downloaded derive-where v1.7.0
[INFO] [stderr]   Downloaded collection_literals v1.0.3
[INFO] [stderr]   Downloaded proc-macro-utils v0.8.0
[INFO] [stderr]   Downloaded kempt v0.2.4
[INFO] [stderr]   Downloaded attribute-derive-macro v0.9.2
[INFO] [stderr]   Downloaded quote-use-macros v0.8.4
[INFO] running `Command { std: "docker" "create" "-v" "/var/lib/crater-agent-workspace/builds/worker-7-tc1/source:/opt/rustwide/workdir:ro,Z" "-v" "/var/lib/crater-agent-workspace/builds/worker-7-tc1/target:/opt/rustwide/target:rw,Z" "-v" "/var/lib/crater-agent-workspace/cargo-home:/opt/rustwide/cargo-home:ro,Z" "-v" "/var/lib/crater-agent-workspace/rustup-home:/opt/rustwide/rustup-home:ro,Z" "-m" "1610612736" "--network" "none" "ghcr.io/rust-lang/crates-build-env/linux@sha256:3111399a4047eeb3a02b7a90e478d715f38a8c6669b5c4b49d30a17385265909" "sleep" "infinity", kill_on_drop: false }`
[INFO] [stdout] de65e7b516738c62c66ea60c7ee95077b4ee559f32f99482530c2ada6732f801
[INFO] running `Command { std: "docker" "start" "de65e7b516738c62c66ea60c7ee95077b4ee559f32f99482530c2ada6732f801", kill_on_drop: false }`
[INFO] running `Command { std: "docker" "inspect" "de65e7b516738c62c66ea60c7ee95077b4ee559f32f99482530c2ada6732f801", kill_on_drop: false }`
[INFO] running `Command { std: "docker" "exec" "-e" "SOURCE_DIR=/opt/rustwide/workdir" "-e" "CARGO_HOME=/opt/rustwide/cargo-home" "-e" "RUSTUP_HOME=/opt/rustwide/rustup-home" "-e" "CARGO_TARGET_DIR=/opt/rustwide/target" "-w" "/opt/rustwide/workdir" "--user" "0:0" "de65e7b516738c62c66ea60c7ee95077b4ee559f32f99482530c2ada6732f801" "/opt/rustwide/cargo-home/bin/cargo" "+1.99.0-beta.8" "metadata" "--no-deps" "--format-version=1", kill_on_drop: false }`
[INFO] running `Command { std: "docker" "inspect" "de65e7b516738c62c66ea60c7ee95077b4ee559f32f99482530c2ada6732f801", kill_on_drop: false }`
[INFO] running `Command { std: "docker" "exec" "-e" "SOURCE_DIR=/opt/rustwide/workdir" "-e" "CARGO_HOME=/opt/rustwide/cargo-home" "-e" "RUSTUP_HOME=/opt/rustwide/rustup-home" "-e" "CARGO_TARGET_DIR=/opt/rustwide/target" "-e" "CARGO_INCREMENTAL=0" "-e" "RUST_BACKTRACE=full" "-e" "RUSTFLAGS=--cap-lints=warn" "-e" "RUSTDOCFLAGS=--cap-lints=warn" "-w" "/opt/rustwide/workdir" "--user" "0:0" "de65e7b516738c62c66ea60c7ee95077b4ee559f32f99482530c2ada6732f801" "/opt/rustwide/cargo-home/bin/cargo" "+1.99.0-beta.8" "build" "--frozen" "--message-format=json", kill_on_drop: false }`
[INFO] [stderr]    Compiling smallvec v1.16.2
[INFO] [stderr]    Compiling libc v0.2.190
[INFO] [stderr]    Compiling syn v2.0.119
[INFO] [stderr]    Compiling scopeguard v1.2.0
[INFO] [stderr]    Compiling syn v3.0.6
[INFO] [stderr]    Compiling zerocopy v0.8.60
[INFO] [stderr]    Compiling collection_literals v1.0.3
[INFO] [stderr]    Compiling parking_lot_core v0.9.12
[INFO] [stderr]    Compiling interpolator v0.5.0
[INFO] [stderr]    Compiling crossbeam-utils v0.8.23
[INFO] [stderr]    Compiling once_cell v1.21.4
[INFO] [stderr]    Compiling futures-sink v0.3.34
[INFO] [stderr]    Compiling ahash v0.8.12
[INFO] [stderr]    Compiling futures-core v0.3.34
[INFO] [stderr]    Compiling kempt v0.2.4
[INFO] [stderr]    Compiling lock_api v0.4.14
[INFO] [stderr]    Compiling intentional v0.1.1
[INFO] [stderr]    Compiling proc-macro-utils v0.10.0
[INFO] [stderr]    Compiling proc-macro-utils v0.8.0
[INFO] [stderr]    Compiling spin v0.9.9
[INFO] [stderr]    Compiling manyhow-macros v0.10.4
[INFO] [stderr]    Compiling manyhow-macros v0.11.4
[INFO] [stderr]    Compiling getrandom v0.2.17
[INFO] [stderr]    Compiling getrandom v0.3.4
[INFO] [stderr]    Compiling nanorand v0.7.0
[INFO] [stderr]    Compiling parking_lot v0.12.5
[INFO] [stderr]    Compiling flume v0.11.1
[INFO] [stderr]    Compiling manyhow v0.10.4
[INFO] [stderr]    Compiling manyhow v0.11.4
[INFO] [stderr]    Compiling quote-use-macros v0.8.4
[INFO] [stderr]    Compiling quote-use v0.8.4
[INFO] [stderr]    Compiling attribute-derive-macro v0.9.2
[INFO] [stderr]    Compiling derive-where v1.7.0
[INFO] [stderr]    Compiling hashbrown v0.14.5
[INFO] [stderr]    Compiling attribute-derive v0.9.2
[INFO] [stderr]    Compiling refuse-macros v0.0.6
[INFO] [stdout] error[E0433]: cannot find `Item` in `syn`
[INFO] [stdout]    --> /opt/rustwide/cargo-home/registry/src/index.crates.io-1949cf8c6b5b557f/refuse-macros-0.0.6/src/lib.rs:19:14
[INFO] [stdout]     |
[INFO] [stdout]  19 |         syn::Item::Struct(item) => derive_map_as_inner(&item.ident, &item.generics, &item.attrs),
[INFO] [stdout]     |              ^^^^ could not find `Item` in `syn`
[INFO] [stdout]     |
[INFO] [stdout] note: found an item that was configured out
[INFO] [stdout]    --> /opt/rustwide/cargo-home/registry/src/index.crates.io-1949cf8c6b5b557f/syn-2.0.119/src/lib.rs:431:88
[INFO] [stdout]     |
[INFO] [stdout] 427 | #[cfg(feature = "full")]
[INFO] [stdout]     |       ---------------- the item is gated behind the `full` feature
[INFO] [stdout] ...
[INFO] [stdout] 431 |     ImplItem, ImplItemConst, ImplItemFn, ImplItemMacro, ImplItemType, ImplRestriction, Item,
[INFO] [stdout]     |                                                                                        ^^^^
[INFO] [stdout] 
[INFO] [stdout] 
[INFO] [stdout] error[E0433]: cannot find `Item` in `syn`
[INFO] [stdout]    --> /opt/rustwide/cargo-home/registry/src/index.crates.io-1949cf8c6b5b557f/refuse-macros-0.0.6/src/lib.rs:20:14
[INFO] [stdout]     |
[INFO] [stdout]  20 |         syn::Item::Enum(item) => derive_map_as_inner(&item.ident, &item.generics, &item.attrs),
[INFO] [stdout]     |              ^^^^ could not find `Item` in `syn`
[INFO] [stdout]     |
[INFO] [stdout] note: found an item that was configured out
[INFO] [stdout]    --> /opt/rustwide/cargo-home/registry/src/index.crates.io-1949cf8c6b5b557f/syn-2.0.119/src/lib.rs:431:88
[INFO] [stdout]     |
[INFO] [stdout] 427 | #[cfg(feature = "full")]
[INFO] [stdout]     |       ---------------- the item is gated behind the `full` feature
[INFO] [stdout] ...
[INFO] [stdout] 431 |     ImplItem, ImplItemConst, ImplItemFn, ImplItemMacro, ImplItemType, ImplRestriction, Item,
[INFO] [stdout]     |                                                                                        ^^^^
[INFO] [stdout] 
[INFO] [stdout] 
[INFO] [stdout] error[E0433]: cannot find `Item` in `syn`
[INFO] [stdout]    --> /opt/rustwide/cargo-home/registry/src/index.crates.io-1949cf8c6b5b557f/refuse-macros-0.0.6/src/lib.rs:66:14
[INFO] [stdout]     |
[INFO] [stdout]  66 |         syn::Item::Struct(item) => derive_struct_trace(item),
[INFO] [stdout]     |              ^^^^ could not find `Item` in `syn`
[INFO] [stdout]     |
[INFO] [stdout] note: found an item that was configured out
[INFO] [stdout]    --> /opt/rustwide/cargo-home/registry/src/index.crates.io-1949cf8c6b5b557f/syn-2.0.119/src/lib.rs:431:88
[INFO] [stdout]     |
[INFO] [stdout] 427 | #[cfg(feature = "full")]
[INFO] [stdout]     |       ---------------- the item is gated behind the `full` feature
[INFO] [stdout] ...
[INFO] [stdout] 431 |     ImplItem, ImplItemConst, ImplItemFn, ImplItemMacro, ImplItemType, ImplRestriction, Item,
[INFO] [stdout]     |                                                                                        ^^^^
[INFO] [stdout] 
[INFO] [stdout] 
[INFO] [stdout] error[E0433]: cannot find `Item` in `syn`
[INFO] [stdout]    --> /opt/rustwide/cargo-home/registry/src/index.crates.io-1949cf8c6b5b557f/refuse-macros-0.0.6/src/lib.rs:67:14
[INFO] [stdout]     |
[INFO] [stdout]  67 |         syn::Item::Enum(item) => derive_enum_trace(item),
[INFO] [stdout]     |              ^^^^ could not find `Item` in `syn`
[INFO] [stdout]     |
[INFO] [stdout] note: found an item that was configured out
[INFO] [stdout]    --> /opt/rustwide/cargo-home/registry/src/index.crates.io-1949cf8c6b5b557f/syn-2.0.119/src/lib.rs:431:88
[INFO] [stdout]     |
[INFO] [stdout] 427 | #[cfg(feature = "full")]
[INFO] [stdout]     |       ---------------- the item is gated behind the `full` feature
[INFO] [stdout] ...
[INFO] [stdout] 431 |     ImplItem, ImplItemConst, ImplItemFn, ImplItemMacro, ImplItemType, ImplRestriction, Item,
[INFO] [stdout]     |                                                                                        ^^^^
[INFO] [stdout] 
[INFO] [stdout] 
[INFO] [stdout] error[E0425]: cannot find type `Item` in crate `syn`
[INFO] [stdout]    --> /opt/rustwide/cargo-home/registry/src/index.crates.io-1949cf8c6b5b557f/refuse-macros-0.0.6/src/lib.rs:17:34
[INFO] [stdout]     |
[INFO] [stdout]  17 | pub fn derive_map_as(input: syn::Item) -> manyhow::Result {
[INFO] [stdout]     |                                  ^^^^ not found in `syn`
[INFO] [stdout]     |
[INFO] [stdout] note: found an item that was configured out
[INFO] [stdout]    --> /opt/rustwide/cargo-home/registry/src/index.crates.io-1949cf8c6b5b557f/syn-2.0.119/src/lib.rs:431:88
[INFO] [stdout]     |
[INFO] [stdout] 427 | #[cfg(feature = "full")]
[INFO] [stdout]     |       ---------------- the item is gated behind the `full` feature
[INFO] [stdout] ...
[INFO] [stdout] 431 |     ImplItem, ImplItemConst, ImplItemFn, ImplItemMacro, ImplItemType, ImplRestriction, Item,
[INFO] [stdout]     |                                                                                        ^^^^
[INFO] [stdout] 
[INFO] [stdout] 
[INFO] [stdout] error[E0425]: cannot find type `Item` in crate `syn`
[INFO] [stdout]    --> /opt/rustwide/cargo-home/registry/src/index.crates.io-1949cf8c6b5b557f/refuse-macros-0.0.6/src/lib.rs:64:33
[INFO] [stdout]     |
[INFO] [stdout]  64 | pub fn derive_trace(input: syn::Item) -> manyhow::Result {
[INFO] [stdout]     |                                 ^^^^ not found in `syn`
[INFO] [stdout]     |
[INFO] [stdout] note: found an item that was configured out
[INFO] [stdout]    --> /opt/rustwide/cargo-home/registry/src/index.crates.io-1949cf8c6b5b557f/syn-2.0.119/src/lib.rs:431:88
[INFO] [stdout]     |
[INFO] [stdout] 427 | #[cfg(feature = "full")]
[INFO] [stdout]     |       ---------------- the item is gated behind the `full` feature
[INFO] [stdout] ...
[INFO] [stdout] 431 |     ImplItem, ImplItemConst, ImplItemFn, ImplItemMacro, ImplItemType, ImplRestriction, Item,
[INFO] [stdout]     |                                                                                        ^^^^
[INFO] [stdout] 
[INFO] [stdout] 
[INFO] [stdout] error[E0422]: cannot find struct, variant or union type `ItemStruct` in crate `syn`
[INFO] [stdout]    --> /opt/rustwide/cargo-home/registry/src/index.crates.io-1949cf8c6b5b557f/refuse-macros-0.0.6/src/lib.rs:82:10
[INFO] [stdout]     |
[INFO] [stdout]  82 |     syn::ItemStruct {
[INFO] [stdout]     |          ^^^^^^^^^^ not found in `syn`
[INFO] [stdout]     |
[INFO] [stdout] note: found an item that was configured out
[INFO] [stdout]    --> /opt/rustwide/cargo-home/registry/src/index.crates.io-1949cf8c6b5b557f/syn-2.0.119/src/lib.rs:433:17
[INFO] [stdout]     |
[INFO] [stdout] 427 | #[cfg(feature = "full")]
[INFO] [stdout]     |       ---------------- the item is gated behind the `full` feature
[INFO] [stdout] ...
[INFO] [stdout] 433 |     ItemStatic, ItemStruct, ItemTrait, ItemTraitAlias, ItemType, ItemUnion, ItemUse, Receiver,
[INFO] [stdout]     |                 ^^^^^^^^^^
[INFO] [stdout] 
[INFO] [stdout] 
[INFO] [stdout] error[E0425]: cannot find type `ItemStruct` in crate `syn`
[INFO] [stdout]    --> /opt/rustwide/cargo-home/registry/src/index.crates.io-1949cf8c6b5b557f/refuse-macros-0.0.6/src/lib.rs:87:13
[INFO] [stdout]     |
[INFO] [stdout]  87 |     }: syn::ItemStruct,
[INFO] [stdout]     |             ^^^^^^^^^^ not found in `syn`
[INFO] [stdout]     |
[INFO] [stdout] note: found an item that was configured out
[INFO] [stdout]    --> /opt/rustwide/cargo-home/registry/src/index.crates.io-1949cf8c6b5b557f/syn-2.0.119/src/lib.rs:433:17
[INFO] [stdout]     |
[INFO] [stdout] 427 | #[cfg(feature = "full")]
[INFO] [stdout]     |       ---------------- the item is gated behind the `full` feature
[INFO] [stdout] ...
[INFO] [stdout] 433 |     ItemStatic, ItemStruct, ItemTrait, ItemTraitAlias, ItemType, ItemUnion, ItemUse, Receiver,
[INFO] [stdout]     |                 ^^^^^^^^^^
[INFO] [stdout] 
[INFO] [stdout] 
[INFO] [stdout] error[E0422]: cannot find struct, variant or union type `ItemEnum` in crate `syn`
[INFO] [stdout]    --> /opt/rustwide/cargo-home/registry/src/index.crates.io-1949cf8c6b5b557f/refuse-macros-0.0.6/src/lib.rs:148:10
[INFO] [stdout]     |
[INFO] [stdout] 148 |     syn::ItemEnum {
[INFO] [stdout]     |          ^^^^^^^^ not found in `syn`
[INFO] [stdout]     |
[INFO] [stdout] note: found an item that was configured out
[INFO] [stdout]    --> /opt/rustwide/cargo-home/registry/src/index.crates.io-1949cf8c6b5b557f/syn-2.0.119/src/lib.rs:432:16
[INFO] [stdout]     |
[INFO] [stdout] 427 | #[cfg(feature = "full")]
[INFO] [stdout]     |       ---------------- the item is gated behind the `full` feature
[INFO] [stdout] ...
[INFO] [stdout] 432 |     ItemConst, ItemEnum, ItemExternCrate, ItemFn, ItemForeignMod, ItemImpl, ItemMacro, ItemMod,
[INFO] [stdout]     |                ^^^^^^^^
[INFO] [stdout] 
[INFO] [stdout] 
[INFO] [stdout] error[E0425]: cannot find type `ItemEnum` in crate `syn`
[INFO] [stdout]    --> /opt/rustwide/cargo-home/registry/src/index.crates.io-1949cf8c6b5b557f/refuse-macros-0.0.6/src/lib.rs:153:13
[INFO] [stdout]     |
[INFO] [stdout] 153 |     }: syn::ItemEnum,
[INFO] [stdout]     |             ^^^^^^^^ not found in `syn`
[INFO] [stdout]     |
[INFO] [stdout] note: found an item that was configured out
[INFO] [stdout]    --> /opt/rustwide/cargo-home/registry/src/index.crates.io-1949cf8c6b5b557f/syn-2.0.119/src/lib.rs:432:16
[INFO] [stdout]     |
[INFO] [stdout] 427 | #[cfg(feature = "full")]
[INFO] [stdout]     |       ---------------- the item is gated behind the `full` feature
[INFO] [stdout] ...
[INFO] [stdout] 432 |     ItemConst, ItemEnum, ItemExternCrate, ItemFn, ItemForeignMod, ItemImpl, ItemMacro, ItemMod,
[INFO] [stdout]     |                ^^^^^^^^
[INFO] [stdout] 
[INFO] [stdout] 
[INFO] [stdout] Some errors have detailed explanations: E0422, E0425, E0433.
[INFO] [stdout] 
[INFO] [stdout] For more information about an error, try `rustc --explain E0422`.
[INFO] [stdout] 
[INFO] [stderr] error: could not compile `refuse-macros` (lib) due to 10 previous errors
[INFO] running `Command { std: "docker" "inspect" "de65e7b516738c62c66ea60c7ee95077b4ee559f32f99482530c2ada6732f801", kill_on_drop: false }`
[INFO] running `Command { std: "docker" "rm" "-f" "de65e7b516738c62c66ea60c7ee95077b4ee559f32f99482530c2ada6732f801", kill_on_drop: false }`
[INFO] [stdout] de65e7b516738c62c66ea60c7ee95077b4ee559f32f99482530c2ada6732f801
