[INFO] fetching crate recoco-core 0.2.1...
[INFO] testing recoco-core-0.2.1 against 1.99.0-beta.8 for beta-1.100-2
[INFO] extracting crate recoco-core 0.2.1 into /workspace/builds/worker-5-tc1/source
[INFO] started tweaking crates.io crate recoco-core 0.2.1
[INFO] removed 0 missing examples
[INFO] finished tweaking crates.io crate recoco-core 0.2.1
[INFO] tweaked toml for crates.io crate recoco-core 0.2.1 written to /workspace/builds/worker-5-tc1/source/Cargo.toml
[INFO] validating manifest of crates.io crate recoco-core 0.2.1 on toolchain 1.99.0-beta.8
[INFO] running `Command { std: CARGO_HOME="/workspace/cargo-home" RUSTUP_HOME="/workspace/rustup-home" "/workspace/cargo-home/bin/cargo" "+1.99.0-beta.8" "metadata" "--manifest-path" "Cargo.toml" "--no-deps", kill_on_drop: false }`
[INFO] crate crates.io crate recoco-core 0.2.1 already has a lockfile, it will not be regenerated
[INFO] running `Command { std: CARGO_HOME="/workspace/cargo-home" RUSTUP_HOME="/workspace/rustup-home" "/workspace/cargo-home/bin/cargo" "+1.99.0-beta.8" "fetch" "--manifest-path" "Cargo.toml", kill_on_drop: false }`
[INFO] [stderr]     Updating crates.io index
[INFO] [stderr]  Downloading crates ...
[INFO] [stderr]   Downloaded unicode-ident v1.0.22
[INFO] [stderr]   Downloaded yup-oauth2 v12.1.2
[INFO] [stderr]   Downloaded quote v1.0.44
[INFO] [stderr]   Downloaded num_threads v0.1.7
[INFO] [stderr]   Downloaded wasm-bindgen-macro v0.2.108
[INFO] [stderr]   Downloaded want v0.3.1
[INFO] [stderr]   Downloaded urlencoding v2.1.3
[INFO] [stderr]   Downloaded wasm-bindgen-shared v0.2.108
[INFO] [stderr]   Downloaded crc v3.3.0
[INFO] [stderr]   Downloaded libredox v0.1.12
[INFO] [stderr]   Downloaded darling_macro v0.21.3
[INFO] [stderr]   Downloaded zmij v1.0.16
[INFO] [stderr]   Downloaded security-framework-sys v2.15.0
[INFO] [stderr]   Downloaded core-foundation v0.10.1
[INFO] [stderr]   Downloaded compression-codecs v0.4.36
[INFO] [stderr]   Downloaded ref-cast v1.0.25
[INFO] [stderr]   Downloaded ref-cast-impl v1.0.25
[INFO] [stderr]   Downloaded dyn-clone v1.0.20
[INFO] [stderr]   Downloaded tokio-macros v2.6.0
[INFO] [stderr]   Downloaded time-macros v0.2.26
[INFO] [stderr]   Downloaded itoa v1.0.17
[INFO] [stderr]   Downloaded deranged v0.5.5
[INFO] [stderr]   Downloaded web-time v1.1.0
[INFO] [stderr]   Downloaded ipnet v2.11.0
[INFO] [stderr]   Downloaded rustls-native-certs v0.8.3
[INFO] [stderr]   Downloaded hashlink v0.11.0
[INFO] [stderr]   Downloaded arraydeque v0.5.1
[INFO] [stderr]   Downloaded redox_syscall v0.7.0
[INFO] [stderr]   Downloaded schemars_derive v1.2.0
[INFO] [stderr]   Downloaded serde_derive_internals v0.29.1
[INFO] [stderr]   Downloaded rustc-hash v2.1.1
[INFO] [stderr]   Downloaded lru-slab v0.1.2
[INFO] [stderr]   Downloaded hyper-tls v0.6.0
[INFO] [stderr]   Downloaded sha1_smol v1.0.1
[INFO] [stderr]   Downloaded wasm-bindgen v0.2.108
[INFO] [stderr]   Downloaded find-msvc-tools v0.1.8
[INFO] [stderr]   Downloaded cmake v0.1.57
[INFO] [stderr]   Downloaded slab v0.4.11
[INFO] [stderr]   Downloaded tokio-rustls v0.26.4
[INFO] [stderr]   Downloaded schannel v0.1.28
[INFO] [stderr]   Downloaded iana-time-zone v0.1.64
[INFO] [stderr]   Downloaded serde_with_macros v3.16.1
[INFO] [stderr]   Downloaded wasm-bindgen-futures v0.4.58
[INFO] [stderr]   Downloaded tokio-native-tls v0.3.1
[INFO] [stderr]   Downloaded arcstr v1.2.0
[INFO] [stderr]   Downloaded prost v0.13.5
[INFO] [stderr]   Downloaded prost-derive v0.13.5
[INFO] [stderr]   Downloaded js-sys v0.3.85
[INFO] [stderr]   Downloaded wasm-bindgen-macro-support v0.2.108
[INFO] [stderr]   Downloaded hyper-rustls v0.27.7
[INFO] [stderr]   Downloaded yaml-rust2 v0.11.0
[INFO] [stderr]   Downloaded uuid v1.19.0
[INFO] [stderr]   Downloaded ryu v1.0.22
[INFO] [stderr]   Downloaded tinyvec v1.10.0
[INFO] [stderr]   Downloaded darling v0.21.3
[INFO] [stderr]   Downloaded wasm-streams v0.4.2
[INFO] [stderr]   Downloaded tempfile v3.24.0
[INFO] [stderr]   Downloaded quinn-udp v0.5.14
[INFO] [stderr]   Downloaded backon v1.6.0
[INFO] [stderr]   Downloaded recoco-utils v0.2.1
[INFO] [stderr]   Downloaded derive_builder_macro v0.20.2
[INFO] [stderr]   Downloaded derive_builder_core v0.20.2
[INFO] [stderr]   Downloaded phf v0.11.3
[INFO] [stderr]   Downloaded constant_time_eq v0.4.2
[INFO] [stderr]   Downloaded socket2 v0.6.2
[INFO] [stderr]   Downloaded bumpalo v3.19.1
[INFO] [stderr]   Downloaded memchr v2.7.6
[INFO] [stderr]   Downloaded cc v1.2.54
[INFO] [stderr]   Downloaded hyper-util v0.1.19
[INFO] [stderr]   Downloaded security-framework v3.5.1
[INFO] [stderr]   Downloaded async-compression v0.4.37
[INFO] [stderr]   Downloaded flate2 v1.1.8
[INFO] [stderr]   Downloaded zerocopy-derive v0.8.33
[INFO] [stderr]   Downloaded darling_core v0.21.3
[INFO] [stderr]   Downloaded schemars v1.2.0
[INFO] [stderr]   Downloaded openssl-sys v0.9.111
[INFO] [stderr]   Downloaded quinn v0.11.9
[INFO] [stderr]   Downloaded rand v0.9.2
[INFO] [stderr]   Downloaded arc-swap v1.8.0
[INFO] [stderr]   Downloaded tonic v0.12.3
[INFO] [stderr]   Downloaded derive_builder v0.20.2
[INFO] [stderr]   Downloaded arrayref v0.3.9
[INFO] [stderr]   Downloaded iri-string v0.7.10
[INFO] [stderr]   Downloaded reqwest v0.12.28
[INFO] [stderr]   Downloaded combine v4.6.7
[INFO] [stderr]   Downloaded tower v0.4.13
[INFO] [stderr]   Downloaded rustls-pemfile v2.2.0
[INFO] [stderr]   Downloaded neo4rs v0.8.0
[INFO] [stderr]   Downloaded google-drive3 v7.0.0+20251218
[INFO] [stderr]   Downloaded google-apis-common v8.0.0
[INFO] [stderr]   Downloaded azure_storage v0.21.0
[INFO] [stderr]   Downloaded rand_core v0.5.1
[INFO] [stderr]   Downloaded waker-fn v1.2.0
[INFO] [stderr]   Downloaded indenter v0.3.4
[INFO] [stderr]   Downloaded serde_spanned v1.0.4
[INFO] [stderr]   Downloaded pathdiff v0.2.3
[INFO] [stderr]   Downloaded syn v2.0.114
[INFO] [stderr]   Downloaded time v0.3.46
[INFO] [stderr]   Downloaded aws-lc-rs v1.15.4
[INFO] [stderr]   Downloaded h2 v0.4.13
[INFO] [stderr]   Downloaded tracing-subscriber v0.3.22
[INFO] [stderr]   Downloaded chrono v0.4.43
[INFO] [stderr]   Downloaded zerocopy v0.8.33
[INFO] [stderr]   Downloaded serde_with v3.16.1
[INFO] [stderr]   Downloaded quinn-proto v0.11.13
[INFO] [stderr]   Downloaded regex v1.12.2
[INFO] [stderr]   Downloaded qdrant-client v1.16.0
[INFO] [stderr]   Downloaded anyhow v1.0.100
[INFO] [stderr]   Downloaded hyper-timeout v0.5.2
[INFO] [stderr]   Downloaded matchit v0.7.3
[INFO] [stderr]   Downloaded axum-core v0.4.5
[INFO] [stderr]   Downloaded prost-types v0.13.5
[INFO] [stderr]   Downloaded rustls-native-certs v0.7.3
[INFO] [stderr]   Downloaded blake3 v1.8.3
[INFO] [stderr]   Downloaded azure_core v0.21.0
[INFO] [stderr]   Downloaded serde_qs v0.8.5
[INFO] [stderr]   Downloaded tree-sitter-json v0.24.8
[INFO] [stderr]   Downloaded google-cloud-longrunning v1.4.0
[INFO] [stderr]   Downloaded google-cloud-location v1.3.0
[INFO] [stderr]   Downloaded expect-test v1.5.1
[INFO] [stderr]   Downloaded dlv-list v0.5.2
[INFO] [stderr]   Downloaded rustls v0.23.36
[INFO] [stderr]   Downloaded webpki-roots v1.0.5
[INFO] [stderr]   Downloaded regex-syntax v0.8.8
[INFO] [stderr]   Downloaded rustix v1.1.3
[INFO] [stderr]   Downloaded openssl v0.10.75
[INFO] [stderr]   Downloaded redis v1.0.2
[INFO] [stderr]   Downloaded axum v0.7.9
[INFO] [stderr]   Downloaded rand_chacha v0.2.2
[INFO] [stderr]   Downloaded google-cloud-rpc v1.2.0
[INFO] [stderr]   Downloaded dissimilar v1.0.10
[INFO] [stderr]   Downloaded regex-automata v0.4.13
[INFO] [stderr]   Downloaded rand_hc v0.2.0
[INFO] [stderr]   Downloaded tree-sitter-html v0.23.2
[INFO] [stderr]   Downloaded google-cloud-type v1.2.0
[INFO] [stderr]   Downloaded google-cloud-lro v1.2.0
[INFO] [stderr]   Downloaded derive-where v1.6.0
[INFO] [stderr]   Downloaded config v0.15.19
[INFO] [stderr]   Downloaded serde_html_form v0.2.8
[INFO] [stderr]   Downloaded regex-lite v0.1.8
[INFO] [stderr]   Downloaded aws-types v1.3.11
[INFO] [stderr]   Downloaded aws-smithy-types v1.3.6
[INFO] [stderr]   Downloaded http-body v0.4.6
[INFO] [stderr]   Downloaded bytes-utils v0.1.4
[INFO] [stderr]   Downloaded base64-simd v0.8.0
[INFO] [stderr]   Downloaded vsimd v0.8.0
[INFO] [stderr]   Downloaded outref v0.5.2
[INFO] [stderr]   Downloaded aws-smithy-runtime-api v1.10.0
[INFO] [stderr]   Downloaded aws-smithy-async v1.2.7
[INFO] [stderr]   Downloaded aws-credential-types v1.2.11
[INFO] [stderr]   Downloaded aws-smithy-observability v0.2.0
[INFO] [stderr]   Downloaded tokio v1.49.0
[INFO] [stderr]   Downloaded libc v0.2.180
[INFO] [stderr]   Downloaded web-sys v0.3.85
[INFO] [stderr]   Downloaded event-listener v2.5.3
[INFO] [stderr]   Downloaded RustyXML v0.3.0
[INFO] [stderr]   Downloaded tree-sitter-language v0.1.6
[INFO] [stderr]   Downloaded tree-sitter-toml-ng v0.7.0
[INFO] [stderr]   Downloaded aws-sdk-sqs v1.92.0
[INFO] [stderr]   Downloaded aws-smithy-runtime v1.9.8
[INFO] [stderr]   Downloaded aws-smithy-http-client v1.1.5
[INFO] [stderr]   Downloaded fastrand v1.9.0
[INFO] [stderr]   Downloaded secrecy v0.10.3
[INFO] [stderr]   Downloaded futures-timer v3.0.3
[INFO] [stderr]   Downloaded tree-sitter-xml v0.7.0
[INFO] [stderr]   Downloaded streaming-iterator v0.1.9
[INFO] [stderr]   Downloaded google-cloud-gax v1.5.0
[INFO] [stderr]   Downloaded google-cloud-iam-v1 v1.3.0
[INFO] [stderr]   Downloaded neo4rs-macros v0.3.0
[INFO] [stderr]   Downloaded delegate v0.10.0
[INFO] [stderr]   Downloaded retain_mut v0.1.9
[INFO] [stderr]   Downloaded num_cpus v1.17.0
[INFO] [stderr]   Downloaded deadpool-runtime v0.1.4
[INFO] [stderr]   Downloaded phf_shared v0.11.3
[INFO] [stderr]   Downloaded chrono-tz-build v0.2.1
[INFO] [stderr]   Downloaded phf_codegen v0.11.3
[INFO] [stderr]   Downloaded backoff v0.4.0
[INFO] [stderr]   Downloaded infer v0.2.3
[INFO] [stderr]   Downloaded async-channel v1.9.0
[INFO] [stderr]   Downloaded recoco-splitters v0.2.1
[INFO] [stderr]   Downloaded tree-sitter-css v0.23.2
[INFO] [stderr]   Downloaded google-cloud-gax-internal v0.7.7
[INFO] [stderr]   Downloaded yaml-rust2 v0.10.4
[INFO] [stderr]   Downloaded toml_parser v1.0.6+spec-1.1.0
[INFO] [stderr]   Downloaded serde-untagged v0.1.9
[INFO] [stderr]   Downloaded rust-ini v0.21.3
[INFO] [stderr]   Downloaded ordered-multimap v0.7.3
[INFO] [stderr]   Downloaded json5 v0.4.1
[INFO] [stderr]   Downloaded pest_derive v2.8.5
[INFO] [stderr]   Downloaded async-signal v0.2.13
[INFO] [stderr]   Downloaded deadpool v0.9.5
[INFO] [stderr]   Downloaded phf_generator v0.11.3
[INFO] [stderr]   Downloaded parse-zoneinfo v0.3.1
[INFO] [stderr]   Downloaded instant v0.1.13
[INFO] [stderr]   Downloaded getrandom v0.1.16
[INFO] [stderr]   Downloaded async-lock v3.4.2
[INFO] [stderr]   Downloaded event-listener-strategy v0.5.4
[INFO] [stderr]   Downloaded reqwest-eventsource v0.6.0
[INFO] [stderr]   Downloaded eventsource-stream v0.2.3
[INFO] [stderr]   Downloaded async-openai-macros v0.1.1
[INFO] [stderr]   Downloaded tree-sitter-go v0.23.4
[INFO] [stderr]   Downloaded infer v0.19.0
[INFO] [stderr]   Downloaded const_format_proc_macros v0.2.34
[INFO] [stderr]   Downloaded toml v0.9.11+spec-1.1.0
[INFO] [stderr]   Downloaded toml_datetime v0.7.5+spec-1.1.0
[INFO] [stderr]   Downloaded typeid v1.0.3
[INFO] [stderr]   Downloaded erased-serde v0.4.9
[INFO] [stderr]   Downloaded pest_meta v2.8.5
[INFO] [stderr]   Downloaded http v0.2.12
[INFO] [stderr]   Downloaded base16ct v0.1.1
[INFO] [stderr]   Downloaded ff v0.12.1
[INFO] [stderr]   Downloaded crypto-bigint v0.4.9
[INFO] [stderr]   Downloaded linux-raw-sys v0.11.0
[INFO] [stderr]   Downloaded chrono-tz v0.8.6
[INFO] [stderr]   Downloaded wasi v0.9.0+wasi-snapshot-preview1
[INFO] [stderr]   Downloaded json5 v1.3.0
[INFO] [stderr]   Downloaded opentelemetry-semantic-conventions v0.31.0
[INFO] [stderr]   Downloaded ron v0.12.0
[INFO] [stderr]   Downloaded convert_case v0.6.0
[INFO] [stderr]   Downloaded azure_storage_blobs v0.21.0
[INFO] [stderr]   Downloaded async-process v2.5.0
[INFO] [stderr]   Downloaded async-task v4.7.1
[INFO] [stderr]   Downloaded aws-smithy-json v0.61.9
[INFO] [stderr]   Downloaded group v0.12.1
[INFO] [stderr]   Downloaded ecdsa v0.14.8
[INFO] [stderr]   Downloaded signature v1.6.4
[INFO] [stderr]   Downloaded futures-lite v1.13.0
[INFO] [stderr]   Downloaded base64 v0.13.1
[INFO] [stderr]   Downloaded tree-sitter-java v0.23.5
[INFO] [stderr]   Downloaded ucd-trie v0.1.7
[INFO] [stderr]   Downloaded cfb v0.7.3
[INFO] [stderr]   Downloaded pest v2.8.5
[INFO] [stderr]   Downloaded azure_identity v0.21.0
[INFO] [stderr]   Downloaded oauth2 v4.4.2
[INFO] [stderr]   Downloaded futures-lite v2.6.1
[INFO] [stderr]   Downloaded blocking v1.6.2
[INFO] [stderr]   Downloaded tree-sitter-javascript v0.23.1
[INFO] [stderr]   Downloaded google-cloud-wkt v1.2.0
[INFO] [stderr]   Downloaded const_format v0.2.35
[INFO] [stderr]   Downloaded pest_generator v2.8.5
[INFO] [stderr]   Downloaded piper v0.2.4
[INFO] [stderr]   Downloaded async-channel v2.5.0
[INFO] [stderr]   Downloaded polling v3.11.0
[INFO] [stderr]   Downloaded typespec v0.11.0
[INFO] [stderr]   Downloaded azure_core_macros v0.5.0
[INFO] [stderr]   Downloaded sct v0.7.1
[INFO] [stderr]   Downloaded aws-smithy-http v0.62.6
[INFO] [stderr]   Downloaded aws-smithy-eventstream v0.60.14
[INFO] [stderr]   Downloaded der v0.6.1
[INFO] [stderr]   Downloaded async-openai v0.30.1
[INFO] [stderr]   Downloaded tree-sitter-r v1.2.0
[INFO] [stderr]   Downloaded tree-sitter v0.25.10
[INFO] [stderr]   Downloaded google-cloud-api v1.2.0
[INFO] [stderr]   Downloaded async-io v2.6.0
[INFO] [stderr]   Downloaded azure_core v0.31.0
[INFO] [stderr]   Downloaded typespec_client_core v0.10.0
[INFO] [stderr]   Downloaded typespec_macros v0.10.0
[INFO] [stderr]   Downloaded hyper-rustls v0.24.2
[INFO] [stderr]   Downloaded tokio-rustls v0.24.1
[INFO] [stderr]   Downloaded rand v0.7.3
[INFO] [stderr]   Downloaded axum-extra v0.12.5
[INFO] [stderr]   Downloaded tree-sitter-yaml v0.7.2
[INFO] [stderr]   Downloaded tree-sitter-solidity v1.2.13
[INFO] [stderr]   Downloaded rustls v0.21.12
[INFO] [stderr]   Downloaded hyper v0.14.32
[INFO] [stderr]   Downloaded h2 v0.3.27
[INFO] [stderr]   Downloaded quick-xml v0.31.0
[INFO] [stderr]   Downloaded google-cloud-auth v1.4.0
[INFO] [stderr]   Downloaded winnow v0.7.14
[INFO] [stderr]   Downloaded azure_svc_blobstorage v0.21.0
[INFO] [stderr]   Downloaded rustls-webpki v0.101.7
[INFO] [stderr]   Downloaded tree-sitter-python v0.23.6
[INFO] [stderr]   Downloaded tree-sitter-c v0.24.1
[INFO] [stderr]   Downloaded tree-sitter-pascal v0.10.2
[INFO] [stderr]   Downloaded tree-sitter-md v0.5.2
[INFO] [stderr]   Downloaded tree-sitter-rust v0.24.0
[INFO] [stderr]   Downloaded tree-sitter-php v0.23.11
[INFO] [stderr]   Downloaded aws-runtime v1.5.18
[INFO] [stderr]   Downloaded aws-lc-sys v0.37.0
[INFO] [stderr]   Downloaded tree-sitter-ruby v0.23.1
[INFO] [stderr]   Downloaded aws-sigv4 v1.3.7
[INFO] [stderr]   Downloaded p256 v0.11.1
[INFO] [stderr]   Downloaded elliptic-curve v0.12.3
[INFO] [stderr]   Downloaded sec1 v0.3.0
[INFO] [stderr]   Downloaded pkcs8 v0.9.0
[INFO] [stderr]   Downloaded spki v0.6.0
[INFO] [stderr]   Downloaded aws-smithy-xml v0.60.13
[INFO] [stderr]   Downloaded xmlparser v0.13.6
[INFO] [stderr]   Downloaded aws-smithy-checksums v0.63.13
[INFO] [stderr]   Downloaded rfc6979 v0.3.1
[INFO] [stderr]   Downloaded lru v0.16.3
[INFO] [stderr]   Downloaded aws-sdk-sts v1.96.0
[INFO] [stderr]   Downloaded spin v0.10.0
[INFO] [stderr]   Downloaded aws-config v1.8.12
[INFO] [stderr]   Downloaded aws-sdk-ssooidc v1.94.0
[INFO] [stderr]   Downloaded aws-smithy-query v0.60.9
[INFO] [stderr]   Downloaded crc-fast v1.9.0
[INFO] [stderr]   Downloaded aws-sdk-sso v1.92.0
[INFO] [stderr]   Downloaded tree-sitter-typescript v0.23.2
[INFO] [stderr]   Downloaded tree-sitter-sequel v0.3.11
[INFO] [stderr]   Downloaded tree-sitter-swift v0.7.1
[INFO] [stderr]   Downloaded tree-sitter-cpp v0.23.4
[INFO] [stderr]   Downloaded tree-sitter-kotlin-ng v1.1.0
[INFO] [stderr]   Downloaded tree-sitter-scala v0.24.0
[INFO] [stderr]   Downloaded http-types v2.12.0
[INFO] [stderr]   Downloaded tree-sitter-c-sharp v0.23.1
[INFO] [stderr]   Downloaded tree-sitter-fortran v0.5.1
[INFO] [stderr]   Downloaded google-cloud-aiplatform-v1 v1.5.0
[INFO] [stderr]   Downloaded aws-sdk-s3 v1.120.0
[INFO] running `Command { std: "docker" "create" "-v" "/var/lib/crater-agent-workspace/builds/worker-5-tc1/source:/opt/rustwide/workdir:ro,Z" "-v" "/var/lib/crater-agent-workspace/builds/worker-5-tc1/target:/opt/rustwide/target:rw,Z" "-v" "/var/lib/crater-agent-workspace/cargo-home:/opt/rustwide/cargo-home:ro,Z" "-v" "/var/lib/crater-agent-workspace/rustup-home:/opt/rustwide/rustup-home:ro,Z" "-m" "1610612736" "--network" "none" "ghcr.io/rust-lang/crates-build-env/linux@sha256:3111399a4047eeb3a02b7a90e478d715f38a8c6669b5c4b49d30a17385265909" "sleep" "infinity", kill_on_drop: false }`
[INFO] [stdout] 961ddbfabc3165be2a3870702c8fc886428be2c5b688306a7184220a1c1a548d
[INFO] running `Command { std: "docker" "start" "961ddbfabc3165be2a3870702c8fc886428be2c5b688306a7184220a1c1a548d", kill_on_drop: false }`
[INFO] running `Command { std: "docker" "inspect" "961ddbfabc3165be2a3870702c8fc886428be2c5b688306a7184220a1c1a548d", kill_on_drop: false }`
[INFO] running `Command { std: "docker" "exec" "-e" "SOURCE_DIR=/opt/rustwide/workdir" "-e" "CARGO_HOME=/opt/rustwide/cargo-home" "-e" "RUSTUP_HOME=/opt/rustwide/rustup-home" "-e" "CARGO_TARGET_DIR=/opt/rustwide/target" "-w" "/opt/rustwide/workdir" "--user" "0:0" "961ddbfabc3165be2a3870702c8fc886428be2c5b688306a7184220a1c1a548d" "/opt/rustwide/cargo-home/bin/cargo" "+1.99.0-beta.8" "metadata" "--no-deps" "--format-version=1", kill_on_drop: false }`
[INFO] running `Command { std: "docker" "inspect" "961ddbfabc3165be2a3870702c8fc886428be2c5b688306a7184220a1c1a548d", kill_on_drop: false }`
[INFO] running `Command { std: "docker" "exec" "-e" "SOURCE_DIR=/opt/rustwide/workdir" "-e" "CARGO_HOME=/opt/rustwide/cargo-home" "-e" "RUSTUP_HOME=/opt/rustwide/rustup-home" "-e" "CARGO_TARGET_DIR=/opt/rustwide/target" "-e" "CARGO_INCREMENTAL=0" "-e" "RUST_BACKTRACE=full" "-e" "RUSTFLAGS=--cap-lints=warn" "-e" "RUSTDOCFLAGS=--cap-lints=warn" "-w" "/opt/rustwide/workdir" "--user" "0:0" "961ddbfabc3165be2a3870702c8fc886428be2c5b688306a7184220a1c1a548d" "/opt/rustwide/cargo-home/bin/cargo" "+1.99.0-beta.8" "build" "--frozen" "--message-format=json", kill_on_drop: false }`
[INFO] [stderr]    Compiling proc-macro2 v1.0.106
[INFO] [stderr]    Compiling quote v1.0.44
[INFO] [stderr]    Compiling unicode-ident v1.0.22
[INFO] [stderr]    Compiling libc v0.2.180
[INFO] [stderr]    Compiling serde v1.0.228
[INFO] [stderr]    Compiling cfg-if v1.0.4
[INFO] [stderr]    Compiling serde_core v1.0.228
[INFO] [stderr]    Compiling pin-project-lite v0.2.16
[INFO] [stderr]    Compiling futures-core v0.3.31
[INFO] [stderr]    Compiling find-msvc-tools v0.1.8
[INFO] [stderr]    Compiling shlex v1.3.0
[INFO] [stderr]    Compiling memchr v2.7.6
[INFO] [stderr]    Compiling parking_lot_core v0.9.12
[INFO] [stderr]    Compiling stable_deref_trait v1.2.1
[INFO] [stderr]    Compiling scopeguard v1.2.0
[INFO] [stderr]    Compiling once_cell v1.21.3
[INFO] [stderr]    Compiling itoa v1.0.17
[INFO] [stderr]    Compiling typenum v1.19.0
[INFO] [stderr]    Compiling lock_api v0.4.14
[INFO] [stderr]    Compiling version_check v0.9.5
[INFO] [stderr]    Compiling subtle v2.6.1
[INFO] [stderr]    Compiling dunce v1.0.5
[INFO] [stderr]    Compiling fs_extra v1.3.0
[INFO] [stderr]    Compiling pin-utils v0.1.0
[INFO] [stderr]    Compiling writeable v0.6.2
[INFO] [stderr]    Compiling litemap v0.8.1
[INFO] [stderr]    Compiling futures-task v0.3.31
[INFO] [stderr]    Compiling futures-io v0.3.31
[INFO] [stderr]    Compiling slab v0.4.11
[INFO] [stderr]    Compiling aws-lc-rs v1.15.4
[INFO] [stderr]    Compiling percent-encoding v2.3.2
[INFO] [stderr]    Compiling icu_normalizer_data v2.1.1
[INFO] [stderr]    Compiling zeroize v1.8.2
[INFO] [stderr]    Compiling icu_properties_data v2.1.2
[INFO] [stderr]    Compiling log v0.4.29
[INFO] [stderr]    Compiling futures-sink v0.3.31
[INFO] [stderr]    Compiling untrusted v0.9.0
[INFO] [stderr]    Compiling futures-channel v0.3.31
[INFO] [stderr]    Compiling generic-array v0.14.7
[INFO] [stderr]    Compiling zmij v1.0.16
[INFO] [stderr]    Compiling tracing-core v0.1.36
[INFO] [stderr]    Compiling equivalent v1.0.2
[INFO] [stderr]    Compiling autocfg v1.5.0
[INFO] [stderr]    Compiling rustls-pki-types v1.14.0
[INFO] [stderr]    Compiling zerocopy v0.8.33
[INFO] [stderr]    Compiling utf8_iter v1.0.4
[INFO] [stderr]    Compiling crossbeam-utils v0.8.21
[INFO] [stderr]    Compiling cpufeatures v0.2.17
[INFO] [stderr]    Compiling form_urlencoded v1.2.2
[INFO] [stderr]    Compiling iana-time-zone v0.1.64
[INFO] [stderr]    Compiling thiserror v2.0.18
[INFO] [stderr]    Compiling webpki-roots v1.0.5
[INFO] [stderr]    Compiling allocator-api2 v0.2.21
[INFO] [stderr]    Compiling serde_json v1.0.149
[INFO] [stderr]    Compiling num-traits v0.2.19
[INFO] [stderr]    Compiling foldhash v0.2.0
[INFO] [stderr]    Compiling foldhash v0.1.5
[INFO] [stderr]    Compiling getrandom v0.3.4
[INFO] [stderr]    Compiling crc-catalog v2.4.0
[INFO] [stderr]    Compiling tower-service v0.3.3
[INFO] [stderr]    Compiling hashbrown v0.16.1
[INFO] [stderr]    Compiling parking v2.2.1
[INFO] [stderr]    Compiling base64 v0.22.1
[INFO] [stderr]    Compiling hashbrown v0.15.5
[INFO] [stderr]    Compiling httparse v1.10.1
[INFO] [stderr]    Compiling rustls v0.23.36
[INFO] [stderr]    Compiling tinyvec_macros v0.1.1
[INFO] [stderr]    Compiling tinyvec v1.10.0
[INFO] [stderr]    Compiling crc v3.3.0
[INFO] [stderr]    Compiling webpki-roots v0.26.11
[INFO] [stderr]    Compiling syn v2.0.114
[INFO] [stderr]    Compiling bitflags v2.10.0
[INFO] [stderr]    Compiling try-lock v0.2.5
[INFO] [stderr]    Compiling bytes v1.11.0
[INFO] [stderr]    Compiling want v0.3.1
[INFO] [stderr]    Compiling block-buffer v0.10.4
[INFO] [stderr]    Compiling crypto-common v0.1.7
[INFO] [stderr]    Compiling unicode-normalization v0.1.25
[INFO] [stderr]    Compiling digest v0.10.7
[INFO] [stderr]    Compiling jobserver v0.1.34
[INFO] [stderr]    Compiling mio v1.1.1
[INFO] [stderr]    Compiling socket2 v0.6.2
[INFO] [stderr]    Compiling cc v1.2.54
[INFO] [stderr]    Compiling errno v0.3.14
[INFO] [stderr]    Compiling getrandom v0.2.17
[INFO] [stderr]    Compiling concurrent-queue v2.5.0
[INFO] [stderr]    Compiling signal-hook-registry v1.4.8
[INFO] [stderr]    Compiling rand_core v0.6.4
[INFO] [stderr]    Compiling crossbeam-queue v0.3.12
[INFO] [stderr]    Compiling hashlink v0.10.0
[INFO] [stderr]    Compiling sync_wrapper v1.0.2
[INFO] [stderr]    Compiling unicode-properties v0.1.4
[INFO] [stderr]    Compiling unicode-bidi v0.3.18
[INFO] [stderr]    Compiling cmake v0.1.57
[INFO] [stderr]    Compiling event-listener v5.4.1
[INFO] [stderr]    Compiling tokio v1.49.0
[INFO] [stderr]    Compiling atomic-waker v1.1.2
[INFO] [stderr]    Compiling tower-layer v0.3.3
[INFO] [stderr]    Compiling httpdate v1.0.3
[INFO] [stderr]    Compiling sha2 v0.10.9
[INFO] [stderr]    Compiling hmac v0.12.1
[INFO] [stderr]    Compiling chrono v0.4.43
[INFO] [stderr]    Compiling stringprep v0.1.5
[INFO] [stderr]    Compiling atoi v2.0.0
[INFO] [stderr]    Compiling futures-util v0.3.31
[INFO] [stderr]    Compiling ryu v1.0.22
[INFO] [stderr]    Compiling dotenvy v0.15.7
[INFO] [stderr]    Compiling ipnet v2.11.0
[INFO] [stderr]    Compiling hex v0.4.3
[INFO] [stderr]    Compiling byteorder v1.5.0
[INFO] [stderr]    Compiling indexmap v2.13.0
[INFO] [stderr]    Compiling whoami v1.6.1
[INFO] [stderr]    Compiling uuid v1.19.0
[INFO] [stderr]    Compiling aws-lc-sys v0.37.0
[INFO] [stderr]    Compiling ring v0.17.14
[INFO] [stderr]    Compiling home v0.5.12
[INFO] [stderr]    Compiling hkdf v0.12.4
[INFO] [stderr]    Compiling md-5 v0.10.6
[INFO] [stderr]    Compiling ppv-lite86 v0.2.21
[INFO] [stderr]    Compiling aho-corasick v1.1.4
[INFO] [stderr]    Compiling regex-syntax v0.8.8
[INFO] [stderr]    Compiling siphasher v1.0.1
[INFO] [stderr]    Compiling rand_chacha v0.3.1
[INFO] [stderr]    Compiling mime v0.3.17
[INFO] [stderr]    Compiling phf_shared v0.12.1
[INFO] [stderr]    Compiling rand v0.8.5
[INFO] [stderr]    Compiling blake3 v1.8.3
[INFO] [stderr]    Compiling serde_path_to_error v0.1.20
[INFO] [stderr]    Compiling rand_core v0.9.5
[INFO] [stderr]    Compiling fastrand v2.3.0
[INFO] [stderr]    Compiling iri-string v0.7.10
[INFO] [stderr]    Compiling ref-cast v1.0.25
[INFO] [stderr]    Compiling anyhow v1.0.100
[INFO] [stderr]    Compiling powerfmt v0.2.0
[INFO] [stderr]    Compiling matchit v0.8.4
[INFO] [stderr]    Compiling time-core v0.1.8
[INFO] [stderr]    Compiling num-conv v0.2.0
[INFO] [stderr]    Compiling deranged v0.5.5
[INFO] [stderr]    Compiling phf_generator v0.12.1
[INFO] [stderr]    Compiling time-macros v0.2.26
[INFO] [stderr]    Compiling rand_chacha v0.9.0
[INFO] [stderr]    Compiling hashlink v0.11.0
[INFO] [stderr]    Compiling bstr v1.12.1
[INFO] [stderr]    Compiling encoding_rs v0.8.35
[INFO] [stderr]    Compiling regex-automata v0.4.13
[INFO] [stderr]    Compiling lazy_static v1.5.0
[INFO] [stderr]    Compiling constant_time_eq v0.4.2
[INFO] [stderr]    Compiling arraydeque v0.5.1
[INFO] [stderr]    Compiling arrayref v0.3.9
[INFO] [stderr]    Compiling unicode-xid v0.2.6
[INFO] [stderr]    Compiling arrayvec v0.7.6
[INFO] [stderr]    Compiling sharded-slab v0.1.7
[INFO] [stderr]    Compiling rand v0.9.2
[INFO] [stderr]    Compiling const_format_proc_macros v0.2.34
[INFO] [stderr]    Compiling serde_html_form v0.2.8
[INFO] [stderr]    Compiling tracing-log v0.2.0
[INFO] [stderr]    Compiling yaml-rust2 v0.11.0
[INFO] [stderr]    Compiling thread_local v1.1.9
[INFO] [stderr]    Compiling nu-ansi-term v0.50.3
[INFO] [stderr]    Compiling dyn-clone v1.0.20
[INFO] [stderr]    Compiling const_format v0.2.35
[INFO] [stderr]    Compiling indenter v0.3.4
[INFO] [stderr]    Compiling urlencoding v2.1.3
[INFO] [stderr]    Compiling indoc v2.0.7
[INFO] [stderr]    Compiling time v0.3.46
[INFO] [stderr]    Compiling synstructure v0.13.2
[INFO] [stderr]    Compiling serde_derive_internals v0.29.1
[INFO] [stderr]    Compiling serde_derive v1.0.228
[INFO] [stderr]    Compiling zerofrom-derive v0.1.6
[INFO] [stderr]    Compiling yoke-derive v0.8.1
[INFO] [stderr]    Compiling zerovec-derive v0.11.2
[INFO] [stderr]    Compiling displaydoc v0.2.5
[INFO] [stderr]    Compiling tracing-attributes v0.1.31
[INFO] [stderr]    Compiling tokio-macros v2.6.0
[INFO] [stderr]    Compiling futures-macro v0.3.31
[INFO] [stderr]    Compiling thiserror-impl v2.0.18
[INFO] [stderr]    Compiling tokio-stream v0.1.18
[INFO] [stderr]    Compiling ref-cast-impl v1.0.25
[INFO] [stderr]    Compiling async-trait v0.1.89
[INFO] [stderr]    Compiling phf_macros v0.12.1
[INFO] [stderr]    Compiling schemars_derive v1.2.0
[INFO] [stderr]    Compiling async-stream-impl v0.3.6
[INFO] [stderr]    Compiling derive-where v1.6.0
[INFO] [stderr]    Compiling globset v0.4.18
[INFO] [stderr]    Compiling zerofrom v0.1.6
[INFO] [stderr]    Compiling matchers v0.2.0
[INFO] [stderr]    Compiling yoke v0.8.1
[INFO] [stderr]    Compiling zerovec v0.11.5
[INFO] [stderr]    Compiling zerotrie v0.2.3
[INFO] [stderr]    Compiling tracing v0.1.44
[INFO] [stderr]    Compiling phf v0.12.1
[INFO] [stderr]    Compiling async-stream v0.3.6
[INFO] [stderr]    Compiling tinystr v0.8.2
[INFO] [stderr]    Compiling potential_utf v0.1.4
[INFO] [stderr]    Compiling icu_collections v2.1.1
[INFO] [stderr]    Compiling icu_locale_core v2.1.1
[INFO] [stderr]    Compiling smallvec v1.15.1
[INFO] [stderr]    Compiling either v1.15.0
[INFO] [stderr]    Compiling serde_urlencoded v0.7.1
[INFO] [stderr]    Compiling itertools v0.14.0
[INFO] [stderr]    Compiling tracing-subscriber v0.3.22
[INFO] [stderr]    Compiling schemars v1.2.0
[INFO] [stderr]    Compiling icu_provider v2.1.1
[INFO] [stderr]    Compiling parking_lot v0.12.5
[INFO] [stderr]    Compiling icu_properties v2.1.2
[INFO] [stderr]    Compiling http v1.4.0
[INFO] [stderr]    Compiling icu_normalizer v2.1.1
[INFO] [stderr]    Compiling futures-intrusive v0.5.0
[INFO] [stderr]    Compiling http-body v1.0.1
[INFO] [stderr]    Compiling http-body-util v0.1.3
[INFO] [stderr]    Compiling axum-core v0.5.6
[INFO] [stderr]    Compiling futures-executor v0.3.31
[INFO] [stderr]    Compiling futures v0.3.31
[INFO] [stderr]    Compiling idna_adapter v1.2.1
[INFO] [stderr]    Compiling idna v1.1.0
[INFO] [stderr]    Compiling url v2.5.8
[INFO] [stderr]    Compiling hyper v1.8.1
[INFO] [stderr]    Compiling tower v0.5.3
[INFO] [stderr]    Compiling tokio-util v0.7.18
[INFO] [stderr]    Compiling tower-http v0.6.8
[INFO] [stderr]    Compiling hyper-util v0.1.19
[INFO] [stderr]    Compiling rustls-webpki v0.103.9
[INFO] [stderr]    Compiling axum v0.8.8
[INFO] [stderr]    Compiling axum-extra v0.12.5
[INFO] [stderr]    Compiling sqlx-core v0.8.6
[INFO] [stderr]    Compiling tokio-rustls v0.26.4
[INFO] [stderr]    Compiling hyper-rustls v0.27.7
[INFO] [stderr]    Compiling reqwest v0.12.28
[INFO] [stderr]    Compiling sqlx-postgres v0.8.6
[INFO] [stderr]    Compiling sqlx-macros-core v0.8.6
[INFO] [stderr]    Compiling sqlx-macros v0.8.6
[INFO] [stderr]    Compiling sqlx v0.8.6
[INFO] [stderr]    Compiling recoco-utils v0.2.1
[INFO] [stderr]    Compiling recoco-core v0.2.1 (/opt/rustwide/workdir)
[INFO] [stderr]     Finished `dev` profile [unoptimized + debuginfo] target(s) in 2m 21s
[INFO] running `Command { std: "docker" "inspect" "961ddbfabc3165be2a3870702c8fc886428be2c5b688306a7184220a1c1a548d", kill_on_drop: false }`
[INFO] running `Command { std: "docker" "exec" "-e" "SOURCE_DIR=/opt/rustwide/workdir" "-e" "CARGO_HOME=/opt/rustwide/cargo-home" "-e" "RUSTUP_HOME=/opt/rustwide/rustup-home" "-e" "CARGO_TARGET_DIR=/opt/rustwide/target" "-e" "CARGO_INCREMENTAL=0" "-e" "RUST_BACKTRACE=full" "-e" "RUSTFLAGS=--cap-lints=warn" "-e" "RUSTDOCFLAGS=--cap-lints=warn" "-w" "/opt/rustwide/workdir" "--user" "0:0" "961ddbfabc3165be2a3870702c8fc886428be2c5b688306a7184220a1c1a548d" "/opt/rustwide/cargo-home/bin/cargo" "+1.99.0-beta.8" "test" "--frozen" "--no-run" "--message-format=json", kill_on_drop: false }`
[INFO] [stderr]    Compiling unicase v2.9.0
[INFO] [stderr]    Compiling strsim v0.11.1
[INFO] [stderr]    Compiling fnv v1.0.7
[INFO] [stderr]    Compiling ident_case v1.0.1
[INFO] [stderr]    Compiling openssl-probe v0.2.1
[INFO] [stderr]    Compiling rand v0.8.5
[INFO] [stderr]    Compiling tokio-util v0.7.18
[INFO] [stderr]    Compiling thiserror v1.0.69
[INFO] [stderr]    Compiling minimal-lexical v0.2.1
[INFO] [stderr]    Compiling thiserror-impl v1.0.69
[INFO] [stderr]    Compiling instant v0.1.13
[INFO] [stderr]    Compiling futures-timer v3.0.3
[INFO] [stderr]    Compiling secrecy v0.10.3
[INFO] [stderr]    Compiling async-openai-macros v0.1.1
[INFO] [stderr]    Compiling dissimilar v1.0.10
[INFO] [stderr]    Compiling darling_core v0.20.11
[INFO] [stderr]    Compiling rustls-native-certs v0.8.3
[INFO] [stderr]    Compiling mime_guess v2.0.5
[INFO] [stderr]    Compiling nom v7.1.3
[INFO] [stderr]    Compiling hyper-rustls v0.27.7
[INFO] [stderr]    Compiling expect-test v1.5.1
[INFO] [stderr]    Compiling sqlx-postgres v0.8.6
[INFO] [stderr]    Compiling backoff v0.4.0
[INFO] [stderr]    Compiling reqwest v0.12.28
[INFO] [stderr]    Compiling darling_macro v0.20.11
[INFO] [stderr]    Compiling eventsource-stream v0.2.3
[INFO] [stderr]    Compiling darling v0.20.11
[INFO] [stderr]    Compiling derive_builder_core v0.20.2
[INFO] [stderr]    Compiling reqwest-eventsource v0.6.0
[INFO] [stderr]    Compiling derive_builder_macro v0.20.2
[INFO] [stderr]    Compiling derive_builder v0.20.2
[INFO] [stderr]    Compiling async-openai v0.30.1
[INFO] [stderr]    Compiling sqlx-macros-core v0.8.6
[INFO] [stderr]    Compiling sqlx-macros v0.8.6
[INFO] [stderr]    Compiling sqlx v0.8.6
[INFO] [stderr]    Compiling recoco-utils v0.2.1
[INFO] [stderr]    Compiling recoco-core v0.2.1 (/opt/rustwide/workdir)
[INFO] [stdout] error[E0433]: cannot find module or crate `recoco` in this scope
[INFO] [stdout]   --> examples/custom_op.rs:13:5
[INFO] [stdout]    |
[INFO] [stdout] 13 | use recoco::builder::FlowBuilder;
[INFO] [stdout]    |     ^^^^^^ use of unresolved module or unlinked crate `recoco`
[INFO] [stdout]    |
[INFO] [stdout]    = help: if you wanted to use a crate named `recoco`, use `cargo add recoco` to add it to your `Cargo.toml`
[INFO] [stdout] 
[INFO] [stdout] 
[INFO] [stdout] error[E0433]: cannot find module or crate `recoco` in this scope
[INFO] [stdout]   --> examples/custom_op.rs:14:5
[INFO] [stdout]    |
[INFO] [stdout] 14 | use recoco::execution::evaluator::evaluate_transient_flow;
[INFO] [stdout]    |     ^^^^^^ use of unresolved module or unlinked crate `recoco`
[INFO] [stdout]    |
[INFO] [stdout]    = help: if you wanted to use a crate named `recoco`, use `cargo add recoco` to add it to your `Cargo.toml`
[INFO] [stdout] 
[INFO] [stdout] 
[INFO] [stdout] error[E0433]: cannot find module or crate `recoco` in this scope
[INFO] [stdout]   --> examples/detect_lang.rs:15:5
[INFO] [stdout]    |
[INFO] [stdout] 15 | use recoco::prelude::*;
[INFO] [stdout]    |     ^^^^^^ use of unresolved module or unlinked crate `recoco`
[INFO] [stdout]    |
[INFO] [stdout]    = help: if you wanted to use a crate named `recoco`, use `cargo add recoco` to add it to your `Cargo.toml`
[INFO] [stdout] 
[INFO] [stdout] 
[INFO] [stdout] error[E0433]: cannot find module or crate `recoco` in this scope
[INFO] [stdout]   --> examples/custom_op.rs:15:5
[INFO] [stdout]    |
[INFO] [stdout] 15 | use recoco::ops::sdk::*;
[INFO] [stdout]    |     ^^^^^^ use of unresolved module or unlinked crate `recoco`
[INFO] [stdout]    |
[INFO] [stdout]    = help: if you wanted to use a crate named `recoco`, use `cargo add recoco` to add it to your `Cargo.toml`
[INFO] [stdout] 
[INFO] [stdout] 
[INFO] [stdout] error[E0433]: cannot find module or crate `recoco` in this scope
[INFO] [stdout]   --> examples/detect_lang.rs:13:5
[INFO] [stdout]    |
[INFO] [stdout] 13 | use recoco::builder::FlowBuilder;
[INFO] [stdout]    |     ^^^^^^ use of unresolved module or unlinked crate `recoco`
[INFO] [stdout]    |
[INFO] [stdout]    = help: if you wanted to use a crate named `recoco`, use `cargo add recoco` to add it to your `Cargo.toml`
[INFO] [stdout] 
[INFO] [stdout] 
[INFO] [stdout] error[E0433]: cannot find module or crate `recoco` in this scope
[INFO] [stdout]   --> examples/detect_lang.rs:14:5
[INFO] [stdout]    |
[INFO] [stdout] 14 | use recoco::execution::evaluator::evaluate_transient_flow;
[INFO] [stdout]    |     ^^^^^^ use of unresolved module or unlinked crate `recoco`
[INFO] [stdout]    |
[INFO] [stdout]    = help: if you wanted to use a crate named `recoco`, use `cargo add recoco` to add it to your `Cargo.toml`
[INFO] [stdout] 
[INFO] [stdout] 
[INFO] [stdout] error[E0432]: unresolved imports `recoco::builder::FlowBuilder`, `recoco::execution::evaluator::evaluate_transient_flow`
[INFO] [stdout]   --> examples/detect_lang.rs:13:5
[INFO] [stdout]    |
[INFO] [stdout] 13 | use recoco::builder::FlowBuilder;
[INFO] [stdout]    |     ^^^^^^^^^^^^^^^^^^^^^^^^^^^^
[INFO] [stdout] 14 | use recoco::execution::evaluator::evaluate_transient_flow;
[INFO] [stdout]    |     ^^^^^^^^^^^^^^^^^^^^^^^^^^^^^^^^^^^^^^^^^^^^^^^^^^^^^
[INFO] [stdout] 
[INFO] [stdout] 
[INFO] [stdout] error[E0433]: cannot find module or crate `recoco` in this scope
[INFO] [stdout]   --> examples/custom_op.rs:16:5
[INFO] [stdout]    |
[INFO] [stdout] 16 | use recoco::prelude::*;
[INFO] [stdout]    |     ^^^^^^ use of unresolved module or unlinked crate `recoco`
[INFO] [stdout]    |
[INFO] [stdout]    = help: if you wanted to use a crate named `recoco`, use `cargo add recoco` to add it to your `Cargo.toml`
[INFO] [stdout] 
[INFO] [stdout] 
[INFO] [stdout] error[E0432]: unresolved imports `recoco::builder::FlowBuilder`, `recoco::execution::evaluator::evaluate_transient_flow`, `recoco::ops::sdk::*`, `recoco::prelude::*`
[INFO] [stdout]   --> examples/custom_op.rs:13:5
[INFO] [stdout]    |
[INFO] [stdout] 13 | use recoco::builder::FlowBuilder;
[INFO] [stdout]    |     ^^^^^^^^^^^^^^^^^^^^^^^^^^^^
[INFO] [stdout] 14 | use recoco::execution::evaluator::evaluate_transient_flow;
[INFO] [stdout]    |     ^^^^^^^^^^^^^^^^^^^^^^^^^^^^^^^^^^^^^^^^^^^^^^^^^^^^^
[INFO] [stdout] 15 | use recoco::ops::sdk::*;
[INFO] [stdout]    |     ^^^^^^^^^^^^^^^^^^^
[INFO] [stdout] 16 | use recoco::prelude::*;
[INFO] [stdout]    |     ^^^^^^^^^^^^^^^^^^
[INFO] [stdout] 
[INFO] [stdout] 
[INFO] [stdout] error[E0433]: cannot find module or crate `recoco` in this scope
[INFO] [stdout]   --> examples/transient.rs:15:5
[INFO] [stdout]    |
[INFO] [stdout] 15 | use recoco::prelude::*;
[INFO] [stdout]    |     ^^^^^^ use of unresolved module or unlinked crate `recoco`
[INFO] [stdout]    |
[INFO] [stdout]    = help: if you wanted to use a crate named `recoco`, use `cargo add recoco` to add it to your `Cargo.toml`
[INFO] [stdout] 
[INFO] [stdout] 
[INFO] [stdout] error[E0433]: cannot find module or crate `recoco` in this scope
[INFO] [stdout]   --> examples/transient.rs:13:5
[INFO] [stdout]    |
[INFO] [stdout] 13 | use recoco::builder::FlowBuilder;
[INFO] [stdout]    |     ^^^^^^ use of unresolved module or unlinked crate `recoco`
[INFO] [stdout]    |
[INFO] [stdout]    = help: if you wanted to use a crate named `recoco`, use `cargo add recoco` to add it to your `Cargo.toml`
[INFO] [stdout] 
[INFO] [stdout] 
[INFO] [stdout] error[E0433]: cannot find module or crate `recoco` in this scope
[INFO] [stdout]   --> examples/transient.rs:14:5
[INFO] [stdout]    |
[INFO] [stdout] 14 | use recoco::execution::evaluator::evaluate_transient_flow;
[INFO] [stdout]    |     ^^^^^^ use of unresolved module or unlinked crate `recoco`
[INFO] [stdout]    |
[INFO] [stdout]    = help: if you wanted to use a crate named `recoco`, use `cargo add recoco` to add it to your `Cargo.toml`
[INFO] [stdout] 
[INFO] [stdout] 
[INFO] [stdout] error[E0432]: unresolved imports `recoco::builder::FlowBuilder`, `recoco::execution::evaluator::evaluate_transient_flow`
[INFO] [stdout]   --> examples/transient.rs:13:5
[INFO] [stdout]    |
[INFO] [stdout] 13 | use recoco::builder::FlowBuilder;
[INFO] [stdout]    |     ^^^^^^^^^^^^^^^^^^^^^^^^^^^^
[INFO] [stdout] 14 | use recoco::execution::evaluator::evaluate_transient_flow;
[INFO] [stdout]    |     ^^^^^^^^^^^^^^^^^^^^^^^^^^^^^^^^^^^^^^^^^^^^^^^^^^^^^
[INFO] [stdout] 
[INFO] [stdout] 
[INFO] [stdout] error[E0433]: cannot find module or crate `recoco` in this scope
[INFO] [stdout]   --> examples/file_processing.rs:15:5
[INFO] [stdout]    |
[INFO] [stdout] 15 | use recoco::prelude::*;
[INFO] [stdout]    |     ^^^^^^ use of unresolved module or unlinked crate `recoco`
[INFO] [stdout]    |
[INFO] [stdout]    = help: if you wanted to use a crate named `recoco`, use `cargo add recoco` to add it to your `Cargo.toml`
[INFO] [stdout] 
[INFO] [stdout] 
[INFO] [stdout] error[E0433]: cannot find module or crate `recoco` in this scope
[INFO] [stdout]   --> examples/file_processing.rs:13:5
[INFO] [stdout]    |
[INFO] [stdout] 13 | use recoco::builder::FlowBuilder;
[INFO] [stdout]    |     ^^^^^^ use of unresolved module or unlinked crate `recoco`
[INFO] [stdout]    |
[INFO] [stdout]    = help: if you wanted to use a crate named `recoco`, use `cargo add recoco` to add it to your `Cargo.toml`
[INFO] [stdout] 
[INFO] [stdout] 
[INFO] [stdout] error[E0433]: cannot find module or crate `recoco` in this scope
[INFO] [stdout]   --> examples/file_processing.rs:14:5
[INFO] [stdout]    |
[INFO] [stdout] 14 | use recoco::execution::evaluator::evaluate_transient_flow;
[INFO] [stdout]    |     ^^^^^^ use of unresolved module or unlinked crate `recoco`
[INFO] [stdout]    |
[INFO] [stdout]    = help: if you wanted to use a crate named `recoco`, use `cargo add recoco` to add it to your `Cargo.toml`
[INFO] [stdout] 
[INFO] [stdout] 
[INFO] [stdout] error[E0432]: unresolved imports `recoco::builder::FlowBuilder`, `recoco::execution::evaluator::evaluate_transient_flow`
[INFO] [stdout]   --> examples/file_processing.rs:13:5
[INFO] [stdout]    |
[INFO] [stdout] 13 | use recoco::builder::FlowBuilder;
[INFO] [stdout]    |     ^^^^^^^^^^^^^^^^^^^^^^^^^^^^
[INFO] [stdout] 14 | use recoco::execution::evaluator::evaluate_transient_flow;
[INFO] [stdout]    |     ^^^^^^^^^^^^^^^^^^^^^^^^^^^^^^^^^^^^^^^^^^^^^^^^^^^^^
[INFO] [stdout] 
[INFO] [stdout] 
[INFO] [stdout] error[E0433]: cannot find module or crate `recoco` in this scope
[INFO] [stdout]   --> examples/transient.rs:25:5
[INFO] [stdout]    |
[INFO] [stdout] 25 |     recoco::lib_context::init_lib_context(Some(recoco::settings::Settings::default())).await?;
[INFO] [stdout]    |     ^^^^^^ use of unresolved module or unlinked crate `recoco`
[INFO] [stdout]    |
[INFO] [stdout]    = help: if you wanted to use a crate named `recoco`, use `cargo add recoco` to add it to your `Cargo.toml`
[INFO] [stdout] 
[INFO] [stdout] 
[INFO] [stdout] error: cannot find attribute `async_trait` in this scope
[INFO] [stdout]   --> examples/custom_op.rs:24:3
[INFO] [stdout]    |
[INFO] [stdout] 24 | #[async_trait]
[INFO] [stdout]    |   ^^^^^^^^^^^
[INFO] [stdout]    |
[INFO] [stdout]    = note: `async_trait` is in scope, but it is a crate, not an attribute
[INFO] [stdout] 
[INFO] [stdout] 
[INFO] [stdout] error[E0433]: cannot find module or crate `recoco` in this scope
[INFO] [stdout]   --> examples/file_processing.rs:28:5
[INFO] [stdout]    |
[INFO] [stdout] 28 |     recoco::lib_context::init_lib_context(Some(recoco::settings::Settings::default())).await?;
[INFO] [stdout]    |     ^^^^^^ use of unresolved module or unlinked crate `recoco`
[INFO] [stdout]    |
[INFO] [stdout]    = help: if you wanted to use a crate named `recoco`, use `cargo add recoco` to add it to your `Cargo.toml`
[INFO] [stdout] 
[INFO] [stdout] 
[INFO] [stdout] error: cannot find attribute `async_trait` in this scope
[INFO] [stdout]   --> examples/custom_op.rs:41:3
[INFO] [stdout]    |
[INFO] [stdout] 41 | #[async_trait]
[INFO] [stdout]    |   ^^^^^^^^^^^
[INFO] [stdout]    |
[INFO] [stdout]    = note: `async_trait` is in scope, but it is a crate, not an attribute
[INFO] [stdout] 
[INFO] [stdout] 
[INFO] [stdout] error[E0433]: cannot find module or crate `recoco` in this scope
[INFO] [stdout]   --> examples/transient.rs:25:48
[INFO] [stdout]    |
[INFO] [stdout] 25 |     recoco::lib_context::init_lib_context(Some(recoco::settings::Settings::default())).await?;
[INFO] [stdout]    |                                                ^^^^^^ use of unresolved module or unlinked crate `recoco`
[INFO] [stdout]    |
[INFO] [stdout]    = help: if you wanted to use a crate named `recoco`, use `cargo add recoco` to add it to your `Cargo.toml`
[INFO] [stdout] 
[INFO] [stdout] 
[INFO] [stdout] error[E0433]: cannot find module or crate `recoco` in this scope
[INFO] [stdout]   --> examples/file_processing.rs:28:48
[INFO] [stdout]    |
[INFO] [stdout] 28 |     recoco::lib_context::init_lib_context(Some(recoco::settings::Settings::default())).await?;
[INFO] [stdout]    |                                                ^^^^^^ use of unresolved module or unlinked crate `recoco`
[INFO] [stdout]    |
[INFO] [stdout]    = help: if you wanted to use a crate named `recoco`, use `cargo add recoco` to add it to your `Cargo.toml`
[INFO] [stdout] 
[INFO] [stdout] 
[INFO] [stdout] error[E0433]: cannot find module or crate `recoco` in this scope
[INFO] [stdout]   --> examples/detect_lang.rs:22:5
[INFO] [stdout]    |
[INFO] [stdout] 22 |     recoco::lib_context::init_lib_context(Some(recoco::settings::Settings::default())).await?;
[INFO] [stdout]    |     ^^^^^^ use of unresolved module or unlinked crate `recoco`
[INFO] [stdout]    |
[INFO] [stdout]    = help: if you wanted to use a crate named `recoco`, use `cargo add recoco` to add it to your `Cargo.toml`
[INFO] [stdout] 
[INFO] [stdout] 
[INFO] [stdout] error[E0433]: cannot find module or crate `recoco` in this scope
[INFO] [stdout]   --> examples/detect_lang.rs:22:48
[INFO] [stdout]    |
[INFO] [stdout] 22 |     recoco::lib_context::init_lib_context(Some(recoco::settings::Settings::default())).await?;
[INFO] [stdout]    |                                                ^^^^^^ use of unresolved module or unlinked crate `recoco`
[INFO] [stdout]    |
[INFO] [stdout]    = help: if you wanted to use a crate named `recoco`, use `cargo add recoco` to add it to your `Cargo.toml`
[INFO] [stdout] 
[INFO] [stdout] 
[INFO] [stdout] error[E0433]: cannot find module or crate `schema` in this scope
[INFO] [stdout]   --> examples/file_processing.rs:38:34
[INFO] [stdout]    |
[INFO] [stdout] 38 |         schema::make_output_type(schema::BasicValueType::Str),
[INFO] [stdout]    |                                  ^^^^^^ use of unresolved module or unlinked crate `schema`
[INFO] [stdout]    |
[INFO] [stdout] help: there is a crate or module with a similar name
[INFO] [stdout]    |
[INFO] [stdout] 38 |         schema::make_output_type(schemars::BasicValueType::Str),
[INFO] [stdout]    |                                        ++
[INFO] [stdout] 
[INFO] [stdout] 
[INFO] [stdout] error[E0433]: cannot find module or crate `schema` in this scope
[INFO] [stdout]   --> examples/transient.rs:36:34
[INFO] [stdout]    |
[INFO] [stdout] 36 |         schema::make_output_type(schema::BasicValueType::Str),
[INFO] [stdout]    |                                  ^^^^^^ use of unresolved module or unlinked crate `schema`
[INFO] [stdout]    |
[INFO] [stdout] help: there is a crate or module with a similar name
[INFO] [stdout]    |
[INFO] [stdout] 36 |         schema::make_output_type(schemars::BasicValueType::Str),
[INFO] [stdout]    |                                        ++
[INFO] [stdout] 
[INFO] [stdout] 
[INFO] [stdout] error[E0433]: cannot find module or crate `value` in this scope
[INFO] [stdout]   --> examples/file_processing.rs:84:27
[INFO] [stdout]    |
[INFO] [stdout] 84 |         let input_value = value::Value::Basic(value::BasicValue::Str(line.clone().into()));
[INFO] [stdout]    |                           ^^^^^ use of unresolved module or unlinked crate `value`
[INFO] [stdout]    |
[INFO] [stdout]    = help: if you wanted to use a crate named `value`, use `cargo add value` to add it to your `Cargo.toml`
[INFO] [stdout] 
[INFO] [stdout] 
[INFO] [stdout] error[E0433]: cannot find module or crate `value` in this scope
[INFO] [stdout]   --> examples/file_processing.rs:84:47
[INFO] [stdout]    |
[INFO] [stdout] 84 |         let input_value = value::Value::Basic(value::BasicValue::Str(line.clone().into()));
[INFO] [stdout]    |                                               ^^^^^ use of unresolved module or unlinked crate `value`
[INFO] [stdout]    |
[INFO] [stdout]    = help: if you wanted to use a crate named `value`, use `cargo add value` to add it to your `Cargo.toml`
[INFO] [stdout] 
[INFO] [stdout] 
[INFO] [stdout] error[E0433]: cannot find module or crate `value` in this scope
[INFO] [stdout]   --> examples/transient.rs:68:23
[INFO] [stdout]    |
[INFO] [stdout] 68 |     let input_value = value::Value::Basic(value::BasicValue::Str(input_text.into()));
[INFO] [stdout]    |                       ^^^^^ use of unresolved module or unlinked crate `value`
[INFO] [stdout]    |
[INFO] [stdout]    = help: if you wanted to use a crate named `value`, use `cargo add value` to add it to your `Cargo.toml`
[INFO] [stdout] 
[INFO] [stdout] 
[INFO] [stdout] error[E0433]: cannot find module or crate `schema` in this scope
[INFO] [stdout]   --> examples/detect_lang.rs:30:34
[INFO] [stdout]    |
[INFO] [stdout] 30 |         schema::make_output_type(schema::BasicValueType::Str),
[INFO] [stdout]    |                                  ^^^^^^ use of unresolved module or unlinked crate `schema`
[INFO] [stdout]    |
[INFO] [stdout] help: there is a crate or module with a similar name
[INFO] [stdout]    |
[INFO] [stdout] 30 |         schema::make_output_type(schemars::BasicValueType::Str),
[INFO] [stdout]    |                                        ++
[INFO] [stdout] 
[INFO] [stdout] 
[INFO] [stdout] error[E0433]: cannot find module or crate `value` in this scope
[INFO] [stdout]   --> examples/file_processing.rs:90:16
[INFO] [stdout]    |
[INFO] [stdout] 90 |         if let value::Value::KTable(chunks) = result {
[INFO] [stdout]    |                ^^^^^ use of unresolved module or unlinked crate `value`
[INFO] [stdout]    |
[INFO] [stdout]    = help: if you wanted to use a crate named `value`, use `cargo add value` to add it to your `Cargo.toml`
[INFO] [stdout] 
[INFO] [stdout] 
[INFO] [stdout] error[E0433]: cannot find module or crate `value` in this scope
[INFO] [stdout]   --> examples/custom_op.rs:31:12
[INFO] [stdout]    |
[INFO] [stdout] 31 |         Ok(value::Value::Basic(value::BasicValue::Str(reversed.into())))
[INFO] [stdout]    |            ^^^^^ use of unresolved module or unlinked crate `value`
[INFO] [stdout]    |
[INFO] [stdout]    = help: if you wanted to use a crate named `value`, use `cargo add value` to add it to your `Cargo.toml`
[INFO] [stdout] 
[INFO] [stdout] 
[INFO] [stdout] warning: method call on a diverging inference variable
[INFO] [stdout]   --> examples/file_processing.rs:36:30
[INFO] [stdout]    |
[INFO] [stdout] 36 |     let line_input = builder.add_direct_input(
[INFO] [stdout]    |                              ^^^^^^^^^^^^^^^^
[INFO] [stdout]    |
[INFO] [stdout]    = help: consider providing a type annotation
[INFO] [stdout]    = warning: this was previously accepted by the compiler but is being phased out; it will become a hard error in a future release!
[INFO] [stdout]    = note: for more information, see issue #156047 <https://github.com/rust-lang/rust/issues/156047>
[INFO] [stdout]    = note: `#[warn(method_call_on_diverging_infer_var)]` (part of `#[warn(future_incompatible)]`) on by default
[INFO] [stdout] 
[INFO] [stdout] 
[INFO] [stdout] error[E0433]: cannot find module or crate `value` in this scope
[INFO] [stdout]   --> examples/detect_lang.rs:62:21
[INFO] [stdout]    |
[INFO] [stdout] 62 |         let input = value::Value::Basic(value::BasicValue::Str(f.into()));
[INFO] [stdout]    |                     ^^^^^ use of unresolved module or unlinked crate `value`
[INFO] [stdout]    |
[INFO] [stdout]    = help: if you wanted to use a crate named `value`, use `cargo add value` to add it to your `Cargo.toml`
[INFO] [stdout] 
[INFO] [stdout] 
[INFO] [stdout] error[E0433]: cannot find module or crate `value` in this scope
[INFO] [stdout]   --> examples/transient.rs:68:43
[INFO] [stdout]    |
[INFO] [stdout] 68 |     let input_value = value::Value::Basic(value::BasicValue::Str(input_text.into()));
[INFO] [stdout]    |                                           ^^^^^ use of unresolved module or unlinked crate `value`
[INFO] [stdout]    |
[INFO] [stdout]    = help: if you wanted to use a crate named `value`, use `cargo add value` to add it to your `Cargo.toml`
[INFO] [stdout] 
[INFO] [stdout] 
[INFO] [stdout] warning: method call on a diverging inference variable
[INFO] [stdout]   --> examples/transient.rs:34:31
[INFO] [stdout]    |
[INFO] [stdout] 34 |     let input_slice = builder.add_direct_input(
[INFO] [stdout]    |                               ^^^^^^^^^^^^^^^^
[INFO] [stdout]    |
[INFO] [stdout]    = help: consider providing a type annotation
[INFO] [stdout]    = warning: this was previously accepted by the compiler but is being phased out; it will become a hard error in a future release!
[INFO] [stdout]    = note: for more information, see issue #156047 <https://github.com/rust-lang/rust/issues/156047>
[INFO] [stdout]    = note: `#[warn(method_call_on_diverging_infer_var)]` (part of `#[warn(future_incompatible)]`) on by default
[INFO] [stdout] 
[INFO] [stdout] 
[INFO] [stdout] error[E0433]: cannot find module or crate `value` in this scope
[INFO] [stdout]   --> examples/custom_op.rs:31:32
[INFO] [stdout]    |
[INFO] [stdout] 31 |         Ok(value::Value::Basic(value::BasicValue::Str(reversed.into())))
[INFO] [stdout]    |                                ^^^^^ use of unresolved module or unlinked crate `value`
[INFO] [stdout]    |
[INFO] [stdout]    = help: if you wanted to use a crate named `value`, use `cargo add value` to add it to your `Cargo.toml`
[INFO] [stdout] 
[INFO] [stdout] 
[INFO] [stdout] error[E0433]: cannot find module or crate `value` in this scope
[INFO] [stdout]   --> examples/detect_lang.rs:62:41
[INFO] [stdout]    |
[INFO] [stdout] 62 |         let input = value::Value::Basic(value::BasicValue::Str(f.into()));
[INFO] [stdout]    |                                         ^^^^^ use of unresolved module or unlinked crate `value`
[INFO] [stdout]    |
[INFO] [stdout]    = help: if you wanted to use a crate named `value`, use `cargo add value` to add it to your `Cargo.toml`
[INFO] [stdout] 
[INFO] [stdout] 
[INFO] [stdout] error[E0433]: cannot find module or crate `value` in this scope
[INFO] [stdout]   --> examples/detect_lang.rs:66:13
[INFO] [stdout]    |
[INFO] [stdout] 66 |             value::Value::Basic(value::BasicValue::Str(s)) => s.to_string(),
[INFO] [stdout]    |             ^^^^^ use of unresolved module or unlinked crate `value`
[INFO] [stdout]    |
[INFO] [stdout]    = help: if you wanted to use a crate named `value`, use `cargo add value` to add it to your `Cargo.toml`
[INFO] [stdout] 
[INFO] [stdout] 
[INFO] [stdout] error[E0433]: cannot find module or crate `value` in this scope
[INFO] [stdout]   --> examples/detect_lang.rs:66:33
[INFO] [stdout]    |
[INFO] [stdout] 66 |             value::Value::Basic(value::BasicValue::Str(s)) => s.to_string(),
[INFO] [stdout]    |                                 ^^^^^ use of unresolved module or unlinked crate `value`
[INFO] [stdout]    |
[INFO] [stdout]    = help: if you wanted to use a crate named `value`, use `cargo add value` to add it to your `Cargo.toml`
[INFO] [stdout] 
[INFO] [stdout] 
[INFO] [stdout] error[E0433]: cannot find module or crate `value` in this scope
[INFO] [stdout]   --> examples/detect_lang.rs:67:13
[INFO] [stdout]    |
[INFO] [stdout] 67 |             value::Value::Null => "unknown".to_string(),
[INFO] [stdout]    |             ^^^^^ use of unresolved module or unlinked crate `value`
[INFO] [stdout]    |
[INFO] [stdout]    = help: if you wanted to use a crate named `value`, use `cargo add value` to add it to your `Cargo.toml`
[INFO] [stdout] 
[INFO] [stdout] 
[INFO] [stdout] warning: method call on a diverging inference variable
[INFO] [stdout]   --> examples/detect_lang.rs:28:34
[INFO] [stdout]    |
[INFO] [stdout] 28 |     let filename_input = builder.add_direct_input(
[INFO] [stdout]    |                                  ^^^^^^^^^^^^^^^^
[INFO] [stdout]    |
[INFO] [stdout]    = help: consider providing a type annotation
[INFO] [stdout]    = warning: this was previously accepted by the compiler but is being phased out; it will become a hard error in a future release!
[INFO] [stdout]    = note: for more information, see issue #156047 <https://github.com/rust-lang/rust/issues/156047>
[INFO] [stdout]    = note: `#[warn(method_call_on_diverging_infer_var)]` (part of `#[warn(future_incompatible)]`) on by default
[INFO] [stdout] 
[INFO] [stdout] 
[INFO] [stdout] error[E0599]: no method named `add_direct_input` found for type `!` in the current scope
[INFO] [stdout]   --> examples/transient.rs:34:31
[INFO] [stdout]    |
[INFO] [stdout] 34 |     let input_slice = builder.add_direct_input(
[INFO] [stdout]    |                       --------^^^^^^^^^^^^^^^^ method not found in `!`
[INFO] [stdout] 
[INFO] [stdout] 
[INFO] [stdout] error[E0433]: cannot find module or crate `schema` in this scope
[INFO] [stdout]   --> examples/transient.rs:36:9
[INFO] [stdout]    |
[INFO] [stdout] 36 |         schema::make_output_type(schema::BasicValueType::Str),
[INFO] [stdout]    |         ^^^^^^ use of unresolved module or unlinked crate `schema`
[INFO] [stdout]    |
[INFO] [stdout] help: there is a crate or module with a similar name
[INFO] [stdout]    |
[INFO] [stdout] 36 |         schemars::make_output_type(schema::BasicValueType::Str),
[INFO] [stdout]    |               ++
[INFO] [stdout] 
[INFO] [stdout] 
[INFO] [stdout] error[E0599]: no method named `add_direct_input` found for type `!` in the current scope
[INFO] [stdout]   --> examples/file_processing.rs:36:30
[INFO] [stdout]    |
[INFO] [stdout] 36 |     let line_input = builder.add_direct_input(
[INFO] [stdout]    |                      --------^^^^^^^^^^^^^^^^ method not found in `!`
[INFO] [stdout] 
[INFO] [stdout] 
[INFO] [stdout] error[E0433]: cannot find module or crate `schema` in this scope
[INFO] [stdout]   --> examples/file_processing.rs:38:9
[INFO] [stdout]    |
[INFO] [stdout] 38 |         schema::make_output_type(schema::BasicValueType::Str),
[INFO] [stdout]    |         ^^^^^^ use of unresolved module or unlinked crate `schema`
[INFO] [stdout]    |
[INFO] [stdout] help: there is a crate or module with a similar name
[INFO] [stdout]    |
[INFO] [stdout] 38 |         schemars::make_output_type(schema::BasicValueType::Str),
[INFO] [stdout]    |               ++
[INFO] [stdout] 
[INFO] [stdout] 
[INFO] [stdout] error[E0433]: cannot find module or crate `schema` in this scope
[INFO] [stdout]   --> examples/custom_op.rs:62:54
[INFO] [stdout]    |
[INFO] [stdout] 62 |         let output_schema = schema::make_output_type(schema::BasicValueType::Str);
[INFO] [stdout]    |                                                      ^^^^^^ use of unresolved module or unlinked crate `schema`
[INFO] [stdout]    |
[INFO] [stdout] help: there is a crate or module with a similar name
[INFO] [stdout]    |
[INFO] [stdout] 62 |         let output_schema = schema::make_output_type(schemars::BasicValueType::Str);
[INFO] [stdout]    |                                                            ++
[INFO] [stdout] 
[INFO] [stdout] 
[INFO] [stdout] error[E0599]: no method named `add_direct_input` found for type `!` in the current scope
[INFO] [stdout]   --> examples/detect_lang.rs:28:34
[INFO] [stdout]    |
[INFO] [stdout] 28 |     let filename_input = builder.add_direct_input(
[INFO] [stdout]    |                          --------^^^^^^^^^^^^^^^^ method not found in `!`
[INFO] [stdout] 
[INFO] [stdout] 
[INFO] [stdout] error[E0433]: cannot find module or crate `schema` in this scope
[INFO] [stdout]   --> examples/detect_lang.rs:30:9
[INFO] [stdout]    |
[INFO] [stdout] 30 |         schema::make_output_type(schema::BasicValueType::Str),
[INFO] [stdout]    |         ^^^^^^ use of unresolved module or unlinked crate `schema`
[INFO] [stdout]    |
[INFO] [stdout] help: there is a crate or module with a similar name
[INFO] [stdout]    |
[INFO] [stdout] 30 |         schemars::make_output_type(schema::BasicValueType::Str),
[INFO] [stdout]    |               ++
[INFO] [stdout] 
[INFO] [stdout] 
[INFO] [stdout] error[E0599]: no method named `transform` found for type `!` in the current scope
[INFO] [stdout]    --> examples/detect_lang.rs:35:10
[INFO] [stdout]     |
[INFO] [stdout]  34 |       let lang = builder
[INFO] [stdout]     |  ________________-
[INFO] [stdout]  35 | |         .transform(
[INFO] [stdout]     | |_________-^^^^^^^^^
[INFO] [stdout]     |
[INFO] [stdout]    ::: /opt/rustwide/cargo-home/registry/src/index.crates.io-1949cf8c6b5b557f/yoke-0.8.1/src/yokeable.rs:96:8
[INFO] [stdout]     |
[INFO] [stdout]  96 |       fn transform(&'a self) -> &'a Self::Output;
[INFO] [stdout]     |          --------- the method is available for `&!` here
[INFO] [stdout]     |
[INFO] [stdout] help: there is a method `transform_owned` with a similar name, but with different arguments
[INFO] [stdout]    --> /opt/rustwide/cargo-home/registry/src/index.crates.io-1949cf8c6b5b557f/yoke-0.8.1/src/yokeable.rs:105:5
[INFO] [stdout]     |
[INFO] [stdout] 105 |     fn transform_owned(self) -> Self::Output;
[INFO] [stdout]     |     ^^^^^^^^^^^^^^^^^^^^^^^^^^^^^^^^^^^^^^^^^
[INFO] [stdout] 
[INFO] [stdout] 
[INFO] [stdout] warning: unreachable expression
[INFO] [stdout]   --> examples/detect_lang.rs:36:13
[INFO] [stdout]    |
[INFO] [stdout] 34 |     let lang = builder
[INFO] [stdout]    |                ------- any code following this expression is unreachable
[INFO] [stdout] 35 |         .transform(
[INFO] [stdout] 36 |             "DetectProgrammingLanguage".to_string(),
[INFO] [stdout]    |             ^^^^^^^^^^^^^^^^^^^^^^^^^^^^^^^^^^^^^^^ unreachable expression
[INFO] [stdout]    |
[INFO] [stdout]    = note: `#[warn(unreachable_code)]` (part of `#[warn(unused)]`) on by default
[INFO] [stdout] 
[INFO] [stdout] 
[INFO] [stdout] error[E0599]: no method named `set_direct_output` found for type `!` in the current scope
[INFO] [stdout]   --> examples/detect_lang.rs:44:13
[INFO] [stdout]    |
[INFO] [stdout] 44 |     builder.set_direct_output(lang)?;
[INFO] [stdout]    |             ^^^^^^^^^^^^^^^^^ method not found in `!`
[INFO] [stdout] 
[INFO] [stdout] 
[INFO] [stdout] warning: unreachable expression
[INFO] [stdout]   --> examples/detect_lang.rs:44:31
[INFO] [stdout]    |
[INFO] [stdout] 44 |     builder.set_direct_output(lang)?;
[INFO] [stdout]    |     -------                   ^^^^ unreachable expression
[INFO] [stdout]    |     |
[INFO] [stdout]    |     any code following this expression is unreachable
[INFO] [stdout] 
[INFO] [stdout] 
[INFO] [stdout] error[E0599]: no method named `transform` found for type `!` in the current scope
[INFO] [stdout]    --> examples/file_processing.rs:44:10
[INFO] [stdout]     |
[INFO] [stdout]  43 |       let tokens = builder
[INFO] [stdout]     |  __________________-
[INFO] [stdout]  44 | |         .transform(
[INFO] [stdout]     | |_________-^^^^^^^^^
[INFO] [stdout]     |
[INFO] [stdout]    ::: /opt/rustwide/cargo-home/registry/src/index.crates.io-1949cf8c6b5b557f/yoke-0.8.1/src/yokeable.rs:96:8
[INFO] [stdout]     |
[INFO] [stdout]  96 |       fn transform(&'a self) -> &'a Self::Output;
[INFO] [stdout]     |          --------- the method is available for `&!` here
[INFO] [stdout]     |
[INFO] [stdout] help: there is a method `transform_owned` with a similar name, but with different arguments
[INFO] [stdout]    --> /opt/rustwide/cargo-home/registry/src/index.crates.io-1949cf8c6b5b557f/yoke-0.8.1/src/yokeable.rs:105:5
[INFO] [stdout]     |
[INFO] [stdout] 105 |     fn transform_owned(self) -> Self::Output;
[INFO] [stdout]     |     ^^^^^^^^^^^^^^^^^^^^^^^^^^^^^^^^^^^^^^^^^
[INFO] [stdout] 
[INFO] [stdout] 
[INFO] [stdout] warning: unreachable expression
[INFO] [stdout]   --> examples/file_processing.rs:45:13
[INFO] [stdout]    |
[INFO] [stdout] 43 |     let tokens = builder
[INFO] [stdout]    |                  ------- any code following this expression is unreachable
[INFO] [stdout] 44 |         .transform(
[INFO] [stdout] 45 |             "SplitBySeparators".to_string(),
[INFO] [stdout]    |             ^^^^^^^^^^^^^^^^^^^^^^^^^^^^^^^ unreachable expression
[INFO] [stdout]    |
[INFO] [stdout]    = note: `#[warn(unreachable_code)]` (part of `#[warn(unused)]`) on by default
[INFO] [stdout] 
[INFO] [stdout] 
[INFO] [stdout] error[E0599]: no method named `transform` found for type `!` in the current scope
[INFO] [stdout]    --> examples/transient.rs:42:10
[INFO] [stdout]     |
[INFO] [stdout]  41 |       let split_slice = builder
[INFO] [stdout]     |  _______________________-
[INFO] [stdout]  42 | |         .transform(
[INFO] [stdout]     | |_________-^^^^^^^^^
[INFO] [stdout]     |
[INFO] [stdout]    ::: /opt/rustwide/cargo-home/registry/src/index.crates.io-1949cf8c6b5b557f/yoke-0.8.1/src/yokeable.rs:96:8
[INFO] [stdout]     |
[INFO] [stdout]  96 |       fn transform(&'a self) -> &'a Self::Output;
[INFO] [stdout]     |          --------- the method is available for `&!` here
[INFO] [stdout]     |
[INFO] [stdout] help: there is a method `transform_owned` with a similar name, but with different arguments
[INFO] [stdout]    --> /opt/rustwide/cargo-home/registry/src/index.crates.io-1949cf8c6b5b557f/yoke-0.8.1/src/yokeable.rs:105:5
[INFO] [stdout]     |
[INFO] [stdout] 105 |     fn transform_owned(self) -> Self::Output;
[INFO] [stdout]     |     ^^^^^^^^^^^^^^^^^^^^^^^^^^^^^^^^^^^^^^^^^
[INFO] [stdout] 
[INFO] [stdout] 
[INFO] [stdout] warning: unreachable expression
[INFO] [stdout]   --> examples/transient.rs:43:13
[INFO] [stdout]    |
[INFO] [stdout] 41 |     let split_slice = builder
[INFO] [stdout]    |                       ------- any code following this expression is unreachable
[INFO] [stdout] 42 |         .transform(
[INFO] [stdout] 43 |             "SplitBySeparators".to_string(),
[INFO] [stdout]    |             ^^^^^^^^^^^^^^^^^^^^^^^^^^^^^^^ unreachable expression
[INFO] [stdout]    |
[INFO] [stdout]    = note: `#[warn(unreachable_code)]` (part of `#[warn(unused)]`) on by default
[INFO] [stdout] 
[INFO] [stdout] 
[INFO] [stdout] error[E0599]: no method named `build_transient_flow` found for type `!` in the current scope
[INFO] [stdout]   --> examples/detect_lang.rs:46:24
[INFO] [stdout]    |
[INFO] [stdout] 46 |     let flow = builder.build_transient_flow().await?;
[INFO] [stdout]    |                        ^^^^^^^^^^^^^^^^^^^^ method not found in `!`
[INFO] [stdout] 
[INFO] [stdout] 
[INFO] [stdout] warning: unreachable call
[INFO] [stdout]   --> examples/detect_lang.rs:46:24
[INFO] [stdout]    |
[INFO] [stdout] 46 |     let flow = builder.build_transient_flow().await?;
[INFO] [stdout]    |                ------- ^^^^^^^^^^^^^^^^^^^^ unreachable call
[INFO] [stdout]    |                |
[INFO] [stdout]    |                any code following this expression is unreachable
[INFO] [stdout] 
[INFO] [stdout] 
[INFO] [stdout] Some errors have detailed explanations: E0432, E0433, E0599.
[INFO] [stdout] 
[INFO] [stdout] For more information about an error, try `rustc --explain E0432`.
[INFO] [stdout] 
[INFO] [stderr] error: could not compile `recoco-core` (example "detect_lang") due to 17 previous errors; 5 warnings emitted
[INFO] [stderr] warning: build failed, waiting for other jobs to finish...
[INFO] [stdout] error[E0433]: cannot find module or crate `recoco` in this scope
[INFO] [stdout]   --> examples/custom_op.rs:86:5
[INFO] [stdout]    |
[INFO] [stdout] 86 |     recoco::lib_context::init_lib_context(Some(recoco::settings::Settings::default())).await?;
[INFO] [stdout]    |     ^^^^^^ use of unresolved module or unlinked crate `recoco`
[INFO] [stdout]    |
[INFO] [stdout]    = help: if you wanted to use a crate named `recoco`, use `cargo add recoco` to add it to your `Cargo.toml`
[INFO] [stdout] 
[INFO] [stdout] 
[INFO] [stdout] error[E0599]: no method named `set_direct_output` found for type `!` in the current scope
[INFO] [stdout]   --> examples/transient.rs:61:13
[INFO] [stdout]    |
[INFO] [stdout] 61 |     builder.set_direct_output(split_slice)?;
[INFO] [stdout]    |             ^^^^^^^^^^^^^^^^^ method not found in `!`
[INFO] [stdout] 
[INFO] [stdout] 
[INFO] [stdout] warning: unreachable expression
[INFO] [stdout]   --> examples/transient.rs:61:31
[INFO] [stdout]    |
[INFO] [stdout] 61 |     builder.set_direct_output(split_slice)?;
[INFO] [stdout]    |     -------                   ^^^^^^^^^^^ unreachable expression
[INFO] [stdout]    |     |
[INFO] [stdout]    |     any code following this expression is unreachable
[INFO] [stdout] 
[INFO] [stdout] 
[INFO] [stdout] error[E0599]: no method named `set_direct_output` found for type `!` in the current scope
[INFO] [stdout]   --> examples/file_processing.rs:62:13
[INFO] [stdout]    |
[INFO] [stdout] 62 |     builder.set_direct_output(tokens)?;
[INFO] [stdout]    |             ^^^^^^^^^^^^^^^^^ method not found in `!`
[INFO] [stdout] 
[INFO] [stdout] 
[INFO] [stdout] warning: unreachable expression
[INFO] [stdout]   --> examples/file_processing.rs:62:31
[INFO] [stdout]    |
[INFO] [stdout] 62 |     builder.set_direct_output(tokens)?;
[INFO] [stdout]    |     -------                   ^^^^^^ unreachable expression
[INFO] [stdout]    |     |
[INFO] [stdout]    |     any code following this expression is unreachable
[INFO] [stdout] 
[INFO] [stdout] 
[INFO] [stdout] error[E0599]: no method named `build_transient_flow` found for type `!` in the current scope
[INFO] [stdout]   --> examples/transient.rs:64:24
[INFO] [stdout]    |
[INFO] [stdout] 64 |     let flow = builder.build_transient_flow().await?;
[INFO] [stdout]    |                        ^^^^^^^^^^^^^^^^^^^^ method not found in `!`
[INFO] [stdout] 
[INFO] [stdout] 
[INFO] [stdout] warning: unreachable call
[INFO] [stdout]   --> examples/transient.rs:64:24
[INFO] [stdout]    |
[INFO] [stdout] 64 |     let flow = builder.build_transient_flow().await?;
[INFO] [stdout]    |                ------- ^^^^^^^^^^^^^^^^^^^^ unreachable call
[INFO] [stdout]    |                |
[INFO] [stdout]    |                any code following this expression is unreachable
[INFO] [stdout] 
[INFO] [stdout] 
[INFO] [stdout] Some errors have detailed explanations: E0432, E0433, E0599.
[INFO] [stdout] 
[INFO] [stdout] For more information about an error, try `rustc --explain E0432`.
[INFO] [stdout] 
[INFO] [stdout] error[E0433]: cannot find module or crate `recoco` in this scope
[INFO] [stdout]   --> examples/custom_op.rs:86:48
[INFO] [stdout]    |
[INFO] [stdout] 86 |     recoco::lib_context::init_lib_context(Some(recoco::settings::Settings::default())).await?;
[INFO] [stdout]    |                                                ^^^^^^ use of unresolved module or unlinked crate `recoco`
[INFO] [stdout]    |
[INFO] [stdout]    = help: if you wanted to use a crate named `recoco`, use `cargo add recoco` to add it to your `Cargo.toml`
[INFO] [stdout] 
[INFO] [stdout] 
[INFO] [stderr] error: could not compile `recoco-core` (example "transient") due to 14 previous errors; 5 warnings emitted
[INFO] [stdout] error[E0599]: no method named `build_transient_flow` found for type `!` in the current scope
[INFO] [stdout]   --> examples/file_processing.rs:65:24
[INFO] [stdout]    |
[INFO] [stdout] 65 |     let flow = builder.build_transient_flow().await?;
[INFO] [stdout]    |                        ^^^^^^^^^^^^^^^^^^^^ method not found in `!`
[INFO] [stdout] 
[INFO] [stdout] 
[INFO] [stdout] warning: unreachable call
[INFO] [stdout]   --> examples/file_processing.rs:65:24
[INFO] [stdout]    |
[INFO] [stdout] 65 |     let flow = builder.build_transient_flow().await?;
[INFO] [stdout]    |                ------- ^^^^^^^^^^^^^^^^^^^^ unreachable call
[INFO] [stdout]    |                |
[INFO] [stdout]    |                any code following this expression is unreachable
[INFO] [stdout] 
[INFO] [stdout] 
[INFO] [stdout] error[E0433]: cannot find module or crate `recoco` in this scope
[INFO] [stdout]   --> examples/custom_op.rs:90:5
[INFO] [stdout]    |
[INFO] [stdout] 90 |     recoco::ops::register_factory(
[INFO] [stdout]    |     ^^^^^^ use of unresolved module or unlinked crate `recoco`
[INFO] [stdout]    |
[INFO] [stdout]    = help: if you wanted to use a crate named `recoco`, use `cargo add recoco` to add it to your `Cargo.toml`
[INFO] [stdout] 
[INFO] [stdout] 
[INFO] [stdout] Some errors have detailed explanations: E0432, E0433, E0599.
[INFO] [stdout] 
[INFO] [stdout] For more information about an error, try `rustc --explain E0432`.
[INFO] [stdout] 
[INFO] [stderr] error: could not compile `recoco-core` (example "file_processing") due to 15 previous errors; 5 warnings emitted
[INFO] [stdout] error[E0433]: cannot find module or crate `schema` in this scope
[INFO] [stdout]    --> examples/custom_op.rs:100:34
[INFO] [stdout]     |
[INFO] [stdout] 100 |         schema::make_output_type(schema::BasicValueType::Str),
[INFO] [stdout]     |                                  ^^^^^^ use of unresolved module or unlinked crate `schema`
[INFO] [stdout]     |
[INFO] [stdout] help: there is a crate or module with a similar name
[INFO] [stdout]     |
[INFO] [stdout] 100 |         schema::make_output_type(schemars::BasicValueType::Str),
[INFO] [stdout]     |                                        ++
[INFO] [stdout] 
[INFO] [stdout] 
[INFO] [stdout] error[E0433]: cannot find module or crate `value` in this scope
[INFO] [stdout]    --> examples/custom_op.rs:120:21
[INFO] [stdout]     |
[INFO] [stdout] 120 |     let input_val = value::Value::Basic(value::BasicValue::Str(input_text.into()));
[INFO] [stdout]     |                     ^^^^^ use of unresolved module or unlinked crate `value`
[INFO] [stdout]     |
[INFO] [stdout]     = help: if you wanted to use a crate named `value`, use `cargo add value` to add it to your `Cargo.toml`
[INFO] [stdout] 
[INFO] [stdout] 
[INFO] [stdout] error[E0433]: cannot find module or crate `value` in this scope
[INFO] [stdout]    --> examples/custom_op.rs:120:41
[INFO] [stdout]     |
[INFO] [stdout] 120 |     let input_val = value::Value::Basic(value::BasicValue::Str(input_text.into()));
[INFO] [stdout]     |                                         ^^^^^ use of unresolved module or unlinked crate `value`
[INFO] [stdout]     |
[INFO] [stdout]     = help: if you wanted to use a crate named `value`, use `cargo add value` to add it to your `Cargo.toml`
[INFO] [stdout] 
[INFO] [stdout] 
[INFO] [stdout] error[E0433]: cannot find module or crate `value` in this scope
[INFO] [stdout]    --> examples/custom_op.rs:126:12
[INFO] [stdout]     |
[INFO] [stdout] 126 |     if let value::Value::Basic(value::BasicValue::Str(s)) = result {
[INFO] [stdout]     |            ^^^^^ use of unresolved module or unlinked crate `value`
[INFO] [stdout]     |
[INFO] [stdout]     = help: if you wanted to use a crate named `value`, use `cargo add value` to add it to your `Cargo.toml`
[INFO] [stdout] 
[INFO] [stdout] 
[INFO] [stdout] error[E0433]: cannot find module or crate `value` in this scope
[INFO] [stdout]    --> examples/custom_op.rs:126:32
[INFO] [stdout]     |
[INFO] [stdout] 126 |     if let value::Value::Basic(value::BasicValue::Str(s)) = result {
[INFO] [stdout]     |                                ^^^^^ use of unresolved module or unlinked crate `value`
[INFO] [stdout]     |
[INFO] [stdout]     = help: if you wanted to use a crate named `value`, use `cargo add value` to add it to your `Cargo.toml`
[INFO] [stdout] 
[INFO] [stdout] 
[INFO] [stdout] error[E0405]: cannot find trait `SimpleFunctionExecutor` in this scope
[INFO] [stdout]   --> examples/custom_op.rs:25:6
[INFO] [stdout]    |
[INFO] [stdout] 25 | impl SimpleFunctionExecutor for ReverseStringExecutor {
[INFO] [stdout]    |      ^^^^^^^^^^^^^^^^^^^^^^ not found in this scope
[INFO] [stdout] 
[INFO] [stdout] 
[INFO] [stdout] error[E0405]: cannot find trait `SimpleFunctionFactoryBase` in this scope
[INFO] [stdout]   --> examples/custom_op.rs:42:6
[INFO] [stdout]    |
[INFO] [stdout] 42 | impl SimpleFunctionFactoryBase for ReverseStringFactory {
[INFO] [stdout]    |      ^^^^^^^^^^^^^^^^^^^^^^^^^ not found in this scope
[INFO] [stdout] 
[INFO] [stdout] 
[INFO] [stdout] error[E0425]: cannot find type `OpArgsResolver` in this scope
[INFO] [stdout]   --> examples/custom_op.rs:53:29
[INFO] [stdout]    |
[INFO] [stdout] 53 |         args_resolver: &mut OpArgsResolver<'a>,
[INFO] [stdout]    |                             ^^^^^^^^^^^^^^ not found in this scope
[INFO] [stdout] 
[INFO] [stdout] 
[INFO] [stdout] error[E0425]: cannot find type `FlowInstanceContext` in this scope
[INFO] [stdout]   --> examples/custom_op.rs:54:20
[INFO] [stdout]    |
[INFO] [stdout] 54 |         _context: &FlowInstanceContext,
[INFO] [stdout]    |                    ^^^^^^^^^^^^^^^^^^^ not found in this scope
[INFO] [stdout] 
[INFO] [stdout] 
[INFO] [stdout] error[E0425]: cannot find type `SimpleFunctionAnalysisOutput` in this scope
[INFO] [stdout]   --> examples/custom_op.rs:55:17
[INFO] [stdout]    |
[INFO] [stdout] 55 |     ) -> Result<SimpleFunctionAnalysisOutput<Self::ResolvedArgs>> {
[INFO] [stdout]    |                 ^^^^^^^^^^^^^^^^^^^^^^^^^^^^ not found in this scope
[INFO] [stdout] 
[INFO] [stdout] 
[INFO] [stdout] error[E0422]: cannot find struct, variant or union type `SimpleFunctionAnalysisOutput` in this scope
[INFO] [stdout]   --> examples/custom_op.rs:64:12
[INFO] [stdout]    |
[INFO] [stdout] 64 |         Ok(SimpleFunctionAnalysisOutput {
[INFO] [stdout]    |            ^^^^^^^^^^^^^^^^^^^^^^^^^^^^ not found in this scope
[INFO] [stdout] 
[INFO] [stdout] 
[INFO] [stdout] error[E0425]: cannot find type `FlowInstanceContext` in this scope
[INFO] [stdout]   --> examples/custom_op.rs:75:23
[INFO] [stdout]    |
[INFO] [stdout] 75 |         _context: Arc<FlowInstanceContext>,
[INFO] [stdout]    |                       ^^^^^^^^^^^^^^^^^^^ not found in this scope
[INFO] [stdout]    |
[INFO] [stdout] help: you might be missing a type parameter
[INFO] [stdout]    |
[INFO] [stdout] 42 | impl<FlowInstanceContext> SimpleFunctionFactoryBase for ReverseStringFactory {
[INFO] [stdout]    |     +++++++++++++++++++++
[INFO] [stdout] 
[INFO] [stdout] 
[INFO] [stdout] error[E0405]: cannot find trait `SimpleFunctionExecutor` in this scope
[INFO] [stdout]   --> examples/custom_op.rs:76:22
[INFO] [stdout]    |
[INFO] [stdout] 76 |     ) -> Result<impl SimpleFunctionExecutor> {
[INFO] [stdout]    |                      ^^^^^^^^^^^^^^^^^^^^^^ not found in this scope
[INFO] [stdout] 
[INFO] [stdout] 
[INFO] [stdout] error[E0433]: cannot find module or crate `value` in this scope
[INFO] [stdout]   --> examples/custom_op.rs:26:41
[INFO] [stdout]    |
[INFO] [stdout] 26 |     async fn evaluate(&self, input: Vec<value::Value>) -> Result<value::Value> {
[INFO] [stdout]    |                                         ^^^^^ use of unresolved module or unlinked crate `value`
[INFO] [stdout]    |
[INFO] [stdout]    = help: if you wanted to use a crate named `value`, use `cargo add value` to add it to your `Cargo.toml`
[INFO] [stdout] 
[INFO] [stdout] 
[INFO] [stdout] error[E0433]: cannot find module or crate `value` in this scope
[INFO] [stdout]   --> examples/custom_op.rs:26:66
[INFO] [stdout]    |
[INFO] [stdout] 26 |     async fn evaluate(&self, input: Vec<value::Value>) -> Result<value::Value> {
[INFO] [stdout]    |                                                                  ^^^^^ use of unresolved module or unlinked crate `value`
[INFO] [stdout]    |
[INFO] [stdout]    = help: if you wanted to use a crate named `value`, use `cargo add value` to add it to your `Cargo.toml`
[INFO] [stdout] 
[INFO] [stdout] 
[INFO] [stdout] error[E0433]: cannot find type `ValueType` in this scope
[INFO] [stdout]   --> examples/custom_op.rs:59:27
[INFO] [stdout]    |
[INFO] [stdout] 59 |             .expect_type(&ValueType::Basic(BasicValueType::Str))?
[INFO] [stdout]    |                           ^^^^^^^^^ use of undeclared type `ValueType`
[INFO] [stdout] 
[INFO] [stdout] 
[INFO] [stdout] error[E0433]: cannot find type `BasicValueType` in this scope
[INFO] [stdout]   --> examples/custom_op.rs:59:44
[INFO] [stdout]    |
[INFO] [stdout] 59 |             .expect_type(&ValueType::Basic(BasicValueType::Str))?
[INFO] [stdout]    |                                            ^^^^^^^^^^^^^^ use of undeclared type `BasicValueType`
[INFO] [stdout] 
[INFO] [stdout] 
[INFO] [stdout] error[E0433]: cannot find module or crate `schema` in this scope
[INFO] [stdout]   --> examples/custom_op.rs:62:29
[INFO] [stdout]    |
[INFO] [stdout] 62 |         let output_schema = schema::make_output_type(schema::BasicValueType::Str);
[INFO] [stdout]    |                             ^^^^^^ use of unresolved module or unlinked crate `schema`
[INFO] [stdout]    |
[INFO] [stdout] help: there is a crate or module with a similar name
[INFO] [stdout]    |
[INFO] [stdout] 62 |         let output_schema = schemars::make_output_type(schema::BasicValueType::Str);
[INFO] [stdout]    |                                   ++
[INFO] [stdout] 
[INFO] [stdout] 
[INFO] [stdout] error[E0433]: cannot find type `ExecutorFactory` in this scope
[INFO] [stdout]   --> examples/custom_op.rs:92:9
[INFO] [stdout]    |
[INFO] [stdout] 92 |         ExecutorFactory::SimpleFunction(Arc::new(ReverseStringFactory)),
[INFO] [stdout]    |         ^^^^^^^^^^^^^^^ use of undeclared type `ExecutorFactory`
[INFO] [stdout] 
[INFO] [stdout] 
[INFO] [stdout] error[E0433]: cannot find module or crate `schema` in this scope
[INFO] [stdout]    --> examples/custom_op.rs:100:9
[INFO] [stdout]     |
[INFO] [stdout] 100 |         schema::make_output_type(schema::BasicValueType::Str),
[INFO] [stdout]     |         ^^^^^^ use of unresolved module or unlinked crate `schema`
[INFO] [stdout]     |
[INFO] [stdout] help: there is a crate or module with a similar name
[INFO] [stdout]     |
[INFO] [stdout] 100 |         schemars::make_output_type(schema::BasicValueType::Str),
[INFO] [stdout]     |               ++
[INFO] [stdout] 
[INFO] [stdout] 
[INFO] [stdout] Some errors have detailed explanations: E0405, E0422, E0425, E0432, E0433.
[INFO] [stdout] 
[INFO] [stdout] For more information about an error, try `rustc --explain E0405`.
[INFO] [stdout] 
[INFO] [stderr] error: could not compile `recoco-core` (example "custom_op") due to 33 previous errors
[INFO] running `Command { std: "docker" "inspect" "961ddbfabc3165be2a3870702c8fc886428be2c5b688306a7184220a1c1a548d", kill_on_drop: false }`
[INFO] running `Command { std: "docker" "rm" "-f" "961ddbfabc3165be2a3870702c8fc886428be2c5b688306a7184220a1c1a548d", kill_on_drop: false }`
[INFO] [stdout] 961ddbfabc3165be2a3870702c8fc886428be2c5b688306a7184220a1c1a548d
