[INFO] fetching crate reclick 0.1.1...
[INFO] testing reclick-0.1.1 against 1.99.0-beta.8 for beta-1.100-2
[INFO] extracting crate reclick 0.1.1 into /workspace/builds/worker-5-tc1/source
[INFO] started tweaking crates.io crate reclick 0.1.1
[INFO] finished tweaking crates.io crate reclick 0.1.1
[INFO] tweaked toml for crates.io crate reclick 0.1.1 written to /workspace/builds/worker-5-tc1/source/Cargo.toml
[INFO] validating manifest of crates.io crate reclick 0.1.1 on toolchain 1.99.0-beta.8
[INFO] running `Command { std: CARGO_HOME="/workspace/cargo-home" RUSTUP_HOME="/workspace/rustup-home" "/workspace/cargo-home/bin/cargo" "+1.99.0-beta.8" "metadata" "--manifest-path" "Cargo.toml" "--no-deps", kill_on_drop: false }`
[INFO] crate crates.io crate reclick 0.1.1 already has a lockfile, it will not be regenerated
[INFO] running `Command { std: CARGO_HOME="/workspace/cargo-home" RUSTUP_HOME="/workspace/rustup-home" "/workspace/cargo-home/bin/cargo" "+1.99.0-beta.8" "fetch" "--manifest-path" "Cargo.toml", kill_on_drop: false }`
[INFO] [stderr]     Updating crates.io index
[INFO] [stderr]  Downloading crates ...
[INFO] [stderr]   Downloaded core-graphics-types v0.1.1
[INFO] [stderr]   Downloaded core-graphics v0.22.2
[INFO] [stderr]   Downloaded tfc v0.6.0
[INFO] [stderr]   Downloaded device_query v0.2.8
[INFO] [stderr]   Downloaded pkg-config v0.3.20
[INFO] [stderr]   Downloaded readkey v0.1.7
[INFO] [stderr]   Downloaded core-foundation-sys v0.8.3
[INFO] [stderr]   Downloaded input-event-codes v0.2.1
[INFO] [stderr]   Downloaded unicode-segmentation v1.8.0
[INFO] [stderr]   Downloaded core-foundation v0.9.2
[INFO] [stderr]   Downloaded x11 v2.19.1
[INFO] [stderr]   Downloaded readmouse v0.2.1
[INFO] [stderr]   Downloaded libc v0.2.104
[INFO] running `Command { std: "docker" "create" "-v" "/var/lib/crater-agent-workspace/builds/worker-5-tc1/source:/opt/rustwide/workdir:ro,Z" "-v" "/var/lib/crater-agent-workspace/builds/worker-5-tc1/target:/opt/rustwide/target:rw,Z" "-v" "/var/lib/crater-agent-workspace/cargo-home:/opt/rustwide/cargo-home:ro,Z" "-v" "/var/lib/crater-agent-workspace/rustup-home:/opt/rustwide/rustup-home:ro,Z" "-m" "1610612736" "--network" "none" "ghcr.io/rust-lang/crates-build-env/linux@sha256:3111399a4047eeb3a02b7a90e478d715f38a8c6669b5c4b49d30a17385265909" "sleep" "infinity", kill_on_drop: false }`
[INFO] [stdout] 129da6020ce7a0c97174338b418e4f0fb0b05d9092a014f7605b5854dedee569
[INFO] running `Command { std: "docker" "start" "129da6020ce7a0c97174338b418e4f0fb0b05d9092a014f7605b5854dedee569", kill_on_drop: false }`
[INFO] running `Command { std: "docker" "inspect" "129da6020ce7a0c97174338b418e4f0fb0b05d9092a014f7605b5854dedee569", kill_on_drop: false }`
[INFO] running `Command { std: "docker" "exec" "-e" "SOURCE_DIR=/opt/rustwide/workdir" "-e" "CARGO_HOME=/opt/rustwide/cargo-home" "-e" "RUSTUP_HOME=/opt/rustwide/rustup-home" "-e" "CARGO_TARGET_DIR=/opt/rustwide/target" "-w" "/opt/rustwide/workdir" "--user" "0:0" "129da6020ce7a0c97174338b418e4f0fb0b05d9092a014f7605b5854dedee569" "/opt/rustwide/cargo-home/bin/cargo" "+1.99.0-beta.8" "metadata" "--no-deps" "--format-version=1", kill_on_drop: false }`
[INFO] running `Command { std: "docker" "inspect" "129da6020ce7a0c97174338b418e4f0fb0b05d9092a014f7605b5854dedee569", kill_on_drop: false }`
[INFO] running `Command { std: "docker" "exec" "-e" "SOURCE_DIR=/opt/rustwide/workdir" "-e" "CARGO_HOME=/opt/rustwide/cargo-home" "-e" "RUSTUP_HOME=/opt/rustwide/rustup-home" "-e" "CARGO_TARGET_DIR=/opt/rustwide/target" "-e" "CARGO_INCREMENTAL=0" "-e" "RUST_BACKTRACE=full" "-e" "RUSTFLAGS=--cap-lints=warn" "-e" "RUSTDOCFLAGS=--cap-lints=warn" "-w" "/opt/rustwide/workdir" "--user" "0:0" "129da6020ce7a0c97174338b418e4f0fb0b05d9092a014f7605b5854dedee569" "/opt/rustwide/cargo-home/bin/cargo" "+1.99.0-beta.8" "build" "--frozen" "--message-format=json", kill_on_drop: false }`
[INFO] [stderr]    Compiling pkg-config v0.3.20
[INFO] [stderr]    Compiling libc v0.2.104
[INFO] [stderr]    Compiling tfc v0.6.0
[INFO] [stderr]    Compiling input-event-codes v0.2.1
[INFO] [stdout] error[E0308]: mismatched types
[INFO] [stdout]   --> /opt/rustwide/cargo-home/registry/src/index.crates.io-1949cf8c6b5b557f/tfc-0.6.0/src/command/execute.rs:62:23
[INFO] [stdout]    |
[INFO] [stdout] 62 |             return Ok(true);
[INFO] [stdout]    |                    -- ^^^^ expected `()`, found `bool`
[INFO] [stdout]    |                    |
[INFO] [stdout]    |                    arguments to this enum variant are incorrect
[INFO] [stdout]    |
[INFO] [stdout] help: the type constructed contains `bool` due to the type of the argument passed
[INFO] [stdout]   --> /opt/rustwide/cargo-home/registry/src/index.crates.io-1949cf8c6b5b557f/tfc-0.6.0/src/command/execute.rs:62:20
[INFO] [stdout]    |
[INFO] [stdout] 62 |             return Ok(true);
[INFO] [stdout]    |                    ^^^----^
[INFO] [stdout]    |                       |
[INFO] [stdout]    |                       this argument influences the type of `Ok`
[INFO] [stdout] note: tuple variant defined here
[INFO] [stdout]   --> /rustc/dfb0accb7f508ae8be965d8629557221c889dd98/library/core/src/result.rs:562:4
[INFO] [stdout] 
[INFO] [stdout] 
[INFO] [stdout] error[E0308]: mismatched types
[INFO] [stdout]   --> /opt/rustwide/cargo-home/registry/src/index.crates.io-1949cf8c6b5b557f/tfc-0.6.0/src/command/execute.rs:71:28
[INFO] [stdout]    |
[INFO] [stdout] 71 |             _ => return Ok(false)
[INFO] [stdout]    |                         -- ^^^^^ expected `()`, found `bool`
[INFO] [stdout]    |                         |
[INFO] [stdout]    |                         arguments to this enum variant are incorrect
[INFO] [stdout]    |
[INFO] [stdout] help: the type constructed contains `bool` due to the type of the argument passed
[INFO] [stdout]   --> /opt/rustwide/cargo-home/registry/src/index.crates.io-1949cf8c6b5b557f/tfc-0.6.0/src/command/execute.rs:71:25
[INFO] [stdout]    |
[INFO] [stdout] 71 |             _ => return Ok(false)
[INFO] [stdout]    |                         ^^^-----^
[INFO] [stdout]    |                            |
[INFO] [stdout]    |                            this argument influences the type of `Ok`
[INFO] [stdout] note: tuple variant defined here
[INFO] [stdout]   --> /rustc/dfb0accb7f508ae8be965d8629557221c889dd98/library/core/src/result.rs:562:4
[INFO] [stdout] 
[INFO] [stdout] 
[INFO] [stdout] error[E0308]: mismatched types
[INFO] [stdout]   --> /opt/rustwide/cargo-home/registry/src/index.crates.io-1949cf8c6b5b557f/tfc-0.6.0/src/command/execute.rs:74:12
[INFO] [stdout]    |
[INFO] [stdout] 74 |         Ok(true)
[INFO] [stdout]    |         -- ^^^^ expected `()`, found `bool`
[INFO] [stdout]    |         |
[INFO] [stdout]    |         arguments to this enum variant are incorrect
[INFO] [stdout]    |
[INFO] [stdout] help: the type constructed contains `bool` due to the type of the argument passed
[INFO] [stdout]   --> /opt/rustwide/cargo-home/registry/src/index.crates.io-1949cf8c6b5b557f/tfc-0.6.0/src/command/execute.rs:74:9
[INFO] [stdout]    |
[INFO] [stdout] 74 |         Ok(true)
[INFO] [stdout]    |         ^^^----^
[INFO] [stdout]    |            |
[INFO] [stdout]    |            this argument influences the type of `Ok`
[INFO] [stdout] note: tuple variant defined here
[INFO] [stdout]   --> /rustc/dfb0accb7f508ae8be965d8629557221c889dd98/library/core/src/result.rs:562:4
[INFO] [stdout] 
[INFO] [stdout] 
[INFO] [stdout] error[E0308]: `?` operator has incompatible types
[INFO] [stdout]    --> /opt/rustwide/cargo-home/registry/src/index.crates.io-1949cf8c6b5b557f/tfc-0.6.0/src/command/execute.rs:141:12
[INFO] [stdout]     |
[INFO] [stdout] 141 |         if self.execute_unicode(ctx)? {
[INFO] [stdout]     |            ^^^^^^^^^^^^^^^^^^^^^^^^^^ expected `bool`, found `()`
[INFO] [stdout]     |
[INFO] [stdout]     = note: `?` operator cannot convert from `()` to `bool`
[INFO] [stdout] 
[INFO] [stdout] 
[INFO] [stdout] error[E0599]: no variant, associated function, or constant named `COUNT` found for enum `key::Key` in the current scope
[INFO] [stdout]    --> /opt/rustwide/cargo-home/registry/src/index.crates.io-1949cf8c6b5b557f/tfc-0.6.0/src/linux_wayland/mod.rs:40:33
[INFO] [stdout]     |
[INFO] [stdout]  40 |           for k in 0..crate::Key::COUNT {
[INFO] [stdout]     |                                   ^^^^^ variant, associated function, or constant not found in `key::Key`
[INFO] [stdout]     |
[INFO] [stdout]    ::: /opt/rustwide/cargo-home/registry/src/index.crates.io-1949cf8c6b5b557f/tfc-0.6.0/src/enum.rs:110:9
[INFO] [stdout]     |
[INFO] [stdout] 110 | /         pub enum $name {
[INFO] [stdout] 111 | |             $($identifier_name),*
[INFO] [stdout] 112 | |         }
[INFO] [stdout]     | |_________- variant, associated function, or constant `COUNT` not found for this enum
[INFO] [stdout]     |
[INFO] [stdout]     = help: items from traits can only be used if the trait is in scope
[INFO] [stdout] help: trait `Enum` which provides `COUNT` is implemented but not in scope; perhaps you want to import it
[INFO] [stdout]     |
[INFO] [stdout]   1 + use crate::r#enum::Enum;
[INFO] [stdout]     |
[INFO] [stdout] 
[INFO] [stdout] 
[INFO] [stderr]    Compiling x11 v2.19.1
[INFO] [stderr]    Compiling device_query v0.2.8
[INFO] [stdout] Some errors have detailed explanations: E0308, E0599.
[INFO] [stdout] 
[INFO] [stdout] For more information about an error, try `rustc --explain E0308`.
[INFO] [stdout] 
[INFO] [stderr] error: could not compile `tfc` (lib) due to 5 previous errors
[INFO] [stderr] warning: build failed, waiting for other jobs to finish...
[INFO] running `Command { std: "docker" "inspect" "129da6020ce7a0c97174338b418e4f0fb0b05d9092a014f7605b5854dedee569", kill_on_drop: false }`
[INFO] running `Command { std: "docker" "rm" "-f" "129da6020ce7a0c97174338b418e4f0fb0b05d9092a014f7605b5854dedee569", kill_on_drop: false }`
[INFO] [stdout] 129da6020ce7a0c97174338b418e4f0fb0b05d9092a014f7605b5854dedee569
