[INFO] fetching crate reassoc 0.16.0...
[INFO] testing reassoc-0.16.0 against 1.99.0-beta.8 for beta-1.100-2
[INFO] extracting crate reassoc 0.16.0 into /workspace/builds/worker-1-tc1/source
[INFO] started tweaking crates.io crate reassoc 0.16.0
[INFO] removed 0 missing examples
[INFO] removed 0 missing tests
[INFO] finished tweaking crates.io crate reassoc 0.16.0
[INFO] tweaked toml for crates.io crate reassoc 0.16.0 written to /workspace/builds/worker-1-tc1/source/Cargo.toml
[INFO] validating manifest of crates.io crate reassoc 0.16.0 on toolchain 1.99.0-beta.8
[INFO] running `Command { std: CARGO_HOME="/workspace/cargo-home" RUSTUP_HOME="/workspace/rustup-home" "/workspace/cargo-home/bin/cargo" "+1.99.0-beta.8" "metadata" "--manifest-path" "Cargo.toml" "--no-deps", kill_on_drop: false }`
[INFO] crate crates.io crate reassoc 0.16.0 already has a lockfile, it will not be regenerated
[INFO] running `Command { std: CARGO_HOME="/workspace/cargo-home" RUSTUP_HOME="/workspace/rustup-home" "/workspace/cargo-home/bin/cargo" "+1.99.0-beta.8" "fetch" "--manifest-path" "Cargo.toml", kill_on_drop: false }`
[INFO] [stderr]     Updating crates.io index
[INFO] [stderr]  Downloading crates ...
[INFO] [stderr]   Downloaded toml_writer v1.1.2+spec-1.1.0
[INFO] [stderr]   Downloaded serde_spanned v1.1.1
[INFO] [stderr]   Downloaded trybuild v1.0.121
[INFO] [stderr]   Downloaded target-tuple v1.0.2
[INFO] [stderr]   Downloaded toml v1.1.6+spec-1.1.0
[INFO] [stderr]   Downloaded regex-lite v0.1.9
[INFO] [stderr]   Downloaded reassoc-macros v0.16.0
[INFO] [stderr]   Downloaded toml_edit v0.25.15+spec-1.1.0
[INFO] running `Command { std: "docker" "create" "-v" "/var/lib/crater-agent-workspace/builds/worker-1-tc1/source:/opt/rustwide/workdir:ro,Z" "-v" "/var/lib/crater-agent-workspace/builds/worker-1-tc1/target:/opt/rustwide/target:rw,Z" "-v" "/var/lib/crater-agent-workspace/cargo-home:/opt/rustwide/cargo-home:ro,Z" "-v" "/var/lib/crater-agent-workspace/rustup-home:/opt/rustwide/rustup-home:ro,Z" "-m" "1610612736" "--network" "none" "ghcr.io/rust-lang/crates-build-env/linux@sha256:3111399a4047eeb3a02b7a90e478d715f38a8c6669b5c4b49d30a17385265909" "sleep" "infinity", kill_on_drop: false }`
[INFO] [stdout] 8f2c4bdd4b459a146d7c79d0b1963d7ff3ec65df97d8f4a68e031a6a449e680a
[INFO] running `Command { std: "docker" "start" "8f2c4bdd4b459a146d7c79d0b1963d7ff3ec65df97d8f4a68e031a6a449e680a", kill_on_drop: false }`
[INFO] running `Command { std: "docker" "inspect" "8f2c4bdd4b459a146d7c79d0b1963d7ff3ec65df97d8f4a68e031a6a449e680a", kill_on_drop: false }`
[INFO] running `Command { std: "docker" "exec" "-e" "SOURCE_DIR=/opt/rustwide/workdir" "-e" "CARGO_HOME=/opt/rustwide/cargo-home" "-e" "RUSTUP_HOME=/opt/rustwide/rustup-home" "-e" "CARGO_TARGET_DIR=/opt/rustwide/target" "-w" "/opt/rustwide/workdir" "--user" "0:0" "8f2c4bdd4b459a146d7c79d0b1963d7ff3ec65df97d8f4a68e031a6a449e680a" "/opt/rustwide/cargo-home/bin/cargo" "+1.99.0-beta.8" "metadata" "--no-deps" "--format-version=1", kill_on_drop: false }`
[INFO] running `Command { std: "docker" "inspect" "8f2c4bdd4b459a146d7c79d0b1963d7ff3ec65df97d8f4a68e031a6a449e680a", kill_on_drop: false }`
[INFO] running `Command { std: "docker" "exec" "-e" "SOURCE_DIR=/opt/rustwide/workdir" "-e" "CARGO_HOME=/opt/rustwide/cargo-home" "-e" "RUSTUP_HOME=/opt/rustwide/rustup-home" "-e" "CARGO_TARGET_DIR=/opt/rustwide/target" "-e" "CARGO_INCREMENTAL=0" "-e" "RUST_BACKTRACE=full" "-e" "RUSTFLAGS=--cap-lints=warn" "-e" "RUSTDOCFLAGS=--cap-lints=warn" "-w" "/opt/rustwide/workdir" "--user" "0:0" "8f2c4bdd4b459a146d7c79d0b1963d7ff3ec65df97d8f4a68e031a6a449e680a" "/opt/rustwide/cargo-home/bin/cargo" "+1.99.0-beta.8" "build" "--frozen" "--message-format=json", kill_on_drop: false }`
[INFO] [stderr]    Compiling proc-macro2 v1.0.107
[INFO] [stderr]    Compiling quote v1.0.47
[INFO] [stderr]    Compiling syn v3.0.5
[INFO] [stderr]    Compiling reassoc-macros v0.16.0
[INFO] [stderr]    Compiling reassoc v0.16.0 (/opt/rustwide/workdir)
[INFO] [stderr]     Finished `dev` profile [unoptimized + debuginfo] target(s) in 6.09s
[INFO] running `Command { std: "docker" "inspect" "8f2c4bdd4b459a146d7c79d0b1963d7ff3ec65df97d8f4a68e031a6a449e680a", kill_on_drop: false }`
[INFO] running `Command { std: "docker" "exec" "-e" "SOURCE_DIR=/opt/rustwide/workdir" "-e" "CARGO_HOME=/opt/rustwide/cargo-home" "-e" "RUSTUP_HOME=/opt/rustwide/rustup-home" "-e" "CARGO_TARGET_DIR=/opt/rustwide/target" "-e" "CARGO_INCREMENTAL=0" "-e" "RUST_BACKTRACE=full" "-e" "RUSTFLAGS=--cap-lints=warn" "-e" "RUSTDOCFLAGS=--cap-lints=warn" "-w" "/opt/rustwide/workdir" "--user" "0:0" "8f2c4bdd4b459a146d7c79d0b1963d7ff3ec65df97d8f4a68e031a6a449e680a" "/opt/rustwide/cargo-home/bin/cargo" "+1.99.0-beta.8" "test" "--frozen" "--no-run" "--message-format=json", kill_on_drop: false }`
[INFO] [stderr]    Compiling serde_core v1.0.229
[INFO] [stderr]    Compiling zmij v1.0.23
[INFO] [stderr]    Compiling serde v1.0.229
[INFO] [stderr]    Compiling serde_json v1.0.151
[INFO] [stderr]    Compiling winnow v1.0.4
[INFO] [stderr]    Compiling target-tuple v1.0.2
[INFO] [stderr]    Compiling toml_writer v1.1.2+spec-1.1.0
[INFO] [stderr]    Compiling itoa v1.0.18
[INFO] [stderr]    Compiling glob v0.3.4
[INFO] [stderr]    Compiling termcolor v1.4.1
[INFO] [stderr]    Compiling regex-lite v0.1.9
[INFO] [stderr]    Compiling syn v3.0.5
[INFO] [stderr]    Compiling toml_parser v1.1.3+spec-1.1.0
[INFO] [stderr]    Compiling serde_spanned v1.1.1
[INFO] [stderr]    Compiling toml_datetime v1.1.1+spec-1.1.0
[INFO] [stderr]    Compiling toml v1.1.6+spec-1.1.0
[INFO] [stderr]    Compiling serde_derive v1.0.229
[INFO] [stderr]    Compiling reassoc-macros v0.16.0
[INFO] [stderr]    Compiling reassoc v0.16.0 (/opt/rustwide/workdir)
[INFO] [stderr]    Compiling trybuild v1.0.121
[INFO] [stdout] error[E0432]: unresolved import `foreign_types`
[INFO] [stdout]   --> tests/foreign.rs:13:5
[INFO] [stdout]    |
[INFO] [stdout] 13 | use foreign_types::Vec3;
[INFO] [stdout]    |     ^^^^^^^^^^^^^ use of unresolved module or unlinked crate `foreign_types`
[INFO] [stdout]    |
[INFO] [stdout]    = help: if you wanted to use a crate named `foreign_types`, use `cargo add foreign_types` to add it to your `Cargo.toml`
[INFO] [stdout] 
[INFO] [stdout] 
[INFO] [stdout] error[E0432]: unresolved import `foreign_types`
[INFO] [stdout]   --> tests/foreign.rs:15:5
[INFO] [stdout]    |
[INFO] [stdout] 15 | use foreign_types::{Matrix, Vector};
[INFO] [stdout]    |     ^^^^^^^^^^^^^ use of unresolved module or unlinked crate `foreign_types`
[INFO] [stdout]    |
[INFO] [stdout]    = help: if you wanted to use a crate named `foreign_types`, use `cargo add foreign_types` to add it to your `Cargo.toml`
[INFO] [stdout] 
[INFO] [stdout] 
[INFO] [stdout] error[E0432]: unresolved import `foreign_types`
[INFO] [stdout]    --> tests/foreign.rs:157:5
[INFO] [stdout]     |
[INFO] [stdout] 157 | use foreign_types::Q;
[INFO] [stdout]     |     ^^^^^^^^^^^^^ use of unresolved module or unlinked crate `foreign_types`
[INFO] [stdout]     |
[INFO] [stdout]     = help: if you wanted to use a crate named `foreign_types`, use `cargo add foreign_types` to add it to your `Cargo.toml`
[INFO] [stdout] 
[INFO] [stdout] 
[INFO] [stdout] error[E0432]: unresolved import `foreign_types`
[INFO] [stdout]    --> examples/codegen_matrix.rs:785:5
[INFO] [stdout]     |
[INFO] [stdout] 785 | use foreign_types::Vec3;
[INFO] [stdout]     |     ^^^^^^^^^^^^^ use of unresolved module or unlinked crate `foreign_types`
[INFO] [stdout]     |
[INFO] [stdout]     = help: if you wanted to use a crate named `foreign_types`, use `cargo add foreign_types` to add it to your `Cargo.toml`
[INFO] [stdout] 
[INFO] [stdout] 
[INFO] [stdout] For more information about this error, try `rustc --explain E0432`.
[INFO] [stdout] 
[INFO] [stderr] error: could not compile `reassoc` (example "codegen_matrix") due to 1 previous error
[INFO] [stderr] warning: build failed, waiting for other jobs to finish...
[INFO] [stdout] error[E0433]: cannot find module or crate `foreign_types` in this scope
[INFO] [stdout]    --> tests/foreign.rs:132:13
[INFO] [stdout]     |
[INFO] [stdout] 132 |             foreign_types::Pair(1.0, 2.0),
[INFO] [stdout]     |             ^^^^^^^^^^^^^ use of unresolved module or unlinked crate `foreign_types`
[INFO] [stdout]     |
[INFO] [stdout]     = help: if you wanted to use a crate named `foreign_types`, use `cargo add foreign_types` to add it to your `Cargo.toml`
[INFO] [stdout] 
[INFO] [stdout] 
[INFO] [stdout] error[E0433]: cannot find module or crate `foreign_types` in this scope
[INFO] [stdout]    --> tests/foreign.rs:133:13
[INFO] [stdout]     |
[INFO] [stdout] 133 |             foreign_types::Pair(3.0, 4.0),
[INFO] [stdout]     |             ^^^^^^^^^^^^^ use of unresolved module or unlinked crate `foreign_types`
[INFO] [stdout]     |
[INFO] [stdout]     = help: if you wanted to use a crate named `foreign_types`, use `cargo add foreign_types` to add it to your `Cargo.toml`
[INFO] [stdout] 
[INFO] [stdout] 
[INFO] [stdout] error[E0433]: cannot find module or crate `foreign_types` in this scope
[INFO] [stdout]    --> tests/foreign.rs:136:9
[INFO] [stdout]     |
[INFO] [stdout] 136 |         foreign_types::Pair(1.0 + 6.0 + 1.0, 2.0 + 8.0 + 2.0)
[INFO] [stdout]     |         ^^^^^^^^^^^^^ use of unresolved module or unlinked crate `foreign_types`
[INFO] [stdout]     |
[INFO] [stdout]     = help: if you wanted to use a crate named `foreign_types`, use `cargo add foreign_types` to add it to your `Cargo.toml`
[INFO] [stdout] 
[INFO] [stdout] 
[INFO] [stdout] error[E0433]: cannot find module or crate `foreign_types` in this scope
[INFO] [stdout]    --> tests/foreign.rs:139:21
[INFO] [stdout]     |
[INFO] [stdout] 139 |         combine_f32(foreign_types::Pair(1.0, 2.0), 3.0),
[INFO] [stdout]     |                     ^^^^^^^^^^^^^ use of unresolved module or unlinked crate `foreign_types`
[INFO] [stdout]     |
[INFO] [stdout]     = help: if you wanted to use a crate named `foreign_types`, use `cargo add foreign_types` to add it to your `Cargo.toml`
[INFO] [stdout] 
[INFO] [stdout] 
[INFO] [stdout] error[E0433]: cannot find module or crate `foreign_types` in this scope
[INFO] [stdout]    --> tests/foreign.rs:140:9
[INFO] [stdout]     |
[INFO] [stdout] 140 |         foreign_types::Pair(4.0, 8.0)
[INFO] [stdout]     |         ^^^^^^^^^^^^^ use of unresolved module or unlinked crate `foreign_types`
[INFO] [stdout]     |
[INFO] [stdout]     = help: if you wanted to use a crate named `foreign_types`, use `cargo add foreign_types` to add it to your `Cargo.toml`
[INFO] [stdout] 
[INFO] [stdout] 
[INFO] [stdout] error[E0433]: cannot find module or crate `foreign_types` in this scope
[INFO] [stdout]    --> tests/foreign.rs:112:15
[INFO] [stdout]     |
[INFO] [stdout] 112 | type Pair64 = foreign_types::Pair<f64>;
[INFO] [stdout]     |               ^^^^^^^^^^^^^ use of unresolved module or unlinked crate `foreign_types`
[INFO] [stdout]     |
[INFO] [stdout]     = help: if you wanted to use a crate named `foreign_types`, use `cargo add foreign_types` to add it to your `Cargo.toml`
[INFO] [stdout] 
[INFO] [stdout] 
[INFO] [stderr] error: could not compile `reassoc` (test "foreign") due to 10 previous errors
[INFO] [stdout] error[E0433]: cannot find module or crate `foreign_types` in this scope
[INFO] [stdout]    --> tests/foreign.rs:114:15
[INFO] [stdout]     |
[INFO] [stdout] 114 | type Pair32 = foreign_types::Pair<f32>;
[INFO] [stdout]     |               ^^^^^^^^^^^^^ use of unresolved module or unlinked crate `foreign_types`
[INFO] [stdout]     |
[INFO] [stdout]     = help: if you wanted to use a crate named `foreign_types`, use `cargo add foreign_types` to add it to your `Cargo.toml`
[INFO] [stdout] 
[INFO] [stdout] 
[INFO] [stdout] Some errors have detailed explanations: E0432, E0433.
[INFO] [stdout] 
[INFO] [stdout] For more information about an error, try `rustc --explain E0432`.
[INFO] [stdout] 
[INFO] running `Command { std: "docker" "inspect" "8f2c4bdd4b459a146d7c79d0b1963d7ff3ec65df97d8f4a68e031a6a449e680a", kill_on_drop: false }`
[INFO] running `Command { std: "docker" "rm" "-f" "8f2c4bdd4b459a146d7c79d0b1963d7ff3ec65df97d8f4a68e031a6a449e680a", kill_on_drop: false }`
[INFO] [stdout] 8f2c4bdd4b459a146d7c79d0b1963d7ff3ec65df97d8f4a68e031a6a449e680a
