[INFO] fetching crate reallyme-server-kit 0.2.0...
[INFO] testing reallyme-server-kit-0.2.0 against 1.100.0-beta.1 for beta-1.100-2
[INFO] extracting crate reallyme-server-kit 0.2.0 into /workspace/builds/worker-3-tc2/source
[INFO] started tweaking crates.io crate reallyme-server-kit 0.2.0
[INFO] finished tweaking crates.io crate reallyme-server-kit 0.2.0
[INFO] tweaked toml for crates.io crate reallyme-server-kit 0.2.0 written to /workspace/builds/worker-3-tc2/source/Cargo.toml
[INFO] validating manifest of crates.io crate reallyme-server-kit 0.2.0 on toolchain 1.100.0-beta.1
[INFO] running `Command { std: CARGO_HOME="/workspace/cargo-home" RUSTUP_HOME="/workspace/rustup-home" "/workspace/cargo-home/bin/cargo" "+1.100.0-beta.1" "metadata" "--manifest-path" "Cargo.toml" "--no-deps", kill_on_drop: false }`
[INFO] crate crates.io crate reallyme-server-kit 0.2.0 already has a lockfile, it will not be regenerated
[INFO] running `Command { std: CARGO_HOME="/workspace/cargo-home" RUSTUP_HOME="/workspace/rustup-home" "/workspace/cargo-home/bin/cargo" "+1.100.0-beta.1" "fetch" "--manifest-path" "Cargo.toml", kill_on_drop: false }`
[INFO] [stderr]     Blocking waiting for file lock on package cache
[INFO] running `Command { std: "docker" "create" "-v" "/var/lib/crater-agent-workspace/builds/worker-3-tc2/source:/opt/rustwide/workdir:ro,Z" "-v" "/var/lib/crater-agent-workspace/builds/worker-3-tc2/target:/opt/rustwide/target:rw,Z" "-v" "/var/lib/crater-agent-workspace/cargo-home:/opt/rustwide/cargo-home:ro,Z" "-v" "/var/lib/crater-agent-workspace/rustup-home:/opt/rustwide/rustup-home:ro,Z" "-m" "1610612736" "--network" "none" "ghcr.io/rust-lang/crates-build-env/linux@sha256:3111399a4047eeb3a02b7a90e478d715f38a8c6669b5c4b49d30a17385265909" "sleep" "infinity", kill_on_drop: false }`
[INFO] [stdout] a62ae67123874479c285a3ec5429f29c6524c0e08db0593dc5e27b06d1e5ff12
[INFO] running `Command { std: "docker" "start" "a62ae67123874479c285a3ec5429f29c6524c0e08db0593dc5e27b06d1e5ff12", kill_on_drop: false }`
[INFO] running `Command { std: "docker" "inspect" "a62ae67123874479c285a3ec5429f29c6524c0e08db0593dc5e27b06d1e5ff12", kill_on_drop: false }`
[INFO] running `Command { std: "docker" "exec" "-e" "SOURCE_DIR=/opt/rustwide/workdir" "-e" "CARGO_HOME=/opt/rustwide/cargo-home" "-e" "RUSTUP_HOME=/opt/rustwide/rustup-home" "-e" "CARGO_TARGET_DIR=/opt/rustwide/target" "-w" "/opt/rustwide/workdir" "--user" "0:0" "a62ae67123874479c285a3ec5429f29c6524c0e08db0593dc5e27b06d1e5ff12" "/opt/rustwide/cargo-home/bin/cargo" "+1.100.0-beta.1" "metadata" "--no-deps" "--format-version=1", kill_on_drop: false }`
[INFO] running `Command { std: "docker" "inspect" "a62ae67123874479c285a3ec5429f29c6524c0e08db0593dc5e27b06d1e5ff12", kill_on_drop: false }`
[INFO] running `Command { std: "docker" "exec" "-e" "SOURCE_DIR=/opt/rustwide/workdir" "-e" "CARGO_HOME=/opt/rustwide/cargo-home" "-e" "RUSTUP_HOME=/opt/rustwide/rustup-home" "-e" "CARGO_TARGET_DIR=/opt/rustwide/target" "-e" "CARGO_INCREMENTAL=0" "-e" "RUST_BACKTRACE=full" "-e" "RUSTFLAGS=--cap-lints=warn" "-e" "RUSTDOCFLAGS=--cap-lints=warn" "-w" "/opt/rustwide/workdir" "--user" "0:0" "a62ae67123874479c285a3ec5429f29c6524c0e08db0593dc5e27b06d1e5ff12" "/opt/rustwide/cargo-home/bin/cargo" "+1.100.0-beta.1" "build" "--frozen" "--message-format=json", kill_on_drop: false }`
[INFO] [stderr]    Compiling serde_core v1.0.229
[INFO] [stderr]    Compiling futures-core v0.3.34
[INFO] [stderr]    Compiling smallvec v1.16.1
[INFO] [stderr]    Compiling log v0.4.34
[INFO] [stderr]    Compiling zerocopy v0.8.57
[INFO] [stderr]    Compiling http v1.5.0
[INFO] [stderr]    Compiling tracing-core v0.1.36
[INFO] [stderr]    Compiling crossbeam-utils v0.8.23
[INFO] [stderr]    Compiling futures-sink v0.3.34
[INFO] [stderr]    Compiling rustversion v1.0.23
[INFO] [stderr]    Compiling syn v3.0.5
[INFO] [stderr]    Compiling syn v2.0.119
[INFO] [stderr]    Compiling getrandom v0.3.4
[INFO] [stderr]    Compiling mio v1.2.3
[INFO] [stderr]    Compiling serde_json v1.0.151
[INFO] [stderr]    Compiling memchr v2.8.3
[INFO] [stderr]    Compiling bitflags v2.13.2
[INFO] [stderr]    Compiling digest v0.10.7
[INFO] [stderr]    Compiling rand_core v0.9.5
[INFO] [stderr]    Compiling crossbeam-epoch v0.9.21
[INFO] [stderr]    Compiling regex-syntax v0.8.11
[INFO] [stderr]    Compiling futures-task v0.3.34
[INFO] [stderr]    Compiling raw-cpuid v11.6.0
[INFO] [stderr]    Compiling sha1 v0.10.7
[INFO] [stderr]    Compiling futures-channel v0.3.34
[INFO] [stderr]    Compiling futures-util v0.3.34
[INFO] [stderr]    Compiling nibble_vec v0.1.0
[INFO] [stderr]    Compiling lazy_static v1.5.0
[INFO] [stderr]    Compiling endian-type v0.1.2
[INFO] [stderr]    Compiling foldhash v0.2.0
[INFO] [stderr]    Compiling data-encoding v2.11.1
[INFO] [stderr]    Compiling radix_trie v0.2.1
[INFO] [stderr]    Compiling rapidhash v4.5.1
[INFO] [stderr]    Compiling hashbrown v0.16.1
[INFO] [stderr]    Compiling tracing-log v0.2.0
[INFO] [stderr]    Compiling left-right v0.11.8
[INFO] [stderr]    Compiling indexmap v2.14.2
[INFO] [stderr]    Compiling metrics v0.24.6
[INFO] [stderr]    Compiling sharded-slab v0.1.7
[INFO] [stderr]    Compiling ordered-float v5.5.0
[INFO] [stderr]    Compiling http-body v1.1.0
[INFO] [stderr]    Compiling http-body-util v0.1.5
[INFO] [stderr]    Compiling rand_xoshiro v0.7.0
[INFO] [stderr]    Compiling thread_local v1.1.10
[INFO] [stderr]    Compiling nu-ansi-term v0.50.3
[INFO] [stderr]    Compiling aho-corasick v1.1.5
[INFO] [stderr]    Compiling metrics-exporter-prometheus v0.18.3
[INFO] [stderr]    Compiling hashbag v0.1.13
[INFO] [stderr]    Compiling sketches-ddsketch v0.3.1
[INFO] [stderr]    Compiling evmap v11.0.0
[INFO] [stderr]    Compiling regex-automata v0.4.18
[INFO] [stderr]    Compiling quanta v0.12.6
[INFO] [stderr]    Compiling serde_path_to_error v0.1.20
[INFO] [stderr]    Compiling uuid v1.26.1
[INFO] [stderr]    Compiling thiserror-impl v2.0.20
[INFO] [stderr]    Compiling tokio-macros v2.7.2
[INFO] [stderr]    Compiling serde_derive v1.0.229
[INFO] [stderr]    Compiling matchers v0.2.0
[INFO] [stderr]    Compiling tokio v1.53.1
[INFO] [stderr]    Compiling thiserror v2.0.20
[INFO] [stderr]    Compiling opentelemetry v0.32.0
[INFO] [stderr]    Compiling tracing-attributes v0.1.31
[INFO] [stderr]    Compiling zeroize_derive v1.5.0
[INFO] [stderr]    Compiling zeroize v1.9.0
[INFO] [stderr]    Compiling tracing v0.1.44
[INFO] [stderr]    Compiling serde v1.0.229
[INFO] [stderr]    Compiling axum-core v0.5.6
[INFO] [stderr]    Compiling tracing-serde v0.2.0
[INFO] [stderr]    Compiling serde_urlencoded v0.7.1
[INFO] [stderr]    Compiling reallyme-app-kit v0.2.0
[INFO] [stderr]    Compiling tracing-subscriber v0.3.23
[INFO] [stderr]    Compiling ppv-lite86 v0.2.21
[INFO] [stderr]    Compiling rand_chacha v0.9.0
[INFO] [stderr]    Compiling rand v0.9.5
[INFO] [stderr]    Compiling tracing-opentelemetry v0.33.0
[INFO] [stderr]    Compiling tungstenite v0.29.0
[INFO] [stderr]    Compiling metrics-util v0.20.4
[INFO] [stderr]    Compiling hyper v1.11.1
[INFO] [stderr]    Compiling tokio-util v0.7.19
[INFO] [stderr]    Compiling tokio-tungstenite v0.29.0
[INFO] [stderr]    Compiling tower-http v0.7.1
[INFO] [stderr]    Compiling tower v0.5.3
[INFO] [stderr]    Compiling hyper-util v0.1.20
[INFO] [stderr]    Compiling axum v0.8.9
[INFO] [stderr]    Compiling reallyme-server-kit v0.2.0 (/opt/rustwide/workdir)
[INFO] [stderr]     Finished `dev` profile [unoptimized + debuginfo] target(s) in 51.15s
[INFO] running `Command { std: "docker" "inspect" "a62ae67123874479c285a3ec5429f29c6524c0e08db0593dc5e27b06d1e5ff12", kill_on_drop: false }`
[INFO] running `Command { std: "docker" "exec" "-e" "SOURCE_DIR=/opt/rustwide/workdir" "-e" "CARGO_HOME=/opt/rustwide/cargo-home" "-e" "RUSTUP_HOME=/opt/rustwide/rustup-home" "-e" "CARGO_TARGET_DIR=/opt/rustwide/target" "-e" "CARGO_INCREMENTAL=0" "-e" "RUST_BACKTRACE=full" "-e" "RUSTFLAGS=--cap-lints=warn" "-e" "RUSTDOCFLAGS=--cap-lints=warn" "-w" "/opt/rustwide/workdir" "--user" "0:0" "a62ae67123874479c285a3ec5429f29c6524c0e08db0593dc5e27b06d1e5ff12" "/opt/rustwide/cargo-home/bin/cargo" "+1.100.0-beta.1" "test" "--frozen" "--no-run" "--message-format=json", kill_on_drop: false }`
[INFO] [stderr]    Compiling typenum v1.20.1
[INFO] [stderr]    Compiling num-traits v0.2.19
[INFO] [stderr]    Compiling serde v1.0.229
[INFO] [stderr]    Compiling getrandom v0.4.3
[INFO] [stderr]    Compiling aho-corasick v1.1.5
[INFO] [stderr]    Compiling syn v3.0.5
[INFO] [stderr]    Compiling futures-io v0.3.34
[INFO] [stderr]    Compiling tracing v0.1.44
[INFO] [stderr]    Compiling cpufeatures v0.3.1
[INFO] [stderr]    Compiling erased-serde v0.4.10
[INFO] [stderr]    Compiling typetag v0.2.23
[INFO] [stderr]    Compiling time-core v0.1.9
[INFO] [stderr]    Compiling const-oid v0.10.2
[INFO] [stderr]    Compiling num-conv v0.2.2
[INFO] [stderr]    Compiling cookie v0.18.2
[INFO] [stderr]    Compiling inventory v0.3.24
[INFO] [stderr]    Compiling chacha20 v0.10.2
[INFO] [stderr]    Compiling deranged v0.5.8
[INFO] [stderr]    Compiling axum-core v0.5.6
[INFO] [stderr]    Compiling anyhow v1.0.104
[INFO] [stderr]    Compiling expect-json-macros v1.11.0
[INFO] [stderr]    Compiling zeroize_derive v1.5.0
[INFO] [stderr]    Compiling uuid v1.26.1
[INFO] [stderr]    Compiling bytesize v2.7.0
[INFO] [stderr]    Compiling time-macros v0.2.32
[INFO] [stderr]    Compiling rand v0.10.2
[INFO] [stderr]    Compiling regex-automata v0.4.18
[INFO] [stderr]    Compiling zeroize v1.9.0
[INFO] [stderr]    Compiling generic-array v0.14.7
[INFO] [stderr]    Compiling hybrid-array v0.4.15
[INFO] [stderr]    Compiling num-integer v0.1.47
[INFO] [stderr]    Compiling num-complex v0.4.6
[INFO] [stderr]    Compiling ordered-float v5.5.0
[INFO] [stderr]    Compiling chrono v0.4.45
[INFO] [stderr]    Compiling time v0.3.55
[INFO] [stderr]    Compiling block-buffer v0.10.4
[INFO] [stderr]    Compiling crypto-common v0.1.7
[INFO] [stderr]    Compiling metrics-util v0.20.4
[INFO] [stderr]    Compiling num-bigint v0.4.8
[INFO] [stderr]    Compiling num-iter v0.1.46
[INFO] [stderr]    Compiling digest v0.10.7
[INFO] [stderr]    Compiling sha1 v0.10.7
[INFO] [stderr]    Compiling crypto-common v0.2.2
[INFO] [stderr]    Compiling block-buffer v0.12.1
[INFO] [stderr]    Compiling digest v0.11.3
[INFO] [stderr]    Compiling sha1 v0.11.0
[INFO] [stderr]    Compiling num-rational v0.4.2
[INFO] [stderr]    Compiling num v0.4.3
[INFO] [stderr]    Compiling matchers v0.2.0
[INFO] [stderr]    Compiling regex v1.13.1
[INFO] [stderr]    Compiling thiserror-impl v2.0.20
[INFO] [stderr]    Compiling serde_derive v1.0.229
[INFO] [stderr]    Compiling zerovec-derive v0.11.6
[INFO] [stderr]    Compiling tokio-macros v2.7.2
[INFO] [stderr]    Compiling displaydoc v0.2.7
[INFO] [stderr]    Compiling futures-macro v0.3.34
[INFO] [stderr]    Compiling enum-ordinalize-derive v4.4.2
[INFO] [stderr]    Compiling typetag-impl v0.2.23
[INFO] [stderr]    Compiling enum-ordinalize v4.4.2
[INFO] [stderr]    Compiling educe v0.7.6
[INFO] [stderr]    Compiling tokio v1.53.1
[INFO] [stderr]    Compiling zerotrie v0.2.5
[INFO] [stderr]    Compiling futures-util v0.3.34
[INFO] [stderr]    Compiling thiserror v2.0.20
[INFO] [stderr]    Compiling tungstenite v0.29.0
[INFO] [stderr]    Compiling opentelemetry v0.32.0
[INFO] [stderr]    Compiling metrics-exporter-prometheus v0.18.3
[INFO] [stderr]    Compiling tungstenite v0.30.0
[INFO] [stderr]    Compiling reserve-port v2.5.0
[INFO] [stderr]    Compiling zerovec v0.11.8
[INFO] [stderr]    Compiling tinystr v0.8.4
[INFO] [stderr]    Compiling potential_utf v0.1.6
[INFO] [stderr]    Compiling icu_collections v2.3.0
[INFO] [stderr]    Compiling icu_locale_core v2.3.0
[INFO] [stderr]    Compiling icu_provider v2.3.1
[INFO] [stderr]    Compiling icu_properties v2.3.0
[INFO] [stderr]    Compiling icu_normalizer v2.3.0
[INFO] [stderr]    Compiling serde_urlencoded v0.7.1
[INFO] [stderr]    Compiling tracing-serde v0.2.0
[INFO] [stderr]    Compiling email_address v0.2.9
[INFO] [stderr]    Compiling reallyme-app-kit v0.2.0
[INFO] [stderr]    Compiling rust-multipart-rfc7578_2 v0.9.0
[INFO] [stderr]    Compiling tracing-subscriber v0.3.23
[INFO] [stderr]    Compiling expect-json v1.11.0
[INFO] [stderr]    Compiling idna_adapter v1.2.2
[INFO] [stderr]    Compiling idna v1.1.0
[INFO] [stderr]    Compiling url v2.5.8
[INFO] [stderr]    Compiling hyper v1.11.1
[INFO] [stderr]    Compiling tokio-util v0.7.19
[INFO] [stderr]    Compiling tokio-tungstenite v0.29.0
[INFO] [stderr]    Compiling tower-http v0.7.1
[INFO] [stderr]    Compiling tokio-tungstenite v0.30.0
[INFO] [stderr]    Compiling tracing-opentelemetry v0.33.0
[INFO] [stderr]    Compiling tower v0.5.3
[INFO] [stderr]    Compiling hyper-util v0.1.20
[INFO] [stderr]    Compiling axum v0.8.9
[INFO] [stderr]    Compiling axum-test v21.1.0
[INFO] [stderr]    Compiling reallyme-server-kit v0.2.0 (/opt/rustwide/workdir)
[INFO] [stdout] error[E0432]: unresolved import `crate::http::TestServer`
[INFO] [stdout]   --> src/health/check_tests.rs:12:5
[INFO] [stdout]    |
[INFO] [stdout] 12 | use crate::http::TestServer;
[INFO] [stdout]    |     ^^^^^^^^^^^^^----------
[INFO] [stdout]    |                  |
[INFO] [stdout]    |                  no `TestServer` in `http`
[INFO] [stdout]    |
[INFO] [stdout] note: found an item that was configured out
[INFO] [stdout]   --> src/http/mod.rs:90:32
[INFO] [stdout]    |
[INFO] [stdout] 88 | #[cfg(feature = "testing")]
[INFO] [stdout]    |       ------------------- the item is gated behind the `testing` feature
[INFO] [stdout] 89 | pub use testing::{
[INFO] [stdout] 90 |     TestRequest, TestResponse, TestServer, TestServerBuilder, TestServerConfig, Transport,
[INFO] [stdout]    |                                ^^^^^^^^^^
[INFO] [stdout] 
[INFO] [stdout] 
[INFO] [stdout] error[E0432]: unresolved import `crate::http::TestServer`
[INFO] [stdout]   --> src/http/response_tests.rs:10:41
[INFO] [stdout]    |
[INFO] [stdout] 10 | use crate::http::{ErrorCode, RequestId, TestServer};
[INFO] [stdout]    |                                         ^^^^^^^^^^ no `TestServer` in `http`
[INFO] [stdout]    |
[INFO] [stdout] note: found an item that was configured out
[INFO] [stdout]   --> src/http/mod.rs:90:32
[INFO] [stdout]    |
[INFO] [stdout] 88 | #[cfg(feature = "testing")]
[INFO] [stdout]    |       ------------------- the item is gated behind the `testing` feature
[INFO] [stdout] 89 | pub use testing::{
[INFO] [stdout] 90 |     TestRequest, TestResponse, TestServer, TestServerBuilder, TestServerConfig, Transport,
[INFO] [stdout]    |                                ^^^^^^^^^^
[INFO] [stdout] 
[INFO] [stdout] 
[INFO] [stdout] error[E0432]: unresolved import `crate::http::TestServer`
[INFO] [stdout]   --> src/http/routes/tests/errors.rs:20:5
[INFO] [stdout]    |
[INFO] [stdout] 20 | use crate::http::TestServer;
[INFO] [stdout]    |     ^^^^^^^^^^^^^----------
[INFO] [stdout]    |                  |
[INFO] [stdout]    |                  no `TestServer` in `http`
[INFO] [stdout]    |
[INFO] [stdout] note: found an item that was configured out
[INFO] [stdout]   --> src/http/mod.rs:90:32
[INFO] [stdout]    |
[INFO] [stdout] 88 | #[cfg(feature = "testing")]
[INFO] [stdout]    |       ------------------- the item is gated behind the `testing` feature
[INFO] [stdout] 89 | pub use testing::{
[INFO] [stdout] 90 |     TestRequest, TestResponse, TestServer, TestServerBuilder, TestServerConfig, Transport,
[INFO] [stdout]    |                                ^^^^^^^^^^
[INFO] [stdout] 
[INFO] [stdout] 
[INFO] [stdout] error[E0432]: unresolved import `crate::http::TestResponse`
[INFO] [stdout]   --> src/http/routes/tests/fixtures.rs:23:44
[INFO] [stdout]    |
[INFO] [stdout] 23 |     ErrorCode, PublicHttpError, RequestId, TestResponse, ToHttpErrorResponse, TraceId,
[INFO] [stdout]    |                                            ^^^^^^^^^^^^ no `TestResponse` in `http`
[INFO] [stdout]    |
[INFO] [stdout] note: found an item that was configured out
[INFO] [stdout]   --> src/http/mod.rs:90:18
[INFO] [stdout]    |
[INFO] [stdout] 88 | #[cfg(feature = "testing")]
[INFO] [stdout]    |       ------------------- the item is gated behind the `testing` feature
[INFO] [stdout] 89 | pub use testing::{
[INFO] [stdout] 90 |     TestRequest, TestResponse, TestServer, TestServerBuilder, TestServerConfig, Transport,
[INFO] [stdout]    |                  ^^^^^^^^^^^^
[INFO] [stdout] 
[INFO] [stdout] 
[INFO] [stdout] error[E0432]: unresolved import `crate::http::TestServer`
[INFO] [stdout]   --> src/http/routes/tests/health.rs:8:5
[INFO] [stdout]    |
[INFO] [stdout]  8 | use crate::http::TestServer;
[INFO] [stdout]    |     ^^^^^^^^^^^^^----------
[INFO] [stdout]    |                  |
[INFO] [stdout]    |                  no `TestServer` in `http`
[INFO] [stdout]    |
[INFO] [stdout] note: found an item that was configured out
[INFO] [stdout]   --> src/http/mod.rs:90:32
[INFO] [stdout]    |
[INFO] [stdout] 88 | #[cfg(feature = "testing")]
[INFO] [stdout]    |       ------------------- the item is gated behind the `testing` feature
[INFO] [stdout] 89 | pub use testing::{
[INFO] [stdout] 90 |     TestRequest, TestResponse, TestServer, TestServerBuilder, TestServerConfig, Transport,
[INFO] [stdout]    |                                ^^^^^^^^^^
[INFO] [stdout] 
[INFO] [stdout] 
[INFO] [stdout] error[E0432]: unresolved import `crate::http::TestServer`
[INFO] [stdout]   --> src/http/routes/tests/ids.rs:15:30
[INFO] [stdout]    |
[INFO] [stdout] 15 | use crate::http::{RequestId, TestServer, TraceId, X_REQUEST_ID, X_TRACE_ID};
[INFO] [stdout]    |                              ^^^^^^^^^^ no `TestServer` in `http`
[INFO] [stdout]    |
[INFO] [stdout] note: found an item that was configured out
[INFO] [stdout]   --> src/http/mod.rs:90:32
[INFO] [stdout]    |
[INFO] [stdout] 88 | #[cfg(feature = "testing")]
[INFO] [stdout]    |       ------------------- the item is gated behind the `testing` feature
[INFO] [stdout] 89 | pub use testing::{
[INFO] [stdout] 90 |     TestRequest, TestResponse, TestServer, TestServerBuilder, TestServerConfig, Transport,
[INFO] [stdout]    |                                ^^^^^^^^^^
[INFO] [stdout] 
[INFO] [stdout] 
[INFO] [stdout] error[E0432]: unresolved import `crate::http::TestServer`
[INFO] [stdout]   --> src/http/routes/tests/metrics.rs:20:5
[INFO] [stdout]    |
[INFO] [stdout] 20 | use crate::http::TestServer;
[INFO] [stdout]    |     ^^^^^^^^^^^^^----------
[INFO] [stdout]    |                  |
[INFO] [stdout]    |                  no `TestServer` in `http`
[INFO] [stdout]    |
[INFO] [stdout] note: found an item that was configured out
[INFO] [stdout]   --> src/http/mod.rs:90:32
[INFO] [stdout]    |
[INFO] [stdout] 88 | #[cfg(feature = "testing")]
[INFO] [stdout]    |       ------------------- the item is gated behind the `testing` feature
[INFO] [stdout] 89 | pub use testing::{
[INFO] [stdout] 90 |     TestRequest, TestResponse, TestServer, TestServerBuilder, TestServerConfig, Transport,
[INFO] [stdout]    |                                ^^^^^^^^^^
[INFO] [stdout] 
[INFO] [stdout] 
[INFO] [stdout] error[E0432]: unresolved import `crate::http::TestServer`
[INFO] [stdout]   --> src/http/routes/tests/version.rs:8:5
[INFO] [stdout]    |
[INFO] [stdout]  8 | use crate::http::TestServer;
[INFO] [stdout]    |     ^^^^^^^^^^^^^----------
[INFO] [stdout]    |                  |
[INFO] [stdout]    |                  no `TestServer` in `http`
[INFO] [stdout]    |
[INFO] [stdout] note: found an item that was configured out
[INFO] [stdout]   --> src/http/mod.rs:90:32
[INFO] [stdout]    |
[INFO] [stdout] 88 | #[cfg(feature = "testing")]
[INFO] [stdout]    |       ------------------- the item is gated behind the `testing` feature
[INFO] [stdout] 89 | pub use testing::{
[INFO] [stdout] 90 |     TestRequest, TestResponse, TestServer, TestServerBuilder, TestServerConfig, Transport,
[INFO] [stdout]    |                                ^^^^^^^^^^
[INFO] [stdout] 
[INFO] [stdout] 
[INFO] [stdout] For more information about this error, try `rustc --explain E0432`.
[INFO] [stdout] 
[INFO] [stderr] error: could not compile `reallyme-server-kit` (lib test) due to 8 previous errors
[INFO] running `Command { std: "docker" "inspect" "a62ae67123874479c285a3ec5429f29c6524c0e08db0593dc5e27b06d1e5ff12", kill_on_drop: false }`
[INFO] running `Command { std: "docker" "rm" "-f" "a62ae67123874479c285a3ec5429f29c6524c0e08db0593dc5e27b06d1e5ff12", kill_on_drop: false }`
[INFO] [stdout] a62ae67123874479c285a3ec5429f29c6524c0e08db0593dc5e27b06d1e5ff12
