[INFO] fetching crate real_time_fir_iir_filters 1.4.3...
[INFO] testing real_time_fir_iir_filters-1.4.3 against 1.100.0-beta.1 for beta-1.100-2
[INFO] extracting crate real_time_fir_iir_filters 1.4.3 into /workspace/builds/worker-3-tc2/source
[INFO] started tweaking crates.io crate real_time_fir_iir_filters 1.4.3
[INFO] finished tweaking crates.io crate real_time_fir_iir_filters 1.4.3
[INFO] tweaked toml for crates.io crate real_time_fir_iir_filters 1.4.3 written to /workspace/builds/worker-3-tc2/source/Cargo.toml
[INFO] validating manifest of crates.io crate real_time_fir_iir_filters 1.4.3 on toolchain 1.100.0-beta.1
[INFO] running `Command { std: CARGO_HOME="/workspace/cargo-home" RUSTUP_HOME="/workspace/rustup-home" "/workspace/cargo-home/bin/cargo" "+1.100.0-beta.1" "metadata" "--manifest-path" "Cargo.toml" "--no-deps", kill_on_drop: false }`
[INFO] crate crates.io crate real_time_fir_iir_filters 1.4.3 already has a lockfile, it will not be regenerated
[INFO] running `Command { std: CARGO_HOME="/workspace/cargo-home" RUSTUP_HOME="/workspace/rustup-home" "/workspace/cargo-home/bin/cargo" "+1.100.0-beta.1" "fetch" "--manifest-path" "Cargo.toml", kill_on_drop: false }`
[INFO] running `Command { std: "docker" "create" "-v" "/var/lib/crater-agent-workspace/builds/worker-3-tc2/source:/opt/rustwide/workdir:ro,Z" "-v" "/var/lib/crater-agent-workspace/builds/worker-3-tc2/target:/opt/rustwide/target:rw,Z" "-v" "/var/lib/crater-agent-workspace/cargo-home:/opt/rustwide/cargo-home:ro,Z" "-v" "/var/lib/crater-agent-workspace/rustup-home:/opt/rustwide/rustup-home:ro,Z" "-m" "1610612736" "--network" "none" "ghcr.io/rust-lang/crates-build-env/linux@sha256:3111399a4047eeb3a02b7a90e478d715f38a8c6669b5c4b49d30a17385265909" "sleep" "infinity", kill_on_drop: false }`
[INFO] [stdout] 8d814b0851d0d04902b47922c85c87d59e497075b237f0659c1107e56abee651
[INFO] running `Command { std: "docker" "start" "8d814b0851d0d04902b47922c85c87d59e497075b237f0659c1107e56abee651", kill_on_drop: false }`
[INFO] running `Command { std: "docker" "inspect" "8d814b0851d0d04902b47922c85c87d59e497075b237f0659c1107e56abee651", kill_on_drop: false }`
[INFO] running `Command { std: "docker" "exec" "-e" "SOURCE_DIR=/opt/rustwide/workdir" "-e" "CARGO_HOME=/opt/rustwide/cargo-home" "-e" "RUSTUP_HOME=/opt/rustwide/rustup-home" "-e" "CARGO_TARGET_DIR=/opt/rustwide/target" "-w" "/opt/rustwide/workdir" "--user" "0:0" "8d814b0851d0d04902b47922c85c87d59e497075b237f0659c1107e56abee651" "/opt/rustwide/cargo-home/bin/cargo" "+1.100.0-beta.1" "metadata" "--no-deps" "--format-version=1", kill_on_drop: false }`
[INFO] running `Command { std: "docker" "inspect" "8d814b0851d0d04902b47922c85c87d59e497075b237f0659c1107e56abee651", kill_on_drop: false }`
[INFO] running `Command { std: "docker" "exec" "-e" "SOURCE_DIR=/opt/rustwide/workdir" "-e" "CARGO_HOME=/opt/rustwide/cargo-home" "-e" "RUSTUP_HOME=/opt/rustwide/rustup-home" "-e" "CARGO_TARGET_DIR=/opt/rustwide/target" "-e" "CARGO_INCREMENTAL=0" "-e" "RUST_BACKTRACE=full" "-e" "RUSTFLAGS=--cap-lints=warn" "-e" "RUSTDOCFLAGS=--cap-lints=warn" "-w" "/opt/rustwide/workdir" "--user" "0:0" "8d814b0851d0d04902b47922c85c87d59e497075b237f0659c1107e56abee651" "/opt/rustwide/cargo-home/bin/cargo" "+1.100.0-beta.1" "build" "--frozen" "--message-format=json", kill_on_drop: false }`
[INFO] [stderr]    Compiling num-traits v0.2.19
[INFO] [stderr]    Compiling unicode-ident v1.0.19
[INFO] [stderr]    Compiling quote v1.0.41
[INFO] [stderr]    Compiling moddef v0.3.0
[INFO] [stderr]    Compiling bytemuck v1.24.0
[INFO] [stderr]    Compiling slice_trait v0.2.1
[INFO] [stdout] error: expected a trait, found type
[INFO] [stdout]   --> /opt/rustwide/cargo-home/registry/src/index.crates.io-1949cf8c6b5b557f/slice_trait-0.2.1/src/as_slice.rs:14:9
[INFO] [stdout]    |
[INFO] [stdout] 14 | impl<T> const AsSlice for [T]
[INFO] [stdout]    |         ^^^^^^^^^^^^^
[INFO] [stdout] 
[INFO] [stdout] 
[INFO] [stdout] error: expected a trait, found type
[INFO] [stdout]   --> /opt/rustwide/cargo-home/registry/src/index.crates.io-1949cf8c6b5b557f/slice_trait-0.2.1/src/into_boxed_slice.rs:26:9
[INFO] [stdout]    |
[INFO] [stdout] 26 | impl<T> const IntoBoxedSlice for Box<[T]>
[INFO] [stdout]    |         ^^^^^^^^^^^^^^^^^^^^
[INFO] [stdout] 
[INFO] [stdout] 
[INFO] [stdout] error: expected a trait, found type
[INFO] [stdout]   --> /opt/rustwide/cargo-home/registry/src/index.crates.io-1949cf8c6b5b557f/slice_trait-0.2.1/src/slice.rs:10:9
[INFO] [stdout]    |
[INFO] [stdout] 10 | impl<T> const Slice for [T]
[INFO] [stdout]    |         ^^^^^^^^^^^
[INFO] [stdout] 
[INFO] [stdout] 
[INFO] [stdout] error: expected a trait, found type
[INFO] [stdout]   --> /opt/rustwide/cargo-home/registry/src/index.crates.io-1949cf8c6b5b557f/slice_trait-0.2.1/src/boxed_slice.rs:12:9
[INFO] [stdout]    |
[INFO] [stdout] 12 | impl<T> const BoxedSlice for Box<[T]>
[INFO] [stdout]    |         ^^^^^^^^^^^^^^^^
[INFO] [stdout] 
[INFO] [stdout] 
[INFO] [stderr]    Compiling proc-macro2 v1.0.101
[INFO] [stdout] error[E0405]: cannot find trait `AsSlice` in the crate root
[INFO] [stdout]   --> /opt/rustwide/cargo-home/registry/src/index.crates.io-1949cf8c6b5b557f/slice_trait-0.2.1/src/lib.rs:66:29
[INFO] [stdout]    |
[INFO] [stdout] 66 |     pub trait Slice: crate::AsSlice {}
[INFO] [stdout]    |                             ^^^^^^^ not found in the crate root
[INFO] [stdout] 
[INFO] [stdout] 
[INFO] [stdout] error[E0405]: cannot find trait `IntoBoxedSlice` in the crate root
[INFO] [stdout]   --> /opt/rustwide/cargo-home/registry/src/index.crates.io-1949cf8c6b5b557f/slice_trait-0.2.1/src/lib.rs:71:34
[INFO] [stdout]    |
[INFO] [stdout] 71 |     pub trait BoxedSlice: crate::IntoBoxedSlice {}
[INFO] [stdout]    |                                  ^^^^^^^^^^^^^^ not found in the crate root
[INFO] [stdout] 
[INFO] [stdout] 
[INFO] [stdout] error[E0554]: `#![feature]` may not be used on the beta release channel
[INFO] [stdout]  --> /opt/rustwide/cargo-home/registry/src/index.crates.io-1949cf8c6b5b557f/slice_trait-0.2.1/src/lib.rs:2:1
[INFO] [stdout]   |
[INFO] [stdout] 2 | #![feature(trait_alias)]
[INFO] [stdout]   | ^^^^^^^^^^^^^^^^^^^^^^^^
[INFO] [stdout] 
[INFO] [stdout] 
[INFO] [stdout] error: relaxed bounds are not permitted in trait alias bounds
[INFO] [stdout]  --> /opt/rustwide/cargo-home/registry/src/index.crates.io-1949cf8c6b5b557f/slice_trait-0.2.1/src/prereq.rs:4:28
[INFO] [stdout]   |
[INFO] [stdout] 4 | pub trait SlicePrereq<T> = ?Sized
[INFO] [stdout]   |                            ^^^^^^
[INFO] [stdout]   |
[INFO] [stdout]   = note: trait aliases are not implicitly bounded by `Sized`, so there is nothing to relax
[INFO] [stdout] 
[INFO] [stdout] 
[INFO] [stdout] Some errors have detailed explanations: E0405, E0554.
[INFO] [stdout] 
[INFO] [stderr] error: could not compile `slice_trait` (lib) due to 8 previous errors
[INFO] [stdout] For more information about an error, try `rustc --explain E0405`.
[INFO] [stdout] 
[INFO] [stderr] warning: build failed, waiting for other jobs to finish...
[INFO] running `Command { std: "docker" "inspect" "8d814b0851d0d04902b47922c85c87d59e497075b237f0659c1107e56abee651", kill_on_drop: false }`
[INFO] running `Command { std: "docker" "rm" "-f" "8d814b0851d0d04902b47922c85c87d59e497075b237f0659c1107e56abee651", kill_on_drop: false }`
[INFO] [stdout] 8d814b0851d0d04902b47922c85c87d59e497075b237f0659c1107e56abee651
