[INFO] fetching crate readmdict 0.1.0...
[INFO] testing readmdict-0.1.0 against 1.99.0-beta.8 for beta-1.100-2
[INFO] extracting crate readmdict 0.1.0 into /workspace/builds/worker-6-tc1/source
[INFO] started tweaking crates.io crate readmdict 0.1.0
[INFO] removed 0 missing examples
[INFO] finished tweaking crates.io crate readmdict 0.1.0
[INFO] tweaked toml for crates.io crate readmdict 0.1.0 written to /workspace/builds/worker-6-tc1/source/Cargo.toml
[INFO] validating manifest of crates.io crate readmdict 0.1.0 on toolchain 1.99.0-beta.8
[INFO] running `Command { std: CARGO_HOME="/workspace/cargo-home" RUSTUP_HOME="/workspace/rustup-home" "/workspace/cargo-home/bin/cargo" "+1.99.0-beta.8" "metadata" "--manifest-path" "Cargo.toml" "--no-deps", kill_on_drop: false }`
[INFO] crate crates.io crate readmdict 0.1.0 already has a lockfile, it will not be regenerated
[INFO] running `Command { std: CARGO_HOME="/workspace/cargo-home" RUSTUP_HOME="/workspace/rustup-home" "/workspace/cargo-home/bin/cargo" "+1.99.0-beta.8" "fetch" "--manifest-path" "Cargo.toml", kill_on_drop: false }`
[INFO] [stderr]     Blocking waiting for file lock on package cache
[INFO] [stderr]     Updating crates.io index
[INFO] [stderr]     Blocking waiting for file lock on package cache
[INFO] [stderr]  Downloading crates ...
[INFO] [stderr]   Downloaded proc-macro2 v1.0.95
[INFO] [stderr]   Downloaded once_cell_polyfill v1.70.1
[INFO] [stderr]   Downloaded anstyle-query v1.1.4
[INFO] [stderr]   Downloaded clap_lex v0.7.5
[INFO] [stderr]   Downloaded anstyle v1.0.11
[INFO] [stderr]   Downloaded cfg-if v1.0.1
[INFO] [stderr]   Downloaded is_terminal_polyfill v1.70.1
[INFO] [stderr]   Downloaded colorchoice v1.0.4
[INFO] [stderr]   Downloaded anstyle-wincon v3.0.10
[INFO] [stderr]   Downloaded windows-link v0.1.3
[INFO] [stderr]   Downloaded anstyle-parse v0.2.7
[INFO] [stderr]   Downloaded salsa20 v0.10.2
[INFO] [stderr]   Downloaded crypto-common v0.1.6
[INFO] [stderr]   Downloaded clap_derive v4.5.41
[INFO] [stderr]   Downloaded typenum v1.18.0
[INFO] [stderr]   Downloaded anstream v0.6.20
[INFO] [stderr]   Downloaded windows-targets v0.53.3
[INFO] [stderr]   Downloaded clap v4.5.43
[INFO] [stderr]   Downloaded aho-corasick v1.1.3
[INFO] [stderr]   Downloaded syn v2.0.104
[INFO] [stderr]   Downloaded regex v1.11.1
[INFO] [stderr]   Downloaded regex-syntax v0.8.5
[INFO] [stderr]   Downloaded regex-automata v0.4.9
[INFO] [stderr]   Downloaded libc v0.2.174
[INFO] [stderr]   Downloaded windows_x86_64_gnullvm v0.53.0
[INFO] [stderr]   Downloaded windows_aarch64_gnullvm v0.53.0
[INFO] [stderr]   Downloaded windows_x86_64_msvc v0.53.0
[INFO] [stderr]   Downloaded windows_aarch64_msvc v0.53.0
[INFO] [stderr]   Downloaded windows_i686_msvc v0.53.0
[INFO] [stderr]   Downloaded windows_x86_64_gnu v0.53.0
[INFO] [stderr]   Downloaded windows_i686_gnullvm v0.53.0
[INFO] [stderr]   Downloaded windows_i686_gnu v0.53.0
[INFO] [stderr]   Downloaded flate2 v1.1.2
[INFO] [stderr]   Downloaded adler v1.0.2
[INFO] [stderr]   Downloaded memchr v2.7.5
[INFO] [stderr]   Downloaded clap_builder v4.5.43
[INFO] running `Command { std: "docker" "create" "-v" "/var/lib/crater-agent-workspace/builds/worker-6-tc1/source:/opt/rustwide/workdir:ro,Z" "-v" "/var/lib/crater-agent-workspace/builds/worker-6-tc1/target:/opt/rustwide/target:rw,Z" "-v" "/var/lib/crater-agent-workspace/cargo-home:/opt/rustwide/cargo-home:ro,Z" "-v" "/var/lib/crater-agent-workspace/rustup-home:/opt/rustwide/rustup-home:ro,Z" "-m" "1610612736" "--network" "none" "ghcr.io/rust-lang/crates-build-env/linux@sha256:3111399a4047eeb3a02b7a90e478d715f38a8c6669b5c4b49d30a17385265909" "sleep" "infinity", kill_on_drop: false }`
[INFO] [stdout] f0d655deaf2052f11a33deeda6eb2c973dfe3dec4c27161ef780a3de2ca43fe6
[INFO] running `Command { std: "docker" "start" "f0d655deaf2052f11a33deeda6eb2c973dfe3dec4c27161ef780a3de2ca43fe6", kill_on_drop: false }`
[INFO] running `Command { std: "docker" "inspect" "f0d655deaf2052f11a33deeda6eb2c973dfe3dec4c27161ef780a3de2ca43fe6", kill_on_drop: false }`
[INFO] running `Command { std: "docker" "exec" "-e" "SOURCE_DIR=/opt/rustwide/workdir" "-e" "CARGO_HOME=/opt/rustwide/cargo-home" "-e" "RUSTUP_HOME=/opt/rustwide/rustup-home" "-e" "CARGO_TARGET_DIR=/opt/rustwide/target" "-w" "/opt/rustwide/workdir" "--user" "0:0" "f0d655deaf2052f11a33deeda6eb2c973dfe3dec4c27161ef780a3de2ca43fe6" "/opt/rustwide/cargo-home/bin/cargo" "+1.99.0-beta.8" "metadata" "--no-deps" "--format-version=1", kill_on_drop: false }`
[INFO] running `Command { std: "docker" "inspect" "f0d655deaf2052f11a33deeda6eb2c973dfe3dec4c27161ef780a3de2ca43fe6", kill_on_drop: false }`
[INFO] running `Command { std: "docker" "exec" "-e" "SOURCE_DIR=/opt/rustwide/workdir" "-e" "CARGO_HOME=/opt/rustwide/cargo-home" "-e" "RUSTUP_HOME=/opt/rustwide/rustup-home" "-e" "CARGO_TARGET_DIR=/opt/rustwide/target" "-e" "CARGO_INCREMENTAL=0" "-e" "RUST_BACKTRACE=full" "-e" "RUSTFLAGS=--cap-lints=warn" "-e" "RUSTDOCFLAGS=--cap-lints=warn" "-w" "/opt/rustwide/workdir" "--user" "0:0" "f0d655deaf2052f11a33deeda6eb2c973dfe3dec4c27161ef780a3de2ca43fe6" "/opt/rustwide/cargo-home/bin/cargo" "+1.99.0-beta.8" "build" "--frozen" "--message-format=json", kill_on_drop: false }`
[INFO] [stderr]    Compiling typenum v1.18.0
[INFO] [stderr]    Compiling generic-array v0.14.7
[INFO] [stderr]    Compiling proc-macro2 v1.0.95
[INFO] [stderr]    Compiling unicode-ident v1.0.18
[INFO] [stderr]    Compiling cfg-if v1.0.1
[INFO] [stderr]    Compiling utf8parse v0.2.2
[INFO] [stderr]    Compiling memchr v2.7.5
[INFO] [stderr]    Compiling is_terminal_polyfill v1.70.1
[INFO] [stderr]    Compiling colorchoice v1.0.4
[INFO] [stderr]    Compiling anstyle-query v1.1.4
[INFO] [stderr]    Compiling anstyle v1.0.11
[INFO] [stderr]    Compiling crc32fast v1.5.0
[INFO] [stderr]    Compiling strsim v0.11.1
[INFO] [stderr]    Compiling clap_lex v0.7.5
[INFO] [stderr]    Compiling adler2 v2.0.1
[INFO] [stderr]    Compiling regex-syntax v0.8.5
[INFO] [stderr]    Compiling encoding_rs v0.8.35
[INFO] [stderr]    Compiling adler v1.0.2
[INFO] [stderr]    Compiling byteorder v1.5.0
[INFO] [stderr]    Compiling miniz_oxide v0.8.9
[INFO] [stderr]    Compiling anstyle-parse v0.2.7
[INFO] [stderr]    Compiling anstream v0.6.20
[INFO] [stderr]    Compiling quote v1.0.40
[INFO] [stderr]    Compiling aho-corasick v1.1.3
[INFO] [stderr]    Compiling clap_builder v4.5.43
[INFO] [stderr]    Compiling flate2 v1.1.2
[INFO] [stderr]    Compiling syn v2.0.104
[INFO] [stderr]    Compiling crypto-common v0.1.6
[INFO] [stderr]    Compiling block-buffer v0.10.4
[INFO] [stderr]    Compiling inout v0.1.4
[INFO] [stderr]    Compiling digest v0.10.7
[INFO] [stderr]    Compiling cipher v0.4.4
[INFO] [stderr]    Compiling salsa20 v0.10.2
[INFO] [stderr]    Compiling sha2 v0.10.9
[INFO] [stderr]    Compiling ripemd v0.1.3
[INFO] [stderr]    Compiling regex-automata v0.4.9
[INFO] [stderr]    Compiling thiserror-impl v1.0.69
[INFO] [stderr]    Compiling clap_derive v4.5.41
[INFO] [stderr]    Compiling regex v1.11.1
[INFO] [stderr]    Compiling thiserror v1.0.69
[INFO] [stderr]    Compiling clap v4.5.43
[INFO] [stderr]    Compiling readmdict v0.1.0 (/opt/rustwide/workdir)
[INFO] [stdout] warning: variant `Encoding` is never constructed
[INFO] [stdout]   --> src/readmdict.rs:31:5
[INFO] [stdout]    |
[INFO] [stdout] 17 | pub enum Error {
[INFO] [stdout]    |          ----- variant in this enum
[INFO] [stdout] ...
[INFO] [stdout] 31 |     Encoding(String),
[INFO] [stdout]    |     ^^^^^^^^
[INFO] [stdout]    |
[INFO] [stdout]    = note: `Error` has a derived impl for the trait `Debug`, but this is intentionally ignored during dead code analysis
[INFO] [stdout]    = note: `#[warn(dead_code)]` (part of `#[warn(unused)]`) on by default
[INFO] [stdout] 
[INFO] [stdout] 
[INFO] [stdout] warning: method `is_empty` is never used
[INFO] [stdout]    --> src/readmdict.rs:195:12
[INFO] [stdout]     |
[INFO] [stdout] 156 | impl MDict {
[INFO] [stdout]     | ---------- method in this implementation
[INFO] [stdout] ...
[INFO] [stdout] 195 |     pub fn is_empty(&self) -> bool {
[INFO] [stdout]     |            ^^^^^^^^
[INFO] [stdout] 
[INFO] [stdout] 
[INFO] [stdout] warning: method `is_empty` is never used
[INFO] [stdout]     --> src/readmdict.rs:1004:12
[INFO] [stdout]      |
[INFO] [stdout]  802 | impl Mdx {
[INFO] [stdout]      | -------- method in this implementation
[INFO] [stdout] ...
[INFO] [stdout] 1004 |     pub fn is_empty(&self) -> bool {
[INFO] [stdout]      |            ^^^^^^^^
[INFO] [stdout] 
[INFO] [stdout] 
[INFO] [stdout] warning: methods `is_empty` and `keys` are never used
[INFO] [stdout]     --> src/readmdict.rs:1151:12
[INFO] [stdout]      |
[INFO] [stdout] 1024 | impl Mdd {
[INFO] [stdout]      | -------- methods in this implementation
[INFO] [stdout] ...
[INFO] [stdout] 1151 |     pub fn is_empty(&self) -> bool {
[INFO] [stdout]      |            ^^^^^^^^
[INFO] [stdout] ...
[INFO] [stdout] 1155 |     pub fn keys(&self) -> impl Iterator<Item = &[u8]> {
[INFO] [stdout]      |            ^^^^
[INFO] [stdout] 
[INFO] [stdout] 
[INFO] [stderr]     Finished `dev` profile [unoptimized + debuginfo] target(s) in 14.23s
[INFO] running `Command { std: "docker" "inspect" "f0d655deaf2052f11a33deeda6eb2c973dfe3dec4c27161ef780a3de2ca43fe6", kill_on_drop: false }`
[INFO] running `Command { std: "docker" "exec" "-e" "SOURCE_DIR=/opt/rustwide/workdir" "-e" "CARGO_HOME=/opt/rustwide/cargo-home" "-e" "RUSTUP_HOME=/opt/rustwide/rustup-home" "-e" "CARGO_TARGET_DIR=/opt/rustwide/target" "-e" "CARGO_INCREMENTAL=0" "-e" "RUST_BACKTRACE=full" "-e" "RUSTFLAGS=--cap-lints=warn" "-e" "RUSTDOCFLAGS=--cap-lints=warn" "-w" "/opt/rustwide/workdir" "--user" "0:0" "f0d655deaf2052f11a33deeda6eb2c973dfe3dec4c27161ef780a3de2ca43fe6" "/opt/rustwide/cargo-home/bin/cargo" "+1.99.0-beta.8" "test" "--frozen" "--no-run" "--message-format=json", kill_on_drop: false }`
[INFO] [stderr]    Compiling readmdict v0.1.0 (/opt/rustwide/workdir)
[INFO] [stdout] error[E0433]: cannot find module or crate `rust_readmdict` in this scope
[INFO] [stdout]  --> examples/play_audio.rs:7:5
[INFO] [stdout]   |
[INFO] [stdout] 7 | use rust_readmdict::readmdict::Mdd;
[INFO] [stdout]   |     ^^^^^^^^^^^^^^ use of unresolved module or unlinked crate `rust_readmdict`
[INFO] [stdout]   |
[INFO] [stdout]   = help: if you wanted to use a crate named `rust_readmdict`, use `cargo add rust_readmdict` to add it to your `Cargo.toml`
[INFO] [stdout] 
[INFO] [stdout] 
[INFO] [stdout] error[E0433]: cannot find module or crate `rust_readmdict` in this scope
[INFO] [stdout]  --> examples/show_mdd.rs:3:5
[INFO] [stdout]   |
[INFO] [stdout] 3 | use rust_readmdict::readmdict::Mdd;
[INFO] [stdout]   |     ^^^^^^^^^^^^^^ use of unresolved module or unlinked crate `rust_readmdict`
[INFO] [stdout]   |
[INFO] [stdout]   = help: if you wanted to use a crate named `rust_readmdict`, use `cargo add rust_readmdict` to add it to your `Cargo.toml`
[INFO] [stdout] 
[INFO] [stdout] 
[INFO] [stdout] For more information about this error, try `rustc --explain E0433`.
[INFO] [stdout] 
[INFO] [stderr] error: could not compile `readmdict` (example "show_mdd") due to 1 previous error
[INFO] [stderr] warning: build failed, waiting for other jobs to finish...
[INFO] [stdout] error[E0277]: the size for values of type `[u8]` cannot be known at compilation time
[INFO] [stdout]   --> examples/play_audio.rs:50:10
[INFO] [stdout]    |
[INFO] [stdout] 50 |     for (filename, content) in mdd_items {
[INFO] [stdout]    |          ^^^^^^^^ doesn't have a size known at compile-time
[INFO] [stdout]    |
[INFO] [stdout]    = help: the trait `Sized` is not implemented for `[u8]`
[INFO] [stdout]    = note: all local variables must have a statically known size
[INFO] [stdout] 
[INFO] [stdout] 
[INFO] [stdout] error[E0277]: the size for values of type `[u8]` cannot be known at compilation time
[INFO] [stdout]   --> examples/play_audio.rs:50:32
[INFO] [stdout]    |
[INFO] [stdout] 50 |     for (filename, content) in mdd_items {
[INFO] [stdout]    |                                ^^^^^^^^^ doesn't have a size known at compile-time
[INFO] [stdout]    |
[INFO] [stdout]    = help: the trait `Sized` is not implemented for `[u8]`
[INFO] [stdout]    = note: only the last element of a tuple may have a dynamically sized type
[INFO] [stdout] 
[INFO] [stdout] 
[INFO] [stdout] Some errors have detailed explanations: E0277, E0433.
[INFO] [stdout] 
[INFO] [stdout] For more information about an error, try `rustc --explain E0277`.
[INFO] [stdout] 
[INFO] [stdout] warning: variant `Encoding` is never constructed
[INFO] [stdout]   --> src/readmdict.rs:31:5
[INFO] [stdout]    |
[INFO] [stdout] 17 | pub enum Error {
[INFO] [stdout]    |          ----- variant in this enum
[INFO] [stdout] ...
[INFO] [stdout] 31 |     Encoding(String),
[INFO] [stdout]    |     ^^^^^^^^
[INFO] [stdout]    |
[INFO] [stdout]    = note: `Error` has a derived impl for the trait `Debug`, but this is intentionally ignored during dead code analysis
[INFO] [stdout]    = note: `#[warn(dead_code)]` (part of `#[warn(unused)]`) on by default
[INFO] [stdout] 
[INFO] [stdout] 
[INFO] [stdout] warning: method `is_empty` is never used
[INFO] [stdout]    --> src/readmdict.rs:195:12
[INFO] [stdout]     |
[INFO] [stdout] 156 | impl MDict {
[INFO] [stdout]     | ---------- method in this implementation
[INFO] [stdout] ...
[INFO] [stdout] 195 |     pub fn is_empty(&self) -> bool {
[INFO] [stdout]     |            ^^^^^^^^
[INFO] [stdout] 
[INFO] [stdout] 
[INFO] [stdout] warning: method `is_empty` is never used
[INFO] [stdout]     --> src/readmdict.rs:1004:12
[INFO] [stdout]      |
[INFO] [stdout]  802 | impl Mdx {
[INFO] [stdout]      | -------- method in this implementation
[INFO] [stdout] ...
[INFO] [stdout] 1004 |     pub fn is_empty(&self) -> bool {
[INFO] [stdout]      |            ^^^^^^^^
[INFO] [stdout] 
[INFO] [stdout] 
[INFO] [stdout] warning: methods `is_empty` and `keys` are never used
[INFO] [stdout]     --> src/readmdict.rs:1151:12
[INFO] [stdout]      |
[INFO] [stdout] 1024 | impl Mdd {
[INFO] [stdout]      | -------- methods in this implementation
[INFO] [stdout] ...
[INFO] [stdout] 1151 |     pub fn is_empty(&self) -> bool {
[INFO] [stdout]      |            ^^^^^^^^
[INFO] [stdout] ...
[INFO] [stdout] 1155 |     pub fn keys(&self) -> impl Iterator<Item = &[u8]> {
[INFO] [stdout]      |            ^^^^
[INFO] [stdout] 
[INFO] [stdout] 
[INFO] [stderr] error: could not compile `readmdict` (example "play_audio") due to 3 previous errors
[INFO] running `Command { std: "docker" "inspect" "f0d655deaf2052f11a33deeda6eb2c973dfe3dec4c27161ef780a3de2ca43fe6", kill_on_drop: false }`
[INFO] running `Command { std: "docker" "rm" "-f" "f0d655deaf2052f11a33deeda6eb2c973dfe3dec4c27161ef780a3de2ca43fe6", kill_on_drop: false }`
[INFO] [stdout] f0d655deaf2052f11a33deeda6eb2c973dfe3dec4c27161ef780a3de2ca43fe6
