[INFO] fetching crate rdom-css 0.5.0...
[INFO] testing rdom-css-0.5.0 against 1.99.0-beta.8 for beta-1.100-2
[INFO] extracting crate rdom-css 0.5.0 into /workspace/builds/worker-5-tc1/source
[INFO] started tweaking crates.io crate rdom-css 0.5.0
[INFO] removed 0 missing examples
[INFO] removed 0 missing tests
[INFO] finished tweaking crates.io crate rdom-css 0.5.0
[INFO] tweaked toml for crates.io crate rdom-css 0.5.0 written to /workspace/builds/worker-5-tc1/source/Cargo.toml
[INFO] validating manifest of crates.io crate rdom-css 0.5.0 on toolchain 1.99.0-beta.8
[INFO] running `Command { std: CARGO_HOME="/workspace/cargo-home" RUSTUP_HOME="/workspace/rustup-home" "/workspace/cargo-home/bin/cargo" "+1.99.0-beta.8" "metadata" "--manifest-path" "Cargo.toml" "--no-deps", kill_on_drop: false }`
[INFO] crate crates.io crate rdom-css 0.5.0 already has a lockfile, it will not be regenerated
[INFO] running `Command { std: CARGO_HOME="/workspace/cargo-home" RUSTUP_HOME="/workspace/rustup-home" "/workspace/cargo-home/bin/cargo" "+1.99.0-beta.8" "fetch" "--manifest-path" "Cargo.toml", kill_on_drop: false }`
[INFO] [stderr]     Updating crates.io index
[INFO] [stderr]  Downloading crates ...
[INFO] [stderr]   Downloaded rdom-style v0.5.0
[INFO] [stderr]   Downloaded rdom-core v0.5.0
[INFO] running `Command { std: "docker" "create" "-v" "/var/lib/crater-agent-workspace/builds/worker-5-tc1/source:/opt/rustwide/workdir:ro,Z" "-v" "/var/lib/crater-agent-workspace/builds/worker-5-tc1/target:/opt/rustwide/target:rw,Z" "-v" "/var/lib/crater-agent-workspace/cargo-home:/opt/rustwide/cargo-home:ro,Z" "-v" "/var/lib/crater-agent-workspace/rustup-home:/opt/rustwide/rustup-home:ro,Z" "-m" "1610612736" "--network" "none" "ghcr.io/rust-lang/crates-build-env/linux@sha256:3111399a4047eeb3a02b7a90e478d715f38a8c6669b5c4b49d30a17385265909" "sleep" "infinity", kill_on_drop: false }`
[INFO] [stdout] b90a289763c2ddf62939fa63bc35cbb2566e0a8de86d0631ed5f52bcb0d449ac
[INFO] running `Command { std: "docker" "start" "b90a289763c2ddf62939fa63bc35cbb2566e0a8de86d0631ed5f52bcb0d449ac", kill_on_drop: false }`
[INFO] running `Command { std: "docker" "inspect" "b90a289763c2ddf62939fa63bc35cbb2566e0a8de86d0631ed5f52bcb0d449ac", kill_on_drop: false }`
[INFO] running `Command { std: "docker" "exec" "-e" "SOURCE_DIR=/opt/rustwide/workdir" "-e" "CARGO_HOME=/opt/rustwide/cargo-home" "-e" "RUSTUP_HOME=/opt/rustwide/rustup-home" "-e" "CARGO_TARGET_DIR=/opt/rustwide/target" "-w" "/opt/rustwide/workdir" "--user" "0:0" "b90a289763c2ddf62939fa63bc35cbb2566e0a8de86d0631ed5f52bcb0d449ac" "/opt/rustwide/cargo-home/bin/cargo" "+1.99.0-beta.8" "metadata" "--no-deps" "--format-version=1", kill_on_drop: false }`
[INFO] running `Command { std: "docker" "inspect" "b90a289763c2ddf62939fa63bc35cbb2566e0a8de86d0631ed5f52bcb0d449ac", kill_on_drop: false }`
[INFO] running `Command { std: "docker" "exec" "-e" "SOURCE_DIR=/opt/rustwide/workdir" "-e" "CARGO_HOME=/opt/rustwide/cargo-home" "-e" "RUSTUP_HOME=/opt/rustwide/rustup-home" "-e" "CARGO_TARGET_DIR=/opt/rustwide/target" "-e" "CARGO_INCREMENTAL=0" "-e" "RUST_BACKTRACE=full" "-e" "RUSTFLAGS=--cap-lints=warn" "-e" "RUSTDOCFLAGS=--cap-lints=warn" "-w" "/opt/rustwide/workdir" "--user" "0:0" "b90a289763c2ddf62939fa63bc35cbb2566e0a8de86d0631ed5f52bcb0d449ac" "/opt/rustwide/cargo-home/bin/cargo" "+1.99.0-beta.8" "build" "--frozen" "--message-format=json", kill_on_drop: false }`
[INFO] [stderr]    Compiling rdom-core v0.5.0
[INFO] [stderr]    Compiling rdom-style v0.5.0
[INFO] [stderr]    Compiling rdom-css v0.5.0 (/opt/rustwide/workdir)
[INFO] [stderr]     Finished `dev` profile [unoptimized + debuginfo] target(s) in 2.61s
[INFO] running `Command { std: "docker" "inspect" "b90a289763c2ddf62939fa63bc35cbb2566e0a8de86d0631ed5f52bcb0d449ac", kill_on_drop: false }`
[INFO] running `Command { std: "docker" "exec" "-e" "SOURCE_DIR=/opt/rustwide/workdir" "-e" "CARGO_HOME=/opt/rustwide/cargo-home" "-e" "RUSTUP_HOME=/opt/rustwide/rustup-home" "-e" "CARGO_TARGET_DIR=/opt/rustwide/target" "-e" "CARGO_INCREMENTAL=0" "-e" "RUST_BACKTRACE=full" "-e" "RUSTFLAGS=--cap-lints=warn" "-e" "RUSTDOCFLAGS=--cap-lints=warn" "-w" "/opt/rustwide/workdir" "--user" "0:0" "b90a289763c2ddf62939fa63bc35cbb2566e0a8de86d0631ed5f52bcb0d449ac" "/opt/rustwide/cargo-home/bin/cargo" "+1.99.0-beta.8" "test" "--frozen" "--no-run" "--message-format=json", kill_on_drop: false }`
[INFO] [stderr]    Compiling rdom-css v0.5.0 (/opt/rustwide/workdir)
[INFO] [stdout] error[E0433]: cannot find module or crate `rdom_tui` in this scope
[INFO] [stdout]   --> examples/positioning_demo.rs:28:5
[INFO] [stdout]    |
[INFO] [stdout] 28 | use rdom_tui::prelude::*;
[INFO] [stdout]    |     ^^^^^^^^ use of unresolved module or unlinked crate `rdom_tui`
[INFO] [stdout]    |
[INFO] [stdout]    = help: if you wanted to use a crate named `rdom_tui`, use `cargo add rdom_tui` to add it to your `Cargo.toml`
[INFO] [stdout] 
[INFO] [stdout] 
[INFO] [stdout] error[E0432]: unresolved import `rdom_parser`
[INFO] [stdout]   --> examples/positioning_demo.rs:27:5
[INFO] [stdout]    |
[INFO] [stdout] 27 | use rdom_parser::parse_into;
[INFO] [stdout]    |     ^^^^^^^^^^^ use of unresolved module or unlinked crate `rdom_parser`
[INFO] [stdout]    |
[INFO] [stdout]    = help: if you wanted to use a crate named `rdom_parser`, use `cargo add rdom_parser` to add it to your `Cargo.toml`
[INFO] [stdout] 
[INFO] [stdout] 
[INFO] [stdout] error[E0432]: unresolved import `rdom_tui`
[INFO] [stdout]   --> examples/positioning_demo.rs:29:5
[INFO] [stdout]    |
[INFO] [stdout] 29 | use rdom_tui::seed_inline_styles;
[INFO] [stdout]    |     ^^^^^^^^ use of unresolved module or unlinked crate `rdom_tui`
[INFO] [stdout]    |
[INFO] [stdout]    = help: if you wanted to use a crate named `rdom_tui`, use `cargo add rdom_tui` to add it to your `Cargo.toml`
[INFO] [stdout] 
[INFO] [stdout] 
[INFO] [stdout] error[E0433]: cannot find module or crate `rdom_tui` in this scope
[INFO] [stdout]   --> examples/css_parser_demo.rs:20:5
[INFO] [stdout]    |
[INFO] [stdout] 20 | use rdom_tui::prelude::*;
[INFO] [stdout]    |     ^^^^^^^^ use of unresolved module or unlinked crate `rdom_tui`
[INFO] [stdout]    |
[INFO] [stdout]    = help: if you wanted to use a crate named `rdom_tui`, use `cargo add rdom_tui` to add it to your `Cargo.toml`
[INFO] [stdout] 
[INFO] [stdout] 
[INFO] [stdout] error[E0432]: unresolved import `rdom_parser`
[INFO] [stdout]   --> examples/css_parser_demo.rs:19:5
[INFO] [stdout]    |
[INFO] [stdout] 19 | use rdom_parser::parse_into;
[INFO] [stdout]    |     ^^^^^^^^^^^ use of unresolved module or unlinked crate `rdom_parser`
[INFO] [stdout]    |
[INFO] [stdout]    = help: if you wanted to use a crate named `rdom_parser`, use `cargo add rdom_parser` to add it to your `Cargo.toml`
[INFO] [stdout] 
[INFO] [stdout] 
[INFO] [stdout] error[E0432]: unresolved import `rdom_tui`
[INFO] [stdout]   --> examples/css_parser_demo.rs:21:5
[INFO] [stdout]    |
[INFO] [stdout] 21 | use rdom_tui::seed_inline_styles;
[INFO] [stdout]    |     ^^^^^^^^ use of unresolved module or unlinked crate `rdom_tui`
[INFO] [stdout]    |
[INFO] [stdout]    = help: if you wanted to use a crate named `rdom_tui`, use `cargo add rdom_tui` to add it to your `Cargo.toml`
[INFO] [stdout] 
[INFO] [stdout] 
[INFO] [stdout] error[E0433]: cannot find module or crate `rdom_tui` in this scope
[INFO] [stdout]   --> examples/transitions_demo.rs:41:5
[INFO] [stdout]    |
[INFO] [stdout] 41 | use rdom_tui::prelude::*;
[INFO] [stdout]    |     ^^^^^^^^ use of unresolved module or unlinked crate `rdom_tui`
[INFO] [stdout]    |
[INFO] [stdout]    = help: if you wanted to use a crate named `rdom_tui`, use `cargo add rdom_tui` to add it to your `Cargo.toml`
[INFO] [stdout] 
[INFO] [stdout] 
[INFO] [stdout] error[E0432]: unresolved import `rdom_parser`
[INFO] [stdout]   --> examples/transitions_demo.rs:39:5
[INFO] [stdout]    |
[INFO] [stdout] 39 | use rdom_parser::parse_into;
[INFO] [stdout]    |     ^^^^^^^^^^^ use of unresolved module or unlinked crate `rdom_parser`
[INFO] [stdout]    |
[INFO] [stdout]    = help: if you wanted to use a crate named `rdom_parser`, use `cargo add rdom_parser` to add it to your `Cargo.toml`
[INFO] [stdout] 
[INFO] [stdout] 
[INFO] [stdout] error[E0433]: cannot find module or crate `rdom_tui` in this scope
[INFO] [stdout]   --> examples/transitions_demo.rs:42:5
[INFO] [stdout]    |
[INFO] [stdout] 42 | use rdom_tui::runtime::timers::TuiTimers;
[INFO] [stdout]    |     ^^^^^^^^ use of unresolved module or unlinked crate `rdom_tui`
[INFO] [stdout]    |
[INFO] [stdout]    = help: if you wanted to use a crate named `rdom_tui`, use `cargo add rdom_tui` to add it to your `Cargo.toml`
[INFO] [stdout] 
[INFO] [stdout] 
[INFO] [stdout] error[E0432]: unresolved import `rdom_tui`
[INFO] [stdout]   --> examples/transitions_demo.rs:40:5
[INFO] [stdout]    |
[INFO] [stdout] 40 | use rdom_tui::ListenerOptions;
[INFO] [stdout]    |     ^^^^^^^^ use of unresolved module or unlinked crate `rdom_tui`
[INFO] [stdout]    |
[INFO] [stdout]    = help: if you wanted to use a crate named `rdom_tui`, use `cargo add rdom_tui` to add it to your `Cargo.toml`
[INFO] [stdout] 
[INFO] [stdout] 
[INFO] [stdout] error[E0432]: unresolved import `rdom_tui`
[INFO] [stdout]   --> examples/transitions_demo.rs:43:5
[INFO] [stdout]    |
[INFO] [stdout] 43 | use rdom_tui::seed_inline_styles;
[INFO] [stdout]    |     ^^^^^^^^ use of unresolved module or unlinked crate `rdom_tui`
[INFO] [stdout]    |
[INFO] [stdout]    = help: if you wanted to use a crate named `rdom_tui`, use `cargo add rdom_tui` to add it to your `Cargo.toml`
[INFO] [stdout] 
[INFO] [stdout] 
[INFO] [stdout] error[E0425]: cannot find type `TuiDom` in this scope
[INFO] [stdout]   --> examples/css_parser_demo.rs:82:18
[INFO] [stdout]    |
[INFO] [stdout] 82 |     let mut dom: TuiDom = TuiDom::new();
[INFO] [stdout]    |                  ^^^^^^ not found in this scope
[INFO] [stdout] 
[INFO] [stdout] 
[INFO] [stdout] error[E0433]: cannot find type `TuiDom` in this scope
[INFO] [stdout]   --> examples/css_parser_demo.rs:82:27
[INFO] [stdout]    |
[INFO] [stdout] 82 |     let mut dom: TuiDom = TuiDom::new();
[INFO] [stdout]    |                           ^^^^^^ use of undeclared type `TuiDom`
[INFO] [stdout] 
[INFO] [stdout] 
[INFO] [stdout] error[E0433]: cannot find type `Stylesheet` in this scope
[INFO] [stdout]   --> examples/css_parser_demo.rs:96:17
[INFO] [stdout]    |
[INFO] [stdout] 96 |     let sheet = Stylesheet::new();
[INFO] [stdout]    |                 ^^^^^^^^^^ use of undeclared type `Stylesheet`
[INFO] [stdout] 
[INFO] [stdout] 
[INFO] [stdout] error[E0433]: cannot find type `TuiStyle` in this scope
[INFO] [stdout]    --> examples/css_parser_demo.rs:113:13
[INFO] [stdout]     |
[INFO] [stdout] 113 |             TuiStyle::new()
[INFO] [stdout]     |             ^^^^^^^^ use of undeclared type `TuiStyle`
[INFO] [stdout] 
[INFO] [stdout] 
[INFO] [stdout] error[E0433]: cannot find type `Flow` in this scope
[INFO] [stdout]    --> examples/css_parser_demo.rs:114:23
[INFO] [stdout]     |
[INFO] [stdout] 114 |                 .flow(Flow::Flex)
[INFO] [stdout]     |                       ^^^^ use of undeclared type `Flow`
[INFO] [stdout] 
[INFO] [stdout] 
[INFO] [stdout] error[E0433]: cannot find type `Direction` in this scope
[INFO] [stdout]    --> examples/css_parser_demo.rs:115:28
[INFO] [stdout]     |
[INFO] [stdout] 115 |                 .direction(Direction::Column)
[INFO] [stdout]     |                            ^^^^^^^^^ use of undeclared type `Direction`
[INFO] [stdout] 
[INFO] [stdout] 
[INFO] [stdout] error[E0433]: cannot find type `Size` in this scope
[INFO] [stdout]    --> examples/css_parser_demo.rs:116:24
[INFO] [stdout]     |
[INFO] [stdout] 116 |                 .width(Size::Flex(1))
[INFO] [stdout]     |                        ^^^^ use of undeclared type `Size`
[INFO] [stdout]     |
[INFO] [stdout] help: a trait with a similar name exists
[INFO] [stdout]     |
[INFO] [stdout] 116 |                 .width(Sized::Flex(1))
[INFO] [stdout]     |                            +
[INFO] [stdout] 
[INFO] [stdout] 
[INFO] [stdout] error[E0433]: cannot find type `Size` in this scope
[INFO] [stdout]    --> examples/css_parser_demo.rs:117:25
[INFO] [stdout]     |
[INFO] [stdout] 117 |                 .height(Size::Flex(1))
[INFO] [stdout]     |                         ^^^^ use of undeclared type `Size`
[INFO] [stdout]     |
[INFO] [stdout] help: a trait with a similar name exists
[INFO] [stdout]     |
[INFO] [stdout] 117 |                 .height(Sized::Flex(1))
[INFO] [stdout]     |                             +
[INFO] [stdout] 
[INFO] [stdout] 
[INFO] [stdout] error[E0433]: cannot find type `Padding` in this scope
[INFO] [stdout]    --> examples/css_parser_demo.rs:118:26
[INFO] [stdout]     |
[INFO] [stdout] 118 |                 .padding(Padding::symmetric(2, 1))
[INFO] [stdout]     |                          ^^^^^^^ use of undeclared type `Padding`
[INFO] [stdout] 
[INFO] [stdout] 
[INFO] [stdout] error[E0433]: cannot find type `App` in this scope
[INFO] [stdout]    --> examples/css_parser_demo.rs:123:5
[INFO] [stdout]     |
[INFO] [stdout] 123 |     App::new(dom, sheet)?.run()
[INFO] [stdout]     |     ^^^ use of undeclared type `App`
[INFO] [stdout] 
[INFO] [stdout] 
[INFO] [stdout] Some errors have detailed explanations: E0425, E0432, E0433.
[INFO] [stdout] 
[INFO] [stdout] For more information about an error, try `rustc --explain E0425`.
[INFO] [stdout] 
[INFO] [stderr] error: could not compile `rdom-css` (example "css_parser_demo") due to 13 previous errors
[INFO] [stderr] warning: build failed, waiting for other jobs to finish...
[INFO] [stdout] error[E0433]: cannot find module or crate `rdom_tui` in this scope
[INFO] [stdout]  --> tests/integration/colors.rs:7:5
[INFO] [stdout]   |
[INFO] [stdout] 7 | use rdom_tui::style::Value;
[INFO] [stdout]   |     ^^^^^^^^ use of unresolved module or unlinked crate `rdom_tui`
[INFO] [stdout]   |
[INFO] [stdout]   = help: if you wanted to use a crate named `rdom_tui`, use `cargo add rdom_tui` to add it to your `Cargo.toml`
[INFO] [stdout] 
[INFO] [stdout] 
[INFO] [stdout] error[E0433]: cannot find module or crate `rdom_tui` in this scope
[INFO] [stdout]   --> tests/integration/custom_properties.rs:14:5
[INFO] [stdout]    |
[INFO] [stdout] 14 | use rdom_tui::style::Value;
[INFO] [stdout]    |     ^^^^^^^^ use of unresolved module or unlinked crate `rdom_tui`
[INFO] [stdout]    |
[INFO] [stdout]    = help: if you wanted to use a crate named `rdom_tui`, use `cargo add rdom_tui` to add it to your `Cargo.toml`
[INFO] [stdout] 
[INFO] [stdout] 
[INFO] [stdout] error[E0432]: unresolved import `rdom_tui`
[INFO] [stdout]  --> tests/integration/colors.rs:8:5
[INFO] [stdout]   |
[INFO] [stdout] 8 | use rdom_tui::{Color, TuiColor};
[INFO] [stdout]   |     ^^^^^^^^ use of unresolved module or unlinked crate `rdom_tui`
[INFO] [stdout]   |
[INFO] [stdout]   = help: if you wanted to use a crate named `rdom_tui`, use `cargo add rdom_tui` to add it to your `Cargo.toml`
[INFO] [stdout] 
[INFO] [stdout] 
[INFO] [stdout] error[E0433]: cannot find module or crate `rdom_tui` in this scope
[INFO] [stdout]  --> tests/integration/important.rs:8:5
[INFO] [stdout]   |
[INFO] [stdout] 8 | use rdom_tui::style::{ImportantMask, Value};
[INFO] [stdout]   |     ^^^^^^^^ use of unresolved module or unlinked crate `rdom_tui`
[INFO] [stdout]   |
[INFO] [stdout]   = help: if you wanted to use a crate named `rdom_tui`, use `cargo add rdom_tui` to add it to your `Cargo.toml`
[INFO] [stdout] 
[INFO] [stdout] 
[INFO] [stdout] error[E0432]: unresolved import `rdom_tui`
[INFO] [stdout]   --> tests/integration/custom_properties.rs:15:5
[INFO] [stdout]    |
[INFO] [stdout] 15 | use rdom_tui::{Color, TuiColor};
[INFO] [stdout]    |     ^^^^^^^^ use of unresolved module or unlinked crate `rdom_tui`
[INFO] [stdout]    |
[INFO] [stdout]    = help: if you wanted to use a crate named `rdom_tui`, use `cargo add rdom_tui` to add it to your `Cargo.toml`
[INFO] [stdout] 
[INFO] [stdout] 
[INFO] [stdout] error[E0433]: cannot find module or crate `rdom_tui` in this scope
[INFO] [stdout]  --> tests/integration/lengths.rs:7:5
[INFO] [stdout]   |
[INFO] [stdout] 7 | use rdom_tui::layout::Size;
[INFO] [stdout]   |     ^^^^^^^^ use of unresolved module or unlinked crate `rdom_tui`
[INFO] [stdout]   |
[INFO] [stdout]   = help: if you wanted to use a crate named `rdom_tui`, use `cargo add rdom_tui` to add it to your `Cargo.toml`
[INFO] [stdout] 
[INFO] [stdout] 
[INFO] [stdout] error[E0433]: cannot find module or crate `rdom_tui` in this scope
[INFO] [stdout]  --> tests/integration/lengths.rs:8:5
[INFO] [stdout]   |
[INFO] [stdout] 8 | use rdom_tui::style::Value;
[INFO] [stdout]   |     ^^^^^^^^ use of unresolved module or unlinked crate `rdom_tui`
[INFO] [stdout]   |
[INFO] [stdout]   = help: if you wanted to use a crate named `rdom_tui`, use `cargo add rdom_tui` to add it to your `Cargo.toml`
[INFO] [stdout] 
[INFO] [stdout] 
[INFO] [stdout] error[E0433]: cannot find module or crate `rdom_tui` in this scope
[INFO] [stdout]   --> tests/integration/padding_shorthand.rs:13:5
[INFO] [stdout]    |
[INFO] [stdout] 13 | use rdom_tui::layout::{Padding, PaddingValue};
[INFO] [stdout]    |     ^^^^^^^^ use of unresolved module or unlinked crate `rdom_tui`
[INFO] [stdout]    |
[INFO] [stdout]    = help: if you wanted to use a crate named `rdom_tui`, use `cargo add rdom_tui` to add it to your `Cargo.toml`
[INFO] [stdout] 
[INFO] [stdout] 
[INFO] [stdout] error[E0433]: cannot find module or crate `rdom_tui` in this scope
[INFO] [stdout]   --> tests/integration/padding_shorthand.rs:14:5
[INFO] [stdout]    |
[INFO] [stdout] 14 | use rdom_tui::style::Value;
[INFO] [stdout]    |     ^^^^^^^^ use of unresolved module or unlinked crate `rdom_tui`
[INFO] [stdout]    |
[INFO] [stdout]    = help: if you wanted to use a crate named `rdom_tui`, use `cargo add rdom_tui` to add it to your `Cargo.toml`
[INFO] [stdout] 
[INFO] [stdout] 
[INFO] [stdout] error[E0433]: cannot find module or crate `rdom_tui` in this scope
[INFO] [stdout]   --> tests/integration/positioning.rs:11:5
[INFO] [stdout]    |
[INFO] [stdout] 11 | use rdom_tui::layout::{Length, Position, ZIndex};
[INFO] [stdout]    |     ^^^^^^^^ use of unresolved module or unlinked crate `rdom_tui`
[INFO] [stdout]    |
[INFO] [stdout]    = help: if you wanted to use a crate named `rdom_tui`, use `cargo add rdom_tui` to add it to your `Cargo.toml`
[INFO] [stdout] 
[INFO] [stdout] 
[INFO] [stdout] error[E0433]: cannot find module or crate `rdom_tui` in this scope
[INFO] [stdout]   --> tests/integration/positioning.rs:12:5
[INFO] [stdout]    |
[INFO] [stdout] 12 | use rdom_tui::style::Value;
[INFO] [stdout]    |     ^^^^^^^^ use of unresolved module or unlinked crate `rdom_tui`
[INFO] [stdout]    |
[INFO] [stdout]    = help: if you wanted to use a crate named `rdom_tui`, use `cargo add rdom_tui` to add it to your `Cargo.toml`
[INFO] [stdout] 
[INFO] [stdout] 
[INFO] [stdout] error[E0433]: cannot find module or crate `rdom_tui` in this scope
[INFO] [stdout]  --> tests/integration/properties.rs:8:5
[INFO] [stdout]   |
[INFO] [stdout] 8 | use rdom_tui::layout::{
[INFO] [stdout]   |     ^^^^^^^^ use of unresolved module or unlinked crate `rdom_tui`
[INFO] [stdout]   |
[INFO] [stdout]   = help: if you wanted to use a crate named `rdom_tui`, use `cargo add rdom_tui` to add it to your `Cargo.toml`
[INFO] [stdout] 
[INFO] [stdout] 
[INFO] [stdout] error[E0433]: cannot find module or crate `rdom_tui` in this scope
[INFO] [stdout]   --> tests/integration/properties.rs:11:5
[INFO] [stdout]    |
[INFO] [stdout] 11 | use rdom_tui::style::{Content, Value};
[INFO] [stdout]    |     ^^^^^^^^ use of unresolved module or unlinked crate `rdom_tui`
[INFO] [stdout]    |
[INFO] [stdout]    = help: if you wanted to use a crate named `rdom_tui`, use `cargo add rdom_tui` to add it to your `Cargo.toml`
[INFO] [stdout] 
[INFO] [stdout] 
[INFO] [stdout] error[E0432]: unresolved import `rdom_tui`
[INFO] [stdout]  --> tests/integration/important.rs:9:5
[INFO] [stdout]   |
[INFO] [stdout] 9 | use rdom_tui::{Color, TuiColor};
[INFO] [stdout]   |     ^^^^^^^^ use of unresolved module or unlinked crate `rdom_tui`
[INFO] [stdout]   |
[INFO] [stdout]   = help: if you wanted to use a crate named `rdom_tui`, use `cargo add rdom_tui` to add it to your `Cargo.toml`
[INFO] [stdout] 
[INFO] [stdout] 
[INFO] [stdout] error[E0433]: cannot find module or crate `rdom_tui` in this scope
[INFO] [stdout]  --> tests/integration/round_trip.rs:8:5
[INFO] [stdout]   |
[INFO] [stdout] 8 | use rdom_tui::layout::{Display, Padding, PaddingValue, Size};
[INFO] [stdout]   |     ^^^^^^^^ use of unresolved module or unlinked crate `rdom_tui`
[INFO] [stdout]   |
[INFO] [stdout]   = help: if you wanted to use a crate named `rdom_tui`, use `cargo add rdom_tui` to add it to your `Cargo.toml`
[INFO] [stdout] 
[INFO] [stdout] 
[INFO] [stdout] error[E0432]: unresolved import `rdom_tui`
[INFO] [stdout]   --> tests/integration/properties.rs:12:5
[INFO] [stdout]    |
[INFO] [stdout] 12 | use rdom_tui::{Color, TuiColor};
[INFO] [stdout]    |     ^^^^^^^^ use of unresolved module or unlinked crate `rdom_tui`
[INFO] [stdout]    |
[INFO] [stdout]    = help: if you wanted to use a crate named `rdom_tui`, use `cargo add rdom_tui` to add it to your `Cargo.toml`
[INFO] [stdout] 
[INFO] [stdout] 
[INFO] [stdout] error[E0433]: cannot find module or crate `rdom_tui` in this scope
[INFO] [stdout]  --> tests/integration/transitions.rs:6:5
[INFO] [stdout]   |
[INFO] [stdout] 6 | use rdom_tui::style::Value;
[INFO] [stdout]   |     ^^^^^^^^ use of unresolved module or unlinked crate `rdom_tui`
[INFO] [stdout]   |
[INFO] [stdout]   = help: if you wanted to use a crate named `rdom_tui`, use `cargo add rdom_tui` to add it to your `Cargo.toml`
[INFO] [stdout] 
[INFO] [stdout] 
[INFO] [stdout] error[E0433]: cannot find module or crate `rdom_tui` in this scope
[INFO] [stdout]  --> tests/integration/transitions.rs:7:5
[INFO] [stdout]   |
[INFO] [stdout] 7 | use rdom_tui::style::transition::{AnimatableProperty, TimingFunction, TransitionProperty};
[INFO] [stdout]   |     ^^^^^^^^ use of unresolved module or unlinked crate `rdom_tui`
[INFO] [stdout]   |
[INFO] [stdout]   = help: if you wanted to use a crate named `rdom_tui`, use `cargo add rdom_tui` to add it to your `Cargo.toml`
[INFO] [stdout] 
[INFO] [stdout] 
[INFO] [stdout] error[E0432]: unresolved import `rdom_tui`
[INFO] [stdout]  --> tests/integration/round_trip.rs:9:5
[INFO] [stdout]   |
[INFO] [stdout] 9 | use rdom_tui::{Color, Stylesheet, TuiColor, TuiStyle};
[INFO] [stdout]   |     ^^^^^^^^ use of unresolved module or unlinked crate `rdom_tui`
[INFO] [stdout]   |
[INFO] [stdout]   = help: if you wanted to use a crate named `rdom_tui`, use `cargo add rdom_tui` to add it to your `Cargo.toml`
[INFO] [stdout] 
[INFO] [stdout] 
[INFO] [stdout] error[E0425]: cannot find type `TuiDom` in this scope
[INFO] [stdout]    --> examples/positioning_demo.rs:163:18
[INFO] [stdout]     |
[INFO] [stdout] 163 |     let mut dom: TuiDom = TuiDom::new();
[INFO] [stdout]     |                  ^^^^^^ not found in this scope
[INFO] [stdout] 
[INFO] [stdout] 
[INFO] [stdout] error[E0433]: cannot find type `TuiDom` in this scope
[INFO] [stdout]    --> examples/positioning_demo.rs:163:27
[INFO] [stdout]     |
[INFO] [stdout] 163 |     let mut dom: TuiDom = TuiDom::new();
[INFO] [stdout]     |                           ^^^^^^ use of undeclared type `TuiDom`
[INFO] [stdout] 
[INFO] [stdout] 
[INFO] [stdout] error[E0433]: cannot find type `Stylesheet` in this scope
[INFO] [stdout]    --> examples/positioning_demo.rs:177:17
[INFO] [stdout]     |
[INFO] [stdout] 177 |     let sheet = Stylesheet::new();
[INFO] [stdout]     |                 ^^^^^^^^^^ use of undeclared type `Stylesheet`
[INFO] [stdout] 
[INFO] [stdout] 
[INFO] [stdout] error[E0433]: cannot find type `TuiStyle` in this scope
[INFO] [stdout]    --> examples/positioning_demo.rs:193:13
[INFO] [stdout]     |
[INFO] [stdout] 193 |             TuiStyle::new()
[INFO] [stdout]     |             ^^^^^^^^ use of undeclared type `TuiStyle`
[INFO] [stdout] 
[INFO] [stdout] 
[INFO] [stdout] error[E0433]: cannot find type `Flow` in this scope
[INFO] [stdout]    --> examples/positioning_demo.rs:194:23
[INFO] [stdout]     |
[INFO] [stdout] 194 |                 .flow(Flow::Flex)
[INFO] [stdout]     |                       ^^^^ use of undeclared type `Flow`
[INFO] [stdout] 
[INFO] [stdout] 
[INFO] [stdout] error[E0433]: cannot find type `Direction` in this scope
[INFO] [stdout]    --> examples/positioning_demo.rs:195:28
[INFO] [stdout]     |
[INFO] [stdout] 195 |                 .direction(Direction::Column)
[INFO] [stdout]     |                            ^^^^^^^^^ use of undeclared type `Direction`
[INFO] [stdout] 
[INFO] [stdout] 
[INFO] [stdout] error[E0433]: cannot find type `Size` in this scope
[INFO] [stdout]    --> examples/positioning_demo.rs:196:24
[INFO] [stdout]     |
[INFO] [stdout] 196 |                 .width(Size::Flex(1))
[INFO] [stdout]     |                        ^^^^ use of undeclared type `Size`
[INFO] [stdout]     |
[INFO] [stdout] help: a trait with a similar name exists
[INFO] [stdout]     |
[INFO] [stdout] 196 |                 .width(Sized::Flex(1))
[INFO] [stdout]     |                            +
[INFO] [stdout] 
[INFO] [stdout] 
[INFO] [stdout] error[E0433]: cannot find type `Size` in this scope
[INFO] [stdout]    --> examples/positioning_demo.rs:197:25
[INFO] [stdout]     |
[INFO] [stdout] 197 |                 .height(Size::Flex(1)),
[INFO] [stdout]     |                         ^^^^ use of undeclared type `Size`
[INFO] [stdout]     |
[INFO] [stdout] help: a trait with a similar name exists
[INFO] [stdout]     |
[INFO] [stdout] 197 |                 .height(Sized::Flex(1)),
[INFO] [stdout]     |                             +
[INFO] [stdout] 
[INFO] [stdout] 
[INFO] [stdout] error[E0433]: cannot find type `App` in this scope
[INFO] [stdout]    --> examples/positioning_demo.rs:201:5
[INFO] [stdout]     |
[INFO] [stdout] 201 |     App::new(dom, sheet)?.run()
[INFO] [stdout]     |     ^^^ use of undeclared type `App`
[INFO] [stdout] 
[INFO] [stdout] 
[INFO] [stdout] Some errors have detailed explanations: E0425, E0432, E0433.
[INFO] [stdout] 
[INFO] [stdout] For more information about an error, try `rustc --explain E0425`.
[INFO] [stdout] 
[INFO] [stderr] error: could not compile `rdom-css` (example "positioning_demo") due to 12 previous errors
[INFO] [stdout] error[E0433]: cannot find module or crate `rdom_tui` in this scope
[INFO] [stdout]    --> tests/integration/custom_properties.rs:109:14
[INFO] [stdout]     |
[INFO] [stdout] 109 |         vec![rdom_tui::style::CustomDeclaration {
[INFO] [stdout]     |              ^^^^^^^^ use of unresolved module or unlinked crate `rdom_tui`
[INFO] [stdout]     |
[INFO] [stdout]     = help: if you wanted to use a crate named `rdom_tui`, use `cargo add rdom_tui` to add it to your `Cargo.toml`
[INFO] [stdout] 
[INFO] [stdout] 
[INFO] [stdout] error[E0433]: cannot find module or crate `rdom_tui` in this scope
[INFO] [stdout]    --> tests/integration/round_trip.rs:138:41
[INFO] [stdout]     |
[INFO] [stdout] 138 | fn author_rules(s: &Stylesheet) -> Vec<&rdom_tui::style::Rule> {
[INFO] [stdout]     |                                         ^^^^^^^^ use of unresolved module or unlinked crate `rdom_tui`
[INFO] [stdout]     |
[INFO] [stdout]     = help: if you wanted to use a crate named `rdom_tui`, use `cargo add rdom_tui` to add it to your `Cargo.toml`
[INFO] [stdout] 
[INFO] [stdout] 
[INFO] [stdout] error[E0433]: cannot find module or crate `rdom_tui` in this scope
[INFO] [stdout]    --> tests/integration/round_trip.rs:141:33
[INFO] [stdout]     |
[INFO] [stdout] 141 |         .filter(|r| r.origin == rdom_tui::style::RuleOrigin::Author)
[INFO] [stdout]     |                                 ^^^^^^^^ use of unresolved module or unlinked crate `rdom_tui`
[INFO] [stdout]     |
[INFO] [stdout]     = help: if you wanted to use a crate named `rdom_tui`, use `cargo add rdom_tui` to add it to your `Cargo.toml`
[INFO] [stdout] 
[INFO] [stdout] 
[INFO] [stdout] error[E0433]: cannot find module or crate `rdom_tui` in this scope
[INFO] [stdout]    --> tests/integration/transitions.rs:258:27
[INFO] [stdout]     |
[INFO] [stdout] 258 |                 position: rdom_tui::style::transition::StepPosition::JumpBoth
[INFO] [stdout]     |                           ^^^^^^^^ use of unresolved module or unlinked crate `rdom_tui`
[INFO] [stdout]     |
[INFO] [stdout]     = help: if you wanted to use a crate named `rdom_tui`, use `cargo add rdom_tui` to add it to your `Cargo.toml`
[INFO] [stdout] 
[INFO] [stdout] 
[INFO] [stdout] error[E0425]: cannot find type `TuiDom` in this scope
[INFO] [stdout]    --> examples/transitions_demo.rs:156:18
[INFO] [stdout]     |
[INFO] [stdout] 156 |     let mut dom: TuiDom = TuiDom::new();
[INFO] [stdout]     |                  ^^^^^^ not found in this scope
[INFO] [stdout] 
[INFO] [stdout] 
[INFO] [stdout] error[E0425]: cannot find type `TuiDom` in this scope
[INFO] [stdout]    --> examples/transitions_demo.rs:197:15
[INFO] [stdout]     |
[INFO] [stdout] 197 |         dom: &TuiDom,
[INFO] [stdout]     |               ^^^^^^ not found in this scope
[INFO] [stdout] 
[INFO] [stdout] 
[INFO] [stdout] error[E0433]: cannot find type `TuiDom` in this scope
[INFO] [stdout]    --> examples/transitions_demo.rs:156:27
[INFO] [stdout]     |
[INFO] [stdout] 156 |     let mut dom: TuiDom = TuiDom::new();
[INFO] [stdout]     |                           ^^^^^^ use of undeclared type `TuiDom`
[INFO] [stdout] 
[INFO] [stdout] 
[INFO] [stdout] error[E0433]: cannot find type `Stylesheet` in this scope
[INFO] [stdout]    --> examples/transitions_demo.rs:170:17
[INFO] [stdout]     |
[INFO] [stdout] 170 |     let sheet = Stylesheet::new();
[INFO] [stdout]     |                 ^^^^^^^^^^ use of undeclared type `Stylesheet`
[INFO] [stdout] 
[INFO] [stdout] 
[INFO] [stdout] error[E0433]: cannot find type `TuiStyle` in this scope
[INFO] [stdout]    --> examples/transitions_demo.rs:186:13
[INFO] [stdout]     |
[INFO] [stdout] 186 |             TuiStyle::new()
[INFO] [stdout]     |             ^^^^^^^^ use of undeclared type `TuiStyle`
[INFO] [stdout] 
[INFO] [stdout] 
[INFO] [stdout] error[E0433]: cannot find type `Flow` in this scope
[INFO] [stdout]    --> examples/transitions_demo.rs:187:23
[INFO] [stdout]     |
[INFO] [stdout] 187 |                 .flow(Flow::Flex)
[INFO] [stdout]     |                       ^^^^ use of undeclared type `Flow`
[INFO] [stdout] 
[INFO] [stdout] 
[INFO] [stdout] error[E0433]: cannot find type `Direction` in this scope
[INFO] [stdout]    --> examples/transitions_demo.rs:188:28
[INFO] [stdout]     |
[INFO] [stdout] 188 |                 .direction(Direction::Column)
[INFO] [stdout]     |                            ^^^^^^^^^ use of undeclared type `Direction`
[INFO] [stdout] 
[INFO] [stdout] 
[INFO] [stdout] error[E0433]: cannot find type `Size` in this scope
[INFO] [stdout]    --> examples/transitions_demo.rs:189:24
[INFO] [stdout]     |
[INFO] [stdout] 189 |                 .width(Size::Flex(1))
[INFO] [stdout]     |                        ^^^^ use of undeclared type `Size`
[INFO] [stdout]     |
[INFO] [stdout] help: a trait with a similar name exists
[INFO] [stdout]     |
[INFO] [stdout] 189 |                 .width(Sized::Flex(1))
[INFO] [stdout]     |                            +
[INFO] [stdout] 
[INFO] [stdout] 
[INFO] [stdout] error[E0433]: cannot find type `Size` in this scope
[INFO] [stdout]    --> examples/transitions_demo.rs:190:25
[INFO] [stdout]     |
[INFO] [stdout] 190 |                 .height(Size::Flex(1)),
[INFO] [stdout]     |                         ^^^^ use of undeclared type `Size`
[INFO] [stdout]     |
[INFO] [stdout] help: a trait with a similar name exists
[INFO] [stdout]     |
[INFO] [stdout] 190 |                 .height(Sized::Flex(1)),
[INFO] [stdout]     |                             +
[INFO] [stdout] 
[INFO] [stdout] 
[INFO] [stdout] error[E0433]: cannot find type `App` in this scope
[INFO] [stdout]    --> examples/transitions_demo.rs:243:5
[INFO] [stdout]     |
[INFO] [stdout] 243 |     App::new(dom, sheet)?.run()
[INFO] [stdout]     |     ^^^ use of undeclared type `App`
[INFO] [stdout] 
[INFO] [stdout] 
[INFO] [stdout] Some errors have detailed explanations: E0425, E0432, E0433.
[INFO] [stdout] 
[INFO] [stdout] For more information about an error, try `rustc --explain E0425`.
[INFO] [stdout] 
[INFO] [stderr] error: could not compile `rdom-css` (example "transitions_demo") due to 15 previous errors
[INFO] [stdout] error[E0433]: cannot find module or crate `rdom_tui` in this scope
[INFO] [stdout]   --> tests/integration/important.rs:11:33
[INFO] [stdout]    |
[INFO] [stdout] 11 | fn first_style(source: &str) -> rdom_tui::TuiStyle {
[INFO] [stdout]    |                                 ^^^^^^^^ use of unresolved module or unlinked crate `rdom_tui`
[INFO] [stdout]    |
[INFO] [stdout]    = help: if you wanted to use a crate named `rdom_tui`, use `cargo add rdom_tui` to add it to your `Cargo.toml`
[INFO] [stdout] 
[INFO] [stdout] 
[INFO] [stdout] error[E0433]: cannot find module or crate `rdom_tui` in this scope
[INFO] [stdout]   --> tests/integration/positioning.rs:14:33
[INFO] [stdout]    |
[INFO] [stdout] 14 | fn first_style(source: &str) -> rdom_tui::TuiStyle {
[INFO] [stdout]    |                                 ^^^^^^^^ use of unresolved module or unlinked crate `rdom_tui`
[INFO] [stdout]    |
[INFO] [stdout]    = help: if you wanted to use a crate named `rdom_tui`, use `cargo add rdom_tui` to add it to your `Cargo.toml`
[INFO] [stdout] 
[INFO] [stdout] 
[INFO] [stdout] error[E0433]: cannot find module or crate `rdom_tui` in this scope
[INFO] [stdout]   --> tests/integration/properties.rs:14:33
[INFO] [stdout]    |
[INFO] [stdout] 14 | fn first_style(source: &str) -> rdom_tui::TuiStyle {
[INFO] [stdout]    |                                 ^^^^^^^^ use of unresolved module or unlinked crate `rdom_tui`
[INFO] [stdout]    |
[INFO] [stdout]    = help: if you wanted to use a crate named `rdom_tui`, use `cargo add rdom_tui` to add it to your `Cargo.toml`
[INFO] [stdout] 
[INFO] [stdout] 
[INFO] [stdout] error[E0433]: cannot find module or crate `rdom_tui` in this scope
[INFO] [stdout]  --> tests/integration/transitions.rs:9:33
[INFO] [stdout]   |
[INFO] [stdout] 9 | fn first_style(source: &str) -> rdom_tui::TuiStyle {
[INFO] [stdout]   |                                 ^^^^^^^^ use of unresolved module or unlinked crate `rdom_tui`
[INFO] [stdout]   |
[INFO] [stdout]   = help: if you wanted to use a crate named `rdom_tui`, use `cargo add rdom_tui` to add it to your `Cargo.toml`
[INFO] [stdout] 
[INFO] [stdout] 
[INFO] [stdout] Some errors have detailed explanations: E0432, E0433.
[INFO] [stdout] 
[INFO] [stdout] For more information about an error, try `rustc --explain E0432`.
[INFO] [stdout] 
[INFO] [stderr] error: could not compile `rdom-css` (test "integration") due to 27 previous errors
[INFO] running `Command { std: "docker" "inspect" "b90a289763c2ddf62939fa63bc35cbb2566e0a8de86d0631ed5f52bcb0d449ac", kill_on_drop: false }`
[INFO] running `Command { std: "docker" "rm" "-f" "b90a289763c2ddf62939fa63bc35cbb2566e0a8de86d0631ed5f52bcb0d449ac", kill_on_drop: false }`
[INFO] [stdout] b90a289763c2ddf62939fa63bc35cbb2566e0a8de86d0631ed5f52bcb0d449ac
