[INFO] fetching crate rdf-store-virtuoso 0.4.4...
[INFO] testing rdf-store-virtuoso-0.4.4 against 1.99.0-beta.8 for beta-1.100-2
[INFO] extracting crate rdf-store-virtuoso 0.4.4 into /workspace/builds/worker-4-tc1/source
[INFO] started tweaking crates.io crate rdf-store-virtuoso 0.4.4
[INFO] removed 0 missing examples
[INFO] finished tweaking crates.io crate rdf-store-virtuoso 0.4.4
[INFO] tweaked toml for crates.io crate rdf-store-virtuoso 0.4.4 written to /workspace/builds/worker-4-tc1/source/Cargo.toml
[INFO] validating manifest of crates.io crate rdf-store-virtuoso 0.4.4 on toolchain 1.99.0-beta.8
[INFO] running `Command { std: CARGO_HOME="/workspace/cargo-home" RUSTUP_HOME="/workspace/rustup-home" "/workspace/cargo-home/bin/cargo" "+1.99.0-beta.8" "metadata" "--manifest-path" "Cargo.toml" "--no-deps", kill_on_drop: false }`
[INFO] crate crates.io crate rdf-store-virtuoso 0.4.4 already has a lockfile, it will not be regenerated
[INFO] running `Command { std: CARGO_HOME="/workspace/cargo-home" RUSTUP_HOME="/workspace/rustup-home" "/workspace/cargo-home/bin/cargo" "+1.99.0-beta.8" "fetch" "--manifest-path" "Cargo.toml", kill_on_drop: false }`
[INFO] [stderr]     Updating crates.io index
[INFO] [stderr]  Downloading crates ...
[INFO] [stderr]   Downloaded rdf-store v0.4.4
[INFO] [stderr]   Downloaded atoi v3.1.0
[INFO] [stderr]   Downloaded odbc-sys v0.31.0
[INFO] [stderr]   Downloaded odbc-api v28.1.1
[INFO] [stderr]   Downloaded aquamarine v0.6.0
[INFO] running `Command { std: "docker" "create" "-v" "/var/lib/crater-agent-workspace/builds/worker-4-tc1/source:/opt/rustwide/workdir:ro,Z" "-v" "/var/lib/crater-agent-workspace/builds/worker-4-tc1/target:/opt/rustwide/target:rw,Z" "-v" "/var/lib/crater-agent-workspace/cargo-home:/opt/rustwide/cargo-home:ro,Z" "-v" "/var/lib/crater-agent-workspace/rustup-home:/opt/rustwide/rustup-home:ro,Z" "-m" "1610612736" "--network" "none" "ghcr.io/rust-lang/crates-build-env/linux@sha256:3111399a4047eeb3a02b7a90e478d715f38a8c6669b5c4b49d30a17385265909" "sleep" "infinity", kill_on_drop: false }`
[INFO] [stdout] d07561f984f6592fc05addd6bdc3ca93c1488c8d7c2ff42b4a2fe206fa8dcc70
[INFO] running `Command { std: "docker" "start" "d07561f984f6592fc05addd6bdc3ca93c1488c8d7c2ff42b4a2fe206fa8dcc70", kill_on_drop: false }`
[INFO] running `Command { std: "docker" "inspect" "d07561f984f6592fc05addd6bdc3ca93c1488c8d7c2ff42b4a2fe206fa8dcc70", kill_on_drop: false }`
[INFO] running `Command { std: "docker" "exec" "-e" "SOURCE_DIR=/opt/rustwide/workdir" "-e" "CARGO_HOME=/opt/rustwide/cargo-home" "-e" "RUSTUP_HOME=/opt/rustwide/rustup-home" "-e" "CARGO_TARGET_DIR=/opt/rustwide/target" "-w" "/opt/rustwide/workdir" "--user" "0:0" "d07561f984f6592fc05addd6bdc3ca93c1488c8d7c2ff42b4a2fe206fa8dcc70" "/opt/rustwide/cargo-home/bin/cargo" "+1.99.0-beta.8" "metadata" "--no-deps" "--format-version=1", kill_on_drop: false }`
[INFO] running `Command { std: "docker" "inspect" "d07561f984f6592fc05addd6bdc3ca93c1488c8d7c2ff42b4a2fe206fa8dcc70", kill_on_drop: false }`
[INFO] running `Command { std: "docker" "exec" "-e" "SOURCE_DIR=/opt/rustwide/workdir" "-e" "CARGO_HOME=/opt/rustwide/cargo-home" "-e" "RUSTUP_HOME=/opt/rustwide/rustup-home" "-e" "CARGO_TARGET_DIR=/opt/rustwide/target" "-e" "CARGO_INCREMENTAL=0" "-e" "RUST_BACKTRACE=full" "-e" "RUSTFLAGS=--cap-lints=warn" "-e" "RUSTDOCFLAGS=--cap-lints=warn" "-w" "/opt/rustwide/workdir" "--user" "0:0" "d07561f984f6592fc05addd6bdc3ca93c1488c8d7c2ff42b4a2fe206fa8dcc70" "/opt/rustwide/cargo-home/bin/cargo" "+1.99.0-beta.8" "build" "--frozen" "--message-format=json", kill_on_drop: false }`
[INFO] [stderr]    Compiling syn v2.0.118
[INFO] [stderr]    Compiling serde_core v1.0.228
[INFO] [stderr]    Compiling zerocopy v0.8.52
[INFO] [stderr]    Compiling libc v0.2.186
[INFO] [stderr]    Compiling serde v1.0.228
[INFO] [stderr]    Compiling siphasher v1.0.3
[INFO] [stderr]    Compiling decorum v0.4.0
[INFO] [stderr]    Compiling num-integer v0.1.46
[INFO] [stderr]    Compiling rust_decimal v1.42.1
[INFO] [stderr]    Compiling phf_shared v0.13.1
[INFO] [stderr]    Compiling serde_json v1.0.150
[INFO] [stderr]    Compiling fastrand v2.4.1
[INFO] [stderr]    Compiling arrayvec v0.7.7
[INFO] [stderr]    Compiling iri-string v0.7.12
[INFO] [stderr]    Compiling futures-sink v0.3.32
[INFO] [stderr]    Compiling heapless v0.9.3
[INFO] [stderr]    Compiling phf_generator v0.13.1
[INFO] [stderr]    Compiling futures-channel v0.3.32
[INFO] [stderr]    Compiling hash32 v0.3.1
[INFO] [stderr]    Compiling num-bigint v0.4.6
[INFO] [stderr]    Compiling num-rational v0.4.2
[INFO] [stderr]    Compiling num-complex v0.4.6
[INFO] [stderr]    Compiling oxiri v0.2.11
[INFO] [stderr]    Compiling oxilangtag v0.1.6
[INFO] [stderr]    Compiling slab v0.4.12
[INFO] [stderr]    Compiling strum v0.28.0
[INFO] [stderr]    Compiling odbc-sys v0.31.0
[INFO] [stderr]    Compiling include_dir_macros v0.7.4
[INFO] [stderr]    Compiling getrandom v0.3.4
[INFO] [stderr]    Compiling proc-macro-error-attr2 v2.0.0
[INFO] [stderr]    Compiling either v1.16.0
[INFO] [stderr]    Compiling rand_core v0.9.5
[INFO] [stderr]    Compiling known-languages v0.0.2
[INFO] [stderr]    Compiling proc-macro-error2 v2.0.1
[INFO] [stderr]    Compiling itertools v0.10.5
[INFO] [stderr]    Compiling include_dir v0.7.4
[INFO] [stderr]    Compiling atoi v3.1.0
[INFO] [stderr]    Compiling widestring v1.2.1
[INFO] [stderr]    Compiling known-schemes v0.2.1
[INFO] [stderr]    Compiling dogma v0.1.11
[INFO] [stderr]    Compiling jiff v0.2.29
[INFO] [stderr]    Compiling zerocopy-derive v0.8.52
[INFO] [stderr]    Compiling thiserror-impl v2.0.18
[INFO] [stderr]    Compiling serde_derive v1.0.228
[INFO] [stderr]    Compiling futures-macro v0.3.32
[INFO] [stderr]    Compiling phf_macros v0.13.1
[INFO] [stderr]    Compiling strum_macros v0.28.0
[INFO] [stderr]    Compiling phf v0.13.1
[INFO] [stderr]    Compiling async-stream-impl v0.3.6
[INFO] [stderr]    Compiling futures-util v0.3.32
[INFO] [stderr]    Compiling tokio-macros v2.7.0
[INFO] [stderr]    Compiling async-stream v0.3.6
[INFO] [stderr]    Compiling derive_more-impl v2.1.1
[INFO] [stderr]    Compiling thiserror v2.0.18
[INFO] [stderr]    Compiling oxsdatatypes v0.2.2
[INFO] [stderr]    Compiling tokio v1.52.3
[INFO] [stderr]    Compiling odbc-api v28.1.1
[INFO] [stderr]    Compiling aquamarine v0.6.0
[INFO] [stderr]    Compiling derive_more v2.1.1
[INFO] [stderr]    Compiling futures-executor v0.3.32
[INFO] [stderr]    Compiling futures v0.3.32
[INFO] [stderr]    Compiling ppv-lite86 v0.2.21
[INFO] [stderr]    Compiling half v2.7.1
[INFO] [stderr]    Compiling valuand v0.1.0
[INFO] [stderr]    Compiling rand_chacha v0.9.0
[INFO] [stderr]    Compiling rand v0.9.4
[INFO] [stderr]    Compiling oxrdf v0.3.3
[INFO] [stderr]    Compiling xsd v0.4.4
[INFO] [stderr]    Compiling rdf-model v0.4.4
[INFO] [stderr]    Compiling rdf-store v0.4.4
[INFO] [stderr]    Compiling rdf-store-virtuoso v0.4.4 (/opt/rustwide/workdir)
[INFO] [stderr]     Finished `dev` profile [unoptimized + debuginfo] target(s) in 1m 04s
[INFO] [stderr] warning: the following packages contain code that will be rejected by a future version of Rust: proc-macro-error2 v2.0.1
[INFO] [stderr] note: to see what the problems were, use the option `--future-incompat-report`, or run `cargo report future-incompatibilities --id 2`
[INFO] running `Command { std: "docker" "inspect" "d07561f984f6592fc05addd6bdc3ca93c1488c8d7c2ff42b4a2fe206fa8dcc70", kill_on_drop: false }`
[INFO] running `Command { std: "docker" "exec" "-e" "SOURCE_DIR=/opt/rustwide/workdir" "-e" "CARGO_HOME=/opt/rustwide/cargo-home" "-e" "RUSTUP_HOME=/opt/rustwide/rustup-home" "-e" "CARGO_TARGET_DIR=/opt/rustwide/target" "-e" "CARGO_INCREMENTAL=0" "-e" "RUST_BACKTRACE=full" "-e" "RUSTFLAGS=--cap-lints=warn" "-e" "RUSTDOCFLAGS=--cap-lints=warn" "-w" "/opt/rustwide/workdir" "--user" "0:0" "d07561f984f6592fc05addd6bdc3ca93c1488c8d7c2ff42b4a2fe206fa8dcc70" "/opt/rustwide/cargo-home/bin/cargo" "+1.99.0-beta.8" "test" "--frozen" "--no-run" "--message-format=json", kill_on_drop: false }`
[INFO] [stderr]    Compiling rdf-store-virtuoso v0.4.4 (/opt/rustwide/workdir)
[INFO] [stdout] error: linking with `cc` failed: exit status: 1
[INFO] [stdout]   |
[INFO] [stdout]   = note:  "cc" "-m64" "/opt/rustwide/target/debug/deps/rustcx1SCK0/symbols.o" "<2 object files omitted>" "-Wl,--as-needed" "-Wl,-Bstatic" "<sysroot>/lib/rustlib/x86_64-unknown-linux-gnu/lib/{libtest-*,libgetopts-*,librustc_std_workspace_std-*}.rlib" "/opt/rustwide/target/debug/deps/{libodbc_api-854f86a6104b6051,libwidestring-bece949360cd5631,libodbc_sys-26e7dd1d75177e01,libatoi-29ffb82065d9602a,liblog-64a74e931fbdff63,libderive_more-a28322a45bca618f,librdf_store-ffbd2a899fe7a3d2,libfutures-da3324f4b064ede1,libfutures_executor-1967b132fe114e44,libfutures_util-f84002afda8d691d,libfutures_io-a8805bd12b2ab705,libslab-ed301aba3460fb05,libfutures_channel-bd7c0550db5745e8,libfutures_sink-2422b5cc970bfebd,libfutures_task-36f327cfab86eddc,libasync_stream-97a9a61e6b4cbdbc,libfutures_core-1121ff913ed87f93,libtokio-3c80c932230c4ba3,libpin_project_lite-0a15d51c77964692,librdf_model-9cf1a5adfec29106,libdogma-b6b7d2c80d7f1bcb,libxsd-64fff4d15e01cd9f,liboxrdf-7ff52a512bee100e,liboxiri-3e21d55eabff3a20,liboxilangtag-835004200c539f62,librand-e882c17bdc677c32,librand_chacha-30ef426afe02b5d0,libppv_lite86-72ee764c1c4b3cb6,librand_core-3cf5aca816075c64,libgetrandom-4ec3b5b0fa4a9fe6,liblibc-3f4d132cace8d8bf,libvaluand-b4fba0f2a9bff2f0,libnum_complex-e46d09e7045f2302,libhalf-cc286f46fb9ab490,libcfg_if-83060ec5685761ae,libzerocopy-ded1260ee9cc734b,libdecorum-4aa6d80bfa199aa5,libthiserror-72a1045e253b5e17,librust_decimal-388fe00d87bbd43d,libarrayvec-682cdd0c4c1e3d7f,libnum_traits-c2765a255388353b,libserde-2d66eb812aec6d38,libserde_json-abae6a7390f0eaca,libmemchr-2857f5b45a031ab1,libitoa-5de11b3b23bfe572,libzmij-ef63f1da73704b4c,libindexmap-b92bb9c25241b995,libequivalent-6a754676e6af62ae,libhashbrown-d7214d631586fd51,libphf-a7a04c47c0b0e399,libphf_shared-8a9921313fa07244,libsiphasher-b16e808df37ae9fc,libjiff-81ba658cd8b24cad,libserde_core-21f22ac7b803fb0e}.rlib" "<sysroot>/lib/rustlib/x86_64-unknown-linux-gnu/lib/{libstd-*,libpanic_unwind-*,libobject-*,libmemchr-*,libaddr2line-*,libgimli-*,libcfg_if-*,librustc_demangle-*,libstd_detect-*,libhashbrown-*,librustc_std_workspace_alloc-*,libminiz_oxide-*,libadler2-*,libunwind-*,liblibc-*,librustc_std_workspace_core-*,liballoc-*,libcore-*,libcompiler_builtins-*}.rlib" "-Wl,-Bdynamic" "-lodbc" "-lc" "-lm" "-lrt" "-lpthread" "-lgcc_s" "-lutil" "-lrt" "-lpthread" "-lm" "-ldl" "-lc" "-L" "/opt/rustwide/target/debug/deps/rustcx1SCK0/raw-dylibs" "-B<sysroot>/lib/rustlib/x86_64-unknown-linux-gnu/bin/gcc-ld" "-fuse-ld=lld" "-Wl,--eh-frame-hdr" "-Wl,-z,noexecstack" "-L" "<sysroot>/lib/rustlib/x86_64-unknown-linux-gnu/lib" "-o" "/opt/rustwide/target/debug/deps/rdf_store_virtuoso-f6fe253a966cdba9" "-Wl,--gc-sections" "-pie" "-Wl,-z,relro,-z,now" "-nodefaultlibs"
[INFO] [stdout]   = note: some arguments are omitted. use `--verbose` to show all linker arguments
[INFO] [stdout]   = note: rust-lld: error: unable to find library -lodbc
[INFO] [stdout]           collect2: error: ld returned 1 exit status
[INFO] [stdout]           
[INFO] [stdout] 
[INFO] [stdout] 
[INFO] [stderr] error: could not compile `rdf-store-virtuoso` (lib test) due to 1 previous error
[INFO] [stderr] warning: build failed, waiting for other jobs to finish...
[INFO] [stdout] error: linking with `cc` failed: exit status: 1
[INFO] [stdout]   |
[INFO] [stdout]   = note:  "cc" "-m64" "/opt/rustwide/target/debug/examples/rustc9x4NR2/symbols.o" "<2 object files omitted>" "-Wl,--as-needed" "-Wl,-Bstatic" "/opt/rustwide/target/debug/deps/{librdf_store_virtuoso-e86eb26b0d5a2eb3,libodbc_api-854f86a6104b6051,libwidestring-bece949360cd5631,libodbc_sys-26e7dd1d75177e01,libatoi-29ffb82065d9602a,liblog-64a74e931fbdff63,libderive_more-a28322a45bca618f,librdf_store-ffbd2a899fe7a3d2,libfutures-da3324f4b064ede1,libfutures_executor-1967b132fe114e44,libfutures_util-f84002afda8d691d,libfutures_io-a8805bd12b2ab705,libslab-ed301aba3460fb05,libfutures_channel-bd7c0550db5745e8,libfutures_sink-2422b5cc970bfebd,libfutures_task-36f327cfab86eddc,libasync_stream-97a9a61e6b4cbdbc,libfutures_core-1121ff913ed87f93,libtokio-3c80c932230c4ba3,libpin_project_lite-0a15d51c77964692,librdf_model-9cf1a5adfec29106,libdogma-b6b7d2c80d7f1bcb,libxsd-64fff4d15e01cd9f,liboxrdf-7ff52a512bee100e,liboxiri-3e21d55eabff3a20,liboxilangtag-835004200c539f62,librand-e882c17bdc677c32,librand_chacha-30ef426afe02b5d0,libppv_lite86-72ee764c1c4b3cb6,librand_core-3cf5aca816075c64,libgetrandom-4ec3b5b0fa4a9fe6,liblibc-3f4d132cace8d8bf,libvaluand-b4fba0f2a9bff2f0,libnum_complex-e46d09e7045f2302,libhalf-cc286f46fb9ab490,libcfg_if-83060ec5685761ae,libzerocopy-ded1260ee9cc734b,libdecorum-4aa6d80bfa199aa5,libthiserror-72a1045e253b5e17,librust_decimal-388fe00d87bbd43d,libarrayvec-682cdd0c4c1e3d7f,libnum_traits-c2765a255388353b,libserde-2d66eb812aec6d38,libserde_json-abae6a7390f0eaca,libmemchr-2857f5b45a031ab1,libitoa-5de11b3b23bfe572,libzmij-ef63f1da73704b4c,libindexmap-b92bb9c25241b995,libequivalent-6a754676e6af62ae,libhashbrown-d7214d631586fd51,libphf-a7a04c47c0b0e399,libphf_shared-8a9921313fa07244,libsiphasher-b16e808df37ae9fc,libjiff-81ba658cd8b24cad,libserde_core-21f22ac7b803fb0e}.rlib" "<sysroot>/lib/rustlib/x86_64-unknown-linux-gnu/lib/{libstd-*,libpanic_unwind-*,libobject-*,libmemchr-*,libaddr2line-*,libgimli-*,libcfg_if-*,librustc_demangle-*,libstd_detect-*,libhashbrown-*,librustc_std_workspace_alloc-*,libminiz_oxide-*,libadler2-*,libunwind-*,liblibc-*,librustc_std_workspace_core-*,liballoc-*,libcore-*,libcompiler_builtins-*}.rlib" "-Wl,-Bdynamic" "-lodbc" "-lc" "-lm" "-lrt" "-lpthread" "-lgcc_s" "-lutil" "-lrt" "-lpthread" "-lm" "-ldl" "-lc" "-L" "/opt/rustwide/target/debug/examples/rustc9x4NR2/raw-dylibs" "-B<sysroot>/lib/rustlib/x86_64-unknown-linux-gnu/bin/gcc-ld" "-fuse-ld=lld" "-Wl,--eh-frame-hdr" "-Wl,-z,noexecstack" "-L" "<sysroot>/lib/rustlib/x86_64-unknown-linux-gnu/lib" "-o" "/opt/rustwide/target/debug/examples/store_virtuoso-58338aa625263210" "-Wl,--gc-sections" "-pie" "-Wl,-z,relro,-z,now" "-nodefaultlibs"
[INFO] [stdout]   = note: some arguments are omitted. use `--verbose` to show all linker arguments
[INFO] [stdout]   = note: rust-lld: error: unable to find library -lodbc
[INFO] [stdout]           collect2: error: ld returned 1 exit status
[INFO] [stdout]           
[INFO] [stdout] 
[INFO] [stdout] 
[INFO] [stderr] error: could not compile `rdf-store-virtuoso` (example "store_virtuoso") due to 1 previous error
[INFO] running `Command { std: "docker" "inspect" "d07561f984f6592fc05addd6bdc3ca93c1488c8d7c2ff42b4a2fe206fa8dcc70", kill_on_drop: false }`
[INFO] running `Command { std: "docker" "rm" "-f" "d07561f984f6592fc05addd6bdc3ca93c1488c8d7c2ff42b4a2fe206fa8dcc70", kill_on_drop: false }`
[INFO] [stdout] d07561f984f6592fc05addd6bdc3ca93c1488c8d7c2ff42b4a2fe206fa8dcc70
