[INFO] fetching crate rclip-file-desc 0.1.0...
[INFO] testing rclip-file-desc-0.1.0 against 1.99.0-beta.8 for beta-1.100-2
[INFO] extracting crate rclip-file-desc 0.1.0 into /workspace/builds/worker-3-tc1/source
[INFO] started tweaking crates.io crate rclip-file-desc 0.1.0
[INFO] removed 0 missing tests
[INFO] finished tweaking crates.io crate rclip-file-desc 0.1.0
[INFO] tweaked toml for crates.io crate rclip-file-desc 0.1.0 written to /workspace/builds/worker-3-tc1/source/Cargo.toml
[INFO] validating manifest of crates.io crate rclip-file-desc 0.1.0 on toolchain 1.99.0-beta.8
[INFO] running `Command { std: CARGO_HOME="/workspace/cargo-home" RUSTUP_HOME="/workspace/rustup-home" "/workspace/cargo-home/bin/cargo" "+1.99.0-beta.8" "metadata" "--manifest-path" "Cargo.toml" "--no-deps", kill_on_drop: false }`
[INFO] crate crates.io crate rclip-file-desc 0.1.0 already has a lockfile, it will not be regenerated
[INFO] running `Command { std: CARGO_HOME="/workspace/cargo-home" RUSTUP_HOME="/workspace/rustup-home" "/workspace/cargo-home/bin/cargo" "+1.99.0-beta.8" "fetch" "--manifest-path" "Cargo.toml", kill_on_drop: false }`
[INFO] [stderr]     Updating crates.io index
[INFO] [stderr]  Downloading crates ...
[INFO] [stderr]   Downloaded rclip-codepage v0.1.0
[INFO] [stderr]   Downloaded rclip-core v0.1.0
[INFO] running `Command { std: "docker" "create" "-v" "/var/lib/crater-agent-workspace/builds/worker-3-tc1/source:/opt/rustwide/workdir:ro,Z" "-v" "/var/lib/crater-agent-workspace/builds/worker-3-tc1/target:/opt/rustwide/target:rw,Z" "-v" "/var/lib/crater-agent-workspace/cargo-home:/opt/rustwide/cargo-home:ro,Z" "-v" "/var/lib/crater-agent-workspace/rustup-home:/opt/rustwide/rustup-home:ro,Z" "-m" "1610612736" "--network" "none" "ghcr.io/rust-lang/crates-build-env/linux@sha256:3111399a4047eeb3a02b7a90e478d715f38a8c6669b5c4b49d30a17385265909" "sleep" "infinity", kill_on_drop: false }`
[INFO] [stdout] 913544b605a5aaa8d8ce2d375d228e2404b9aa27f74bd356c0a4e89161c5ad1d
[INFO] running `Command { std: "docker" "start" "913544b605a5aaa8d8ce2d375d228e2404b9aa27f74bd356c0a4e89161c5ad1d", kill_on_drop: false }`
[INFO] running `Command { std: "docker" "inspect" "913544b605a5aaa8d8ce2d375d228e2404b9aa27f74bd356c0a4e89161c5ad1d", kill_on_drop: false }`
[INFO] running `Command { std: "docker" "exec" "-e" "SOURCE_DIR=/opt/rustwide/workdir" "-e" "CARGO_HOME=/opt/rustwide/cargo-home" "-e" "RUSTUP_HOME=/opt/rustwide/rustup-home" "-e" "CARGO_TARGET_DIR=/opt/rustwide/target" "-w" "/opt/rustwide/workdir" "--user" "0:0" "913544b605a5aaa8d8ce2d375d228e2404b9aa27f74bd356c0a4e89161c5ad1d" "/opt/rustwide/cargo-home/bin/cargo" "+1.99.0-beta.8" "metadata" "--no-deps" "--format-version=1", kill_on_drop: false }`
[INFO] running `Command { std: "docker" "inspect" "913544b605a5aaa8d8ce2d375d228e2404b9aa27f74bd356c0a4e89161c5ad1d", kill_on_drop: false }`
[INFO] running `Command { std: "docker" "exec" "-e" "SOURCE_DIR=/opt/rustwide/workdir" "-e" "CARGO_HOME=/opt/rustwide/cargo-home" "-e" "RUSTUP_HOME=/opt/rustwide/rustup-home" "-e" "CARGO_TARGET_DIR=/opt/rustwide/target" "-e" "CARGO_INCREMENTAL=0" "-e" "RUST_BACKTRACE=full" "-e" "RUSTFLAGS=--cap-lints=warn" "-e" "RUSTDOCFLAGS=--cap-lints=warn" "-w" "/opt/rustwide/workdir" "--user" "0:0" "913544b605a5aaa8d8ce2d375d228e2404b9aa27f74bd356c0a4e89161c5ad1d" "/opt/rustwide/cargo-home/bin/cargo" "+1.99.0-beta.8" "build" "--frozen" "--message-format=json", kill_on_drop: false }`
[INFO] [stderr]    Compiling rclip-core v0.1.0
[INFO] [stderr]    Compiling rclip-file-desc v0.1.0 (/opt/rustwide/workdir)
[INFO] [stderr]     Finished `dev` profile [unoptimized + debuginfo] target(s) in 0.57s
[INFO] running `Command { std: "docker" "inspect" "913544b605a5aaa8d8ce2d375d228e2404b9aa27f74bd356c0a4e89161c5ad1d", kill_on_drop: false }`
[INFO] running `Command { std: "docker" "exec" "-e" "SOURCE_DIR=/opt/rustwide/workdir" "-e" "CARGO_HOME=/opt/rustwide/cargo-home" "-e" "RUSTUP_HOME=/opt/rustwide/rustup-home" "-e" "CARGO_TARGET_DIR=/opt/rustwide/target" "-e" "CARGO_INCREMENTAL=0" "-e" "RUST_BACKTRACE=full" "-e" "RUSTFLAGS=--cap-lints=warn" "-e" "RUSTDOCFLAGS=--cap-lints=warn" "-w" "/opt/rustwide/workdir" "--user" "0:0" "913544b605a5aaa8d8ce2d375d228e2404b9aa27f74bd356c0a4e89161c5ad1d" "/opt/rustwide/cargo-home/bin/cargo" "+1.99.0-beta.8" "test" "--frozen" "--no-run" "--message-format=json", kill_on_drop: false }`
[INFO] [stderr]    Compiling rclip-file-desc v0.1.0 (/opt/rustwide/workdir)
[INFO] [stdout] error[E0432]: unresolved imports `rclip_file_desc::Builder`, `rclip_file_desc::BuilderA`
[INFO] [stdout]    --> tests/file_desc.rs:11:21
[INFO] [stdout]     |
[INFO] [stdout]  11 |     file_attribute, Builder, BuilderA, FileDescriptor, FileDescriptorA, FileGroupDescriptor,
[INFO] [stdout]     |                     ^^^^^^^  ^^^^^^^^ no `BuilderA` in the root
[INFO] [stdout]     |                     |
[INFO] [stdout]     |                     no `Builder` in the root
[INFO] [stdout]     |
[INFO] [stdout]     = help: consider importing this struct instead:
[INFO] [stdout]             std::thread::Builder
[INFO] [stdout] note: found an item that was configured out
[INFO] [stdout]    --> src/lib.rs:900:12
[INFO] [stdout]     |
[INFO] [stdout] 898 | #[cfg(feature = "alloc")]
[INFO] [stdout]     |       ----------------- the item is gated behind the `alloc` feature
[INFO] [stdout] 899 | #[derive(Debug, Clone, Default)]
[INFO] [stdout] 900 | pub struct Builder {
[INFO] [stdout]     |            ^^^^^^^
[INFO] [stdout] note: found an item that was configured out
[INFO] [stdout]    --> src/lib.rs:91:26
[INFO] [stdout]     |
[INFO] [stdout]  90 | #[cfg(feature = "alloc")]
[INFO] [stdout]     |       ----------------- the item is gated behind the `alloc` feature
[INFO] [stdout]  91 | pub use ansi::Builder as BuilderA;
[INFO] [stdout]     |                          ^^^^^^^^
[INFO] [stdout] 
[INFO] [stdout] 
[INFO] [stdout] error[E0599]: no method named `file_name_lossy` found for struct `rclip_file_desc::FileDescriptor<'a>` in the current scope
[INFO] [stdout]    --> tests/file_desc.rs:146:22
[INFO] [stdout]     |
[INFO] [stdout] 146 |     assert_eq!(first.file_name_lossy(), "report.pdf");
[INFO] [stdout]     |                      ^^^^^^^^^^^^^^^
[INFO] [stdout]     |
[INFO] [stdout] help: there is a method `file_name_chars` with a similar name
[INFO] [stdout]     |
[INFO] [stdout] 146 -     assert_eq!(first.file_name_lossy(), "report.pdf");
[INFO] [stdout] 146 +     assert_eq!(first.file_name_chars(), "report.pdf");
[INFO] [stdout]     |
[INFO] [stdout] 
[INFO] [stdout] 
[INFO] [stdout] error[E0599]: no method named `file_name_lossy` found for struct `rclip_file_desc::FileDescriptor<'a>` in the current scope
[INFO] [stdout]    --> tests/file_desc.rs:162:23
[INFO] [stdout]     |
[INFO] [stdout] 162 |     assert_eq!(second.file_name_lossy(), "Anhänge");
[INFO] [stdout]     |                       ^^^^^^^^^^^^^^^
[INFO] [stdout]     |
[INFO] [stdout] help: there is a method `file_name_chars` with a similar name
[INFO] [stdout]     |
[INFO] [stdout] 162 -     assert_eq!(second.file_name_lossy(), "Anhänge");
[INFO] [stdout] 162 +     assert_eq!(second.file_name_chars(), "Anhänge");
[INFO] [stdout]     |
[INFO] [stdout] 
[INFO] [stdout] 
[INFO] [stdout] error[E0599]: no method named `file_name_lossy` found for struct `rclip_file_desc::FileDescriptor<'a>` in the current scope
[INFO] [stdout]    --> tests/file_desc.rs:201:18
[INFO] [stdout]     |
[INFO] [stdout] 201 |     assert_eq!(d.file_name_lossy(), "empty.txt");
[INFO] [stdout]     |                  ^^^^^^^^^^^^^^^
[INFO] [stdout]     |
[INFO] [stdout] help: there is a method `file_name_chars` with a similar name
[INFO] [stdout]     |
[INFO] [stdout] 201 -     assert_eq!(d.file_name_lossy(), "empty.txt");
[INFO] [stdout] 201 +     assert_eq!(d.file_name_chars(), "empty.txt");
[INFO] [stdout]     |
[INFO] [stdout] 
[INFO] [stdout] 
[INFO] [stdout] error[E0599]: no method named `file_name_lossy` found for struct `rclip_file_desc::FileDescriptor<'a>` in the current scope
[INFO] [stdout]    --> tests/file_desc.rs:275:18
[INFO] [stdout]     |
[INFO] [stdout] 275 |     assert_eq!(d.file_name_lossy(), long);
[INFO] [stdout]     |                  ^^^^^^^^^^^^^^^
[INFO] [stdout]     |
[INFO] [stdout] help: there is a method `file_name_chars` with a similar name
[INFO] [stdout]     |
[INFO] [stdout] 275 -     assert_eq!(d.file_name_lossy(), long);
[INFO] [stdout] 275 +     assert_eq!(d.file_name_chars(), long);
[INFO] [stdout]     |
[INFO] [stdout] 
[INFO] [stdout] 
[INFO] [stdout] error[E0599]: no method named `file_name_lossy` found for struct `rclip_file_desc::FileDescriptor<'a>` in the current scope
[INFO] [stdout]    --> tests/file_desc.rs:370:22
[INFO] [stdout]     |
[INFO] [stdout] 370 |     assert_eq!(first.file_name_lossy(), "generated.pdf");
[INFO] [stdout]     |                      ^^^^^^^^^^^^^^^
[INFO] [stdout]     |
[INFO] [stdout] help: there is a method `file_name_chars` with a similar name
[INFO] [stdout]     |
[INFO] [stdout] 370 -     assert_eq!(first.file_name_lossy(), "generated.pdf");
[INFO] [stdout] 370 +     assert_eq!(first.file_name_chars(), "generated.pdf");
[INFO] [stdout]     |
[INFO] [stdout] 
[INFO] [stdout] 
[INFO] [stdout] error[E0599]: no method named `file_name_lossy` found for struct `rclip_file_desc::FileDescriptor<'a>` in the current scope
[INFO] [stdout]    --> tests/file_desc.rs:379:23
[INFO] [stdout]     |
[INFO] [stdout] 379 |     assert_eq!(second.file_name_lossy(), "Ordner\\ünïcode.txt");
[INFO] [stdout]     |                       ^^^^^^^^^^^^^^^
[INFO] [stdout]     |
[INFO] [stdout] help: there is a method `file_name_chars` with a similar name
[INFO] [stdout]     |
[INFO] [stdout] 379 -     assert_eq!(second.file_name_lossy(), "Ordner\\ünïcode.txt");
[INFO] [stdout] 379 +     assert_eq!(second.file_name_chars(), "Ordner\\ünïcode.txt");
[INFO] [stdout]     |
[INFO] [stdout] 
[INFO] [stdout] 
[INFO] [stdout] error[E0599]: no method named `file_name_lossy` found for struct `rclip_file_desc::FileDescriptor<'a>` in the current scope
[INFO] [stdout]    --> tests/file_desc.rs:481:31
[INFO] [stdout]     |
[INFO] [stdout] 481 |                     let _ = d.file_name_lossy();
[INFO] [stdout]     |                               ^^^^^^^^^^^^^^^
[INFO] [stdout]     |
[INFO] [stdout] help: there is a method `file_name_chars` with a similar name
[INFO] [stdout]     |
[INFO] [stdout] 481 -                     let _ = d.file_name_lossy();
[INFO] [stdout] 481 +                     let _ = d.file_name_chars();
[INFO] [stdout]     |
[INFO] [stdout] 
[INFO] [stdout] 
[INFO] [stdout] Some errors have detailed explanations: E0432, E0599.
[INFO] [stdout] 
[INFO] [stdout] For more information about an error, try `rustc --explain E0432`.
[INFO] [stdout] 
[INFO] [stderr] error: could not compile `rclip-file-desc` (test "file_desc") due to 8 previous errors
[INFO] [stderr] warning: build failed, waiting for other jobs to finish...
[INFO] running `Command { std: "docker" "inspect" "913544b605a5aaa8d8ce2d375d228e2404b9aa27f74bd356c0a4e89161c5ad1d", kill_on_drop: false }`
[INFO] running `Command { std: "docker" "rm" "-f" "913544b605a5aaa8d8ce2d375d228e2404b9aa27f74bd356c0a4e89161c5ad1d", kill_on_drop: false }`
[INFO] [stdout] 913544b605a5aaa8d8ce2d375d228e2404b9aa27f74bd356c0a4e89161c5ad1d
