[INFO] fetching crate rayon-progress-bar 1.9.0...
[INFO] testing rayon-progress-bar-1.9.0 against 1.99.0-beta.8 for beta-1.100-2
[INFO] extracting crate rayon-progress-bar 1.9.0 into /workspace/builds/worker-2-tc1/source
[INFO] started tweaking crates.io crate rayon-progress-bar 1.9.0
[INFO] finished tweaking crates.io crate rayon-progress-bar 1.9.0
[INFO] tweaked toml for crates.io crate rayon-progress-bar 1.9.0 written to /workspace/builds/worker-2-tc1/source/Cargo.toml
[INFO] validating manifest of crates.io crate rayon-progress-bar 1.9.0 on toolchain 1.99.0-beta.8
[INFO] running `Command { std: CARGO_HOME="/workspace/cargo-home" RUSTUP_HOME="/workspace/rustup-home" "/workspace/cargo-home/bin/cargo" "+1.99.0-beta.8" "metadata" "--manifest-path" "Cargo.toml" "--no-deps", kill_on_drop: false }`
[INFO] running `Command { std: CARGO_HOME="/workspace/cargo-home" RUSTUP_HOME="/workspace/rustup-home" "/workspace/cargo-home/bin/cargo" "+1.99.0-beta.8" "generate-lockfile" "--manifest-path" "Cargo.toml", kill_on_drop: false }`
[INFO] [stderr]     Updating crates.io index
[INFO] [stderr]     Blocking waiting for file lock on package cache
[INFO] [stderr]      Locking 53 packages to highest compatible versions
[INFO] [stderr]       Adding indicatif v0.17.11 (available: v0.18.6)
[INFO] [stderr]       Adding rand v0.8.8 (available: v0.10.3)
[INFO] [stderr]       Adding rand_xorshift v0.3.0 (available: v0.5.0)
[INFO] running `Command { std: CARGO_HOME="/workspace/cargo-home" RUSTUP_HOME="/workspace/rustup-home" "/workspace/cargo-home/bin/cargo" "+1.99.0-beta.8" "fetch" "--manifest-path" "Cargo.toml", kill_on_drop: false }`
[INFO] [stderr]     Blocking waiting for file lock on package cache
[INFO] [stderr]  Downloading crates ...
[INFO] [stderr]   Downloaded wasm_sync v0.1.2
[INFO] running `Command { std: "docker" "create" "-v" "/var/lib/crater-agent-workspace/builds/worker-2-tc1/source:/opt/rustwide/workdir:ro,Z" "-v" "/var/lib/crater-agent-workspace/builds/worker-2-tc1/target:/opt/rustwide/target:rw,Z" "-v" "/var/lib/crater-agent-workspace/cargo-home:/opt/rustwide/cargo-home:ro,Z" "-v" "/var/lib/crater-agent-workspace/rustup-home:/opt/rustwide/rustup-home:ro,Z" "-m" "1610612736" "--network" "none" "ghcr.io/rust-lang/crates-build-env/linux@sha256:3111399a4047eeb3a02b7a90e478d715f38a8c6669b5c4b49d30a17385265909" "sleep" "infinity", kill_on_drop: false }`
[INFO] [stdout] 4c662973c6f266b0cf61d1019d5d22d6e8783ff09265e4cba86317c7cf560b6f
[INFO] running `Command { std: "docker" "start" "4c662973c6f266b0cf61d1019d5d22d6e8783ff09265e4cba86317c7cf560b6f", kill_on_drop: false }`
[INFO] running `Command { std: "docker" "inspect" "4c662973c6f266b0cf61d1019d5d22d6e8783ff09265e4cba86317c7cf560b6f", kill_on_drop: false }`
[INFO] running `Command { std: "docker" "exec" "-e" "SOURCE_DIR=/opt/rustwide/workdir" "-e" "CARGO_HOME=/opt/rustwide/cargo-home" "-e" "RUSTUP_HOME=/opt/rustwide/rustup-home" "-e" "CARGO_TARGET_DIR=/opt/rustwide/target" "-w" "/opt/rustwide/workdir" "--user" "0:0" "4c662973c6f266b0cf61d1019d5d22d6e8783ff09265e4cba86317c7cf560b6f" "/opt/rustwide/cargo-home/bin/cargo" "+1.99.0-beta.8" "metadata" "--no-deps" "--format-version=1", kill_on_drop: false }`
[INFO] running `Command { std: "docker" "inspect" "4c662973c6f266b0cf61d1019d5d22d6e8783ff09265e4cba86317c7cf560b6f", kill_on_drop: false }`
[INFO] running `Command { std: "docker" "exec" "-e" "SOURCE_DIR=/opt/rustwide/workdir" "-e" "CARGO_HOME=/opt/rustwide/cargo-home" "-e" "RUSTUP_HOME=/opt/rustwide/rustup-home" "-e" "CARGO_TARGET_DIR=/opt/rustwide/target" "-e" "CARGO_INCREMENTAL=0" "-e" "RUST_BACKTRACE=full" "-e" "RUSTFLAGS=--cap-lints=warn" "-e" "RUSTDOCFLAGS=--cap-lints=warn" "-w" "/opt/rustwide/workdir" "--user" "0:0" "4c662973c6f266b0cf61d1019d5d22d6e8783ff09265e4cba86317c7cf560b6f" "/opt/rustwide/cargo-home/bin/cargo" "+1.99.0-beta.8" "build" "--frozen" "--message-format=json", kill_on_drop: false }`
[INFO] [stderr]    Compiling crossbeam-utils v0.8.23
[INFO] [stderr]    Compiling crossbeam-epoch v0.9.21
[INFO] [stderr]    Compiling libc v0.2.190
[INFO] [stderr]    Compiling crossbeam-deque v0.8.8
[INFO] [stderr]    Compiling portable-atomic v1.15.0
[INFO] [stderr]    Compiling rayon-core v1.13.0
[INFO] [stderr]    Compiling number_prefix v0.4.0
[INFO] [stderr]    Compiling either v1.18.0
[INFO] [stderr]    Compiling console v0.15.11
[INFO] [stderr]    Compiling indicatif v0.17.11
[INFO] [stderr]    Compiling rayon-progress-bar v1.9.0 (/opt/rustwide/workdir)
[INFO] [stdout] warning: unused import: `super::plumbing::*`
[INFO] [stdout]  --> src/iter/blocks.rs:1:5
[INFO] [stdout]   |
[INFO] [stdout] 1 | use super::plumbing::*;
[INFO] [stdout]   |     ^^^^^^^^^^^^^^^^^^
[INFO] [stdout]   |
[INFO] [stdout]   = note: `#[warn(unused_imports)]` (part of `#[warn(unused)]`) on by default
[INFO] [stdout] 
[INFO] [stdout] 
[INFO] [stdout] warning: unused import: `super::plumbing::*`
[INFO] [stdout]  --> src/iter/chain.rs:1:5
[INFO] [stdout]   |
[INFO] [stdout] 1 | use super::plumbing::*;
[INFO] [stdout]   |     ^^^^^^^^^^^^^^^^^^
[INFO] [stdout] 
[INFO] [stdout] 
[INFO] [stdout] warning: unused import: `super::plumbing::*`
[INFO] [stdout]  --> src/iter/chunks.rs:3:5
[INFO] [stdout]   |
[INFO] [stdout] 3 | use super::plumbing::*;
[INFO] [stdout]   |     ^^^^^^^^^^^^^^^^^^
[INFO] [stdout] 
[INFO] [stdout] 
[INFO] [stdout] warning: unused import: `super::plumbing::*`
[INFO] [stdout]  --> src/iter/cloned.rs:1:5
[INFO] [stdout]   |
[INFO] [stdout] 1 | use super::plumbing::*;
[INFO] [stdout]   |     ^^^^^^^^^^^^^^^^^^
[INFO] [stdout] 
[INFO] [stdout] 
[INFO] [stdout] warning: unused import: `super::plumbing::*`
[INFO] [stdout]  --> src/iter/copied.rs:1:5
[INFO] [stdout]   |
[INFO] [stdout] 1 | use super::plumbing::*;
[INFO] [stdout]   |     ^^^^^^^^^^^^^^^^^^
[INFO] [stdout] 
[INFO] [stdout] 
[INFO] [stdout] warning: unused import: `crate::iter::plumbing::*`
[INFO] [stdout]  --> src/iter/empty.rs:1:5
[INFO] [stdout]   |
[INFO] [stdout] 1 | use crate::iter::plumbing::*;
[INFO] [stdout]   |     ^^^^^^^^^^^^^^^^^^^^^^^^
[INFO] [stdout] 
[INFO] [stdout] 
[INFO] [stdout] warning: unused import: `super::plumbing::*`
[INFO] [stdout]  --> src/iter/enumerate.rs:1:5
[INFO] [stdout]   |
[INFO] [stdout] 1 | use super::plumbing::*;
[INFO] [stdout]   |     ^^^^^^^^^^^^^^^^^^
[INFO] [stdout] 
[INFO] [stdout] 
[INFO] [stdout] warning: unused import: `super::plumbing::*`
[INFO] [stdout]  --> src/iter/filter.rs:1:5
[INFO] [stdout]   |
[INFO] [stdout] 1 | use super::plumbing::*;
[INFO] [stdout]   |     ^^^^^^^^^^^^^^^^^^
[INFO] [stdout] 
[INFO] [stdout] 
[INFO] [stdout] warning: unused import: `super::plumbing::*`
[INFO] [stdout]  --> src/iter/filter_map.rs:1:5
[INFO] [stdout]   |
[INFO] [stdout] 1 | use super::plumbing::*;
[INFO] [stdout]   |     ^^^^^^^^^^^^^^^^^^
[INFO] [stdout] 
[INFO] [stdout] 
[INFO] [stdout] warning: unused import: `super::plumbing::*`
[INFO] [stdout]  --> src/iter/find.rs:1:5
[INFO] [stdout]   |
[INFO] [stdout] 1 | use super::plumbing::*;
[INFO] [stdout]   |     ^^^^^^^^^^^^^^^^^^
[INFO] [stdout] 
[INFO] [stdout] 
[INFO] [stdout] warning: unused import: `super::plumbing::*`
[INFO] [stdout]  --> src/iter/find_first_last/mod.rs:1:5
[INFO] [stdout]   |
[INFO] [stdout] 1 | use super::plumbing::*;
[INFO] [stdout]   |     ^^^^^^^^^^^^^^^^^^
[INFO] [stdout] 
[INFO] [stdout] 
[INFO] [stdout] warning: unused import: `super::plumbing::*`
[INFO] [stdout]  --> src/iter/flat_map.rs:1:5
[INFO] [stdout]   |
[INFO] [stdout] 1 | use super::plumbing::*;
[INFO] [stdout]   |     ^^^^^^^^^^^^^^^^^^
[INFO] [stdout] 
[INFO] [stdout] 
[INFO] [stdout] warning: unused import: `super::plumbing::*`
[INFO] [stdout]  --> src/iter/flat_map_iter.rs:1:5
[INFO] [stdout]   |
[INFO] [stdout] 1 | use super::plumbing::*;
[INFO] [stdout]   |     ^^^^^^^^^^^^^^^^^^
[INFO] [stdout] 
[INFO] [stdout] 
[INFO] [stdout] warning: unused import: `super::plumbing::*`
[INFO] [stdout]  --> src/iter/flatten.rs:1:5
[INFO] [stdout]   |
[INFO] [stdout] 1 | use super::plumbing::*;
[INFO] [stdout]   |     ^^^^^^^^^^^^^^^^^^
[INFO] [stdout] 
[INFO] [stdout] 
[INFO] [stdout] warning: unused import: `super::plumbing::*`
[INFO] [stdout]  --> src/iter/flatten_iter.rs:1:5
[INFO] [stdout]   |
[INFO] [stdout] 1 | use super::plumbing::*;
[INFO] [stdout]   |     ^^^^^^^^^^^^^^^^^^
[INFO] [stdout] 
[INFO] [stdout] 
[INFO] [stdout] warning: unused import: `super::plumbing::*`
[INFO] [stdout]  --> src/iter/fold.rs:1:5
[INFO] [stdout]   |
[INFO] [stdout] 1 | use super::plumbing::*;
[INFO] [stdout]   |     ^^^^^^^^^^^^^^^^^^
[INFO] [stdout] 
[INFO] [stdout] 
[INFO] [stdout] warning: unused import: `super::plumbing::*`
[INFO] [stdout]  --> src/iter/fold_chunks.rs:4:5
[INFO] [stdout]   |
[INFO] [stdout] 4 | use super::plumbing::*;
[INFO] [stdout]   |     ^^^^^^^^^^^^^^^^^^
[INFO] [stdout] 
[INFO] [stdout] 
[INFO] [stdout] warning: unused import: `super::plumbing::*`
[INFO] [stdout]  --> src/iter/fold_chunks_with.rs:4:5
[INFO] [stdout]   |
[INFO] [stdout] 4 | use super::plumbing::*;
[INFO] [stdout]   |     ^^^^^^^^^^^^^^^^^^
[INFO] [stdout] 
[INFO] [stdout] 
[INFO] [stdout] warning: unused import: `super::plumbing::*`
[INFO] [stdout]  --> src/iter/inspect.rs:1:5
[INFO] [stdout]   |
[INFO] [stdout] 1 | use super::plumbing::*;
[INFO] [stdout]   |     ^^^^^^^^^^^^^^^^^^
[INFO] [stdout] 
[INFO] [stdout] 
[INFO] [stdout] warning: unused import: `super::plumbing::*`
[INFO] [stdout]  --> src/iter/interleave.rs:1:5
[INFO] [stdout]   |
[INFO] [stdout] 1 | use super::plumbing::*;
[INFO] [stdout]   |     ^^^^^^^^^^^^^^^^^^
[INFO] [stdout] 
[INFO] [stdout] 
[INFO] [stdout] warning: unused import: `super::plumbing::*`
[INFO] [stdout]  --> src/iter/interleave_shortest.rs:1:5
[INFO] [stdout]   |
[INFO] [stdout] 1 | use super::plumbing::*;
[INFO] [stdout]   |     ^^^^^^^^^^^^^^^^^^
[INFO] [stdout] 
[INFO] [stdout] 
[INFO] [stdout] warning: unused import: `super::plumbing::*`
[INFO] [stdout]  --> src/iter/intersperse.rs:1:5
[INFO] [stdout]   |
[INFO] [stdout] 1 | use super::plumbing::*;
[INFO] [stdout]   |     ^^^^^^^^^^^^^^^^^^
[INFO] [stdout] 
[INFO] [stdout] 
[INFO] [stdout] warning: unused import: `super::plumbing::*`
[INFO] [stdout]  --> src/iter/len.rs:1:5
[INFO] [stdout]   |
[INFO] [stdout] 1 | use super::plumbing::*;
[INFO] [stdout]   |     ^^^^^^^^^^^^^^^^^^
[INFO] [stdout] 
[INFO] [stdout] 
[INFO] [stdout] warning: unused import: `super::plumbing::*`
[INFO] [stdout]  --> src/iter/map.rs:1:5
[INFO] [stdout]   |
[INFO] [stdout] 1 | use super::plumbing::*;
[INFO] [stdout]   |     ^^^^^^^^^^^^^^^^^^
[INFO] [stdout] 
[INFO] [stdout] 
[INFO] [stdout] warning: unused import: `super::plumbing::*`
[INFO] [stdout]  --> src/iter/map_with.rs:1:5
[INFO] [stdout]   |
[INFO] [stdout] 1 | use super::plumbing::*;
[INFO] [stdout]   |     ^^^^^^^^^^^^^^^^^^
[INFO] [stdout] 
[INFO] [stdout] 
[INFO] [stdout] warning: unused import: `super::plumbing::*`
[INFO] [stdout]  --> src/iter/multizip.rs:1:5
[INFO] [stdout]   |
[INFO] [stdout] 1 | use super::plumbing::*;
[INFO] [stdout]   |     ^^^^^^^^^^^^^^^^^^
[INFO] [stdout] 
[INFO] [stdout] 
[INFO] [stdout] warning: unused import: `crate::iter::plumbing::*`
[INFO] [stdout]  --> src/iter/once.rs:1:5
[INFO] [stdout]   |
[INFO] [stdout] 1 | use crate::iter::plumbing::*;
[INFO] [stdout]   |     ^^^^^^^^^^^^^^^^^^^^^^^^
[INFO] [stdout] 
[INFO] [stdout] 
[INFO] [stdout] warning: unused import: `super::plumbing::*`
[INFO] [stdout]  --> src/iter/panic_fuse.rs:1:5
[INFO] [stdout]   |
[INFO] [stdout] 1 | use super::plumbing::*;
[INFO] [stdout]   |     ^^^^^^^^^^^^^^^^^^
[INFO] [stdout] 
[INFO] [stdout] 
[INFO] [stdout] warning: unused import: `super::plumbing::*`
[INFO] [stdout]  --> src/iter/positions.rs:1:5
[INFO] [stdout]   |
[INFO] [stdout] 1 | use super::plumbing::*;
[INFO] [stdout]   |     ^^^^^^^^^^^^^^^^^^
[INFO] [stdout] 
[INFO] [stdout] 
[INFO] [stdout] warning: unused import: `super::plumbing::*`
[INFO] [stdout]  --> src/iter/repeat.rs:1:5
[INFO] [stdout]   |
[INFO] [stdout] 1 | use super::plumbing::*;
[INFO] [stdout]   |     ^^^^^^^^^^^^^^^^^^
[INFO] [stdout] 
[INFO] [stdout] 
[INFO] [stdout] warning: unused import: `super::plumbing::*`
[INFO] [stdout]  --> src/iter/rev.rs:1:5
[INFO] [stdout]   |
[INFO] [stdout] 1 | use super::plumbing::*;
[INFO] [stdout]   |     ^^^^^^^^^^^^^^^^^^
[INFO] [stdout] 
[INFO] [stdout] 
[INFO] [stdout] warning: unused import: `super::plumbing::*`
[INFO] [stdout]  --> src/iter/skip.rs:2:5
[INFO] [stdout]   |
[INFO] [stdout] 2 | use super::plumbing::*;
[INFO] [stdout]   |     ^^^^^^^^^^^^^^^^^^
[INFO] [stdout] 
[INFO] [stdout] 
[INFO] [stdout] warning: unused import: `super::plumbing::*`
[INFO] [stdout]  --> src/iter/skip_any.rs:1:5
[INFO] [stdout]   |
[INFO] [stdout] 1 | use super::plumbing::*;
[INFO] [stdout]   |     ^^^^^^^^^^^^^^^^^^
[INFO] [stdout] 
[INFO] [stdout] 
[INFO] [stdout] warning: unused import: `super::plumbing::*`
[INFO] [stdout]  --> src/iter/skip_any_while.rs:1:5
[INFO] [stdout]   |
[INFO] [stdout] 1 | use super::plumbing::*;
[INFO] [stdout]   |     ^^^^^^^^^^^^^^^^^^
[INFO] [stdout] 
[INFO] [stdout] 
[INFO] [stdout] warning: unused import: `super::plumbing::*`
[INFO] [stdout]  --> src/iter/splitter.rs:1:5
[INFO] [stdout]   |
[INFO] [stdout] 1 | use super::plumbing::*;
[INFO] [stdout]   |     ^^^^^^^^^^^^^^^^^^
[INFO] [stdout] 
[INFO] [stdout] 
[INFO] [stdout] warning: unused import: `super::plumbing::*`
[INFO] [stdout]  --> src/iter/step_by.rs:3:5
[INFO] [stdout]   |
[INFO] [stdout] 3 | use super::plumbing::*;
[INFO] [stdout]   |     ^^^^^^^^^^^^^^^^^^
[INFO] [stdout] 
[INFO] [stdout] 
[INFO] [stdout] warning: unused import: `super::plumbing::*`
[INFO] [stdout]  --> src/iter/take.rs:1:5
[INFO] [stdout]   |
[INFO] [stdout] 1 | use super::plumbing::*;
[INFO] [stdout]   |     ^^^^^^^^^^^^^^^^^^
[INFO] [stdout] 
[INFO] [stdout] 
[INFO] [stdout] warning: unused import: `super::plumbing::*`
[INFO] [stdout]  --> src/iter/take_any.rs:1:5
[INFO] [stdout]   |
[INFO] [stdout] 1 | use super::plumbing::*;
[INFO] [stdout]   |     ^^^^^^^^^^^^^^^^^^
[INFO] [stdout] 
[INFO] [stdout] 
[INFO] [stdout] warning: unused import: `super::plumbing::*`
[INFO] [stdout]  --> src/iter/take_any_while.rs:1:5
[INFO] [stdout]   |
[INFO] [stdout] 1 | use super::plumbing::*;
[INFO] [stdout]   |     ^^^^^^^^^^^^^^^^^^
[INFO] [stdout] 
[INFO] [stdout] 
[INFO] [stdout] warning: unused import: `super::plumbing::*`
[INFO] [stdout]  --> src/iter/unzip.rs:1:5
[INFO] [stdout]   |
[INFO] [stdout] 1 | use super::plumbing::*;
[INFO] [stdout]   |     ^^^^^^^^^^^^^^^^^^
[INFO] [stdout] 
[INFO] [stdout] 
[INFO] [stdout] warning: unused import: `super::plumbing::*`
[INFO] [stdout]  --> src/iter/update.rs:1:5
[INFO] [stdout]   |
[INFO] [stdout] 1 | use super::plumbing::*;
[INFO] [stdout]   |     ^^^^^^^^^^^^^^^^^^
[INFO] [stdout] 
[INFO] [stdout] 
[INFO] [stdout] warning: unused import: `super::plumbing::*`
[INFO] [stdout]  --> src/iter/while_some.rs:1:5
[INFO] [stdout]   |
[INFO] [stdout] 1 | use super::plumbing::*;
[INFO] [stdout]   |     ^^^^^^^^^^^^^^^^^^
[INFO] [stdout] 
[INFO] [stdout] 
[INFO] [stdout] warning: unused import: `super::plumbing::*`
[INFO] [stdout]  --> src/iter/zip.rs:1:5
[INFO] [stdout]   |
[INFO] [stdout] 1 | use super::plumbing::*;
[INFO] [stdout]   |     ^^^^^^^^^^^^^^^^^^
[INFO] [stdout] 
[INFO] [stdout] 
[INFO] [stdout] warning: unused import: `super::plumbing::*`
[INFO] [stdout]  --> src/iter/zip_eq.rs:1:5
[INFO] [stdout]   |
[INFO] [stdout] 1 | use super::plumbing::*;
[INFO] [stdout]   |     ^^^^^^^^^^^^^^^^^^
[INFO] [stdout] 
[INFO] [stdout] 
[INFO] [stdout] warning: use of deprecated module `std::usize`: all constants in this module replaced by associated constants on the type
[INFO] [stdout]   --> src/iter/plumbing/mod.rs:12:10
[INFO] [stdout]    |
[INFO] [stdout] 12 | use std::usize;
[INFO] [stdout]    |          ^^^^^
[INFO] [stdout]    |
[INFO] [stdout]    = note: `#[warn(deprecated)]` on by default
[INFO] [stdout] 
[INFO] [stdout] 
[INFO] [stdout] warning: use of deprecated constant `std::usize::MAX`: replaced by the `MAX` associated constant on this type
[INFO] [stdout]   --> src/iter/plumbing/mod.rs:95:16
[INFO] [stdout]    |
[INFO] [stdout] 95 |         usize::MAX
[INFO] [stdout]    |                ^^^
[INFO] [stdout] 
[INFO] [stdout] 
[INFO] [stdout] warning: use of deprecated constant `std::usize::MAX`: replaced by the `MAX` associated constant on this type
[INFO] [stdout]   --> src/iter/blocks.rs:30:64
[INFO] [stdout]    |
[INFO] [stdout] 30 |             let size = self.sizes.next().unwrap_or(std::usize::MAX);
[INFO] [stdout]    |                                                                ^^^
[INFO] [stdout] 
[INFO] [stdout] 
[INFO] [stdout] warning: use of deprecated module `std::usize`: all constants in this module replaced by associated constants on the type
[INFO] [stdout]  --> src/iter/enumerate.rs:5:10
[INFO] [stdout]   |
[INFO] [stdout] 5 | use std::usize;
[INFO] [stdout]   |          ^^^^^
[INFO] [stdout] 
[INFO] [stdout] 
[INFO] [stdout] warning: use of deprecated module `std::usize`: all constants in this module replaced by associated constants on the type
[INFO] [stdout]  --> src/iter/repeat.rs:4:10
[INFO] [stdout]   |
[INFO] [stdout] 4 | use std::usize;
[INFO] [stdout]   |          ^^^^^
[INFO] [stdout] 
[INFO] [stdout] 
[INFO] [stdout] warning: use of deprecated module `std::usize`: all constants in this module replaced by associated constants on the type
[INFO] [stdout]  --> src/iter/step_by.rs:7:10
[INFO] [stdout]   |
[INFO] [stdout] 7 | use std::usize;
[INFO] [stdout]   |          ^^^^^
[INFO] [stdout] 
[INFO] [stdout] 
[INFO] [stdout] warning: use of deprecated module `std::usize`: all constants in this module replaced by associated constants on the type
[INFO] [stdout]   --> src/range.rs:24:10
[INFO] [stdout]    |
[INFO] [stdout] 24 | use std::usize;
[INFO] [stdout]    |          ^^^^^
[INFO] [stdout] 
[INFO] [stdout] 
[INFO] [stdout] warning: use of deprecated constant `std::u8::MAX`: replaced by the `MAX` associated constant on this type
[INFO] [stdout]    --> src/slice/mod.rs:551:47
[INFO] [stdout]     |
[INFO] [stdout] 551 |         if sz_u8 < sz_u16 && len <= (std::u8::MAX as usize) {
[INFO] [stdout]     |                                               ^^^
[INFO] [stdout] 
[INFO] [stdout] 
[INFO] [stdout] warning: use of deprecated constant `std::u16::MAX`: replaced by the `MAX` associated constant on this type
[INFO] [stdout]    --> src/slice/mod.rs:554:49
[INFO] [stdout]     |
[INFO] [stdout] 554 |         if sz_u16 < sz_u32 && len <= (std::u16::MAX as usize) {
[INFO] [stdout]     |                                                 ^^^
[INFO] [stdout] 
[INFO] [stdout] 
[INFO] [stdout] warning: use of deprecated constant `std::u32::MAX`: replaced by the `MAX` associated constant on this type
[INFO] [stdout]    --> src/slice/mod.rs:557:51
[INFO] [stdout]     |
[INFO] [stdout] 557 |         if sz_u32 < sz_usize && len <= (std::u32::MAX as usize) {
[INFO] [stdout]     |                                                   ^^^
[INFO] [stdout] 
[INFO] [stdout] 
[INFO] [stdout] warning: use of deprecated associated function `core::num::<impl usize>::max_value`: replaced by the `MAX` associated constant on this type
[INFO] [stdout]   --> src/iter/find_first_last/mod.rs:46:46
[INFO] [stdout]    |
[INFO] [stdout] 46 |     let best_found = AtomicUsize::new(usize::max_value());
[INFO] [stdout]    |                                              ^^^^^^^^^
[INFO] [stdout] 
[INFO] [stdout] 
[INFO] [stdout] warning: use of deprecated associated function `core::num::<impl usize>::max_value`: replaced by the `MAX` associated constant on this type
[INFO] [stdout]   --> src/iter/find_first_last/mod.rs:74:33
[INFO] [stdout]    |
[INFO] [stdout] 74 |             upper_bound: usize::max_value(),
[INFO] [stdout]    |                                 ^^^^^^^^^
[INFO] [stdout] 
[INFO] [stdout] 
[INFO] [stdout] warning: use of deprecated method `std::sync::atomic::Atomic::<usize>::fetch_update`: renamed to `try_update` for consistency
[INFO] [stdout]    --> src/iter/find_first_last/mod.rs:187:22
[INFO] [stdout]     |
[INFO] [stdout] 187 |                     .fetch_update(Ordering::Relaxed, Ordering::Relaxed, |current| {
[INFO] [stdout]     |                      ^^^^^^^^^^^^
[INFO] [stdout]     |
[INFO] [stdout] help: replace the use of the deprecated method
[INFO] [stdout]     |
[INFO] [stdout] 187 -                     .fetch_update(Ordering::Relaxed, Ordering::Relaxed, |current| {
[INFO] [stdout] 187 +                     .try_update(Ordering::Relaxed, Ordering::Relaxed, |current| {
[INFO] [stdout]     |
[INFO] [stdout] 
[INFO] [stdout] 
[INFO] [stdout] warning: use of deprecated method `std::sync::atomic::Atomic::<usize>::fetch_update`: renamed to `try_update` for consistency
[INFO] [stdout]    --> src/iter/par_bridge.rs:115:14
[INFO] [stdout]     |
[INFO] [stdout] 115 |             .fetch_update(Ordering::SeqCst, Ordering::SeqCst, |c| c.checked_sub(1));
[INFO] [stdout]     |              ^^^^^^^^^^^^
[INFO] [stdout]     |
[INFO] [stdout] help: replace the use of the deprecated method
[INFO] [stdout]     |
[INFO] [stdout] 115 -             .fetch_update(Ordering::SeqCst, Ordering::SeqCst, |c| c.checked_sub(1));
[INFO] [stdout] 115 +             .try_update(Ordering::SeqCst, Ordering::SeqCst, |c| c.checked_sub(1));
[INFO] [stdout]     |
[INFO] [stdout] 
[INFO] [stdout] 
[INFO] [stdout] warning: use of deprecated method `std::sync::atomic::Atomic::<usize>::fetch_update`: renamed to `try_update` for consistency
[INFO] [stdout]    --> src/iter/skip_any.rs:109:7
[INFO] [stdout]     |
[INFO] [stdout] 109 |     u.fetch_update(Ordering::Relaxed, Ordering::Relaxed, |u| u.checked_sub(1))
[INFO] [stdout]     |       ^^^^^^^^^^^^
[INFO] [stdout]     |
[INFO] [stdout] help: replace the use of the deprecated method
[INFO] [stdout]     |
[INFO] [stdout] 109 -     u.fetch_update(Ordering::Relaxed, Ordering::Relaxed, |u| u.checked_sub(1))
[INFO] [stdout] 109 +     u.try_update(Ordering::Relaxed, Ordering::Relaxed, |u| u.checked_sub(1))
[INFO] [stdout]     |
[INFO] [stdout] 
[INFO] [stdout] 
[INFO] [stdout] warning: use of deprecated method `std::sync::atomic::Atomic::<usize>::fetch_update`: renamed to `try_update` for consistency
[INFO] [stdout]    --> src/iter/take_any.rs:109:7
[INFO] [stdout]     |
[INFO] [stdout] 109 |     u.fetch_update(Ordering::Relaxed, Ordering::Relaxed, |u| u.checked_sub(1))
[INFO] [stdout]     |       ^^^^^^^^^^^^
[INFO] [stdout]     |
[INFO] [stdout] help: replace the use of the deprecated method
[INFO] [stdout]     |
[INFO] [stdout] 109 -     u.fetch_update(Ordering::Relaxed, Ordering::Relaxed, |u| u.checked_sub(1))
[INFO] [stdout] 109 +     u.try_update(Ordering::Relaxed, Ordering::Relaxed, |u| u.checked_sub(1))
[INFO] [stdout]     |
[INFO] [stdout] 
[INFO] [stdout] 
[INFO] [stderr]     Finished `dev` profile [unoptimized + debuginfo] target(s) in 7.75s
[INFO] running `Command { std: "docker" "inspect" "4c662973c6f266b0cf61d1019d5d22d6e8783ff09265e4cba86317c7cf560b6f", kill_on_drop: false }`
[INFO] running `Command { std: "docker" "exec" "-e" "SOURCE_DIR=/opt/rustwide/workdir" "-e" "CARGO_HOME=/opt/rustwide/cargo-home" "-e" "RUSTUP_HOME=/opt/rustwide/rustup-home" "-e" "CARGO_TARGET_DIR=/opt/rustwide/target" "-e" "CARGO_INCREMENTAL=0" "-e" "RUST_BACKTRACE=full" "-e" "RUSTFLAGS=--cap-lints=warn" "-e" "RUSTDOCFLAGS=--cap-lints=warn" "-w" "/opt/rustwide/workdir" "--user" "0:0" "4c662973c6f266b0cf61d1019d5d22d6e8783ff09265e4cba86317c7cf560b6f" "/opt/rustwide/cargo-home/bin/cargo" "+1.99.0-beta.8" "test" "--frozen" "--no-run" "--message-format=json", kill_on_drop: false }`
[INFO] [stderr]    Compiling getrandom v0.2.17
[INFO] [stdout] warning: unused import: `super::plumbing::*`
[INFO] [stdout]  --> src/iter/blocks.rs:1:5
[INFO] [stdout]   |
[INFO] [stdout] 1 | use super::plumbing::*;
[INFO] [stdout]   |     ^^^^^^^^^^^^^^^^^^
[INFO] [stdout]   |
[INFO] [stdout]   = note: `#[warn(unused_imports)]` (part of `#[warn(unused)]`) on by default
[INFO] [stdout] 
[INFO] [stdout] 
[INFO] [stdout] warning: unused import: `super::plumbing::*`
[INFO] [stdout]  --> src/iter/chain.rs:1:5
[INFO] [stdout]   |
[INFO] [stdout] 1 | use super::plumbing::*;
[INFO] [stdout]   |     ^^^^^^^^^^^^^^^^^^
[INFO] [stdout] 
[INFO] [stdout] 
[INFO] [stdout] warning: unused import: `super::plumbing::*`
[INFO] [stdout]  --> src/iter/chunks.rs:3:5
[INFO] [stdout]   |
[INFO] [stdout] 3 | use super::plumbing::*;
[INFO] [stdout]   |     ^^^^^^^^^^^^^^^^^^
[INFO] [stdout] 
[INFO] [stdout] 
[INFO] [stdout] warning: unused import: `super::plumbing::*`
[INFO] [stdout]  --> src/iter/cloned.rs:1:5
[INFO] [stdout]   |
[INFO] [stdout] 1 | use super::plumbing::*;
[INFO] [stdout]   |     ^^^^^^^^^^^^^^^^^^
[INFO] [stdout] 
[INFO] [stdout] 
[INFO] [stdout] warning: unused import: `super::plumbing::*`
[INFO] [stdout]  --> src/iter/copied.rs:1:5
[INFO] [stdout]   |
[INFO] [stdout] 1 | use super::plumbing::*;
[INFO] [stdout]   |     ^^^^^^^^^^^^^^^^^^
[INFO] [stdout] 
[INFO] [stdout] 
[INFO] [stdout] warning: unused import: `crate::iter::plumbing::*`
[INFO] [stdout]  --> src/iter/empty.rs:1:5
[INFO] [stdout]   |
[INFO] [stdout] 1 | use crate::iter::plumbing::*;
[INFO] [stdout]   |     ^^^^^^^^^^^^^^^^^^^^^^^^
[INFO] [stdout] 
[INFO] [stdout] 
[INFO] [stdout] warning: unused import: `super::plumbing::*`
[INFO] [stdout]  --> src/iter/enumerate.rs:1:5
[INFO] [stdout]   |
[INFO] [stdout] 1 | use super::plumbing::*;
[INFO] [stdout]   |     ^^^^^^^^^^^^^^^^^^
[INFO] [stdout] 
[INFO] [stdout] 
[INFO] [stdout] warning: unused import: `super::plumbing::*`
[INFO] [stdout]  --> src/iter/filter.rs:1:5
[INFO] [stdout]   |
[INFO] [stdout] 1 | use super::plumbing::*;
[INFO] [stdout]   |     ^^^^^^^^^^^^^^^^^^
[INFO] [stdout] 
[INFO] [stdout] 
[INFO] [stdout] warning: unused import: `super::plumbing::*`
[INFO] [stdout]  --> src/iter/filter_map.rs:1:5
[INFO] [stdout]   |
[INFO] [stdout] 1 | use super::plumbing::*;
[INFO] [stdout]   |     ^^^^^^^^^^^^^^^^^^
[INFO] [stdout] 
[INFO] [stdout] 
[INFO] [stdout] warning: unused import: `super::plumbing::*`
[INFO] [stdout]  --> src/iter/find.rs:1:5
[INFO] [stdout]   |
[INFO] [stdout] 1 | use super::plumbing::*;
[INFO] [stdout]   |     ^^^^^^^^^^^^^^^^^^
[INFO] [stdout] 
[INFO] [stdout] 
[INFO] [stdout] warning: unused import: `super::plumbing::*`
[INFO] [stdout]  --> src/iter/find_first_last/mod.rs:1:5
[INFO] [stdout]   |
[INFO] [stdout] 1 | use super::plumbing::*;
[INFO] [stdout]   |     ^^^^^^^^^^^^^^^^^^
[INFO] [stdout] 
[INFO] [stdout] 
[INFO] [stdout] warning: unused import: `super::plumbing::*`
[INFO] [stdout]  --> src/iter/flat_map.rs:1:5
[INFO] [stdout]   |
[INFO] [stdout] 1 | use super::plumbing::*;
[INFO] [stdout]   |     ^^^^^^^^^^^^^^^^^^
[INFO] [stdout] 
[INFO] [stdout] 
[INFO] [stdout] warning: unused import: `super::plumbing::*`
[INFO] [stdout]  --> src/iter/flat_map_iter.rs:1:5
[INFO] [stdout]   |
[INFO] [stdout] 1 | use super::plumbing::*;
[INFO] [stdout]   |     ^^^^^^^^^^^^^^^^^^
[INFO] [stdout] 
[INFO] [stdout] 
[INFO] [stdout] warning: unused import: `super::plumbing::*`
[INFO] [stdout]  --> src/iter/flatten.rs:1:5
[INFO] [stdout]   |
[INFO] [stdout] 1 | use super::plumbing::*;
[INFO] [stdout]   |     ^^^^^^^^^^^^^^^^^^
[INFO] [stdout] 
[INFO] [stdout] 
[INFO] [stdout] warning: unused import: `super::plumbing::*`
[INFO] [stdout]  --> src/iter/flatten_iter.rs:1:5
[INFO] [stdout]   |
[INFO] [stdout] 1 | use super::plumbing::*;
[INFO] [stdout]   |     ^^^^^^^^^^^^^^^^^^
[INFO] [stdout] 
[INFO] [stdout] 
[INFO] [stdout] warning: unused import: `super::plumbing::*`
[INFO] [stdout]  --> src/iter/fold.rs:1:5
[INFO] [stdout]   |
[INFO] [stdout] 1 | use super::plumbing::*;
[INFO] [stdout]   |     ^^^^^^^^^^^^^^^^^^
[INFO] [stdout] 
[INFO] [stdout] 
[INFO] [stdout] warning: unused import: `super::plumbing::*`
[INFO] [stdout]  --> src/iter/fold_chunks.rs:4:5
[INFO] [stdout]   |
[INFO] [stdout] 4 | use super::plumbing::*;
[INFO] [stdout]   |     ^^^^^^^^^^^^^^^^^^
[INFO] [stdout] 
[INFO] [stdout] 
[INFO] [stdout] warning: unused import: `super::plumbing::*`
[INFO] [stdout]  --> src/iter/fold_chunks_with.rs:4:5
[INFO] [stdout]   |
[INFO] [stdout] 4 | use super::plumbing::*;
[INFO] [stdout]   |     ^^^^^^^^^^^^^^^^^^
[INFO] [stdout] 
[INFO] [stdout] 
[INFO] [stdout] warning: unused import: `super::plumbing::*`
[INFO] [stdout]  --> src/iter/inspect.rs:1:5
[INFO] [stdout]   |
[INFO] [stdout] 1 | use super::plumbing::*;
[INFO] [stdout]   |     ^^^^^^^^^^^^^^^^^^
[INFO] [stdout] 
[INFO] [stdout] 
[INFO] [stdout] warning: unused import: `super::plumbing::*`
[INFO] [stdout]  --> src/iter/interleave.rs:1:5
[INFO] [stdout]   |
[INFO] [stdout] 1 | use super::plumbing::*;
[INFO] [stdout]   |     ^^^^^^^^^^^^^^^^^^
[INFO] [stdout] 
[INFO] [stdout] 
[INFO] [stdout] warning: unused import: `super::plumbing::*`
[INFO] [stdout]  --> src/iter/interleave_shortest.rs:1:5
[INFO] [stdout]   |
[INFO] [stdout] 1 | use super::plumbing::*;
[INFO] [stdout]   |     ^^^^^^^^^^^^^^^^^^
[INFO] [stdout] 
[INFO] [stdout] 
[INFO] [stdout] warning: unused import: `super::plumbing::*`
[INFO] [stdout]  --> src/iter/intersperse.rs:1:5
[INFO] [stdout]   |
[INFO] [stdout] 1 | use super::plumbing::*;
[INFO] [stdout]   |     ^^^^^^^^^^^^^^^^^^
[INFO] [stdout] 
[INFO] [stdout] 
[INFO] [stdout] warning: unused import: `super::plumbing::*`
[INFO] [stdout]  --> src/iter/len.rs:1:5
[INFO] [stdout]   |
[INFO] [stdout] 1 | use super::plumbing::*;
[INFO] [stdout]   |     ^^^^^^^^^^^^^^^^^^
[INFO] [stdout] 
[INFO] [stdout] 
[INFO] [stdout] warning: unused import: `super::plumbing::*`
[INFO] [stdout]  --> src/iter/map.rs:1:5
[INFO] [stdout]   |
[INFO] [stdout] 1 | use super::plumbing::*;
[INFO] [stdout]   |     ^^^^^^^^^^^^^^^^^^
[INFO] [stdout] 
[INFO] [stdout] 
[INFO] [stdout] warning: unused import: `super::plumbing::*`
[INFO] [stdout]  --> src/iter/map_with.rs:1:5
[INFO] [stdout]   |
[INFO] [stdout] 1 | use super::plumbing::*;
[INFO] [stdout]   |     ^^^^^^^^^^^^^^^^^^
[INFO] [stdout] 
[INFO] [stdout] 
[INFO] [stdout] warning: unused import: `super::plumbing::*`
[INFO] [stdout]  --> src/iter/multizip.rs:1:5
[INFO] [stdout]   |
[INFO] [stdout] 1 | use super::plumbing::*;
[INFO] [stdout]   |     ^^^^^^^^^^^^^^^^^^
[INFO] [stdout] 
[INFO] [stdout] 
[INFO] [stdout] warning: unused import: `crate::iter::plumbing::*`
[INFO] [stdout]  --> src/iter/once.rs:1:5
[INFO] [stdout]   |
[INFO] [stdout] 1 | use crate::iter::plumbing::*;
[INFO] [stdout]   |     ^^^^^^^^^^^^^^^^^^^^^^^^
[INFO] [stdout] 
[INFO] [stdout] 
[INFO] [stdout] warning: unused import: `super::plumbing::*`
[INFO] [stdout]  --> src/iter/panic_fuse.rs:1:5
[INFO] [stdout]   |
[INFO] [stdout] 1 | use super::plumbing::*;
[INFO] [stdout]   |     ^^^^^^^^^^^^^^^^^^
[INFO] [stdout] 
[INFO] [stdout] 
[INFO] [stdout] warning: unused import: `super::plumbing::*`
[INFO] [stdout]  --> src/iter/positions.rs:1:5
[INFO] [stdout]   |
[INFO] [stdout] 1 | use super::plumbing::*;
[INFO] [stdout]   |     ^^^^^^^^^^^^^^^^^^
[INFO] [stdout] 
[INFO] [stdout] 
[INFO] [stdout] warning: unused import: `super::plumbing::*`
[INFO] [stdout]  --> src/iter/repeat.rs:1:5
[INFO] [stdout]   |
[INFO] [stdout] 1 | use super::plumbing::*;
[INFO] [stdout]   |     ^^^^^^^^^^^^^^^^^^
[INFO] [stdout] 
[INFO] [stdout] 
[INFO] [stdout] warning: unused import: `super::plumbing::*`
[INFO] [stdout]  --> src/iter/rev.rs:1:5
[INFO] [stdout]   |
[INFO] [stdout] 1 | use super::plumbing::*;
[INFO] [stdout]   |     ^^^^^^^^^^^^^^^^^^
[INFO] [stdout] 
[INFO] [stdout] 
[INFO] [stdout] warning: unused import: `super::plumbing::*`
[INFO] [stdout]  --> src/iter/skip.rs:2:5
[INFO] [stdout]   |
[INFO] [stdout] 2 | use super::plumbing::*;
[INFO] [stdout]   |     ^^^^^^^^^^^^^^^^^^
[INFO] [stdout] 
[INFO] [stdout] 
[INFO] [stdout] warning: unused import: `super::plumbing::*`
[INFO] [stdout]  --> src/iter/skip_any.rs:1:5
[INFO] [stdout]   |
[INFO] [stdout] 1 | use super::plumbing::*;
[INFO] [stdout]   |     ^^^^^^^^^^^^^^^^^^
[INFO] [stdout] 
[INFO] [stdout] 
[INFO] [stdout] warning: unused import: `super::plumbing::*`
[INFO] [stdout]  --> src/iter/skip_any_while.rs:1:5
[INFO] [stdout]   |
[INFO] [stdout] 1 | use super::plumbing::*;
[INFO] [stdout]   |     ^^^^^^^^^^^^^^^^^^
[INFO] [stdout] 
[INFO] [stdout] 
[INFO] [stdout] warning: unused import: `super::plumbing::*`
[INFO] [stdout]  --> src/iter/splitter.rs:1:5
[INFO] [stdout]   |
[INFO] [stdout] 1 | use super::plumbing::*;
[INFO] [stdout]   |     ^^^^^^^^^^^^^^^^^^
[INFO] [stdout] 
[INFO] [stdout] 
[INFO] [stdout] warning: unused import: `super::plumbing::*`
[INFO] [stdout]  --> src/iter/step_by.rs:3:5
[INFO] [stdout]   |
[INFO] [stdout] 3 | use super::plumbing::*;
[INFO] [stdout]   |     ^^^^^^^^^^^^^^^^^^
[INFO] [stdout] 
[INFO] [stdout] 
[INFO] [stdout] warning: unused import: `super::plumbing::*`
[INFO] [stdout]  --> src/iter/take.rs:1:5
[INFO] [stdout]   |
[INFO] [stdout] 1 | use super::plumbing::*;
[INFO] [stdout]   |     ^^^^^^^^^^^^^^^^^^
[INFO] [stdout] 
[INFO] [stdout] 
[INFO] [stdout] warning: unused import: `super::plumbing::*`
[INFO] [stdout]  --> src/iter/take_any.rs:1:5
[INFO] [stdout]   |
[INFO] [stdout] 1 | use super::plumbing::*;
[INFO] [stdout]   |     ^^^^^^^^^^^^^^^^^^
[INFO] [stdout] 
[INFO] [stdout] 
[INFO] [stdout] warning: unused import: `super::plumbing::*`
[INFO] [stdout]  --> src/iter/take_any_while.rs:1:5
[INFO] [stdout]   |
[INFO] [stdout] 1 | use super::plumbing::*;
[INFO] [stdout]   |     ^^^^^^^^^^^^^^^^^^
[INFO] [stdout] 
[INFO] [stdout] 
[INFO] [stdout] warning: unused import: `super::plumbing::*`
[INFO] [stdout]  --> src/iter/unzip.rs:1:5
[INFO] [stdout]   |
[INFO] [stdout] 1 | use super::plumbing::*;
[INFO] [stdout]   |     ^^^^^^^^^^^^^^^^^^
[INFO] [stdout] 
[INFO] [stdout] 
[INFO] [stdout] warning: unused import: `super::plumbing::*`
[INFO] [stdout]  --> src/iter/update.rs:1:5
[INFO] [stdout]   |
[INFO] [stdout] 1 | use super::plumbing::*;
[INFO] [stdout]   |     ^^^^^^^^^^^^^^^^^^
[INFO] [stdout] 
[INFO] [stdout] 
[INFO] [stdout] warning: unused import: `super::plumbing::*`
[INFO] [stdout]  --> src/iter/while_some.rs:1:5
[INFO] [stdout]   |
[INFO] [stdout] 1 | use super::plumbing::*;
[INFO] [stdout]   |     ^^^^^^^^^^^^^^^^^^
[INFO] [stdout] 
[INFO] [stdout] 
[INFO] [stdout] warning: unused import: `super::plumbing::*`
[INFO] [stdout]  --> src/iter/zip.rs:1:5
[INFO] [stdout]   |
[INFO] [stdout] 1 | use super::plumbing::*;
[INFO] [stdout]   |     ^^^^^^^^^^^^^^^^^^
[INFO] [stdout] 
[INFO] [stdout] 
[INFO] [stdout] warning: unused import: `super::plumbing::*`
[INFO] [stdout]  --> src/iter/zip_eq.rs:1:5
[INFO] [stdout]   |
[INFO] [stdout] 1 | use super::plumbing::*;
[INFO] [stdout]   |     ^^^^^^^^^^^^^^^^^^
[INFO] [stdout] 
[INFO] [stdout] 
[INFO] [stdout] warning: use of deprecated module `std::usize`: all constants in this module replaced by associated constants on the type
[INFO] [stdout]   --> src/iter/plumbing/mod.rs:12:10
[INFO] [stdout]    |
[INFO] [stdout] 12 | use std::usize;
[INFO] [stdout]    |          ^^^^^
[INFO] [stdout]    |
[INFO] [stdout]    = note: `#[warn(deprecated)]` on by default
[INFO] [stdout] 
[INFO] [stdout] 
[INFO] [stdout] warning: use of deprecated constant `std::usize::MAX`: replaced by the `MAX` associated constant on this type
[INFO] [stdout]   --> src/iter/plumbing/mod.rs:95:16
[INFO] [stdout]    |
[INFO] [stdout] 95 |         usize::MAX
[INFO] [stdout]    |                ^^^
[INFO] [stdout] 
[INFO] [stdout] 
[INFO] [stdout] warning: use of deprecated constant `std::usize::MAX`: replaced by the `MAX` associated constant on this type
[INFO] [stdout]   --> src/iter/blocks.rs:30:64
[INFO] [stdout]    |
[INFO] [stdout] 30 |             let size = self.sizes.next().unwrap_or(std::usize::MAX);
[INFO] [stdout]    |                                                                ^^^
[INFO] [stdout] 
[INFO] [stdout] 
[INFO] [stdout] warning: use of deprecated module `std::usize`: all constants in this module replaced by associated constants on the type
[INFO] [stdout]  --> src/iter/enumerate.rs:5:10
[INFO] [stdout]   |
[INFO] [stdout] 5 | use std::usize;
[INFO] [stdout]   |          ^^^^^
[INFO] [stdout] 
[INFO] [stdout] 
[INFO] [stdout] warning: use of deprecated module `std::usize`: all constants in this module replaced by associated constants on the type
[INFO] [stdout]  --> src/iter/repeat.rs:4:10
[INFO] [stdout]   |
[INFO] [stdout] 4 | use std::usize;
[INFO] [stdout]   |          ^^^^^
[INFO] [stdout] 
[INFO] [stdout] 
[INFO] [stdout] warning: use of deprecated module `std::usize`: all constants in this module replaced by associated constants on the type
[INFO] [stdout]  --> src/iter/step_by.rs:7:10
[INFO] [stdout]   |
[INFO] [stdout] 7 | use std::usize;
[INFO] [stdout]   |          ^^^^^
[INFO] [stdout] 
[INFO] [stdout] 
[INFO] [stdout] warning: use of deprecated module `std::usize`: all constants in this module replaced by associated constants on the type
[INFO] [stdout]   --> src/range.rs:24:10
[INFO] [stdout]    |
[INFO] [stdout] 24 | use std::usize;
[INFO] [stdout]    |          ^^^^^
[INFO] [stdout] 
[INFO] [stdout] 
[INFO] [stdout] warning: use of deprecated constant `std::u8::MAX`: replaced by the `MAX` associated constant on this type
[INFO] [stdout]    --> src/slice/mod.rs:551:47
[INFO] [stdout]     |
[INFO] [stdout] 551 |         if sz_u8 < sz_u16 && len <= (std::u8::MAX as usize) {
[INFO] [stdout]     |                                               ^^^
[INFO] [stdout] 
[INFO] [stdout] 
[INFO] [stdout] warning: use of deprecated constant `std::u16::MAX`: replaced by the `MAX` associated constant on this type
[INFO] [stdout]    --> src/slice/mod.rs:554:49
[INFO] [stdout]     |
[INFO] [stdout] 554 |         if sz_u16 < sz_u32 && len <= (std::u16::MAX as usize) {
[INFO] [stdout]     |                                                 ^^^
[INFO] [stdout] 
[INFO] [stdout] 
[INFO] [stdout] warning: use of deprecated constant `std::u32::MAX`: replaced by the `MAX` associated constant on this type
[INFO] [stdout]    --> src/slice/mod.rs:557:51
[INFO] [stdout]     |
[INFO] [stdout] 557 |         if sz_u32 < sz_usize && len <= (std::u32::MAX as usize) {
[INFO] [stdout]     |                                                   ^^^
[INFO] [stdout] 
[INFO] [stdout] 
[INFO] [stdout] warning: use of deprecated associated function `core::num::<impl usize>::max_value`: replaced by the `MAX` associated constant on this type
[INFO] [stdout]   --> src/iter/find_first_last/mod.rs:46:46
[INFO] [stdout]    |
[INFO] [stdout] 46 |     let best_found = AtomicUsize::new(usize::max_value());
[INFO] [stdout]    |                                              ^^^^^^^^^
[INFO] [stdout] 
[INFO] [stdout] 
[INFO] [stdout] warning: use of deprecated associated function `core::num::<impl usize>::max_value`: replaced by the `MAX` associated constant on this type
[INFO] [stdout]   --> src/iter/find_first_last/mod.rs:74:33
[INFO] [stdout]    |
[INFO] [stdout] 74 |             upper_bound: usize::max_value(),
[INFO] [stdout]    |                                 ^^^^^^^^^
[INFO] [stdout] 
[INFO] [stdout] 
[INFO] [stdout] warning: use of deprecated method `std::sync::atomic::Atomic::<usize>::fetch_update`: renamed to `try_update` for consistency
[INFO] [stdout]    --> src/iter/find_first_last/mod.rs:187:22
[INFO] [stdout]     |
[INFO] [stdout] 187 |                     .fetch_update(Ordering::Relaxed, Ordering::Relaxed, |current| {
[INFO] [stdout]     |                      ^^^^^^^^^^^^
[INFO] [stdout]     |
[INFO] [stdout] help: replace the use of the deprecated method
[INFO] [stdout]     |
[INFO] [stdout] 187 -                     .fetch_update(Ordering::Relaxed, Ordering::Relaxed, |current| {
[INFO] [stdout] 187 +                     .try_update(Ordering::Relaxed, Ordering::Relaxed, |current| {
[INFO] [stdout]     |
[INFO] [stdout] 
[INFO] [stdout] 
[INFO] [stdout] warning: use of deprecated method `std::sync::atomic::Atomic::<usize>::fetch_update`: renamed to `try_update` for consistency
[INFO] [stdout]    --> src/iter/par_bridge.rs:115:14
[INFO] [stdout]     |
[INFO] [stdout] 115 |             .fetch_update(Ordering::SeqCst, Ordering::SeqCst, |c| c.checked_sub(1));
[INFO] [stdout]     |              ^^^^^^^^^^^^
[INFO] [stdout]     |
[INFO] [stdout] help: replace the use of the deprecated method
[INFO] [stdout]     |
[INFO] [stdout] 115 -             .fetch_update(Ordering::SeqCst, Ordering::SeqCst, |c| c.checked_sub(1));
[INFO] [stdout] 115 +             .try_update(Ordering::SeqCst, Ordering::SeqCst, |c| c.checked_sub(1));
[INFO] [stdout]     |
[INFO] [stdout] 
[INFO] [stdout] 
[INFO] [stdout] warning: use of deprecated method `std::sync::atomic::Atomic::<usize>::fetch_update`: renamed to `try_update` for consistency
[INFO] [stdout]    --> src/iter/skip_any.rs:109:7
[INFO] [stdout]     |
[INFO] [stdout] 109 |     u.fetch_update(Ordering::Relaxed, Ordering::Relaxed, |u| u.checked_sub(1))
[INFO] [stdout]     |       ^^^^^^^^^^^^
[INFO] [stdout]     |
[INFO] [stdout] help: replace the use of the deprecated method
[INFO] [stdout]     |
[INFO] [stdout] 109 -     u.fetch_update(Ordering::Relaxed, Ordering::Relaxed, |u| u.checked_sub(1))
[INFO] [stdout] 109 +     u.try_update(Ordering::Relaxed, Ordering::Relaxed, |u| u.checked_sub(1))
[INFO] [stdout]     |
[INFO] [stdout] 
[INFO] [stdout] 
[INFO] [stdout] warning: use of deprecated method `std::sync::atomic::Atomic::<usize>::fetch_update`: renamed to `try_update` for consistency
[INFO] [stdout]    --> src/iter/take_any.rs:109:7
[INFO] [stdout]     |
[INFO] [stdout] 109 |     u.fetch_update(Ordering::Relaxed, Ordering::Relaxed, |u| u.checked_sub(1))
[INFO] [stdout]     |       ^^^^^^^^^^^^
[INFO] [stdout]     |
[INFO] [stdout] help: replace the use of the deprecated method
[INFO] [stdout]     |
[INFO] [stdout] 109 -     u.fetch_update(Ordering::Relaxed, Ordering::Relaxed, |u| u.checked_sub(1))
[INFO] [stdout] 109 +     u.try_update(Ordering::Relaxed, Ordering::Relaxed, |u| u.checked_sub(1))
[INFO] [stdout]     |
[INFO] [stdout] 
[INFO] [stdout] 
[INFO] [stderr]    Compiling rand_core v0.6.4
[INFO] [stderr]    Compiling rand_chacha v0.3.1
[INFO] [stderr]    Compiling rand_xorshift v0.3.0
[INFO] [stderr]    Compiling rand v0.8.8
[INFO] [stderr]    Compiling rayon-progress-bar v1.9.0 (/opt/rustwide/workdir)
[INFO] [stdout] error[E0433]: cannot find module or crate `rayon` in this scope
[INFO] [stdout]  --> tests/producer_split_at.rs:1:5
[INFO] [stdout]   |
[INFO] [stdout] 1 | use rayon::iter::plumbing::*;
[INFO] [stdout]   |     ^^^^^ use of unresolved module or unlinked crate `rayon`
[INFO] [stdout]   |
[INFO] [stdout]   = help: if you wanted to use a crate named `rayon`, use `cargo add rayon` to add it to your `Cargo.toml`
[INFO] [stdout] 
[INFO] [stdout] 
[INFO] [stdout] error[E0433]: cannot find module or crate `rayon` in this scope
[INFO] [stdout]  --> tests/producer_split_at.rs:2:5
[INFO] [stdout]   |
[INFO] [stdout] 2 | use rayon::prelude::*;
[INFO] [stdout]   |     ^^^^^ use of unresolved module or unlinked crate `rayon`
[INFO] [stdout]   |
[INFO] [stdout]   = help: if you wanted to use a crate named `rayon`, use `cargo add rayon` to add it to your `Cargo.toml`
[INFO] [stdout] 
[INFO] [stdout] 
[INFO] [stdout] error[E0432]: unresolved imports `rayon::iter::plumbing::*`, `rayon::prelude::*`
[INFO] [stdout]  --> tests/producer_split_at.rs:1:5
[INFO] [stdout]   |
[INFO] [stdout] 1 | use rayon::iter::plumbing::*;
[INFO] [stdout]   |     ^^^^^^^^^^^^^^^^^^^^^^^^
[INFO] [stdout] 2 | use rayon::prelude::*;
[INFO] [stdout]   |     ^^^^^^^^^^^^^^^^^
[INFO] [stdout] 
[INFO] [stdout] 
[INFO] [stdout] error[E0433]: cannot find module or crate `rayon` in this scope
[INFO] [stdout]  --> tests/octillion.rs:1:5
[INFO] [stdout]   |
[INFO] [stdout] 1 | use rayon::prelude::*;
[INFO] [stdout]   |     ^^^^^ use of unresolved module or unlinked crate `rayon`
[INFO] [stdout]   |
[INFO] [stdout]   = help: if you wanted to use a crate named `rayon`, use `cargo add rayon` to add it to your `Cargo.toml`
[INFO] [stdout] 
[INFO] [stdout] 
[INFO] [stdout] error[E0433]: cannot find module or crate `rayon` in this scope
[INFO] [stdout]  --> tests/str.rs:4:5
[INFO] [stdout]   |
[INFO] [stdout] 4 | use rayon::prelude::*;
[INFO] [stdout]   |     ^^^^^ use of unresolved module or unlinked crate `rayon`
[INFO] [stdout]   |
[INFO] [stdout]   = help: if you wanted to use a crate named `rayon`, use `cargo add rayon` to add it to your `Cargo.toml`
[INFO] [stdout] 
[INFO] [stdout] 
[INFO] [stdout] error[E0433]: cannot find module or crate `rayon` in this scope
[INFO] [stdout]  --> tests/issue671-unzip.rs:3:5
[INFO] [stdout]   |
[INFO] [stdout] 3 | use rayon::prelude::*;
[INFO] [stdout]   |     ^^^^^ use of unresolved module or unlinked crate `rayon`
[INFO] [stdout]   |
[INFO] [stdout]   = help: if you wanted to use a crate named `rayon`, use `cargo add rayon` to add it to your `Cargo.toml`
[INFO] [stdout] 
[INFO] [stdout] 
[INFO] [stdout] error[E0433]: cannot find module or crate `rayon` in this scope
[INFO] [stdout]  --> tests/named-threads.rs:3:5
[INFO] [stdout]   |
[INFO] [stdout] 3 | use rayon::prelude::*;
[INFO] [stdout]   |     ^^^^^ use of unresolved module or unlinked crate `rayon`
[INFO] [stdout]   |
[INFO] [stdout]   = help: if you wanted to use a crate named `rayon`, use `cargo add rayon` to add it to your `Cargo.toml`
[INFO] [stdout] 
[INFO] [stdout] 
[INFO] [stdout] error[E0433]: cannot find module or crate `rayon` in this scope
[INFO] [stdout]  --> tests/intersperse.rs:1:5
[INFO] [stdout]   |
[INFO] [stdout] 1 | use rayon::prelude::*;
[INFO] [stdout]   |     ^^^^^ use of unresolved module or unlinked crate `rayon`
[INFO] [stdout]   |
[INFO] [stdout]   = help: if you wanted to use a crate named `rayon`, use `cargo add rayon` to add it to your `Cargo.toml`
[INFO] [stdout] 
[INFO] [stdout] 
[INFO] [stdout] error[E0432]: unresolved import `rayon`
[INFO] [stdout]  --> tests/named-threads.rs:4:5
[INFO] [stdout]   |
[INFO] [stdout] 4 | use rayon::*;
[INFO] [stdout]   |     ^^^^^ use of unresolved module or unlinked crate `rayon`
[INFO] [stdout]   |
[INFO] [stdout]   = help: if you wanted to use a crate named `rayon`, use `cargo add rayon` to add it to your `Cargo.toml`
[INFO] [stdout] 
[INFO] [stdout] 
[INFO] [stdout] error[E0433]: cannot find module or crate `rayon` in this scope
[INFO] [stdout]  --> tests/sort-panic-safe.rs:3:5
[INFO] [stdout]   |
[INFO] [stdout] 3 | use rayon::prelude::*;
[INFO] [stdout]   |     ^^^^^ use of unresolved module or unlinked crate `rayon`
[INFO] [stdout]   |
[INFO] [stdout]   = help: if you wanted to use a crate named `rayon`, use `cargo add rayon` to add it to your `Cargo.toml`
[INFO] [stdout] 
[INFO] [stdout] 
[INFO] [stdout] error[E0599]: no method named `par_iter` found for struct `Vec<{integer}>` in the current scope
[INFO] [stdout]  --> tests/issue671-unzip.rs:9:10
[INFO] [stdout]   |
[INFO] [stdout] 8 |       let (indexes, (squares, cubes)): (Vec<_>, (Vec<_>, Vec<_>)) = input
[INFO] [stdout]   |  ___________________________________________________________________-
[INFO] [stdout] 9 | |         .par_iter()
[INFO] [stdout]   | |_________-^^^^^^^^
[INFO] [stdout]   |
[INFO] [stdout] help: there is a method `iter` with a similar name
[INFO] [stdout]   |
[INFO] [stdout] 9 -         .par_iter()
[INFO] [stdout] 9 +         .iter()
[INFO] [stdout]   |
[INFO] [stdout] 
[INFO] [stdout] 
[INFO] [stdout] Some errors have detailed explanations: E0433, E0599.
[INFO] [stdout] 
[INFO] [stdout] For more information about an error, try `rustc --explain E0433`.
[INFO] [stdout] 
[INFO] [stdout] error[E0433]: cannot find module or crate `rayon` in this scope
[INFO] [stdout]  --> tests/issue671.rs:3:5
[INFO] [stdout]   |
[INFO] [stdout] 3 | use rayon::prelude::*;
[INFO] [stdout]   |     ^^^^^ use of unresolved module or unlinked crate `rayon`
[INFO] [stdout]   |
[INFO] [stdout]   = help: if you wanted to use a crate named `rayon`, use `cargo add rayon` to add it to your `Cargo.toml`
[INFO] [stdout] 
[INFO] [stdout] 
[INFO] [stdout] error[E0433]: cannot find module or crate `rayon` in this scope
[INFO] [stdout]  --> tests/par_bridge_recursion.rs:1:5
[INFO] [stdout]   |
[INFO] [stdout] 1 | use rayon::prelude::*;
[INFO] [stdout]   |     ^^^^^ use of unresolved module or unlinked crate `rayon`
[INFO] [stdout]   |
[INFO] [stdout]   = help: if you wanted to use a crate named `rayon`, use `cargo add rayon` to add it to your `Cargo.toml`
[INFO] [stdout] 
[INFO] [stdout] 
[INFO] [stdout] error[E0433]: cannot find module or crate `rayon` in this scope
[INFO] [stdout]  --> tests/octillion.rs:6:19
[INFO] [stdout]   |
[INFO] [stdout] 6 | fn octillion() -> rayon::range::Iter<u128> {
[INFO] [stdout]   |                   ^^^^^ use of unresolved module or unlinked crate `rayon`
[INFO] [stdout]   |
[INFO] [stdout]   = help: if you wanted to use a crate named `rayon`, use `cargo add rayon` to add it to your `Cargo.toml`
[INFO] [stdout] 
[INFO] [stdout] 
[INFO] [stderr] error: could not compile `rayon-progress-bar` (test "issue671-unzip") due to 2 previous errors
[INFO] [stderr] warning: build failed, waiting for other jobs to finish...
[INFO] [stdout] error[E0433]: cannot find module or crate `rayon` in this scope
[INFO] [stdout]  --> tests/debug.rs:1:5
[INFO] [stdout]   |
[INFO] [stdout] 1 | use rayon::prelude::*;
[INFO] [stdout]   |     ^^^^^ use of unresolved module or unlinked crate `rayon`
[INFO] [stdout]   |
[INFO] [stdout]   = help: if you wanted to use a crate named `rayon`, use `cargo add rayon` to add it to your `Cargo.toml`
[INFO] [stdout] 
[INFO] [stdout] 
[INFO] [stdout] error[E0433]: cannot find module or crate `rayon` in this scope
[INFO] [stdout]  --> tests/drain_vec.rs:1:5
[INFO] [stdout]   |
[INFO] [stdout] 1 | use rayon::prelude::*;
[INFO] [stdout]   |     ^^^^^ use of unresolved module or unlinked crate `rayon`
[INFO] [stdout]   |
[INFO] [stdout]   = help: if you wanted to use a crate named `rayon`, use `cargo add rayon` to add it to your `Cargo.toml`
[INFO] [stdout] 
[INFO] [stdout] 
[INFO] [stdout] error[E0433]: cannot find module or crate `rayon` in this scope
[INFO] [stdout]  --> tests/cross-pool.rs:1:5
[INFO] [stdout]   |
[INFO] [stdout] 1 | use rayon::prelude::*;
[INFO] [stdout]   |     ^^^^^ use of unresolved module or unlinked crate `rayon`
[INFO] [stdout]   |
[INFO] [stdout]   = help: if you wanted to use a crate named `rayon`, use `cargo add rayon` to add it to your `Cargo.toml`
[INFO] [stdout] 
[INFO] [stdout] 
[INFO] [stdout] error[E0433]: cannot find module or crate `rayon` in this scope
[INFO] [stdout]   --> tests/octillion.rs:11:29
[INFO] [stdout]    |
[INFO] [stdout] 11 | fn octillion_inclusive() -> rayon::range_inclusive::Iter<u128> {
[INFO] [stdout]    |                             ^^^^^ use of unresolved module or unlinked crate `rayon`
[INFO] [stdout]    |
[INFO] [stdout]    = help: if you wanted to use a crate named `rayon`, use `cargo add rayon` to add it to your `Cargo.toml`
[INFO] [stdout] 
[INFO] [stdout] 
[INFO] [stdout] error[E0432]: unresolved import `rayon`
[INFO] [stdout]  --> tests/cross-pool.rs:2:5
[INFO] [stdout]   |
[INFO] [stdout] 2 | use rayon::ThreadPoolBuilder;
[INFO] [stdout]   |     ^^^^^ use of unresolved module or unlinked crate `rayon`
[INFO] [stdout]   |
[INFO] [stdout]   = help: if you wanted to use a crate named `rayon`, use `cargo add rayon` to add it to your `Cargo.toml`
[INFO] [stdout] 
[INFO] [stdout] 
[INFO] [stdout] error[E0433]: cannot find module or crate `rayon` in this scope
[INFO] [stdout]  --> tests/iter_panic.rs:1:5
[INFO] [stdout]   |
[INFO] [stdout] 1 | use rayon::prelude::*;
[INFO] [stdout]   |     ^^^^^ use of unresolved module or unlinked crate `rayon`
[INFO] [stdout]   |
[INFO] [stdout]   = help: if you wanted to use a crate named `rayon`, use `cargo add rayon` to add it to your `Cargo.toml`
[INFO] [stdout] 
[INFO] [stdout] 
[INFO] [stdout] error[E0433]: cannot find module or crate `rayon` in this scope
[INFO] [stdout]  --> tests/clones.rs:1:5
[INFO] [stdout]   |
[INFO] [stdout] 1 | use rayon::prelude::*;
[INFO] [stdout]   |     ^^^^^ use of unresolved module or unlinked crate `rayon`
[INFO] [stdout]   |
[INFO] [stdout]   = help: if you wanted to use a crate named `rayon`, use `cargo add rayon` to add it to your `Cargo.toml`
[INFO] [stdout] 
[INFO] [stdout] 
[INFO] [stdout] error[E0432]: unresolved import `rayon`
[INFO] [stdout]  --> tests/iter_panic.rs:2:5
[INFO] [stdout]   |
[INFO] [stdout] 2 | use rayon::ThreadPoolBuilder;
[INFO] [stdout]   |     ^^^^^ use of unresolved module or unlinked crate `rayon`
[INFO] [stdout]   |
[INFO] [stdout]   = help: if you wanted to use a crate named `rayon`, use `cargo add rayon` to add it to your `Cargo.toml`
[INFO] [stdout] 
[INFO] [stdout] 
[INFO] [stdout] error[E0433]: cannot find module or crate `rayon` in this scope
[INFO] [stdout]   --> tests/octillion.rs:64:19
[INFO] [stdout]    |
[INFO] [stdout] 64 |     let builder = rayon::ThreadPoolBuilder::new().num_threads(2);
[INFO] [stdout]    |                   ^^^^^ use of unresolved module or unlinked crate `rayon`
[INFO] [stdout]    |
[INFO] [stdout]    = help: if you wanted to use a crate named `rayon`, use `cargo add rayon` to add it to your `Cargo.toml`
[INFO] [stdout] 
[INFO] [stdout] 
[INFO] [stdout] error[E0405]: cannot find trait `ParallelIterator` in this scope
[INFO] [stdout]   --> tests/octillion.rs:16:29
[INFO] [stdout]    |
[INFO] [stdout] 16 | fn octillion_flat() -> impl ParallelIterator<Item = u128> {
[INFO] [stdout]    |                             ^^^^^^^^^^^^^^^^ not found in this scope
[INFO] [stdout] 
[INFO] [stdout] 
[INFO] [stdout] error[E0433]: cannot find module or crate `rayon` in this scope
[INFO] [stdout]  --> tests/collect.rs:1:5
[INFO] [stdout]   |
[INFO] [stdout] 1 | use rayon::prelude::*;
[INFO] [stdout]   |     ^^^^^ use of unresolved module or unlinked crate `rayon`
[INFO] [stdout]   |
[INFO] [stdout]   = help: if you wanted to use a crate named `rayon`, use `cargo add rayon` to add it to your `Cargo.toml`
[INFO] [stdout] 
[INFO] [stdout] 
[INFO] [stdout] Some errors have detailed explanations: E0405, E0433.
[INFO] [stdout] 
[INFO] [stdout] For more information about an error, try `rustc --explain E0405`.
[INFO] [stdout] 
[INFO] [stdout] error[E0599]: no method named `into_par_iter` found for struct `std::ops::Range<Idx>` in the current scope
[INFO] [stdout]    --> tests/named-threads.rs:17:10
[INFO] [stdout]     |
[INFO] [stdout]  16 |       let thread_names = (0..N)
[INFO] [stdout]     |  ________________________-
[INFO] [stdout]  17 | |         .into_par_iter()
[INFO] [stdout]     | |_________-^^^^^^^^^^^^^
[INFO] [stdout]     |
[INFO] [stdout]    ::: src/iter/mod.rs:250:8
[INFO] [stdout]     |
[INFO] [stdout] 250 |       fn into_par_iter(self) -> Self::Iter;
[INFO] [stdout]     |          ------------- the method is available for `std::ops::Range<usize>` here
[INFO] [stdout]     |
[INFO] [stdout]     = help: items from traits can only be used if the trait is in scope
[INFO] [stdout] help: trait `IntoParallelIterator` which provides `into_par_iter` is implemented but not in scope; perhaps you want to import it
[INFO] [stdout]     |
[INFO] [stdout]   1 + use rayon_progress_bar::iter::IntoParallelIterator;
[INFO] [stdout]     |
[INFO] [stdout] help: there is a method `into_iter` with a similar name
[INFO] [stdout]     |
[INFO] [stdout]  17 -         .into_par_iter()
[INFO] [stdout]  17 +         .into_iter()
[INFO] [stdout]     |
[INFO] [stdout] 
[INFO] [stdout] 
[INFO] [stdout] error[E0433]: cannot find module or crate `rayon` in this scope
[INFO] [stdout]    --> tests/producer_split_at.rs:150:18
[INFO] [stdout]     |
[INFO] [stdout] 150 |     check(&v, || rayon::iter::repeatn(1, 5));
[INFO] [stdout]     |                  ^^^^^ use of unresolved module or unlinked crate `rayon`
[INFO] [stdout]     |
[INFO] [stdout]     = help: if you wanted to use a crate named `rayon`, use `cargo add rayon` to add it to your `Cargo.toml`
[INFO] [stdout] 
[INFO] [stdout] 
[INFO] [stdout] error[E0405]: cannot find trait `IntoParallelIterator` in this scope
[INFO] [stdout]  --> tests/producer_split_at.rs:8:8
[INFO] [stdout]   |
[INFO] [stdout] 8 |     I: IntoParallelIterator,
[INFO] [stdout]   |        ^^^^^^^^^^^^^^^^^^^^ not found in this scope
[INFO] [stdout] 
[INFO] [stdout] 
[INFO] [stdout] error[E0405]: cannot find trait `IndexedParallelIterator` in this scope
[INFO] [stdout]  --> tests/producer_split_at.rs:9:14
[INFO] [stdout]   |
[INFO] [stdout] 9 |     I::Iter: IndexedParallelIterator,
[INFO] [stdout]   |              ^^^^^^^^^^^^^^^^^^^^^^^ not found in this scope
[INFO] [stdout] 
[INFO] [stdout] 
[INFO] [stdout] error[E0405]: cannot find trait `IntoParallelIterator` in this scope
[INFO] [stdout]   --> tests/producer_split_at.rs:42:12
[INFO] [stdout]    |
[INFO] [stdout] 42 |         I: IntoParallelIterator,
[INFO] [stdout]    |            ^^^^^^^^^^^^^^^^^^^^ not found in this scope
[INFO] [stdout] 
[INFO] [stdout] 
[INFO] [stdout] error[E0405]: cannot find trait `IndexedParallelIterator` in this scope
[INFO] [stdout]   --> tests/producer_split_at.rs:43:18
[INFO] [stdout]    |
[INFO] [stdout] 43 |         I::Iter: IndexedParallelIterator,
[INFO] [stdout]    |                  ^^^^^^^^^^^^^^^^^^^^^^^ not found in this scope
[INFO] [stdout] 
[INFO] [stdout] 
[INFO] [stdout] error[E0405]: cannot find trait `IntoParallelIterator` in this scope
[INFO] [stdout]   --> tests/producer_split_at.rs:57:12
[INFO] [stdout]    |
[INFO] [stdout] 57 |         I: IntoParallelIterator,
[INFO] [stdout]    |            ^^^^^^^^^^^^^^^^^^^^ not found in this scope
[INFO] [stdout] 
[INFO] [stdout] 
[INFO] [stdout] error[E0405]: cannot find trait `IndexedParallelIterator` in this scope
[INFO] [stdout]   --> tests/producer_split_at.rs:58:18
[INFO] [stdout]    |
[INFO] [stdout] 58 |         I::Iter: IndexedParallelIterator,
[INFO] [stdout]    |                  ^^^^^^^^^^^^^^^^^^^^^^^ not found in this scope
[INFO] [stdout] 
[INFO] [stdout] 
[INFO] [stdout] error[E0405]: cannot find trait `ProducerCallback` in this scope
[INFO] [stdout]   --> tests/producer_split_at.rs:71:9
[INFO] [stdout]    |
[INFO] [stdout] 71 | impl<T> ProducerCallback<T> for Split {
[INFO] [stdout]    |         ^^^^^^^^^^^^^^^^ not found in this scope
[INFO] [stdout] 
[INFO] [stdout] 
[INFO] [stdout] error[E0405]: cannot find trait `Producer` in this scope
[INFO] [stdout]   --> tests/producer_split_at.rs:76:12
[INFO] [stdout]    |
[INFO] [stdout] 76 |         P: Producer<Item = T>,
[INFO] [stdout]    |            ^^^^^^^^ not found in this scope
[INFO] [stdout] 
[INFO] [stdout] 
[INFO] [stdout] error[E0433]: cannot find module or crate `rayon` in this scope
[INFO] [stdout]    --> tests/producer_split_at.rs:120:20
[INFO] [stdout]     |
[INFO] [stdout] 120 |     check(&v[..0], rayon::iter::empty);
[INFO] [stdout]     |                    ^^^^^ use of unresolved module or unlinked crate `rayon`
[INFO] [stdout]     |
[INFO] [stdout]     = help: if you wanted to use a crate named `rayon`, use `cargo add rayon` to add it to your `Cargo.toml`
[INFO] [stdout] help: consider importing this module
[INFO] [stdout]     |
[INFO] [stdout]   1 + use std::iter;
[INFO] [stdout]     |
[INFO] [stdout] help: if you import `iter`, refer to it directly
[INFO] [stdout]     |
[INFO] [stdout] 120 -     check(&v[..0], rayon::iter::empty);
[INFO] [stdout] 120 +     check(&v[..0], iter::empty);
[INFO] [stdout]     |
[INFO] [stdout] 
[INFO] [stdout] 
[INFO] [stdout] error[E0433]: cannot find module or crate `rayon` in this scope
[INFO] [stdout]    --> tests/producer_split_at.rs:126:18
[INFO] [stdout]     |
[INFO] [stdout] 126 |     check(&v, || rayon::iter::once(42));
[INFO] [stdout]     |                  ^^^^^ use of unresolved module or unlinked crate `rayon`
[INFO] [stdout]     |
[INFO] [stdout]     = help: if you wanted to use a crate named `rayon`, use `cargo add rayon` to add it to your `Cargo.toml`
[INFO] [stdout] help: consider importing this module
[INFO] [stdout]     |
[INFO] [stdout]   1 + use std::iter;
[INFO] [stdout]     |
[INFO] [stdout] help: if you import `iter`, refer to it directly
[INFO] [stdout]     |
[INFO] [stdout] 126 -     check(&v, || rayon::iter::once(42));
[INFO] [stdout] 126 +     check(&v, || iter::once(42));
[INFO] [stdout]     |
[INFO] [stdout] 
[INFO] [stdout] 
[INFO] [stdout] Some errors have detailed explanations: E0432, E0433, E0599.
[INFO] [stdout] 
[INFO] [stdout] For more information about an error, try `rustc --explain E0432`.
[INFO] [stdout] 
[INFO] [stderr] error: could not compile `rayon-progress-bar` (test "producer_split_at") due to 14 previous errors
[INFO] [stdout] Some errors have detailed explanations: E0405, E0432, E0433.
[INFO] [stdout] 
[INFO] [stdout] For more information about an error, try `rustc --explain E0405`.
[INFO] [stdout] 
[INFO] [stderr] error: could not compile `rayon-progress-bar` (test "octillion") due to 5 previous errors
[INFO] [stderr] error: could not compile `rayon-progress-bar` (test "named-threads") due to 3 previous errors
[INFO] [stdout] error[E0433]: cannot find module or crate `rayon` in this scope
[INFO] [stdout]    --> tests/debug.rs:208:11
[INFO] [stdout]     |
[INFO] [stdout] 208 |     check(rayon::iter::repeatn(x, 10));
[INFO] [stdout]     |           ^^^^^ use of unresolved module or unlinked crate `rayon`
[INFO] [stdout]     |
[INFO] [stdout]     = help: if you wanted to use a crate named `rayon`, use `cargo add rayon` to add it to your `Cargo.toml`
[INFO] [stdout] 
[INFO] [stdout] 
[INFO] [stdout] error[E0433]: cannot find module or crate `rayon` in this scope
[INFO] [stdout]    --> tests/debug.rs:213:11
[INFO] [stdout]     |
[INFO] [stdout] 213 |     check(rayon::iter::split(0..10, |x| (x, None)));
[INFO] [stdout]     |           ^^^^^ use of unresolved module or unlinked crate `rayon`
[INFO] [stdout]     |
[INFO] [stdout]     = help: if you wanted to use a crate named `rayon`, use `cargo add rayon` to add it to your `Cargo.toml`
[INFO] [stdout] 
[INFO] [stdout] 
[INFO] [stdout] error[E0405]: cannot find trait `ParallelIterator` in this scope
[INFO] [stdout]  --> tests/debug.rs:6:8
[INFO] [stdout]   |
[INFO] [stdout] 6 |     I: ParallelIterator + Debug,
[INFO] [stdout]   |        ^^^^^^^^^^^^^^^^ not found in this scope
[INFO] [stdout] 
[INFO] [stdout] 
[INFO] [stdout] error[E0433]: cannot find module or crate `rayon` in this scope
[INFO] [stdout]    --> tests/debug.rs:196:11
[INFO] [stdout]     |
[INFO] [stdout] 196 |     check(rayon::iter::empty::<i32>());
[INFO] [stdout]     |           ^^^^^ use of unresolved module or unlinked crate `rayon`
[INFO] [stdout]     |
[INFO] [stdout]     = help: if you wanted to use a crate named `rayon`, use `cargo add rayon` to add it to your `Cargo.toml`
[INFO] [stdout] help: consider importing this module
[INFO] [stdout]     |
[INFO] [stdout]   1 + use std::iter;
[INFO] [stdout]     |
[INFO] [stdout] help: if you import `iter`, refer to it directly
[INFO] [stdout]     |
[INFO] [stdout] 196 -     check(rayon::iter::empty::<i32>());
[INFO] [stdout] 196 +     check(iter::empty::<i32>());
[INFO] [stdout]     |
[INFO] [stdout] 
[INFO] [stdout] 
[INFO] [stdout] error[E0433]: cannot find module or crate `rayon` in this scope
[INFO] [stdout]    --> tests/debug.rs:201:11
[INFO] [stdout]     |
[INFO] [stdout] 201 |     check(rayon::iter::once(10));
[INFO] [stdout]     |           ^^^^^ use of unresolved module or unlinked crate `rayon`
[INFO] [stdout]     |
[INFO] [stdout]     = help: if you wanted to use a crate named `rayon`, use `cargo add rayon` to add it to your `Cargo.toml`
[INFO] [stdout] help: consider importing this module
[INFO] [stdout]     |
[INFO] [stdout]   1 + use std::iter;
[INFO] [stdout]     |
[INFO] [stdout] help: if you import `iter`, refer to it directly
[INFO] [stdout]     |
[INFO] [stdout] 201 -     check(rayon::iter::once(10));
[INFO] [stdout] 201 +     check(iter::once(10));
[INFO] [stdout]     |
[INFO] [stdout] 
[INFO] [stdout] 
[INFO] [stdout] error[E0433]: cannot find module or crate `rayon` in this scope
[INFO] [stdout]    --> tests/debug.rs:207:11
[INFO] [stdout]     |
[INFO] [stdout] 207 |     check(rayon::iter::repeat(x));
[INFO] [stdout]     |           ^^^^^ use of unresolved module or unlinked crate `rayon`
[INFO] [stdout]     |
[INFO] [stdout]     = help: if you wanted to use a crate named `rayon`, use `cargo add rayon` to add it to your `Cargo.toml`
[INFO] [stdout] help: consider importing this module
[INFO] [stdout]     |
[INFO] [stdout]   1 + use std::iter;
[INFO] [stdout]     |
[INFO] [stdout] help: if you import `iter`, refer to it directly
[INFO] [stdout]     |
[INFO] [stdout] 207 -     check(rayon::iter::repeat(x));
[INFO] [stdout] 207 +     check(iter::repeat(x));
[INFO] [stdout]     |
[INFO] [stdout] 
[INFO] [stdout] 
[INFO] [stdout] Some errors have detailed explanations: E0405, E0433.
[INFO] [stdout] 
[INFO] [stdout] error[E0599]: no method named `par_chars` found for struct `String` in the current scope
[INFO] [stdout]   --> tests/str.rs:17:31
[INFO] [stdout]    |
[INFO] [stdout] 17 |     let par_chars: String = s.par_chars().collect();
[INFO] [stdout]    |                               ^^^^^^^^^
[INFO] [stdout]    |
[INFO] [stdout] help: there is a method `chars` with a similar name
[INFO] [stdout]    |
[INFO] [stdout] 17 -     let par_chars: String = s.par_chars().collect();
[INFO] [stdout] 17 +     let par_chars: String = s.chars().collect();
[INFO] [stdout]    |
[INFO] [stdout] 
[INFO] [stdout] 
[INFO] [stdout] For more information about an error, try `rustc --explain E0405`.
[INFO] [stdout] 
[INFO] [stdout] error[E0433]: cannot find module or crate `rayon` in this scope
[INFO] [stdout]  --> tests/par_bridge_recursion.rs:9:16
[INFO] [stdout]   |
[INFO] [stdout] 9 |     let pool = rayon::ThreadPoolBuilder::new()
[INFO] [stdout]   |                ^^^^^ use of unresolved module or unlinked crate `rayon`
[INFO] [stdout]   |
[INFO] [stdout]   = help: if you wanted to use a crate named `rayon`, use `cargo add rayon` to add it to your `Cargo.toml`
[INFO] [stdout] 
[INFO] [stdout] 
[INFO] [stdout] error[E0405]: cannot find trait `ParallelIterator` in this scope
[INFO] [stdout]   --> tests/iter_panic.rs:30:29
[INFO] [stdout]    |
[INFO] [stdout] 30 |         fn count(iter: impl ParallelIterator + UnwindSafe) -> usize {
[INFO] [stdout]    |                             ^^^^^^^^^^^^^^^^ not found in this scope
[INFO] [stdout] 
[INFO] [stdout] 
[INFO] [stdout] error[E0599]: no method named `into_par_iter` found for struct `std::ops::Range<Idx>` in the current scope
[INFO] [stdout]  --> tests/intersperse.rs:5:31
[INFO] [stdout]   |
[INFO] [stdout] 5 |     let v: Vec<_> = (0..1000).into_par_iter().intersperse(-1).collect();
[INFO] [stdout]   |                               ^^^^^^^^^^^^^
[INFO] [stdout]   |
[INFO] [stdout] help: there is a method `into_iter` with a similar name
[INFO] [stdout]   |
[INFO] [stdout] 5 -     let v: Vec<_> = (0..1000).into_par_iter().intersperse(-1).collect();
[INFO] [stdout] 5 +     let v: Vec<_> = (0..1000).into_iter().intersperse(-1).collect();
[INFO] [stdout]   |
[INFO] [stdout] 
[INFO] [stdout] 
[INFO] [stderr] error: could not compile `rayon-progress-bar` (test "debug") due to 7 previous errors
[INFO] [stdout] error[E0599]: no method named `par_sort_by` found for struct `Vec<DropCounter>` in the current scope
[INFO] [stdout]    --> tests/sort-panic-safe.rs:159:30
[INFO] [stdout]     |
[INFO] [stdout]  60 |           $input.to_owned().$func(|a, b| {
[INFO] [stdout]     |           -                 ----- due to this macro variable
[INFO] [stdout]     |  _________|
[INFO] [stdout]     | |
[INFO] [stdout]  61 | |             count.fetch_add(1, Relaxed);
[INFO] [stdout]  62 | |             a.cmp(b)
[INFO] [stdout]  63 | |         });
[INFO] [stdout] ...   |
[INFO] [stdout] 159 | |                 test!(input, par_sort_by);
[INFO] [stdout]     | |_____________________________-^^^^^^^^^^^
[INFO] [stdout]     |
[INFO] [stdout] help: there is a method `sort_by` with a similar name
[INFO] [stdout]     |
[INFO] [stdout] 159 -                 test!(input, par_sort_by);
[INFO] [stdout] 159 +                 test!(input, sort_by);
[INFO] [stdout]     |
[INFO] [stdout] 
[INFO] [stdout] 
[INFO] [stdout] Some errors have detailed explanations: E0405, E0432, E0433.
[INFO] [stdout] 
[INFO] [stdout] For more information about an error, try `rustc --explain E0405`.
[INFO] [stdout] 
[INFO] [stdout] error[E0599]: no method named `par_chars` found for struct `String` in the current scope
[INFO] [stdout]   --> tests/str.rs:20:30
[INFO] [stdout]    |
[INFO] [stdout] 20 |     let par_even: String = s.par_chars().filter(|&c| (c as u32) & 1 == 0).collect();
[INFO] [stdout]    |                              ^^^^^^^^^
[INFO] [stdout]    |
[INFO] [stdout] help: there is a method `chars` with a similar name
[INFO] [stdout]    |
[INFO] [stdout] 20 -     let par_even: String = s.par_chars().filter(|&c| (c as u32) & 1 == 0).collect();
[INFO] [stdout] 20 +     let par_even: String = s.chars().filter(|&c| (c as u32) & 1 == 0).collect();
[INFO] [stdout]    |
[INFO] [stdout] 
[INFO] [stdout] 
[INFO] [stderr] error: could not compile `rayon-progress-bar` (test "iter_panic") due to 3 previous errors
[INFO] [stdout] error[E0599]: no method named `into_par_iter` found for struct `Vec<Result<(), ()>>` in the current scope
[INFO] [stdout]  --> tests/issue671.rs:8:10
[INFO] [stdout]   |
[INFO] [stdout] 7 |       let _ = Vec::<Result<(), ()>>::new()
[INFO] [stdout]   |  _____________-
[INFO] [stdout] 8 | |         .into_par_iter()
[INFO] [stdout]   | |_________-^^^^^^^^^^^^^
[INFO] [stdout]   |
[INFO] [stdout] help: there is a method `into_iter` with a similar name
[INFO] [stdout]   |
[INFO] [stdout] 8 -         .into_par_iter()
[INFO] [stdout] 8 +         .into_iter()
[INFO] [stdout]   |
[INFO] [stdout] 
[INFO] [stdout] 
[INFO] [stdout] error[E0599]: no method named `into_par_iter` found for struct `std::ops::RangeInclusive<Idx>` in the current scope
[INFO] [stdout]    --> tests/cross-pool.rs:17:14
[INFO] [stdout]     |
[INFO] [stdout]  16 | /         (1..=n)
[INFO] [stdout]  17 | |             .into_par_iter()
[INFO] [stdout]     | |_____________-^^^^^^^^^^^^^
[INFO] [stdout]     |
[INFO] [stdout]    ::: src/iter/mod.rs:250:8
[INFO] [stdout]     |
[INFO] [stdout] 250 |       fn into_par_iter(self) -> Self::Iter;
[INFO] [stdout]     |          ------------- the method is available for `std::ops::RangeInclusive<i32>` here
[INFO] [stdout]     |
[INFO] [stdout]     = help: items from traits can only be used if the trait is in scope
[INFO] [stdout] help: trait `IntoParallelIterator` which provides `into_par_iter` is implemented but not in scope; perhaps you want to import it
[INFO] [stdout]     |
[INFO] [stdout]   1 + use rayon_progress_bar::iter::IntoParallelIterator;
[INFO] [stdout]     |
[INFO] [stdout] help: there is a method `into_iter` with a similar name
[INFO] [stdout]     |
[INFO] [stdout]  17 -             .into_par_iter()
[INFO] [stdout]  17 +             .into_iter()
[INFO] [stdout]     |
[INFO] [stdout] 
[INFO] [stdout] 
[INFO] [stdout] Some errors have detailed explanations: E0433, E0599.
[INFO] [stdout] 
[INFO] [stdout] For more information about an error, try `rustc --explain E0433`.
[INFO] [stdout] 
[INFO] [stdout] error[E0599]: no method named `into_par_iter` found for struct `std::ops::Range<Idx>` in the current scope
[INFO] [stdout]   --> tests/intersperse.rs:15:10
[INFO] [stdout]    |
[INFO] [stdout] 14 |       let v: Vec<_> = (0..1000)
[INFO] [stdout]    |  _____________________-
[INFO] [stdout] 15 | |         .into_par_iter()
[INFO] [stdout]    | |_________-^^^^^^^^^^^^^
[INFO] [stdout]    |
[INFO] [stdout] help: there is a method `into_iter` with a similar name
[INFO] [stdout]    |
[INFO] [stdout] 15 -         .into_par_iter()
[INFO] [stdout] 15 +         .into_iter()
[INFO] [stdout]    |
[INFO] [stdout] 
[INFO] [stdout] 
[INFO] [stdout] error[E0599]: no method named `par_sort_by` found for struct `Vec<DropCounter>` in the current scope
[INFO] [stdout]    --> tests/sort-panic-safe.rs:159:30
[INFO] [stdout]     |
[INFO] [stdout]  60 |           $input.to_owned().$func(|a, b| {
[INFO] [stdout]     |                             ----- due to this macro variable
[INFO] [stdout] ...
[INFO] [stdout]  84 | /                 v.$func(|a, b| {
[INFO] [stdout]  85 | |                     if panic_countdown.fetch_sub(1, Relaxed) == 1 {
[INFO] [stdout]  86 | |                         SILENCE_PANIC.with(|s| s.set(true));
[INFO] [stdout]  87 | |                         panic!();
[INFO] [stdout] ...   |
[INFO] [stdout] 159 | |                 test!(input, par_sort_by);
[INFO] [stdout]     | |_____________________________-^^^^^^^^^^^
[INFO] [stdout]     |
[INFO] [stdout] help: there is a method `sort_by` with a similar name
[INFO] [stdout]     |
[INFO] [stdout] 159 -                 test!(input, par_sort_by);
[INFO] [stdout] 159 +                 test!(input, sort_by);
[INFO] [stdout]     |
[INFO] [stdout] 
[INFO] [stdout] 
[INFO] [stdout] Some errors have detailed explanations: E0432, E0433, E0599.
[INFO] [stdout] 
[INFO] [stdout] For more information about an error, try `rustc --explain E0432`.
[INFO] [stdout] 
[INFO] [stderr] error: could not compile `rayon-progress-bar` (test "cross-pool") due to 3 previous errors
[INFO] [stderr] error: could not compile `rayon-progress-bar` (test "issue671") due to 2 previous errors
[INFO] [stdout] error[E0599]: no method named `par_chars` found for struct `String` in the current scope
[INFO] [stdout]   --> tests/str.rs:25:31
[INFO] [stdout]    |
[INFO] [stdout] 25 |     let vchars: Vec<char> = s.par_chars().collect();
[INFO] [stdout]    |                               ^^^^^^^^^
[INFO] [stdout]    |
[INFO] [stdout] help: there is a method `chars` with a similar name
[INFO] [stdout]    |
[INFO] [stdout] 25 -     let vchars: Vec<char> = s.par_chars().collect();
[INFO] [stdout] 25 +     let vchars: Vec<char> = s.chars().collect();
[INFO] [stdout]    |
[INFO] [stdout] 
[INFO] [stdout] 
[INFO] [stdout] error[E0599]: no method named `par_drain` found for struct `Vec<{integer}>` in the current scope
[INFO] [stdout]  --> tests/drain_vec.rs:7:27
[INFO] [stdout]   |
[INFO] [stdout] 7 |     let yielded = vec_org.par_drain(0..5).collect::<Vec<_>>();
[INFO] [stdout]   |                           ^^^^^^^^^
[INFO] [stdout]   |
[INFO] [stdout] help: there is a method `drain` with a similar name
[INFO] [stdout]   |
[INFO] [stdout] 7 -     let yielded = vec_org.par_drain(0..5).collect::<Vec<_>>();
[INFO] [stdout] 7 +     let yielded = vec_org.drain(0..5).collect::<Vec<_>>();
[INFO] [stdout]   |
[INFO] [stdout] 
[INFO] [stdout] 
[INFO] [stdout] error[E0599]: no method named `par_iter_mut` found for struct `Vec<{integer}>` in the current scope
[INFO] [stdout]   --> tests/collect.rs:31:15
[INFO] [stdout]    |
[INFO] [stdout] 31 |             a.par_iter_mut()
[INFO] [stdout]    |               ^^^^^^^^^^^^
[INFO] [stdout]    |
[INFO] [stdout] help: there is a method `iter_mut` with a similar name
[INFO] [stdout]    |
[INFO] [stdout] 31 -             a.par_iter_mut()
[INFO] [stdout] 31 +             a.iter_mut()
[INFO] [stdout]    |
[INFO] [stdout] 
[INFO] [stdout] 
[INFO] [stdout] error[E0599]: no method named `par_sort_unstable_by` found for struct `Vec<DropCounter>` in the current scope
[INFO] [stdout]    --> tests/sort-panic-safe.rs:160:30
[INFO] [stdout]     |
[INFO] [stdout]  60 |           $input.to_owned().$func(|a, b| {
[INFO] [stdout]     |           -                 ----- due to this macro variable
[INFO] [stdout]     |  _________|
[INFO] [stdout]     | |
[INFO] [stdout]  61 | |             count.fetch_add(1, Relaxed);
[INFO] [stdout]  62 | |             a.cmp(b)
[INFO] [stdout]  63 | |         });
[INFO] [stdout] ...   |
[INFO] [stdout] 159 | |                 test!(input, par_sort_by);
[INFO] [stdout] 160 | |                 test!(input, par_sort_unstable_by);
[INFO] [stdout]     | |_____________________________-^^^^^^^^^^^^^^^^^^^^
[INFO] [stdout]     |
[INFO] [stdout] help: there is a method `sort_unstable_by` with a similar name
[INFO] [stdout]     |
[INFO] [stdout] 160 -                 test!(input, par_sort_unstable_by);
[INFO] [stdout] 160 +                 test!(input, sort_unstable_by);
[INFO] [stdout]     |
[INFO] [stdout] 
[INFO] [stdout] 
[INFO] [stdout] error[E0599]: no method named `par_bytes` found for struct `String` in the current scope
[INFO] [stdout]   --> tests/str.rs:29:32
[INFO] [stdout]    |
[INFO] [stdout] 29 |     let par_bytes: Vec<u8> = s.par_bytes().collect();
[INFO] [stdout]    |                                ^^^^^^^^^
[INFO] [stdout]    |
[INFO] [stdout] help: there is a method `bytes` with a similar name
[INFO] [stdout]    |
[INFO] [stdout] 29 -     let par_bytes: Vec<u8> = s.par_bytes().collect();
[INFO] [stdout] 29 +     let par_bytes: Vec<u8> = s.bytes().collect();
[INFO] [stdout]    |
[INFO] [stdout] 
[INFO] [stdout] 
[INFO] [stdout] error[E0599]: no method named `par_split` found for struct `String` in the current scope
[INFO] [stdout]   --> tests/intersperse.rs:35:25
[INFO] [stdout]    |
[INFO] [stdout] 35 |     let par: String = s.par_split(',').intersperse(";").collect();
[INFO] [stdout]    |                         ^^^^^^^^^
[INFO] [stdout]    |
[INFO] [stdout] help: there is a method `rsplit` with a similar name
[INFO] [stdout]    |
[INFO] [stdout] 35 -     let par: String = s.par_split(',').intersperse(";").collect();
[INFO] [stdout] 35 +     let par: String = s.rsplit(',').intersperse(";").collect();
[INFO] [stdout]    |
[INFO] [stdout] 
[INFO] [stdout] 
[INFO] [stdout] error[E0599]: no method named `par_sort_unstable_by` found for struct `Vec<DropCounter>` in the current scope
[INFO] [stdout]    --> tests/sort-panic-safe.rs:160:30
[INFO] [stdout]     |
[INFO] [stdout]  60 |           $input.to_owned().$func(|a, b| {
[INFO] [stdout]     |                             ----- due to this macro variable
[INFO] [stdout] ...
[INFO] [stdout]  84 | /                 v.$func(|a, b| {
[INFO] [stdout]  85 | |                     if panic_countdown.fetch_sub(1, Relaxed) == 1 {
[INFO] [stdout]  86 | |                         SILENCE_PANIC.with(|s| s.set(true));
[INFO] [stdout]  87 | |                         panic!();
[INFO] [stdout] ...   |
[INFO] [stdout] 159 | |                 test!(input, par_sort_by);
[INFO] [stdout] 160 | |                 test!(input, par_sort_unstable_by);
[INFO] [stdout]     | |_____________________________-^^^^^^^^^^^^^^^^^^^^
[INFO] [stdout]     |
[INFO] [stdout] help: there is a method `sort_unstable_by` with a similar name
[INFO] [stdout]     |
[INFO] [stdout] 160 -                 test!(input, par_sort_unstable_by);
[INFO] [stdout] 160 +                 test!(input, sort_unstable_by);
[INFO] [stdout]     |
[INFO] [stdout] 
[INFO] [stdout] 
[INFO] [stdout] error[E0599]: no method named `par_drain` found for struct `Vec<{integer}>` in the current scope
[INFO] [stdout]   --> tests/drain_vec.rs:17:27
[INFO] [stdout]    |
[INFO] [stdout] 17 |     let yielded = vec_org.par_drain(0..5);
[INFO] [stdout]    |                           ^^^^^^^^^
[INFO] [stdout]    |
[INFO] [stdout] help: there is a method `drain` with a similar name
[INFO] [stdout]    |
[INFO] [stdout] 17 -     let yielded = vec_org.par_drain(0..5);
[INFO] [stdout] 17 +     let yielded = vec_org.drain(0..5);
[INFO] [stdout]    |
[INFO] [stdout] 
[INFO] [stdout] 
[INFO] [stdout] Some errors have detailed explanations: E0433, E0599.
[INFO] [stdout] 
[INFO] [stdout] For more information about an error, try `rustc --explain E0433`.
[INFO] [stdout] 
[INFO] [stderr] error: could not compile `rayon-progress-bar` (test "sort-panic-safe") due to 5 previous errors
[INFO] [stdout] error[E0599]: no method named `into_par_iter` found for struct `std::ops::Range<Idx>` in the current scope
[INFO] [stdout]   --> tests/intersperse.rs:42:10
[INFO] [stdout]    |
[INFO] [stdout] 41 | /     (0..1000)
[INFO] [stdout] 42 | |         .into_par_iter()
[INFO] [stdout]    | |_________-^^^^^^^^^^^^^
[INFO] [stdout]    |
[INFO] [stdout] help: there is a method `into_iter` with a similar name
[INFO] [stdout]    |
[INFO] [stdout] 42 -         .into_par_iter()
[INFO] [stdout] 42 +         .into_iter()
[INFO] [stdout]    |
[INFO] [stdout] 
[INFO] [stdout] 
[INFO] [stdout] error[E0599]: no method named `par_iter` found for struct `Vec<{integer}>` in the current scope
[INFO] [stdout]   --> tests/collect.rs:89:15
[INFO] [stdout]    |
[INFO] [stdout] 89 |             a.par_iter()
[INFO] [stdout]    |               ^^^^^^^^
[INFO] [stdout]    |
[INFO] [stdout] help: there is a method `iter` with a similar name
[INFO] [stdout]    |
[INFO] [stdout] 89 -             a.par_iter()
[INFO] [stdout] 89 +             a.iter()
[INFO] [stdout]    |
[INFO] [stdout] 
[INFO] [stdout] 
[INFO] [stdout] error[E0599]: no method named `par_drain` found for struct `Vec<{integer}>` in the current scope
[INFO] [stdout]   --> tests/drain_vec.rs:27:27
[INFO] [stdout]    |
[INFO] [stdout] 27 |     let yielded = vec_org.par_drain(5..5).collect::<Vec<_>>();
[INFO] [stdout]    |                           ^^^^^^^^^
[INFO] [stdout]    |
[INFO] [stdout] help: there is a method `drain` with a similar name
[INFO] [stdout]    |
[INFO] [stdout] 27 -     let yielded = vec_org.par_drain(5..5).collect::<Vec<_>>();
[INFO] [stdout] 27 +     let yielded = vec_org.drain(5..5).collect::<Vec<_>>();
[INFO] [stdout]    |
[INFO] [stdout] 
[INFO] [stdout] 
[INFO] [stdout] error[E0599]: no method named `par_encode_utf16` found for struct `String` in the current scope
[INFO] [stdout]   --> tests/str.rs:32:33
[INFO] [stdout]    |
[INFO] [stdout] 32 |     let par_utf16: Vec<u16> = s.par_encode_utf16().collect();
[INFO] [stdout]    |                                 ^^^^^^^^^^^^^^^^
[INFO] [stdout]    |
[INFO] [stdout] help: there is a method `encode_utf16` with a similar name
[INFO] [stdout]    |
[INFO] [stdout] 32 -     let par_utf16: Vec<u16> = s.par_encode_utf16().collect();
[INFO] [stdout] 32 +     let par_utf16: Vec<u16> = s.encode_utf16().collect();
[INFO] [stdout]    |
[INFO] [stdout] 
[INFO] [stdout] 
[INFO] [stdout] error[E0599]: no method named `into_par_iter` found for struct `std::ops::Range<Idx>` in the current scope
[INFO] [stdout]    --> tests/par_bridge_recursion.rs:18:14
[INFO] [stdout]     |
[INFO] [stdout]  17 |           let mut par: Vec<_> = (0..N)
[INFO] [stdout]     |  _______________________________-
[INFO] [stdout]  18 | |             .into_par_iter()
[INFO] [stdout]     | |_____________-^^^^^^^^^^^^^
[INFO] [stdout]     |
[INFO] [stdout]    ::: src/iter/mod.rs:250:8
[INFO] [stdout]     |
[INFO] [stdout] 250 |       fn into_par_iter(self) -> Self::Iter;
[INFO] [stdout]     |          ------------- the method is available for `std::ops::Range<usize>` here
[INFO] [stdout]     |
[INFO] [stdout]     = help: items from traits can only be used if the trait is in scope
[INFO] [stdout] help: trait `IntoParallelIterator` which provides `into_par_iter` is implemented but not in scope; perhaps you want to import it
[INFO] [stdout]     |
[INFO] [stdout]   1 + use rayon_progress_bar::iter::IntoParallelIterator;
[INFO] [stdout]     |
[INFO] [stdout] help: there is a method `into_iter` with a similar name
[INFO] [stdout]     |
[INFO] [stdout]  18 -             .into_par_iter()
[INFO] [stdout]  18 +             .into_iter()
[INFO] [stdout]     |
[INFO] [stdout] 
[INFO] [stdout] 
[INFO] [stdout] error[E0433]: cannot find module or crate `rayon` in this scope
[INFO] [stdout]   --> tests/par_bridge_recursion.rs:23:21
[INFO] [stdout]    |
[INFO] [stdout] 23 |                     rayon::join(move || i, move || i.to_string())
[INFO] [stdout]    |                     ^^^^^ use of unresolved module or unlinked crate `rayon`
[INFO] [stdout]    |
[INFO] [stdout]    = help: if you wanted to use a crate named `rayon`, use `cargo add rayon` to add it to your `Cargo.toml`
[INFO] [stdout] 
[INFO] [stdout] 
[INFO] [stdout] Some errors have detailed explanations: E0433, E0599.
[INFO] [stdout] 
[INFO] [stdout] For more information about an error, try `rustc --explain E0433`.
[INFO] [stdout] 
[INFO] [stdout] error[E0599]: no method named `into_par_iter` found for struct `std::ops::Range<Idx>` in the current scope
[INFO] [stdout]   --> tests/intersperse.rs:53:10
[INFO] [stdout]    |
[INFO] [stdout] 52 | /     (0..1000)
[INFO] [stdout] 53 | |         .into_par_iter()
[INFO] [stdout]    | |_________-^^^^^^^^^^^^^
[INFO] [stdout]    |
[INFO] [stdout] help: there is a method `into_iter` with a similar name
[INFO] [stdout]    |
[INFO] [stdout] 53 -         .into_par_iter()
[INFO] [stdout] 53 +         .into_iter()
[INFO] [stdout]    |
[INFO] [stdout] 
[INFO] [stdout] 
[INFO] [stdout] error[E0433]: cannot find module or crate `rayon` in this scope
[INFO] [stdout]    --> tests/clones.rs:198:11
[INFO] [stdout]     |
[INFO] [stdout] 198 |     check(rayon::iter::repeatn(x, 1000));
[INFO] [stdout]     |           ^^^^^ use of unresolved module or unlinked crate `rayon`
[INFO] [stdout]     |
[INFO] [stdout]     = help: if you wanted to use a crate named `rayon`, use `cargo add rayon` to add it to your `Cargo.toml`
[INFO] [stdout] 
[INFO] [stdout] 
[INFO] [stderr] error: could not compile `rayon-progress-bar` (test "collect") due to 3 previous errors
[INFO] [stdout] Some errors have detailed explanations: E0433, E0599.
[INFO] [stdout] 
[INFO] [stdout] For more information about an error, try `rustc --explain E0433`.
[INFO] [stdout] 
[INFO] [stdout] Some errors have detailed explanations: E0433, E0599.
[INFO] [stdout] 
[INFO] [stdout] For more information about an error, try `rustc --explain E0433`.
[INFO] [stdout] 
[INFO] [stderr] error: could not compile `rayon-progress-bar` (test "intersperse") due to 6 previous errors
[INFO] [stdout] error[E0599]: no method named `par_drain` found for struct `Vec<{integer}>` in the current scope
[INFO] [stdout]   --> tests/drain_vec.rs:37:27
[INFO] [stdout]    |
[INFO] [stdout] 37 |     let yielded = vec_org.par_drain(5..5);
[INFO] [stdout]    |                           ^^^^^^^^^
[INFO] [stdout]    |
[INFO] [stdout] help: there is a method `drain` with a similar name
[INFO] [stdout]    |
[INFO] [stdout] 37 -     let yielded = vec_org.par_drain(5..5);
[INFO] [stdout] 37 +     let yielded = vec_org.drain(5..5);
[INFO] [stdout]    |
[INFO] [stdout] 
[INFO] [stdout] 
[INFO] [stdout] Some errors have detailed explanations: E0433, E0599.
[INFO] [stdout] 
[INFO] [stdout] error[E0599]: no method named `par_char_indices` found for struct `String` in the current scope
[INFO] [stdout]   --> tests/str.rs:36:33
[INFO] [stdout]    |
[INFO] [stdout] 36 |     let par_charind: Vec<_> = s.par_char_indices().collect();
[INFO] [stdout]    |                                 ^^^^^^^^^^^^^^^^
[INFO] [stdout]    |
[INFO] [stdout] help: there is a method `char_indices` with a similar name
[INFO] [stdout]    |
[INFO] [stdout] 36 -     let par_charind: Vec<_> = s.par_char_indices().collect();
[INFO] [stdout] 36 +     let par_charind: Vec<_> = s.char_indices().collect();
[INFO] [stdout]    |
[INFO] [stdout] 
[INFO] [stdout] 
[INFO] [stdout] For more information about an error, try `rustc --explain E0433`.
[INFO] [stdout] 
[INFO] [stdout] error[E0433]: cannot find module or crate `rayon` in this scope
[INFO] [stdout]    --> tests/clones.rs:203:11
[INFO] [stdout]     |
[INFO] [stdout] 203 |     check(rayon::iter::split(0..1000, |x| (x, None)));
[INFO] [stdout]     |           ^^^^^ use of unresolved module or unlinked crate `rayon`
[INFO] [stdout]     |
[INFO] [stdout]     = help: if you wanted to use a crate named `rayon`, use `cargo add rayon` to add it to your `Cargo.toml`
[INFO] [stdout] 
[INFO] [stdout] 
[INFO] [stderr] error: could not compile `rayon-progress-bar` (test "drain_vec") due to 5 previous errors
[INFO] [stdout] error[E0405]: cannot find trait `ParallelIterator` in this scope
[INFO] [stdout]  --> tests/clones.rs:5:8
[INFO] [stdout]   |
[INFO] [stdout] 5 |     I: ParallelIterator + Clone,
[INFO] [stdout]   |        ^^^^^^^^^^^^^^^^ not found in this scope
[INFO] [stdout] 
[INFO] [stdout] 
[INFO] [stdout] error[E0405]: cannot find trait `ParallelIterator` in this scope
[INFO] [stdout]   --> tests/clones.rs:15:8
[INFO] [stdout]    |
[INFO] [stdout] 15 |     I: ParallelIterator + Clone,
[INFO] [stdout]    |        ^^^^^^^^^^^^^^^^ not found in this scope
[INFO] [stdout] 
[INFO] [stdout] 
[INFO] [stdout] error[E0433]: cannot find module or crate `rayon` in this scope
[INFO] [stdout]    --> tests/clones.rs:186:11
[INFO] [stdout]     |
[INFO] [stdout] 186 |     check(rayon::iter::empty::<i32>());
[INFO] [stdout]     |           ^^^^^ use of unresolved module or unlinked crate `rayon`
[INFO] [stdout]     |
[INFO] [stdout]     = help: if you wanted to use a crate named `rayon`, use `cargo add rayon` to add it to your `Cargo.toml`
[INFO] [stdout] help: consider importing this module
[INFO] [stdout]     |
[INFO] [stdout]   1 + use std::iter;
[INFO] [stdout]     |
[INFO] [stdout] help: if you import `iter`, refer to it directly
[INFO] [stdout]     |
[INFO] [stdout] 186 -     check(rayon::iter::empty::<i32>());
[INFO] [stdout] 186 +     check(iter::empty::<i32>());
[INFO] [stdout]     |
[INFO] [stdout] 
[INFO] [stdout] 
[INFO] [stdout] error[E0433]: cannot find module or crate `rayon` in this scope
[INFO] [stdout]    --> tests/clones.rs:191:11
[INFO] [stdout]     |
[INFO] [stdout] 191 |     check(rayon::iter::once(10));
[INFO] [stdout]     |           ^^^^^ use of unresolved module or unlinked crate `rayon`
[INFO] [stdout]     |
[INFO] [stdout]     = help: if you wanted to use a crate named `rayon`, use `cargo add rayon` to add it to your `Cargo.toml`
[INFO] [stdout] help: consider importing this module
[INFO] [stdout]     |
[INFO] [stdout]   1 + use std::iter;
[INFO] [stdout]     |
[INFO] [stdout] help: if you import `iter`, refer to it directly
[INFO] [stdout]     |
[INFO] [stdout] 191 -     check(rayon::iter::once(10));
[INFO] [stdout] 191 +     check(iter::once(10));
[INFO] [stdout]     |
[INFO] [stdout] 
[INFO] [stdout] 
[INFO] [stdout] error[E0433]: cannot find module or crate `rayon` in this scope
[INFO] [stdout]    --> tests/clones.rs:197:11
[INFO] [stdout]     |
[INFO] [stdout] 197 |     check(rayon::iter::repeat(x).while_some());
[INFO] [stdout]     |           ^^^^^ use of unresolved module or unlinked crate `rayon`
[INFO] [stdout]     |
[INFO] [stdout]     = help: if you wanted to use a crate named `rayon`, use `cargo add rayon` to add it to your `Cargo.toml`
[INFO] [stdout] help: consider importing this module
[INFO] [stdout]     |
[INFO] [stdout]   1 + use std::iter;
[INFO] [stdout]     |
[INFO] [stdout] help: if you import `iter`, refer to it directly
[INFO] [stdout]     |
[INFO] [stdout] 197 -     check(rayon::iter::repeat(x).while_some());
[INFO] [stdout] 197 +     check(iter::repeat(x).while_some());
[INFO] [stdout]     |
[INFO] [stdout] 
[INFO] [stdout] 
[INFO] [stderr] error: could not compile `rayon-progress-bar` (test "par_bridge_recursion") due to 4 previous errors
[INFO] [stdout] Some errors have detailed explanations: E0405, E0433.
[INFO] [stdout] 
[INFO] [stdout] For more information about an error, try `rustc --explain E0405`.
[INFO] [stdout] 
[INFO] [stderr] error: could not compile `rayon-progress-bar` (test "clones") due to 8 previous errors
[INFO] [stdout] error[E0599]: no method named `par_split` found for reference `&str` in the current scope
[INFO] [stdout]   --> tests/str.rs:94:30
[INFO] [stdout]    |
[INFO] [stdout] 68 |                 let parallel: Vec<_> = string.$par_split(separator).collect();
[INFO] [stdout]    |                                               ---------- due to this macro variable
[INFO] [stdout] ...
[INFO] [stdout] 94 |     check_separators!(split, par_split);
[INFO] [stdout]    |                              ^^^^^^^^^
[INFO] [stdout]    |
[INFO] [stdout] help: there is a method `rsplit` with a similar name
[INFO] [stdout]    |
[INFO] [stdout] 94 -     check_separators!(split, par_split);
[INFO] [stdout] 94 +     check_separators!(split, rsplit);
[INFO] [stdout]    |
[INFO] [stdout] 
[INFO] [stdout] 
[INFO] [stdout] error[E0599]: no method named `par_split_inclusive` found for reference `&str` in the current scope
[INFO] [stdout]   --> tests/str.rs:95:40
[INFO] [stdout]    |
[INFO] [stdout] 68 |                 let parallel: Vec<_> = string.$par_split(separator).collect();
[INFO] [stdout]    |                                               ---------- due to this macro variable
[INFO] [stdout] ...
[INFO] [stdout] 95 |     check_separators!(split_inclusive, par_split_inclusive);
[INFO] [stdout]    |                                        ^^^^^^^^^^^^^^^^^^^
[INFO] [stdout]    |
[INFO] [stdout] help: there is a method `split_inclusive` with a similar name
[INFO] [stdout]    |
[INFO] [stdout] 95 -     check_separators!(split_inclusive, par_split_inclusive);
[INFO] [stdout] 95 +     check_separators!(split_inclusive, split_inclusive);
[INFO] [stdout]    |
[INFO] [stdout] 
[INFO] [stdout] 
[INFO] [stdout] error[E0599]: no method named `par_split_terminator` found for reference `&str` in the current scope
[INFO] [stdout]   --> tests/str.rs:96:41
[INFO] [stdout]    |
[INFO] [stdout] 68 |                 let parallel: Vec<_> = string.$par_split(separator).collect();
[INFO] [stdout]    |                                               ---------- due to this macro variable
[INFO] [stdout] ...
[INFO] [stdout] 96 |     check_separators!(split_terminator, par_split_terminator);
[INFO] [stdout]    |                                         ^^^^^^^^^^^^^^^^^^^^
[INFO] [stdout]    |
[INFO] [stdout] help: there is a method `rsplit_terminator` with a similar name
[INFO] [stdout]    |
[INFO] [stdout] 96 -     check_separators!(split_terminator, par_split_terminator);
[INFO] [stdout] 96 +     check_separators!(split_terminator, rsplit_terminator);
[INFO] [stdout]    |
[INFO] [stdout] 
[INFO] [stdout] 
[INFO] [stdout] error[E0599]: no method named `par_lines` found for reference `&str` in the current scope
[INFO] [stdout]    --> tests/str.rs:100:39
[INFO] [stdout]     |
[INFO] [stdout] 100 |         let parallel: Vec<_> = string.par_lines().collect();
[INFO] [stdout]     |                                       ^^^^^^^^^
[INFO] [stdout]     |
[INFO] [stdout] help: there is a method `lines` with a similar name
[INFO] [stdout]     |
[INFO] [stdout] 100 -         let parallel: Vec<_> = string.par_lines().collect();
[INFO] [stdout] 100 +         let parallel: Vec<_> = string.lines().collect();
[INFO] [stdout]     |
[INFO] [stdout] 
[INFO] [stdout] 
[INFO] [stdout] warning: unnecessary parentheses around closure body
[INFO] [stdout]     --> src/iter/test.rs:1545:23
[INFO] [stdout]      |
[INFO] [stdout] 1545 |         .flat_map(|i| (0..i))
[INFO] [stdout]      |                       ^    ^
[INFO] [stdout]      |
[INFO] [stdout]      = note: `#[warn(unused_parens)]` (part of `#[warn(unused)]`) on by default
[INFO] [stdout] help: remove these parentheses
[INFO] [stdout]      |
[INFO] [stdout] 1545 -         .flat_map(|i| (0..i))
[INFO] [stdout] 1545 +         .flat_map(|i| 0..i)
[INFO] [stdout]      |
[INFO] [stdout] 
[INFO] [stdout] 
[INFO] [stdout] warning: unnecessary parentheses around closure body
[INFO] [stdout]     --> src/iter/test.rs:1549:23
[INFO] [stdout]      |
[INFO] [stdout] 1549 |         .flat_map(|i| (0..i))
[INFO] [stdout]      |                       ^    ^
[INFO] [stdout]      |
[INFO] [stdout] help: remove these parentheses
[INFO] [stdout]      |
[INFO] [stdout] 1549 -         .flat_map(|i| (0..i))
[INFO] [stdout] 1549 +         .flat_map(|i| 0..i)
[INFO] [stdout]      |
[INFO] [stdout] 
[INFO] [stdout] 
[INFO] [stdout] warning: unused import: `super::plumbing::*`
[INFO] [stdout]  --> src/iter/blocks.rs:1:5
[INFO] [stdout]   |
[INFO] [stdout] 1 | use super::plumbing::*;
[INFO] [stdout]   |     ^^^^^^^^^^^^^^^^^^
[INFO] [stdout]   |
[INFO] [stdout]   = note: `#[warn(unused_imports)]` (part of `#[warn(unused)]`) on by default
[INFO] [stdout] 
[INFO] [stdout] 
[INFO] [stdout] warning: unused import: `super::plumbing::*`
[INFO] [stdout]  --> src/iter/chain.rs:1:5
[INFO] [stdout]   |
[INFO] [stdout] 1 | use super::plumbing::*;
[INFO] [stdout]   |     ^^^^^^^^^^^^^^^^^^
[INFO] [stdout] 
[INFO] [stdout] 
[INFO] [stdout] warning: unused import: `super::plumbing::*`
[INFO] [stdout]  --> src/iter/chunks.rs:3:5
[INFO] [stdout]   |
[INFO] [stdout] 3 | use super::plumbing::*;
[INFO] [stdout]   |     ^^^^^^^^^^^^^^^^^^
[INFO] [stdout] 
[INFO] [stdout] 
[INFO] [stdout] warning: unused import: `super::plumbing::*`
[INFO] [stdout]  --> src/iter/cloned.rs:1:5
[INFO] [stdout]   |
[INFO] [stdout] 1 | use super::plumbing::*;
[INFO] [stdout]   |     ^^^^^^^^^^^^^^^^^^
[INFO] [stdout] 
[INFO] [stdout] 
[INFO] [stdout] warning: unused import: `super::plumbing::*`
[INFO] [stdout]  --> src/iter/copied.rs:1:5
[INFO] [stdout]   |
[INFO] [stdout] 1 | use super::plumbing::*;
[INFO] [stdout]   |     ^^^^^^^^^^^^^^^^^^
[INFO] [stdout] 
[INFO] [stdout] 
[INFO] [stdout] warning: unused import: `crate::iter::plumbing::*`
[INFO] [stdout]  --> src/iter/empty.rs:1:5
[INFO] [stdout]   |
[INFO] [stdout] 1 | use crate::iter::plumbing::*;
[INFO] [stdout]   |     ^^^^^^^^^^^^^^^^^^^^^^^^
[INFO] [stdout] 
[INFO] [stdout] 
[INFO] [stdout] warning: unused import: `super::plumbing::*`
[INFO] [stdout]  --> src/iter/enumerate.rs:1:5
[INFO] [stdout]   |
[INFO] [stdout] 1 | use super::plumbing::*;
[INFO] [stdout]   |     ^^^^^^^^^^^^^^^^^^
[INFO] [stdout] 
[INFO] [stdout] 
[INFO] [stdout] warning: unused import: `super::plumbing::*`
[INFO] [stdout]  --> src/iter/filter.rs:1:5
[INFO] [stdout]   |
[INFO] [stdout] 1 | use super::plumbing::*;
[INFO] [stdout]   |     ^^^^^^^^^^^^^^^^^^
[INFO] [stdout] 
[INFO] [stdout] 
[INFO] [stdout] warning: unused import: `super::plumbing::*`
[INFO] [stdout]  --> src/iter/filter_map.rs:1:5
[INFO] [stdout]   |
[INFO] [stdout] 1 | use super::plumbing::*;
[INFO] [stdout]   |     ^^^^^^^^^^^^^^^^^^
[INFO] [stdout] 
[INFO] [stdout] 
[INFO] [stdout] warning: unused import: `super::plumbing::*`
[INFO] [stdout]  --> src/iter/find.rs:1:5
[INFO] [stdout]   |
[INFO] [stdout] 1 | use super::plumbing::*;
[INFO] [stdout]   |     ^^^^^^^^^^^^^^^^^^
[INFO] [stdout] 
[INFO] [stdout] 
[INFO] [stdout] warning: unused import: `super::plumbing::*`
[INFO] [stdout]  --> src/iter/find_first_last/mod.rs:1:5
[INFO] [stdout]   |
[INFO] [stdout] 1 | use super::plumbing::*;
[INFO] [stdout]   |     ^^^^^^^^^^^^^^^^^^
[INFO] [stdout] 
[INFO] [stdout] 
[INFO] [stdout] warning: unused import: `super::plumbing::*`
[INFO] [stdout]  --> src/iter/flat_map.rs:1:5
[INFO] [stdout]   |
[INFO] [stdout] 1 | use super::plumbing::*;
[INFO] [stdout]   |     ^^^^^^^^^^^^^^^^^^
[INFO] [stdout] 
[INFO] [stdout] 
[INFO] [stdout] error[E0599]: no method named `par_split_whitespace` found for reference `&str` in the current scope
[INFO] [stdout]    --> tests/str.rs:106:39
[INFO] [stdout]     |
[INFO] [stdout] 106 |         let parallel: Vec<_> = string.par_split_whitespace().collect();
[INFO] [stdout]     |                                       ^^^^^^^^^^^^^^^^^^^^
[INFO] [stdout]     |
[INFO] [stdout] help: there is a method `split_whitespace` with a similar name
[INFO] [stdout]     |
[INFO] [stdout] 106 -         let parallel: Vec<_> = string.par_split_whitespace().collect();
[INFO] [stdout] 106 +         let parallel: Vec<_> = string.split_whitespace().collect();
[INFO] [stdout]     |
[INFO] [stdout] 
[INFO] [stdout] 
[INFO] [stdout] warning: unused import: `super::plumbing::*`
[INFO] [stdout]  --> src/iter/flat_map_iter.rs:1:5
[INFO] [stdout]   |
[INFO] [stdout] 1 | use super::plumbing::*;
[INFO] [stdout]   |     ^^^^^^^^^^^^^^^^^^
[INFO] [stdout] 
[INFO] [stdout] 
[INFO] [stdout] warning: unused import: `super::plumbing::*`
[INFO] [stdout]  --> src/iter/flatten.rs:1:5
[INFO] [stdout]   |
[INFO] [stdout] 1 | use super::plumbing::*;
[INFO] [stdout]   |     ^^^^^^^^^^^^^^^^^^
[INFO] [stdout] 
[INFO] [stdout] 
[INFO] [stdout] warning: unused import: `super::plumbing::*`
[INFO] [stdout]  --> src/iter/flatten_iter.rs:1:5
[INFO] [stdout]   |
[INFO] [stdout] 1 | use super::plumbing::*;
[INFO] [stdout]   |     ^^^^^^^^^^^^^^^^^^
[INFO] [stdout] 
[INFO] [stdout] 
[INFO] [stdout] warning: unused import: `super::plumbing::*`
[INFO] [stdout]  --> src/iter/fold.rs:1:5
[INFO] [stdout]   |
[INFO] [stdout] 1 | use super::plumbing::*;
[INFO] [stdout]   |     ^^^^^^^^^^^^^^^^^^
[INFO] [stdout] 
[INFO] [stdout] 
[INFO] [stdout] warning: unused import: `super::plumbing::*`
[INFO] [stdout]  --> src/iter/fold_chunks.rs:4:5
[INFO] [stdout]   |
[INFO] [stdout] 4 | use super::plumbing::*;
[INFO] [stdout]   |     ^^^^^^^^^^^^^^^^^^
[INFO] [stdout] 
[INFO] [stdout] 
[INFO] [stdout] warning: unused import: `super::plumbing::*`
[INFO] [stdout]  --> src/iter/fold_chunks_with.rs:4:5
[INFO] [stdout]   |
[INFO] [stdout] 4 | use super::plumbing::*;
[INFO] [stdout]   |     ^^^^^^^^^^^^^^^^^^
[INFO] [stdout] 
[INFO] [stdout] 
[INFO] [stdout] warning: unused import: `super::plumbing::*`
[INFO] [stdout]  --> src/iter/inspect.rs:1:5
[INFO] [stdout]   |
[INFO] [stdout] 1 | use super::plumbing::*;
[INFO] [stdout]   |     ^^^^^^^^^^^^^^^^^^
[INFO] [stdout] 
[INFO] [stdout] 
[INFO] [stdout] warning: unused import: `super::plumbing::*`
[INFO] [stdout]  --> src/iter/interleave.rs:1:5
[INFO] [stdout]   |
[INFO] [stdout] 1 | use super::plumbing::*;
[INFO] [stdout]   |     ^^^^^^^^^^^^^^^^^^
[INFO] [stdout] 
[INFO] [stdout] 
[INFO] [stdout] warning: unused import: `super::plumbing::*`
[INFO] [stdout]  --> src/iter/interleave_shortest.rs:1:5
[INFO] [stdout]   |
[INFO] [stdout] 1 | use super::plumbing::*;
[INFO] [stdout]   |     ^^^^^^^^^^^^^^^^^^
[INFO] [stdout] 
[INFO] [stdout] 
[INFO] [stdout] warning: unused import: `super::plumbing::*`
[INFO] [stdout]  --> src/iter/intersperse.rs:1:5
[INFO] [stdout]   |
[INFO] [stdout] 1 | use super::plumbing::*;
[INFO] [stdout]   |     ^^^^^^^^^^^^^^^^^^
[INFO] [stdout] 
[INFO] [stdout] 
[INFO] [stdout] warning: unused import: `super::plumbing::*`
[INFO] [stdout]  --> src/iter/len.rs:1:5
[INFO] [stdout]   |
[INFO] [stdout] 1 | use super::plumbing::*;
[INFO] [stdout]   |     ^^^^^^^^^^^^^^^^^^
[INFO] [stdout] 
[INFO] [stdout] 
[INFO] [stdout] warning: unused import: `super::plumbing::*`
[INFO] [stdout]  --> src/iter/map.rs:1:5
[INFO] [stdout]   |
[INFO] [stdout] 1 | use super::plumbing::*;
[INFO] [stdout]   |     ^^^^^^^^^^^^^^^^^^
[INFO] [stdout] 
[INFO] [stdout] 
[INFO] [stdout] warning: unused import: `super::plumbing::*`
[INFO] [stdout]  --> src/iter/map_with.rs:1:5
[INFO] [stdout]   |
[INFO] [stdout] 1 | use super::plumbing::*;
[INFO] [stdout]   |     ^^^^^^^^^^^^^^^^^^
[INFO] [stdout] 
[INFO] [stdout] 
[INFO] [stdout] warning: unused import: `super::plumbing::*`
[INFO] [stdout]  --> src/iter/multizip.rs:1:5
[INFO] [stdout]   |
[INFO] [stdout] 1 | use super::plumbing::*;
[INFO] [stdout]   |     ^^^^^^^^^^^^^^^^^^
[INFO] [stdout] 
[INFO] [stdout] 
[INFO] [stdout] warning: unused import: `crate::iter::plumbing::*`
[INFO] [stdout]  --> src/iter/once.rs:1:5
[INFO] [stdout]   |
[INFO] [stdout] 1 | use crate::iter::plumbing::*;
[INFO] [stdout]   |     ^^^^^^^^^^^^^^^^^^^^^^^^
[INFO] [stdout] 
[INFO] [stdout] 
[INFO] [stdout] warning: unused import: `super::plumbing::*`
[INFO] [stdout]  --> src/iter/panic_fuse.rs:1:5
[INFO] [stdout]   |
[INFO] [stdout] 1 | use super::plumbing::*;
[INFO] [stdout]   |     ^^^^^^^^^^^^^^^^^^
[INFO] [stdout] 
[INFO] [stdout] 
[INFO] [stdout] warning: unused import: `super::plumbing::*`
[INFO] [stdout]  --> src/iter/positions.rs:1:5
[INFO] [stdout]   |
[INFO] [stdout] 1 | use super::plumbing::*;
[INFO] [stdout]   |     ^^^^^^^^^^^^^^^^^^
[INFO] [stdout] 
[INFO] [stdout] 
[INFO] [stdout] warning: unused import: `super::plumbing::*`
[INFO] [stdout]  --> src/iter/repeat.rs:1:5
[INFO] [stdout]   |
[INFO] [stdout] 1 | use super::plumbing::*;
[INFO] [stdout]   |     ^^^^^^^^^^^^^^^^^^
[INFO] [stdout] 
[INFO] [stdout] 
[INFO] [stdout] warning: unused import: `super::plumbing::*`
[INFO] [stdout]  --> src/iter/rev.rs:1:5
[INFO] [stdout]   |
[INFO] [stdout] 1 | use super::plumbing::*;
[INFO] [stdout]   |     ^^^^^^^^^^^^^^^^^^
[INFO] [stdout] 
[INFO] [stdout] 
[INFO] [stdout] warning: unused import: `super::plumbing::*`
[INFO] [stdout]  --> src/iter/skip.rs:2:5
[INFO] [stdout]   |
[INFO] [stdout] 2 | use super::plumbing::*;
[INFO] [stdout]   |     ^^^^^^^^^^^^^^^^^^
[INFO] [stdout] 
[INFO] [stdout] 
[INFO] [stdout] warning: unused import: `super::plumbing::*`
[INFO] [stdout]  --> src/iter/skip_any.rs:1:5
[INFO] [stdout]   |
[INFO] [stdout] 1 | use super::plumbing::*;
[INFO] [stdout]   |     ^^^^^^^^^^^^^^^^^^
[INFO] [stdout] 
[INFO] [stdout] 
[INFO] [stdout] warning: unused import: `super::plumbing::*`
[INFO] [stdout]  --> src/iter/skip_any_while.rs:1:5
[INFO] [stdout]   |
[INFO] [stdout] 1 | use super::plumbing::*;
[INFO] [stdout]   |     ^^^^^^^^^^^^^^^^^^
[INFO] [stdout] 
[INFO] [stdout] 
[INFO] [stdout] warning: unused import: `super::plumbing::*`
[INFO] [stdout]  --> src/iter/splitter.rs:1:5
[INFO] [stdout]   |
[INFO] [stdout] 1 | use super::plumbing::*;
[INFO] [stdout]   |     ^^^^^^^^^^^^^^^^^^
[INFO] [stdout] 
[INFO] [stdout] 
[INFO] [stdout] warning: unused import: `super::plumbing::*`
[INFO] [stdout]  --> src/iter/step_by.rs:3:5
[INFO] [stdout]   |
[INFO] [stdout] 3 | use super::plumbing::*;
[INFO] [stdout]   |     ^^^^^^^^^^^^^^^^^^
[INFO] [stdout] 
[INFO] [stdout] 
[INFO] [stdout] warning: unused import: `super::plumbing::*`
[INFO] [stdout]  --> src/iter/take.rs:1:5
[INFO] [stdout]   |
[INFO] [stdout] 1 | use super::plumbing::*;
[INFO] [stdout]   |     ^^^^^^^^^^^^^^^^^^
[INFO] [stdout] 
[INFO] [stdout] 
[INFO] [stdout] warning: unused import: `super::plumbing::*`
[INFO] [stdout]  --> src/iter/take_any.rs:1:5
[INFO] [stdout]   |
[INFO] [stdout] 1 | use super::plumbing::*;
[INFO] [stdout]   |     ^^^^^^^^^^^^^^^^^^
[INFO] [stdout] 
[INFO] [stdout] 
[INFO] [stdout] warning: unused import: `super::plumbing::*`
[INFO] [stdout]  --> src/iter/take_any_while.rs:1:5
[INFO] [stdout]   |
[INFO] [stdout] 1 | use super::plumbing::*;
[INFO] [stdout]   |     ^^^^^^^^^^^^^^^^^^
[INFO] [stdout] 
[INFO] [stdout] 
[INFO] [stdout] warning: unused import: `super::plumbing::*`
[INFO] [stdout]  --> src/iter/unzip.rs:1:5
[INFO] [stdout]   |
[INFO] [stdout] 1 | use super::plumbing::*;
[INFO] [stdout]   |     ^^^^^^^^^^^^^^^^^^
[INFO] [stdout] 
[INFO] [stdout] 
[INFO] [stdout] warning: unused import: `super::plumbing::*`
[INFO] [stdout]  --> src/iter/update.rs:1:5
[INFO] [stdout]   |
[INFO] [stdout] 1 | use super::plumbing::*;
[INFO] [stdout]   |     ^^^^^^^^^^^^^^^^^^
[INFO] [stdout] 
[INFO] [stdout] 
[INFO] [stdout] warning: unused import: `super::plumbing::*`
[INFO] [stdout]  --> src/iter/while_some.rs:1:5
[INFO] [stdout]   |
[INFO] [stdout] 1 | use super::plumbing::*;
[INFO] [stdout]   |     ^^^^^^^^^^^^^^^^^^
[INFO] [stdout] 
[INFO] [stdout] 
[INFO] [stdout] warning: unused import: `super::plumbing::*`
[INFO] [stdout]  --> src/iter/zip.rs:1:5
[INFO] [stdout]   |
[INFO] [stdout] 1 | use super::plumbing::*;
[INFO] [stdout]   |     ^^^^^^^^^^^^^^^^^^
[INFO] [stdout] 
[INFO] [stdout] 
[INFO] [stdout] warning: unused import: `super::plumbing::*`
[INFO] [stdout]  --> src/iter/zip_eq.rs:1:5
[INFO] [stdout]   |
[INFO] [stdout] 1 | use super::plumbing::*;
[INFO] [stdout]   |     ^^^^^^^^^^^^^^^^^^
[INFO] [stdout] 
[INFO] [stdout] 
[INFO] [stdout] error[E0599]: no method named `par_split_ascii_whitespace` found for reference `&str` in the current scope
[INFO] [stdout]    --> tests/str.rs:112:39
[INFO] [stdout]     |
[INFO] [stdout] 112 |         let parallel: Vec<_> = string.par_split_ascii_whitespace().collect();
[INFO] [stdout]     |                                       ^^^^^^^^^^^^^^^^^^^^^^^^^^
[INFO] [stdout]     |
[INFO] [stdout] help: there is a method `split_ascii_whitespace` with a similar name
[INFO] [stdout]     |
[INFO] [stdout] 112 -         let parallel: Vec<_> = string.par_split_ascii_whitespace().collect();
[INFO] [stdout] 112 +         let parallel: Vec<_> = string.split_ascii_whitespace().collect();
[INFO] [stdout]     |
[INFO] [stdout] 
[INFO] [stdout] 
[INFO] [stdout] error[E0599]: no method named `par_matches` found for reference `&str` in the current scope
[INFO] [stdout]    --> tests/str.rs:117:32
[INFO] [stdout]     |
[INFO] [stdout]  68 |                 let parallel: Vec<_> = string.$par_split(separator).collect();
[INFO] [stdout]     |                                               ---------- due to this macro variable
[INFO] [stdout] ...
[INFO] [stdout] 117 |     check_separators!(matches, par_matches);
[INFO] [stdout]     |                                ^^^^^^^^^^^
[INFO] [stdout]     |
[INFO] [stdout] help: there is a method `rmatches` with a similar name
[INFO] [stdout]     |
[INFO] [stdout] 117 -     check_separators!(matches, par_matches);
[INFO] [stdout] 117 +     check_separators!(matches, rmatches);
[INFO] [stdout]     |
[INFO] [stdout] 
[INFO] [stdout] 
[INFO] [stdout] error[E0599]: no method named `par_match_indices` found for reference `&str` in the current scope
[INFO] [stdout]    --> tests/str.rs:118:38
[INFO] [stdout]     |
[INFO] [stdout]  68 |                 let parallel: Vec<_> = string.$par_split(separator).collect();
[INFO] [stdout]     |                                               ---------- due to this macro variable
[INFO] [stdout] ...
[INFO] [stdout] 118 |     check_separators!(match_indices, par_match_indices);
[INFO] [stdout]     |                                      ^^^^^^^^^^^^^^^^^
[INFO] [stdout]     |
[INFO] [stdout] help: there is a method `rmatch_indices` with a similar name
[INFO] [stdout]     |
[INFO] [stdout] 118 -     check_separators!(match_indices, par_match_indices);
[INFO] [stdout] 118 +     check_separators!(match_indices, rmatch_indices);
[INFO] [stdout]     |
[INFO] [stdout] 
[INFO] [stdout] 
[INFO] [stdout] Some errors have detailed explanations: E0433, E0599.
[INFO] [stdout] 
[INFO] [stdout] For more information about an error, try `rustc --explain E0433`.
[INFO] [stdout] 
[INFO] [stderr] error: could not compile `rayon-progress-bar` (test "str") due to 15 previous errors
[INFO] [stdout] warning: use of deprecated module `std::usize`: all constants in this module replaced by associated constants on the type
[INFO] [stdout]   --> src/iter/plumbing/mod.rs:12:10
[INFO] [stdout]    |
[INFO] [stdout] 12 | use std::usize;
[INFO] [stdout]    |          ^^^^^
[INFO] [stdout]    |
[INFO] [stdout]    = note: `#[warn(deprecated)]` on by default
[INFO] [stdout] 
[INFO] [stdout] 
[INFO] [stdout] warning: use of deprecated constant `std::usize::MAX`: replaced by the `MAX` associated constant on this type
[INFO] [stdout]   --> src/iter/plumbing/mod.rs:95:16
[INFO] [stdout]    |
[INFO] [stdout] 95 |         usize::MAX
[INFO] [stdout]    |                ^^^
[INFO] [stdout] 
[INFO] [stdout] 
[INFO] [stdout] warning: use of deprecated module `std::usize`: all constants in this module replaced by associated constants on the type
[INFO] [stdout]   --> src/iter/test.rs:17:10
[INFO] [stdout]    |
[INFO] [stdout] 17 | use std::usize;
[INFO] [stdout]    |          ^^^^^
[INFO] [stdout] 
[INFO] [stdout] 
[INFO] [stdout] warning: use of deprecated constant `std::i128::MAX`: replaced by the `MAX` associated constant on this type
[INFO] [stdout]   --> src/iter/test.rs:65:17
[INFO] [stdout]    |
[INFO] [stdout] 65 |     let range = MAX - 1024..MAX;
[INFO] [stdout]    |                 ^^^
[INFO] [stdout] 
[INFO] [stdout] 
[INFO] [stdout] warning: use of deprecated constant `std::i128::MAX`: replaced by the `MAX` associated constant on this type
[INFO] [stdout]   --> src/iter/test.rs:65:29
[INFO] [stdout]    |
[INFO] [stdout] 65 |     let range = MAX - 1024..MAX;
[INFO] [stdout]    |                             ^^^
[INFO] [stdout] 
[INFO] [stdout] 
[INFO] [stdout] warning: use of deprecated constant `std::i128::MAX`: replaced by the `MAX` associated constant on this type
[INFO] [stdout]   --> src/iter/test.rs:64:20
[INFO] [stdout]    |
[INFO] [stdout] 64 |     use std::i128::MAX;
[INFO] [stdout]    |                    ^^^
[INFO] [stdout] 
[INFO] [stdout] 
[INFO] [stdout] warning: use of deprecated constant `std::f64::NAN`: replaced by the `NAN` associated constant on `f64`
[INFO] [stdout]    --> src/iter/test.rs:539:18
[INFO] [stdout]     |
[INFO] [stdout] 539 |     b[42] = f64::NAN;
[INFO] [stdout]     |                  ^^^
[INFO] [stdout] 
[INFO] [stdout] 
[INFO] [stdout] warning: use of deprecated constant `std::f64::NAN`: replaced by the `NAN` associated constant on `f64`
[INFO] [stdout]    --> src/iter/test.rs:628:23
[INFO] [stdout]     |
[INFO] [stdout] 628 |     let a = vec![f64::NAN, 0.0];
[INFO] [stdout]     |                       ^^^
[INFO] [stdout] 
[INFO] [stdout] 
[INFO] [stdout] warning: use of deprecated constant `std::f64::NAN`: replaced by the `NAN` associated constant on `f64`
[INFO] [stdout]    --> src/iter/test.rs:638:23
[INFO] [stdout]     |
[INFO] [stdout] 638 |     let a = vec![f64::NAN, 0.0];
[INFO] [stdout]     |                       ^^^
[INFO] [stdout] 
[INFO] [stdout] 
[INFO] [stdout] warning: use of deprecated constant `std::f64::NAN`: replaced by the `NAN` associated constant on `f64`
[INFO] [stdout]    --> src/iter/test.rs:649:28
[INFO] [stdout]     |
[INFO] [stdout] 649 |     let a = vec![0.0, f64::NAN];
[INFO] [stdout]     |                            ^^^
[INFO] [stdout] 
[INFO] [stdout] 
[INFO] [stdout] warning: use of deprecated constant `std::f64::NAN`: replaced by the `NAN` associated constant on `f64`
[INFO] [stdout]    --> src/iter/test.rs:659:28
[INFO] [stdout]     |
[INFO] [stdout] 659 |     let a = vec![0.0, f64::NAN];
[INFO] [stdout]     |                            ^^^
[INFO] [stdout] 
[INFO] [stdout] 
[INFO] [stdout] warning: use of deprecated constant `std::usize::MAX`: replaced by the `MAX` associated constant on this type
[INFO] [stdout]     --> src/iter/test.rs:1727:77
[INFO] [stdout]      |
[INFO] [stdout] 1727 |     let lengths = [0, 1, 10, 100, 1_000, 10_000, 100_000, 1_000_000, usize::MAX];
[INFO] [stdout]      |                                                                             ^^^
[INFO] [stdout] 
[INFO] [stdout] 
[INFO] [stdout] warning: use of deprecated constant `std::usize::MAX`: replaced by the `MAX` associated constant on this type
[INFO] [stdout]     --> src/iter/test.rs:2189:47
[INFO] [stdout]      |
[INFO] [stdout] 2189 |     let mut fours: Vec<_> = repeatn(4, usize::MAX).zip(v).collect();
[INFO] [stdout]      |                                               ^^^
[INFO] [stdout] 
[INFO] [stdout] 
[INFO] [stdout] warning: use of deprecated constant `std::usize::MAX`: replaced by the `MAX` associated constant on this type
[INFO] [stdout]     --> src/iter/test.rs:2199:69
[INFO] [stdout]      |
[INFO] [stdout] 2199 |     let mut fours: Vec<_> = v.into_par_iter().zip(repeatn(4, usize::MAX)).collect();
[INFO] [stdout]      |                                                                     ^^^
[INFO] [stdout] 
[INFO] [stdout] 
[INFO] [stdout] warning: use of deprecated constant `std::usize::MAX`: replaced by the `MAX` associated constant on this type
[INFO] [stdout]   --> src/iter/blocks.rs:30:64
[INFO] [stdout]    |
[INFO] [stdout] 30 |             let size = self.sizes.next().unwrap_or(std::usize::MAX);
[INFO] [stdout]    |                                                                ^^^
[INFO] [stdout] 
[INFO] [stdout] 
[INFO] [stdout] warning: use of deprecated module `std::usize`: all constants in this module replaced by associated constants on the type
[INFO] [stdout]  --> src/iter/enumerate.rs:5:10
[INFO] [stdout]   |
[INFO] [stdout] 5 | use std::usize;
[INFO] [stdout]   |          ^^^^^
[INFO] [stdout] 
[INFO] [stdout] 
[INFO] [stdout] warning: use of deprecated module `std::usize`: all constants in this module replaced by associated constants on the type
[INFO] [stdout]  --> src/iter/repeat.rs:4:10
[INFO] [stdout]   |
[INFO] [stdout] 4 | use std::usize;
[INFO] [stdout]   |          ^^^^^
[INFO] [stdout] 
[INFO] [stdout] 
[INFO] [stdout] warning: use of deprecated module `std::usize`: all constants in this module replaced by associated constants on the type
[INFO] [stdout]  --> src/iter/step_by.rs:7:10
[INFO] [stdout]   |
[INFO] [stdout] 7 | use std::usize;
[INFO] [stdout]   |          ^^^^^
[INFO] [stdout] 
[INFO] [stdout] 
[INFO] [stdout] warning: use of deprecated module `std::usize`: all constants in this module replaced by associated constants on the type
[INFO] [stdout]   --> src/range.rs:24:10
[INFO] [stdout]    |
[INFO] [stdout] 24 | use std::usize;
[INFO] [stdout]    |          ^^^^^
[INFO] [stdout] 
[INFO] [stdout] 
[INFO] [stdout] warning: use of deprecated constant `std::u128::MAX`: replaced by the `MAX` associated constant on this type
[INFO] [stdout]    --> src/range.rs:394:22
[INFO] [stdout]     |
[INFO] [stdout] 394 |     assert_eq!(u128::MAX, (i128::MIN..i128::MAX).len());
[INFO] [stdout]     |                      ^^^
[INFO] [stdout] 
[INFO] [stdout] 
[INFO] [stdout] warning: use of deprecated constant `std::i128::MIN`: replaced by the `MIN` associated constant on this type
[INFO] [stdout]    --> src/range.rs:394:34
[INFO] [stdout]     |
[INFO] [stdout] 394 |     assert_eq!(u128::MAX, (i128::MIN..i128::MAX).len());
[INFO] [stdout]     |                                  ^^^
[INFO] [stdout] 
[INFO] [stdout] 
[INFO] [stdout] warning: use of deprecated constant `std::i128::MAX`: replaced by the `MAX` associated constant on this type
[INFO] [stdout]    --> src/range.rs:394:45
[INFO] [stdout]     |
[INFO] [stdout] 394 |     assert_eq!(u128::MAX, (i128::MIN..i128::MAX).len());
[INFO] [stdout]     |                                             ^^^
[INFO] [stdout] 
[INFO] [stdout] 
[INFO] [stdout] warning: use of deprecated module `std::i128`: all constants in this module replaced by associated constants on the type
[INFO] [stdout]    --> src/range.rs:382:15
[INFO] [stdout]     |
[INFO] [stdout] 382 |     use std::{i128, u128};
[INFO] [stdout]     |               ^^^^
[INFO] [stdout] 
[INFO] [stdout] 
[INFO] [stdout] warning: use of deprecated module `std::u128`: all constants in this module replaced by associated constants on the type
[INFO] [stdout]    --> src/range.rs:382:21
[INFO] [stdout]     |
[INFO] [stdout] 382 |     use std::{i128, u128};
[INFO] [stdout]     |                     ^^^^
[INFO] [stdout] 
[INFO] [stdout] 
[INFO] [stdout] warning: use of deprecated constant `std::usize::MAX`: replaced by the `MAX` associated constant on this type
[INFO] [stdout]    --> src/range.rs:402:21
[INFO] [stdout]     |
[INFO] [stdout] 402 |         Some(usize::MAX),
[INFO] [stdout]     |                     ^^^
[INFO] [stdout] 
[INFO] [stdout] 
[INFO] [stdout] warning: use of deprecated constant `std::usize::MAX`: replaced by the `MAX` associated constant on this type
[INFO] [stdout]    --> src/range.rs:403:20
[INFO] [stdout]     |
[INFO] [stdout] 403 |         (0..usize::MAX as u64).into_par_iter().opt_len()
[INFO] [stdout]     |                    ^^^
[INFO] [stdout] 
[INFO] [stdout] 
[INFO] [stdout] warning: use of deprecated constant `std::usize::MAX`: replaced by the `MAX` associated constant on this type
[INFO] [stdout]    --> src/range.rs:405:16
[INFO] [stdout]     |
[INFO] [stdout] 405 |     if (usize::MAX as u64) < u64::MAX {
[INFO] [stdout]     |                ^^^
[INFO] [stdout] 
[INFO] [stdout] 
[INFO] [stdout] warning: use of deprecated constant `std::u64::MAX`: replaced by the `MAX` associated constant on this type
[INFO] [stdout]    --> src/range.rs:405:35
[INFO] [stdout]     |
[INFO] [stdout] 405 |     if (usize::MAX as u64) < u64::MAX {
[INFO] [stdout]     |                                   ^^^
[INFO] [stdout] 
[INFO] [stdout] 
[INFO] [stdout] warning: use of deprecated constant `std::usize::MAX`: replaced by the `MAX` associated constant on this type
[INFO] [stdout]    --> src/range.rs:408:25
[INFO] [stdout]     |
[INFO] [stdout] 408 |             (0..(usize::MAX as u64).wrapping_add(1))
[INFO] [stdout]     |                         ^^^
[INFO] [stdout] 
[INFO] [stdout] 
[INFO] [stdout] warning: use of deprecated constant `std::u64::MAX`: replaced by the `MAX` associated constant on this type
[INFO] [stdout]    --> src/range.rs:412:35
[INFO] [stdout]     |
[INFO] [stdout] 412 |         assert_eq!(None, (0..u64::MAX).into_par_iter().opt_len());
[INFO] [stdout]     |                                   ^^^
[INFO] [stdout] 
[INFO] [stdout] 
[INFO] [stdout] warning: use of deprecated module `std::u64`: all constants in this module replaced by associated constants on the type
[INFO] [stdout]    --> src/range.rs:399:15
[INFO] [stdout]     |
[INFO] [stdout] 399 |     use std::{u64, usize};
[INFO] [stdout]     |               ^^^
[INFO] [stdout] 
[INFO] [stdout] 
[INFO] [stdout] warning: use of deprecated module `std::usize`: all constants in this module replaced by associated constants on the type
[INFO] [stdout]    --> src/range.rs:399:20
[INFO] [stdout]     |
[INFO] [stdout] 399 |     use std::{u64, usize};
[INFO] [stdout]     |                    ^^^^^
[INFO] [stdout] 
[INFO] [stdout] 
[INFO] [stdout] warning: use of deprecated constant `std::usize::MAX`: replaced by the `MAX` associated constant on this type
[INFO] [stdout]    --> src/range.rs:421:21
[INFO] [stdout]     |
[INFO] [stdout] 421 |         Some(usize::MAX),
[INFO] [stdout]     |                     ^^^
[INFO] [stdout] 
[INFO] [stdout] 
[INFO] [stdout] warning: use of deprecated constant `std::usize::MAX`: replaced by the `MAX` associated constant on this type
[INFO] [stdout]    --> src/range.rs:422:20
[INFO] [stdout]     |
[INFO] [stdout] 422 |         (0..usize::MAX as u128).into_par_iter().opt_len()
[INFO] [stdout]     |                    ^^^
[INFO] [stdout] 
[INFO] [stdout] 
[INFO] [stdout] warning: use of deprecated constant `std::usize::MAX`: replaced by the `MAX` associated constant on this type
[INFO] [stdout]    --> src/range.rs:424:37
[INFO] [stdout]     |
[INFO] [stdout] 424 |     assert_eq!(None, (0..1 + usize::MAX as u128).into_par_iter().opt_len());
[INFO] [stdout]     |                                     ^^^
[INFO] [stdout] 
[INFO] [stdout] 
[INFO] [stdout] warning: use of deprecated constant `std::u128::MAX`: replaced by the `MAX` associated constant on this type
[INFO] [stdout]    --> src/range.rs:425:32
[INFO] [stdout]     |
[INFO] [stdout] 425 |     assert_eq!(None, (0..u128::MAX).into_par_iter().opt_len());
[INFO] [stdout]     |                                ^^^
[INFO] [stdout] 
[INFO] [stdout] 
[INFO] [stdout] warning: use of deprecated module `std::u128`: all constants in this module replaced by associated constants on the type
[INFO] [stdout]    --> src/range.rs:418:15
[INFO] [stdout]     |
[INFO] [stdout] 418 |     use std::{u128, usize};
[INFO] [stdout]     |               ^^^^
[INFO] [stdout] 
[INFO] [stdout] 
[INFO] [stdout] warning: use of deprecated module `std::usize`: all constants in this module replaced by associated constants on the type
[INFO] [stdout]    --> src/range.rs:418:21
[INFO] [stdout]     |
[INFO] [stdout] 418 |     use std::{u128, usize};
[INFO] [stdout]     |                     ^^^^^
[INFO] [stdout] 
[INFO] [stdout] 
[INFO] [stdout] warning: use of deprecated constant `std::i64::MAX`: replaced by the `MAX` associated constant on this type
[INFO] [stdout]    --> src/range.rs:436:26
[INFO] [stdout]     |
[INFO] [stdout] 436 |     let iter = (-2..i64::MAX).into_par_iter();
[INFO] [stdout]     |                          ^^^
[INFO] [stdout] 
[INFO] [stdout] 
[INFO] [stdout] warning: use of deprecated constant `std::i64::MAX`: replaced by the `MAX` associated constant on this type
[INFO] [stdout]    --> src/range.rs:437:42
[INFO] [stdout]     |
[INFO] [stdout] 437 |     assert_eq!(iter.opt_len(), Some(i64::MAX as usize + 2));
[INFO] [stdout]     |                                          ^^^
[INFO] [stdout] 
[INFO] [stdout] 
[INFO] [stdout] warning: use of deprecated constant `std::i64::MAX`: replaced by the `MAX` associated constant on this type
[INFO] [stdout]    --> src/range.rs:441:68
[INFO] [stdout]     |
[INFO] [stdout] 441 |     pool.install(|| assert_eq!(iter.find_last(|_| true), Some(i64::MAX - 1)));
[INFO] [stdout]     |                                                                    ^^^
[INFO] [stdout] 
[INFO] [stdout] 
[INFO] [stdout] warning: use of deprecated module `std::i64`: all constants in this module replaced by associated constants on the type
[INFO] [stdout]    --> src/range.rs:434:14
[INFO] [stdout]     |
[INFO] [stdout] 434 |     use std::i64;
[INFO] [stdout]     |              ^^^
[INFO] [stdout] 
[INFO] [stdout] 
[INFO] [stdout] warning: use of deprecated constant `std::u32::MAX`: replaced by the `MAX` associated constant on this type
[INFO] [stdout]    --> src/range_inclusive.rs:319:19
[INFO] [stdout]     |
[INFO] [stdout] 319 |         Some(u32::MAX as usize),
[INFO] [stdout]     |                   ^^^
[INFO] [stdout] 
[INFO] [stdout] 
[INFO] [stdout] warning: use of deprecated constant `std::u32::MAX`: replaced by the `MAX` associated constant on this type
[INFO] [stdout]    --> src/range_inclusive.rs:320:19
[INFO] [stdout]     |
[INFO] [stdout] 320 |         (0..=u32::MAX - 1).into_par_iter().opt_len()
[INFO] [stdout]     |                   ^^^
[INFO] [stdout] 
[INFO] [stdout] 
[INFO] [stdout] warning: use of deprecated constant `std::u32::MAX`: replaced by the `MAX` associated constant on this type
[INFO] [stdout]    --> src/range_inclusive.rs:323:19
[INFO] [stdout]     |
[INFO] [stdout] 323 |         Some(u32::MAX as usize + 1),
[INFO] [stdout]     |                   ^^^
[INFO] [stdout] 
[INFO] [stdout] 
[INFO] [stdout] warning: use of deprecated constant `std::u32::MAX`: replaced by the `MAX` associated constant on this type
[INFO] [stdout]    --> src/range_inclusive.rs:324:19
[INFO] [stdout]     |
[INFO] [stdout] 324 |         (0..=u32::MAX).into_par_iter().opt_len()
[INFO] [stdout]     |                   ^^^
[INFO] [stdout] 
[INFO] [stdout] 
[INFO] [stdout] warning: use of deprecated module `std::u32`: all constants in this module replaced by associated constants on the type
[INFO] [stdout]    --> src/range_inclusive.rs:316:14
[INFO] [stdout]     |
[INFO] [stdout] 316 |     use std::u32;
[INFO] [stdout]     |              ^^^
[INFO] [stdout] 
[INFO] [stdout] 
[INFO] [stdout] warning: use of deprecated constant `std::usize::MAX`: replaced by the `MAX` associated constant on this type
[INFO] [stdout]    --> src/range_inclusive.rs:333:21
[INFO] [stdout]     |
[INFO] [stdout] 333 |         Some(usize::MAX),
[INFO] [stdout]     |                     ^^^
[INFO] [stdout] 
[INFO] [stdout] 
[INFO] [stdout] warning: use of deprecated constant `std::usize::MAX`: replaced by the `MAX` associated constant on this type
[INFO] [stdout]    --> src/range_inclusive.rs:334:21
[INFO] [stdout]     |
[INFO] [stdout] 334 |         (0..=usize::MAX as u64 - 1).into_par_iter().opt_len()
[INFO] [stdout]     |                     ^^^
[INFO] [stdout] 
[INFO] [stdout] 
[INFO] [stdout] warning: use of deprecated constant `std::usize::MAX`: replaced by the `MAX` associated constant on this type
[INFO] [stdout]    --> src/range_inclusive.rs:336:34
[INFO] [stdout]     |
[INFO] [stdout] 336 |     assert_eq!(None, (0..=usize::MAX as u64).into_par_iter().opt_len());
[INFO] [stdout]     |                                  ^^^
[INFO] [stdout] 
[INFO] [stdout] 
[INFO] [stdout] warning: use of deprecated constant `std::u64::MAX`: replaced by the `MAX` associated constant on this type
[INFO] [stdout]    --> src/range_inclusive.rs:337:32
[INFO] [stdout]     |
[INFO] [stdout] 337 |     assert_eq!(None, (0..=u64::MAX).into_par_iter().opt_len());
[INFO] [stdout]     |                                ^^^
[INFO] [stdout] 
[INFO] [stdout] 
[INFO] [stdout] warning: use of deprecated module `std::u64`: all constants in this module replaced by associated constants on the type
[INFO] [stdout]    --> src/range_inclusive.rs:330:15
[INFO] [stdout]     |
[INFO] [stdout] 330 |     use std::{u64, usize};
[INFO] [stdout]     |               ^^^
[INFO] [stdout] 
[INFO] [stdout] 
[INFO] [stdout] warning: use of deprecated module `std::usize`: all constants in this module replaced by associated constants on the type
[INFO] [stdout]    --> src/range_inclusive.rs:330:20
[INFO] [stdout]     |
[INFO] [stdout] 330 |     use std::{u64, usize};
[INFO] [stdout]     |                    ^^^^^
[INFO] [stdout] 
[INFO] [stdout] 
[INFO] [stdout] warning: use of deprecated constant `std::usize::MAX`: replaced by the `MAX` associated constant on this type
[INFO] [stdout]    --> src/range_inclusive.rs:345:21
[INFO] [stdout]     |
[INFO] [stdout] 345 |         Some(usize::MAX),
[INFO] [stdout]     |                     ^^^
[INFO] [stdout] 
[INFO] [stdout] 
[INFO] [stdout] warning: use of deprecated constant `std::usize::MAX`: replaced by the `MAX` associated constant on this type
[INFO] [stdout]    --> src/range_inclusive.rs:346:21
[INFO] [stdout]     |
[INFO] [stdout] 346 |         (0..=usize::MAX as u128 - 1).into_par_iter().opt_len()
[INFO] [stdout]     |                     ^^^
[INFO] [stdout] 
[INFO] [stdout] 
[INFO] [stdout] warning: use of deprecated constant `std::usize::MAX`: replaced by the `MAX` associated constant on this type
[INFO] [stdout]    --> src/range_inclusive.rs:348:34
[INFO] [stdout]     |
[INFO] [stdout] 348 |     assert_eq!(None, (0..=usize::MAX as u128).into_par_iter().opt_len());
[INFO] [stdout]     |                                  ^^^
[INFO] [stdout] 
[INFO] [stdout] 
[INFO] [stdout] warning: use of deprecated constant `std::u128::MAX`: replaced by the `MAX` associated constant on this type
[INFO] [stdout]    --> src/range_inclusive.rs:349:33
[INFO] [stdout]     |
[INFO] [stdout] 349 |     assert_eq!(None, (0..=u128::MAX).into_par_iter().opt_len());
[INFO] [stdout]     |                                 ^^^
[INFO] [stdout] 
[INFO] [stdout] 
[INFO] [stdout] warning: use of deprecated module `std::u128`: all constants in this module replaced by associated constants on the type
[INFO] [stdout]    --> src/range_inclusive.rs:342:15
[INFO] [stdout]     |
[INFO] [stdout] 342 |     use std::{u128, usize};
[INFO] [stdout]     |               ^^^^
[INFO] [stdout] 
[INFO] [stdout] 
[INFO] [stdout] warning: use of deprecated module `std::usize`: all constants in this module replaced by associated constants on the type
[INFO] [stdout]    --> src/range_inclusive.rs:342:21
[INFO] [stdout]     |
[INFO] [stdout] 342 |     use std::{u128, usize};
[INFO] [stdout]     |                     ^^^^^
[INFO] [stdout] 
[INFO] [stdout] 
[INFO] [stdout] warning: use of deprecated constant `std::i64::MAX`: replaced by the `MAX` associated constant on this type
[INFO] [stdout]    --> src/range_inclusive.rs:360:27
[INFO] [stdout]     |
[INFO] [stdout] 360 |     let iter = (-2..=i64::MAX).into_par_iter();
[INFO] [stdout]     |                           ^^^
[INFO] [stdout] 
[INFO] [stdout] 
[INFO] [stdout] warning: use of deprecated constant `std::i64::MAX`: replaced by the `MAX` associated constant on this type
[INFO] [stdout]    --> src/range_inclusive.rs:361:42
[INFO] [stdout]     |
[INFO] [stdout] 361 |     assert_eq!(iter.opt_len(), Some(i64::MAX as usize + 3));
[INFO] [stdout]     |                                          ^^^
[INFO] [stdout] 
[INFO] [stdout] 
[INFO] [stdout] warning: use of deprecated constant `std::i64::MAX`: replaced by the `MAX` associated constant on this type
[INFO] [stdout]    --> src/range_inclusive.rs:365:68
[INFO] [stdout]     |
[INFO] [stdout] 365 |     pool.install(|| assert_eq!(iter.find_last(|_| true), Some(i64::MAX)));
[INFO] [stdout]     |                                                                    ^^^
[INFO] [stdout] 
[INFO] [stdout] 
[INFO] [stdout] warning: use of deprecated module `std::i64`: all constants in this module replaced by associated constants on the type
[INFO] [stdout]    --> src/range_inclusive.rs:358:14
[INFO] [stdout]     |
[INFO] [stdout] 358 |     use std::i64;
[INFO] [stdout]     |              ^^^
[INFO] [stdout] 
[INFO] [stdout] 
[INFO] [stdout] warning: use of deprecated constant `std::u8::MAX`: replaced by the `MAX` associated constant on this type
[INFO] [stdout]    --> src/slice/mod.rs:551:47
[INFO] [stdout]     |
[INFO] [stdout] 551 |         if sz_u8 < sz_u16 && len <= (std::u8::MAX as usize) {
[INFO] [stdout]     |                                               ^^^
[INFO] [stdout] 
[INFO] [stdout] 
[INFO] [stdout] warning: use of deprecated constant `std::u16::MAX`: replaced by the `MAX` associated constant on this type
[INFO] [stdout]    --> src/slice/mod.rs:554:49
[INFO] [stdout]     |
[INFO] [stdout] 554 |         if sz_u16 < sz_u32 && len <= (std::u16::MAX as usize) {
[INFO] [stdout]     |                                                 ^^^
[INFO] [stdout] 
[INFO] [stdout] 
[INFO] [stdout] warning: use of deprecated constant `std::u32::MAX`: replaced by the `MAX` associated constant on this type
[INFO] [stdout]    --> src/slice/mod.rs:557:51
[INFO] [stdout]     |
[INFO] [stdout] 557 |         if sz_u32 < sz_usize && len <= (std::u32::MAX as usize) {
[INFO] [stdout]     |                                                   ^^^
[INFO] [stdout] 
[INFO] [stdout] 
[INFO] [stdout] warning: use of deprecated associated function `core::num::<impl usize>::max_value`: replaced by the `MAX` associated constant on this type
[INFO] [stdout]  --> src/iter/find_first_last/test.rs:7:47
[INFO] [stdout]   |
[INFO] [stdout] 7 |     let first_found = AtomicUsize::new(usize::max_value());
[INFO] [stdout]   |                                               ^^^^^^^^^
[INFO] [stdout] 
[INFO] [stdout] 
[INFO] [stdout] warning: use of deprecated associated function `core::num::<impl usize>::min_value`: replaced by the `MIN` associated constant on this type
[INFO] [stdout]   --> src/iter/find_first_last/test.rs:15:32
[INFO] [stdout]    |
[INFO] [stdout] 15 |     let bits_in_usize = usize::min_value().count_zeros();
[INFO] [stdout]    |                                ^^^^^^^^^
[INFO] [stdout] 
[INFO] [stdout] 
[INFO] [stdout] warning: use of deprecated associated function `core::num::<impl usize>::min_value`: replaced by the `MIN` associated constant on this type
[INFO] [stdout]   --> src/iter/find_first_last/test.rs:51:32
[INFO] [stdout]    |
[INFO] [stdout] 51 |     let bits_in_usize = usize::min_value().count_zeros();
[INFO] [stdout]    |                                ^^^^^^^^^
[INFO] [stdout] 
[INFO] [stdout] 
[INFO] [stdout] warning: use of deprecated associated function `core::num::<impl usize>::max_value`: replaced by the `MAX` associated constant on this type
[INFO] [stdout]   --> src/iter/find_first_last/test.rs:81:46
[INFO] [stdout]    |
[INFO] [stdout] 81 |     let best_found = AtomicUsize::new(usize::max_value());
[INFO] [stdout]    |                                              ^^^^^^^^^
[INFO] [stdout] 
[INFO] [stdout] 
[INFO] [stdout] warning: use of deprecated associated function `core::num::<impl usize>::max_value`: replaced by the `MAX` associated constant on this type
[INFO] [stdout]   --> src/iter/find_first_last/mod.rs:46:46
[INFO] [stdout]    |
[INFO] [stdout] 46 |     let best_found = AtomicUsize::new(usize::max_value());
[INFO] [stdout]    |                                              ^^^^^^^^^
[INFO] [stdout] 
[INFO] [stdout] 
[INFO] [stdout] warning: use of deprecated associated function `core::num::<impl usize>::max_value`: replaced by the `MAX` associated constant on this type
[INFO] [stdout]   --> src/iter/find_first_last/mod.rs:74:33
[INFO] [stdout]    |
[INFO] [stdout] 74 |             upper_bound: usize::max_value(),
[INFO] [stdout]    |                                 ^^^^^^^^^
[INFO] [stdout] 
[INFO] [stdout] 
[INFO] [stdout] warning: use of deprecated method `std::sync::atomic::Atomic::<usize>::fetch_update`: renamed to `try_update` for consistency
[INFO] [stdout]    --> src/iter/find_first_last/mod.rs:187:22
[INFO] [stdout]     |
[INFO] [stdout] 187 |                     .fetch_update(Ordering::Relaxed, Ordering::Relaxed, |current| {
[INFO] [stdout]     |                      ^^^^^^^^^^^^
[INFO] [stdout]     |
[INFO] [stdout] help: replace the use of the deprecated method
[INFO] [stdout]     |
[INFO] [stdout] 187 -                     .fetch_update(Ordering::Relaxed, Ordering::Relaxed, |current| {
[INFO] [stdout] 187 +                     .try_update(Ordering::Relaxed, Ordering::Relaxed, |current| {
[INFO] [stdout]     |
[INFO] [stdout] 
[INFO] [stdout] 
[INFO] [stdout] warning: use of deprecated method `std::sync::atomic::Atomic::<usize>::fetch_update`: renamed to `try_update` for consistency
[INFO] [stdout]    --> src/iter/par_bridge.rs:115:14
[INFO] [stdout]     |
[INFO] [stdout] 115 |             .fetch_update(Ordering::SeqCst, Ordering::SeqCst, |c| c.checked_sub(1));
[INFO] [stdout]     |              ^^^^^^^^^^^^
[INFO] [stdout]     |
[INFO] [stdout] help: replace the use of the deprecated method
[INFO] [stdout]     |
[INFO] [stdout] 115 -             .fetch_update(Ordering::SeqCst, Ordering::SeqCst, |c| c.checked_sub(1));
[INFO] [stdout] 115 +             .try_update(Ordering::SeqCst, Ordering::SeqCst, |c| c.checked_sub(1));
[INFO] [stdout]     |
[INFO] [stdout] 
[INFO] [stdout] 
[INFO] [stdout] warning: use of deprecated method `std::sync::atomic::Atomic::<usize>::fetch_update`: renamed to `try_update` for consistency
[INFO] [stdout]    --> src/iter/skip_any.rs:109:7
[INFO] [stdout]     |
[INFO] [stdout] 109 |     u.fetch_update(Ordering::Relaxed, Ordering::Relaxed, |u| u.checked_sub(1))
[INFO] [stdout]     |       ^^^^^^^^^^^^
[INFO] [stdout]     |
[INFO] [stdout] help: replace the use of the deprecated method
[INFO] [stdout]     |
[INFO] [stdout] 109 -     u.fetch_update(Ordering::Relaxed, Ordering::Relaxed, |u| u.checked_sub(1))
[INFO] [stdout] 109 +     u.try_update(Ordering::Relaxed, Ordering::Relaxed, |u| u.checked_sub(1))
[INFO] [stdout]     |
[INFO] [stdout] 
[INFO] [stdout] 
[INFO] [stdout] warning: use of deprecated method `std::sync::atomic::Atomic::<usize>::fetch_update`: renamed to `try_update` for consistency
[INFO] [stdout]    --> src/iter/take_any.rs:109:7
[INFO] [stdout]     |
[INFO] [stdout] 109 |     u.fetch_update(Ordering::Relaxed, Ordering::Relaxed, |u| u.checked_sub(1))
[INFO] [stdout]     |       ^^^^^^^^^^^^
[INFO] [stdout]     |
[INFO] [stdout] help: replace the use of the deprecated method
[INFO] [stdout]     |
[INFO] [stdout] 109 -     u.fetch_update(Ordering::Relaxed, Ordering::Relaxed, |u| u.checked_sub(1))
[INFO] [stdout] 109 +     u.try_update(Ordering::Relaxed, Ordering::Relaxed, |u| u.checked_sub(1))
[INFO] [stdout]     |
[INFO] [stdout] 
[INFO] [stdout] 
[INFO] [stdout] warning: use of deprecated associated function `core::num::<impl usize>::max_value`: replaced by the `MAX` associated constant on this type
[INFO] [stdout]   --> src/math.rs:50:20
[INFO] [stdout]    |
[INFO] [stdout] 50 |             usize::max_value() / 2 + 1,
[INFO] [stdout]    |                    ^^^^^^^^^
[INFO] [stdout] 
[INFO] [stdout] 
[INFO] [stdout] warning: use of deprecated associated function `core::num::<impl usize>::max_value`: replaced by the `MAX` associated constant on this type
[INFO] [stdout]   --> src/math.rs:51:33
[INFO] [stdout]    |
[INFO] [stdout] 51 |             div_round_up(usize::max_value(), 2)
[INFO] [stdout]    |                                 ^^^^^^^^^
[INFO] [stdout] 
[INFO] [stdout] 
[INFO] running `Command { std: "docker" "inspect" "4c662973c6f266b0cf61d1019d5d22d6e8783ff09265e4cba86317c7cf560b6f", kill_on_drop: false }`
[INFO] running `Command { std: "docker" "rm" "-f" "4c662973c6f266b0cf61d1019d5d22d6e8783ff09265e4cba86317c7cf560b6f", kill_on_drop: false }`
[INFO] [stdout] 4c662973c6f266b0cf61d1019d5d22d6e8783ff09265e4cba86317c7cf560b6f
