[INFO] fetching crate rawtime 0.0.10...
[INFO] testing rawtime-0.0.10 against 1.100.0-beta.1 for beta-1.100-2
[INFO] extracting crate rawtime 0.0.10 into /workspace/builds/worker-4-tc2/source
[INFO] started tweaking crates.io crate rawtime 0.0.10
[INFO] finished tweaking crates.io crate rawtime 0.0.10
[INFO] tweaked toml for crates.io crate rawtime 0.0.10 written to /workspace/builds/worker-4-tc2/source/Cargo.toml
[INFO] validating manifest of crates.io crate rawtime 0.0.10 on toolchain 1.100.0-beta.1
[INFO] running `Command { std: CARGO_HOME="/workspace/cargo-home" RUSTUP_HOME="/workspace/rustup-home" "/workspace/cargo-home/bin/cargo" "+1.100.0-beta.1" "metadata" "--manifest-path" "Cargo.toml" "--no-deps", kill_on_drop: false }`
[INFO] running `Command { std: CARGO_HOME="/workspace/cargo-home" RUSTUP_HOME="/workspace/rustup-home" "/workspace/cargo-home/bin/cargo" "+1.100.0-beta.1" "generate-lockfile" "--manifest-path" "Cargo.toml", kill_on_drop: false }`
[INFO] [stderr]     Updating crates.io index
[INFO] [stderr]      Locking 25 packages to highest compatible versions
[INFO] [stderr]       Adding env_logger v0.6.2 (available: v0.11.11)
[INFO] running `Command { std: CARGO_HOME="/workspace/cargo-home" RUSTUP_HOME="/workspace/rustup-home" "/workspace/cargo-home/bin/cargo" "+1.100.0-beta.1" "fetch" "--manifest-path" "Cargo.toml", kill_on_drop: false }`
[INFO] running `Command { std: "docker" "create" "-v" "/var/lib/crater-agent-workspace/builds/worker-4-tc2/source:/opt/rustwide/workdir:ro,Z" "-v" "/var/lib/crater-agent-workspace/builds/worker-4-tc2/target:/opt/rustwide/target:rw,Z" "-v" "/var/lib/crater-agent-workspace/cargo-home:/opt/rustwide/cargo-home:ro,Z" "-v" "/var/lib/crater-agent-workspace/rustup-home:/opt/rustwide/rustup-home:ro,Z" "-m" "1610612736" "--network" "none" "ghcr.io/rust-lang/crates-build-env/linux@sha256:3111399a4047eeb3a02b7a90e478d715f38a8c6669b5c4b49d30a17385265909" "sleep" "infinity", kill_on_drop: false }`
[INFO] [stdout] 0d2d70c91db59a119274ba41de633b9f0609480cdf22d1b2328767c495ea44ac
[INFO] running `Command { std: "docker" "start" "0d2d70c91db59a119274ba41de633b9f0609480cdf22d1b2328767c495ea44ac", kill_on_drop: false }`
[INFO] running `Command { std: "docker" "inspect" "0d2d70c91db59a119274ba41de633b9f0609480cdf22d1b2328767c495ea44ac", kill_on_drop: false }`
[INFO] running `Command { std: "docker" "exec" "-e" "SOURCE_DIR=/opt/rustwide/workdir" "-e" "CARGO_HOME=/opt/rustwide/cargo-home" "-e" "RUSTUP_HOME=/opt/rustwide/rustup-home" "-e" "CARGO_TARGET_DIR=/opt/rustwide/target" "-w" "/opt/rustwide/workdir" "--user" "0:0" "0d2d70c91db59a119274ba41de633b9f0609480cdf22d1b2328767c495ea44ac" "/opt/rustwide/cargo-home/bin/cargo" "+1.100.0-beta.1" "metadata" "--no-deps" "--format-version=1", kill_on_drop: false }`
[INFO] running `Command { std: "docker" "inspect" "0d2d70c91db59a119274ba41de633b9f0609480cdf22d1b2328767c495ea44ac", kill_on_drop: false }`
[INFO] running `Command { std: "docker" "exec" "-e" "SOURCE_DIR=/opt/rustwide/workdir" "-e" "CARGO_HOME=/opt/rustwide/cargo-home" "-e" "RUSTUP_HOME=/opt/rustwide/rustup-home" "-e" "CARGO_TARGET_DIR=/opt/rustwide/target" "-e" "CARGO_INCREMENTAL=0" "-e" "RUST_BACKTRACE=full" "-e" "RUSTFLAGS=--cap-lints=warn" "-e" "RUSTDOCFLAGS=--cap-lints=warn" "-w" "/opt/rustwide/workdir" "--user" "0:0" "0d2d70c91db59a119274ba41de633b9f0609480cdf22d1b2328767c495ea44ac" "/opt/rustwide/cargo-home/bin/cargo" "+1.100.0-beta.1" "build" "--frozen" "--message-format=json", kill_on_drop: false }`
[INFO] [stderr]    Compiling x86 v0.52.0
[INFO] [stderr]    Compiling raw-cpuid v10.7.0
[INFO] [stderr]    Compiling spin v0.9.9
[INFO] [stderr]    Compiling bit_field v0.10.3
[INFO] [stderr]    Compiling lazy_static v1.5.1
[INFO] [stdout] error[E0554]: `#![feature]` may not be used on the beta release channel
[INFO] [stdout]  --> /opt/rustwide/cargo-home/registry/src/index.crates.io-1949cf8c6b5b557f/x86-0.52.0/src/lib.rs:6:35
[INFO] [stdout]   |
[INFO] [stdout] 6 | #![cfg_attr(feature = "unstable", feature(step_trait))]
[INFO] [stdout]   |                                   ^^^^^^^^^^^^^^^^^^^
[INFO] [stdout] 
[INFO] [stdout] 
[INFO] [stdout] error[E0053]: method `steps_between` has an incompatible type for trait
[INFO] [stdout]    --> /opt/rustwide/cargo-home/registry/src/index.crates.io-1949cf8c6b5b557f/x86-0.52.0/src/bits64/paging.rs:167:51
[INFO] [stdout]     |
[INFO] [stdout] 167 |     fn steps_between(start: &Self, end: &Self) -> Option<usize> {
[INFO] [stdout]     |                                                   ^^^^^^^^^^^^^ expected `(usize, Option<usize>)`, found `Option<usize>`
[INFO] [stdout]     |
[INFO] [stdout]     = note: expected signature `fn(&PAddr, &PAddr) -> (usize, Option<usize>)`
[INFO] [stdout]                found signature `fn(&PAddr, &PAddr) -> Option<usize>`
[INFO] [stdout] help: change the output type to match the trait
[INFO] [stdout]     |
[INFO] [stdout] 167 -     fn steps_between(start: &Self, end: &Self) -> Option<usize> {
[INFO] [stdout] 167 +     fn steps_between(start: &Self, end: &Self) -> (usize, Option<usize>) {
[INFO] [stdout]     |
[INFO] [stdout] 
[INFO] [stdout] 
[INFO] [stdout] error[E0046]: not all trait items implemented, missing: `forward_overflowing`, `backward_overflowing`
[INFO] [stdout]    --> /opt/rustwide/cargo-home/registry/src/index.crates.io-1949cf8c6b5b557f/x86-0.52.0/src/bits64/paging.rs:166:1
[INFO] [stdout]     |
[INFO] [stdout] 166 | impl Step for PAddr {
[INFO] [stdout]     | ^^^^^^^^^^^^^^^^^^^ missing `forward_overflowing`, `backward_overflowing` in implementation
[INFO] [stdout]     |
[INFO] [stdout]     = help: implement the missing item: `fn forward_overflowing(_: Self, _: usize) -> (Self, bool) { todo!() }`
[INFO] [stdout]     = help: implement the missing item: `fn backward_overflowing(_: Self, _: usize) -> (Self, bool) { todo!() }`
[INFO] [stdout] 
[INFO] [stdout] 
[INFO] [stdout] error[E0053]: method `steps_between` has an incompatible type for trait
[INFO] [stdout]    --> /opt/rustwide/cargo-home/registry/src/index.crates.io-1949cf8c6b5b557f/x86-0.52.0/src/bits64/paging.rs:507:51
[INFO] [stdout]     |
[INFO] [stdout] 507 |     fn steps_between(start: &Self, end: &Self) -> Option<usize> {
[INFO] [stdout]     |                                                   ^^^^^^^^^^^^^ expected `(usize, Option<usize>)`, found `Option<usize>`
[INFO] [stdout]     |
[INFO] [stdout]     = note: expected signature `fn(&IOAddr, &IOAddr) -> (usize, Option<usize>)`
[INFO] [stdout]                found signature `fn(&IOAddr, &IOAddr) -> Option<usize>`
[INFO] [stdout] help: change the output type to match the trait
[INFO] [stdout]     |
[INFO] [stdout] 507 -     fn steps_between(start: &Self, end: &Self) -> Option<usize> {
[INFO] [stdout] 507 +     fn steps_between(start: &Self, end: &Self) -> (usize, Option<usize>) {
[INFO] [stdout]     |
[INFO] [stdout] 
[INFO] [stdout] 
[INFO] [stdout] error[E0046]: not all trait items implemented, missing: `forward_overflowing`, `backward_overflowing`
[INFO] [stdout]    --> /opt/rustwide/cargo-home/registry/src/index.crates.io-1949cf8c6b5b557f/x86-0.52.0/src/bits64/paging.rs:506:1
[INFO] [stdout]     |
[INFO] [stdout] 506 | impl Step for IOAddr {
[INFO] [stdout]     | ^^^^^^^^^^^^^^^^^^^^ missing `forward_overflowing`, `backward_overflowing` in implementation
[INFO] [stdout]     |
[INFO] [stdout]     = help: implement the missing item: `fn forward_overflowing(_: Self, _: usize) -> (Self, bool) { todo!() }`
[INFO] [stdout]     = help: implement the missing item: `fn backward_overflowing(_: Self, _: usize) -> (Self, bool) { todo!() }`
[INFO] [stdout] 
[INFO] [stdout] 
[INFO] [stdout] error[E0053]: method `steps_between` has an incompatible type for trait
[INFO] [stdout]    --> /opt/rustwide/cargo-home/registry/src/index.crates.io-1949cf8c6b5b557f/x86-0.52.0/src/bits64/paging.rs:862:51
[INFO] [stdout]     |
[INFO] [stdout] 862 |     fn steps_between(start: &Self, end: &Self) -> Option<usize> {
[INFO] [stdout]     |                                                   ^^^^^^^^^^^^^ expected `(usize, Option<usize>)`, found `Option<usize>`
[INFO] [stdout]     |
[INFO] [stdout]     = note: expected signature `fn(&VAddr, &VAddr) -> (usize, Option<usize>)`
[INFO] [stdout]                found signature `fn(&VAddr, &VAddr) -> Option<usize>`
[INFO] [stdout] help: change the output type to match the trait
[INFO] [stdout]     |
[INFO] [stdout] 862 -     fn steps_between(start: &Self, end: &Self) -> Option<usize> {
[INFO] [stdout] 862 +     fn steps_between(start: &Self, end: &Self) -> (usize, Option<usize>) {
[INFO] [stdout]     |
[INFO] [stdout] 
[INFO] [stdout] 
[INFO] [stdout] error[E0046]: not all trait items implemented, missing: `forward_overflowing`, `backward_overflowing`
[INFO] [stdout]    --> /opt/rustwide/cargo-home/registry/src/index.crates.io-1949cf8c6b5b557f/x86-0.52.0/src/bits64/paging.rs:861:1
[INFO] [stdout]     |
[INFO] [stdout] 861 | impl Step for VAddr {
[INFO] [stdout]     | ^^^^^^^^^^^^^^^^^^^ missing `forward_overflowing`, `backward_overflowing` in implementation
[INFO] [stdout]     |
[INFO] [stdout]     = help: implement the missing item: `fn forward_overflowing(_: Self, _: usize) -> (Self, bool) { todo!() }`
[INFO] [stdout]     = help: implement the missing item: `fn backward_overflowing(_: Self, _: usize) -> (Self, bool) { todo!() }`
[INFO] [stdout] 
[INFO] [stdout] 
[INFO] [stdout] error[E0308]: mismatched types
[INFO] [stdout]    --> /opt/rustwide/cargo-home/registry/src/index.crates.io-1949cf8c6b5b557f/x86-0.52.0/src/bits64/paging.rs:168:9
[INFO] [stdout]     |
[INFO] [stdout] 167 |     fn steps_between(start: &Self, end: &Self) -> Option<usize> {
[INFO] [stdout]     |                                                   ------------- expected `Option<usize>` because of return type
[INFO] [stdout] 168 |         <u64 as Step>::steps_between(&start.0, &end.0)
[INFO] [stdout]     |         ^^^^^^^^^^^^^^^^^^^^^^^^^^^^^^^^^^^^^^^^^^^^^^ expected `Option<usize>`, found `(usize, Option<usize>)`
[INFO] [stdout]     |
[INFO] [stdout]     = note: expected enum `Option<usize>`
[INFO] [stdout]               found tuple `(usize, Option<usize>)`
[INFO] [stdout] 
[INFO] [stdout] 
[INFO] [stdout] error[E0308]: mismatched types
[INFO] [stdout]    --> /opt/rustwide/cargo-home/registry/src/index.crates.io-1949cf8c6b5b557f/x86-0.52.0/src/bits64/paging.rs:508:9
[INFO] [stdout]     |
[INFO] [stdout] 507 |     fn steps_between(start: &Self, end: &Self) -> Option<usize> {
[INFO] [stdout]     |                                                   ------------- expected `Option<usize>` because of return type
[INFO] [stdout] 508 |         <u64 as Step>::steps_between(&start.0, &end.0)
[INFO] [stdout]     |         ^^^^^^^^^^^^^^^^^^^^^^^^^^^^^^^^^^^^^^^^^^^^^^ expected `Option<usize>`, found `(usize, Option<usize>)`
[INFO] [stdout]     |
[INFO] [stdout]     = note: expected enum `Option<usize>`
[INFO] [stdout]               found tuple `(usize, Option<usize>)`
[INFO] [stdout] 
[INFO] [stdout] 
[INFO] [stdout] error[E0308]: mismatched types
[INFO] [stdout]    --> /opt/rustwide/cargo-home/registry/src/index.crates.io-1949cf8c6b5b557f/x86-0.52.0/src/bits64/paging.rs:863:9
[INFO] [stdout]     |
[INFO] [stdout] 862 |     fn steps_between(start: &Self, end: &Self) -> Option<usize> {
[INFO] [stdout]     |                                                   ------------- expected `Option<usize>` because of return type
[INFO] [stdout] 863 |         <u64 as Step>::steps_between(&start.0, &end.0)
[INFO] [stdout]     |         ^^^^^^^^^^^^^^^^^^^^^^^^^^^^^^^^^^^^^^^^^^^^^^ expected `Option<usize>`, found `(usize, Option<usize>)`
[INFO] [stdout]     |
[INFO] [stdout]     = note: expected enum `Option<usize>`
[INFO] [stdout]               found tuple `(usize, Option<usize>)`
[INFO] [stdout] 
[INFO] [stdout] 
[INFO] [stdout] Some errors have detailed explanations: E0046, E0053, E0308, E0554.
[INFO] [stdout] 
[INFO] [stdout] For more information about an error, try `rustc --explain E0046`.
[INFO] [stdout] 
[INFO] [stderr] error: could not compile `x86` (lib) due to 10 previous errors
[INFO] running `Command { std: "docker" "inspect" "0d2d70c91db59a119274ba41de633b9f0609480cdf22d1b2328767c495ea44ac", kill_on_drop: false }`
[INFO] running `Command { std: "docker" "rm" "-f" "0d2d70c91db59a119274ba41de633b9f0609480cdf22d1b2328767c495ea44ac", kill_on_drop: false }`
[INFO] [stdout] 0d2d70c91db59a119274ba41de633b9f0609480cdf22d1b2328767c495ea44ac
