[INFO] fetching crate rat-rdp-graphics 0.2.0...
[INFO] testing rat-rdp-graphics-0.2.0 against 1.99.0-beta.8 for beta-1.100-2
[INFO] extracting crate rat-rdp-graphics 0.2.0 into /workspace/builds/worker-0-tc1/source
[INFO] started tweaking crates.io crate rat-rdp-graphics 0.2.0
[INFO] finished tweaking crates.io crate rat-rdp-graphics 0.2.0
[INFO] tweaked toml for crates.io crate rat-rdp-graphics 0.2.0 written to /workspace/builds/worker-0-tc1/source/Cargo.toml
[INFO] validating manifest of crates.io crate rat-rdp-graphics 0.2.0 on toolchain 1.99.0-beta.8
[INFO] running `Command { std: CARGO_HOME="/workspace/cargo-home" RUSTUP_HOME="/workspace/rustup-home" "/workspace/cargo-home/bin/cargo" "+1.99.0-beta.8" "metadata" "--manifest-path" "Cargo.toml" "--no-deps", kill_on_drop: false }`
[INFO] crate crates.io crate rat-rdp-graphics 0.2.0 already has a lockfile, it will not be regenerated
[INFO] running `Command { std: CARGO_HOME="/workspace/cargo-home" RUSTUP_HOME="/workspace/rustup-home" "/workspace/cargo-home/bin/cargo" "+1.99.0-beta.8" "fetch" "--manifest-path" "Cargo.toml", kill_on_drop: false }`
[INFO] [stderr]     Updating crates.io index
[INFO] [stderr]  Downloading crates ...
[INFO] [stderr]   Downloaded wide v0.7.33
[INFO] [stderr]   Downloaded rat-rdp-error v0.2.0
[INFO] [stderr]   Downloaded rat-rdp-core v0.2.0
[INFO] [stderr]   Downloaded der_derive v0.8.0
[INFO] [stderr]   Downloaded safe_arch v0.7.4
[INFO] [stderr]   Downloaded num-bigint v0.3.3
[INFO] [stderr]   Downloaded x509-cert v0.3.0
[INFO] [stderr]   Downloaded rat-rdp-pdu v0.2.0
[INFO] [stderr]   Downloaded bitvec v1.1.1
[INFO] [stderr]   Downloaded yuv v0.8.17
[INFO] running `Command { std: "docker" "create" "-v" "/var/lib/crater-agent-workspace/builds/worker-0-tc1/source:/opt/rustwide/workdir:ro,Z" "-v" "/var/lib/crater-agent-workspace/builds/worker-0-tc1/target:/opt/rustwide/target:rw,Z" "-v" "/var/lib/crater-agent-workspace/cargo-home:/opt/rustwide/cargo-home:ro,Z" "-v" "/var/lib/crater-agent-workspace/rustup-home:/opt/rustwide/rustup-home:ro,Z" "-m" "1610612736" "--network" "none" "ghcr.io/rust-lang/crates-build-env/linux@sha256:3111399a4047eeb3a02b7a90e478d715f38a8c6669b5c4b49d30a17385265909" "sleep" "infinity", kill_on_drop: false }`
[INFO] [stdout] b5e26b4e4ec6782d2eedb1eb38dc2a71badeabb5506434d47938da1b94adfa31
[INFO] running `Command { std: "docker" "start" "b5e26b4e4ec6782d2eedb1eb38dc2a71badeabb5506434d47938da1b94adfa31", kill_on_drop: false }`
[INFO] running `Command { std: "docker" "inspect" "b5e26b4e4ec6782d2eedb1eb38dc2a71badeabb5506434d47938da1b94adfa31", kill_on_drop: false }`
[INFO] running `Command { std: "docker" "exec" "-e" "SOURCE_DIR=/opt/rustwide/workdir" "-e" "CARGO_HOME=/opt/rustwide/cargo-home" "-e" "RUSTUP_HOME=/opt/rustwide/rustup-home" "-e" "CARGO_TARGET_DIR=/opt/rustwide/target" "-w" "/opt/rustwide/workdir" "--user" "0:0" "b5e26b4e4ec6782d2eedb1eb38dc2a71badeabb5506434d47938da1b94adfa31" "/opt/rustwide/cargo-home/bin/cargo" "+1.99.0-beta.8" "metadata" "--no-deps" "--format-version=1", kill_on_drop: false }`
[INFO] running `Command { std: "docker" "inspect" "b5e26b4e4ec6782d2eedb1eb38dc2a71badeabb5506434d47938da1b94adfa31", kill_on_drop: false }`
[INFO] running `Command { std: "docker" "exec" "-e" "SOURCE_DIR=/opt/rustwide/workdir" "-e" "CARGO_HOME=/opt/rustwide/cargo-home" "-e" "RUSTUP_HOME=/opt/rustwide/rustup-home" "-e" "CARGO_TARGET_DIR=/opt/rustwide/target" "-e" "CARGO_INCREMENTAL=0" "-e" "RUST_BACKTRACE=full" "-e" "RUSTFLAGS=--cap-lints=warn" "-e" "RUSTDOCFLAGS=--cap-lints=warn" "-w" "/opt/rustwide/workdir" "--user" "0:0" "b5e26b4e4ec6782d2eedb1eb38dc2a71badeabb5506434d47938da1b94adfa31" "/opt/rustwide/cargo-home/bin/cargo" "+1.99.0-beta.8" "build" "--frozen" "--message-format=json", kill_on_drop: false }`
[INFO] [stderr]    Compiling proc-macro2 v1.0.107
[INFO] [stderr]    Compiling quote v1.0.47
[INFO] [stderr]    Compiling autocfg v1.5.1
[INFO] [stderr]    Compiling typenum v1.20.1
[INFO] [stderr]    Compiling subtle v2.6.1
[INFO] [stderr]    Compiling thiserror v2.0.20
[INFO] [stderr]    Compiling memchr v2.8.3
[INFO] [stderr]    Compiling base64ct v1.8.3
[INFO] [stderr]    Compiling const-oid v0.10.2
[INFO] [stderr]    Compiling flagset v0.4.7
[INFO] [stderr]    Compiling zeroize v1.9.0
[INFO] [stderr]    Compiling der v0.7.10
[INFO] [stderr]    Compiling rat-rdp-error v0.2.0
[INFO] [stderr]    Compiling bytemuck v1.25.2
[INFO] [stderr]    Compiling bitflags v2.13.1
[INFO] [stderr]    Compiling bit_field v0.10.3
[INFO] [stderr]    Compiling rat-rdp-core v0.2.0
[INFO] [stderr]    Compiling bitvec v1.1.1
[INFO] [stderr]    Compiling safe_arch v0.7.4
[INFO] [stderr]    Compiling num-traits v0.2.19
[INFO] [stderr]    Compiling num-bigint v0.3.3
[INFO] [stderr]    Compiling pem-rfc7468 v1.0.0
[INFO] [stderr]    Compiling wide v0.7.33
[INFO] [stderr]    Compiling nom v7.1.3
[INFO] [stderr]    Compiling generic-array v0.14.7
[INFO] [stderr]    Compiling syn v2.0.119
[INFO] [stderr]    Compiling syn v3.0.4
[INFO] [stderr]    Compiling num-integer v0.1.47
[INFO] [stderr]    Compiling yuv v0.8.17
[INFO] [stderr]    Compiling spki v0.7.3
[INFO] [stderr]    Compiling pkcs1 v0.7.5
[INFO] [stderr]    Compiling crypto-common v0.1.7
[INFO] [stderr]    Compiling block-buffer v0.10.4
[INFO] [stderr]    Compiling digest v0.10.7
[INFO] [stderr]    Compiling md-5 v0.10.6
[INFO] [stderr]    Compiling hmac v0.12.1
[INFO] [stderr]    Compiling sha1 v0.10.7
[INFO] [stderr]    Compiling rusticata-macros v4.1.0
[INFO] [stderr]    Compiling thiserror-impl v2.0.20
[INFO] [stderr]    Compiling displaydoc v0.2.7
[INFO] [stderr]    Compiling synstructure v0.13.2
[INFO] [stderr]    Compiling der_derive v0.8.0
[INFO] [stderr]    Compiling asn1-rs-impl v0.2.0
[INFO] [stderr]    Compiling asn1-rs-derive v0.6.0
[INFO] [stderr]    Compiling num-derive v0.4.2
[INFO] [stderr]    Compiling asn1-rs v0.7.2
[INFO] [stderr]    Compiling der v0.8.1
[INFO] [stderr]    Compiling der-parser v10.0.0
[INFO] [stderr]    Compiling spki v0.8.0
[INFO] [stderr]    Compiling x509-cert v0.3.0
[INFO] [stderr]    Compiling rat-rdp-pdu v0.2.0
[INFO] [stderr]    Compiling rat-rdp-graphics v0.2.0 (/opt/rustwide/workdir)
[INFO] [stderr]     Finished `dev` profile [unoptimized + debuginfo] target(s) in 44.69s
[INFO] running `Command { std: "docker" "inspect" "b5e26b4e4ec6782d2eedb1eb38dc2a71badeabb5506434d47938da1b94adfa31", kill_on_drop: false }`
[INFO] running `Command { std: "docker" "exec" "-e" "SOURCE_DIR=/opt/rustwide/workdir" "-e" "CARGO_HOME=/opt/rustwide/cargo-home" "-e" "RUSTUP_HOME=/opt/rustwide/rustup-home" "-e" "CARGO_TARGET_DIR=/opt/rustwide/target" "-e" "CARGO_INCREMENTAL=0" "-e" "RUST_BACKTRACE=full" "-e" "RUSTFLAGS=--cap-lints=warn" "-e" "RUSTDOCFLAGS=--cap-lints=warn" "-w" "/opt/rustwide/workdir" "--user" "0:0" "b5e26b4e4ec6782d2eedb1eb38dc2a71badeabb5506434d47938da1b94adfa31" "/opt/rustwide/cargo-home/bin/cargo" "+1.99.0-beta.8" "test" "--frozen" "--no-run" "--message-format=json", kill_on_drop: false }`
[INFO] [stderr]    Compiling rat-rdp-graphics v0.2.0 (/opt/rustwide/workdir)
[INFO] [stdout] error[E0432]: unresolved import `bytemuck`
[INFO] [stdout]    --> src/diff.rs:212:9
[INFO] [stdout]     |
[INFO] [stdout] 212 |     use bytemuck::cast_slice;
[INFO] [stdout]     |         ^^^^^^^^ use of unresolved module or unlinked crate `bytemuck`
[INFO] [stdout]     |
[INFO] [stdout]     = help: if you wanted to use a crate named `bytemuck`, use `cargo add bytemuck` to add it to your `Cargo.toml`
[INFO] [stdout] 
[INFO] [stdout] 
[INFO] [stdout] error[E0432]: unresolved import `expect_test`
[INFO] [stdout]    --> src/rdp6/rle.rs:408:9
[INFO] [stdout]     |
[INFO] [stdout] 408 |     use expect_test::expect;
[INFO] [stdout]     |         ^^^^^^^^^^^ use of unresolved module or unlinked crate `expect_test`
[INFO] [stdout]     |
[INFO] [stdout]     = help: if you wanted to use a crate named `expect_test`, use `cargo add expect_test` to add it to your `Cargo.toml`
[INFO] [stdout] 
[INFO] [stdout] 
[INFO] [stdout] error[E0659]: `expect` is ambiguous
[INFO] [stdout]    --> src/rdp6/rle.rs:403:3
[INFO] [stdout]     |
[INFO] [stdout] 403 | #[expect(
[INFO] [stdout]     |   ^^^^^^ ambiguous name
[INFO] [stdout]     |
[INFO] [stdout]     = note: ambiguous because of a name conflict with a builtin attribute
[INFO] [stdout]     = note: `expect` could refer to a built-in attribute
[INFO] [stdout] note: `expect` could also refer to the unresolved item imported here
[INFO] [stdout]    --> src/rdp6/rle.rs:408:9
[INFO] [stdout]     |
[INFO] [stdout] 408 |     use expect_test::expect;
[INFO] [stdout]     |         ^^^^^^^^^^^^^^^^^^^
[INFO] [stdout]     = help: use `self::expect` to refer to this unresolved item unambiguously
[INFO] [stdout] 
[INFO] [stdout] 
[INFO] [stdout] error[E0433]: cannot find module or crate `bmp` in this scope
[INFO] [stdout]   --> src/rdp6/bitmap_stream/mod.rs:12:28
[INFO] [stdout]    |
[INFO] [stdout] 12 |         let expected_bmp = bmp::from_reader(&mut std::io::Cursor::new(bmp_image)).unwrap();
[INFO] [stdout]    |                            ^^^ use of unresolved module or unlinked crate `bmp`
[INFO] [stdout]    |
[INFO] [stdout]    = help: if you wanted to use a crate named `bmp`, use `cargo add bmp` to add it to your `Cargo.toml`
[INFO] [stdout] 
[INFO] [stdout] 
[INFO] [stdout] Some errors have detailed explanations: E0432, E0433, E0659.
[INFO] [stdout] 
[INFO] [stdout] For more information about an error, try `rustc --explain E0432`.
[INFO] [stdout] 
[INFO] [stderr] error: could not compile `rat-rdp-graphics` (lib test) due to 4 previous errors
[INFO] running `Command { std: "docker" "inspect" "b5e26b4e4ec6782d2eedb1eb38dc2a71badeabb5506434d47938da1b94adfa31", kill_on_drop: false }`
[INFO] running `Command { std: "docker" "rm" "-f" "b5e26b4e4ec6782d2eedb1eb38dc2a71badeabb5506434d47938da1b94adfa31", kill_on_drop: false }`
[INFO] [stdout] b5e26b4e4ec6782d2eedb1eb38dc2a71badeabb5506434d47938da1b94adfa31
