[INFO] fetching crate randomy-rs 1.1.14...
[INFO] testing randomy-rs-1.1.14 against 1.100.0-beta.1 for beta-1.100-2
[INFO] extracting crate randomy-rs 1.1.14 into /workspace/builds/worker-1-tc2/source
[INFO] removed /workspace/builds/worker-1-tc2/source/rust-toolchain.toml
[INFO] started tweaking crates.io crate randomy-rs 1.1.14
[INFO] finished tweaking crates.io crate randomy-rs 1.1.14
[INFO] tweaked toml for crates.io crate randomy-rs 1.1.14 written to /workspace/builds/worker-1-tc2/source/Cargo.toml
[INFO] validating manifest of crates.io crate randomy-rs 1.1.14 on toolchain 1.100.0-beta.1
[INFO] running `Command { std: CARGO_HOME="/workspace/cargo-home" RUSTUP_HOME="/workspace/rustup-home" "/workspace/cargo-home/bin/cargo" "+1.100.0-beta.1" "metadata" "--manifest-path" "Cargo.toml" "--no-deps", kill_on_drop: false }`
[INFO] running `Command { std: CARGO_HOME="/workspace/cargo-home" RUSTUP_HOME="/workspace/rustup-home" "/workspace/cargo-home/bin/cargo" "+1.100.0-beta.1" "generate-lockfile" "--manifest-path" "Cargo.toml", kill_on_drop: false }`
[INFO] [stderr]     Updating crates.io index
[INFO] [stderr]      Locking 8 packages to highest compatible versions
[INFO] [stderr]       Adding bitflags v1.3.2 (available: v2.13.2)
[INFO] [stderr]       Adding thiserror v1.0.69 (available: v2.0.21)
[INFO] running `Command { std: CARGO_HOME="/workspace/cargo-home" RUSTUP_HOME="/workspace/rustup-home" "/workspace/cargo-home/bin/cargo" "+1.100.0-beta.1" "fetch" "--manifest-path" "Cargo.toml", kill_on_drop: false }`
[INFO] running `Command { std: "docker" "create" "-v" "/var/lib/crater-agent-workspace/builds/worker-1-tc2/source:/opt/rustwide/workdir:ro,Z" "-v" "/var/lib/crater-agent-workspace/builds/worker-1-tc2/target:/opt/rustwide/target:rw,Z" "-v" "/var/lib/crater-agent-workspace/cargo-home:/opt/rustwide/cargo-home:ro,Z" "-v" "/var/lib/crater-agent-workspace/rustup-home:/opt/rustwide/rustup-home:ro,Z" "-m" "1610612736" "--network" "none" "ghcr.io/rust-lang/crates-build-env/linux@sha256:3111399a4047eeb3a02b7a90e478d715f38a8c6669b5c4b49d30a17385265909" "sleep" "infinity", kill_on_drop: false }`
[INFO] [stdout] 9e9c03593f8f66410bc25d7ced4525dbd7cbe37c871e363f83d8aa0d66eb1d70
[INFO] running `Command { std: "docker" "start" "9e9c03593f8f66410bc25d7ced4525dbd7cbe37c871e363f83d8aa0d66eb1d70", kill_on_drop: false }`
[INFO] running `Command { std: "docker" "inspect" "9e9c03593f8f66410bc25d7ced4525dbd7cbe37c871e363f83d8aa0d66eb1d70", kill_on_drop: false }`
[INFO] running `Command { std: "docker" "exec" "-e" "SOURCE_DIR=/opt/rustwide/workdir" "-e" "CARGO_HOME=/opt/rustwide/cargo-home" "-e" "RUSTUP_HOME=/opt/rustwide/rustup-home" "-e" "CARGO_TARGET_DIR=/opt/rustwide/target" "-w" "/opt/rustwide/workdir" "--user" "0:0" "9e9c03593f8f66410bc25d7ced4525dbd7cbe37c871e363f83d8aa0d66eb1d70" "/opt/rustwide/cargo-home/bin/cargo" "+1.100.0-beta.1" "metadata" "--no-deps" "--format-version=1", kill_on_drop: false }`
[INFO] running `Command { std: "docker" "inspect" "9e9c03593f8f66410bc25d7ced4525dbd7cbe37c871e363f83d8aa0d66eb1d70", kill_on_drop: false }`
[INFO] running `Command { std: "docker" "exec" "-e" "SOURCE_DIR=/opt/rustwide/workdir" "-e" "CARGO_HOME=/opt/rustwide/cargo-home" "-e" "RUSTUP_HOME=/opt/rustwide/rustup-home" "-e" "CARGO_TARGET_DIR=/opt/rustwide/target" "-e" "CARGO_INCREMENTAL=0" "-e" "RUST_BACKTRACE=full" "-e" "RUSTFLAGS=--cap-lints=warn" "-e" "RUSTDOCFLAGS=--cap-lints=warn" "-w" "/opt/rustwide/workdir" "--user" "0:0" "9e9c03593f8f66410bc25d7ced4525dbd7cbe37c871e363f83d8aa0d66eb1d70" "/opt/rustwide/cargo-home/bin/cargo" "+1.100.0-beta.1" "build" "--frozen" "--message-format=json", kill_on_drop: false }`
[INFO] [stderr]    Compiling randomy-rs v1.1.14 (/opt/rustwide/workdir)
[INFO] [stderr]    Compiling syn v2.0.119
[INFO] [stderr]    Compiling thiserror-impl v1.0.69
[INFO] [stderr]    Compiling thiserror v1.0.69
[INFO] [stderr] error: failed to run custom build command for `randomy-rs v1.1.14 (/opt/rustwide/workdir)`
[INFO] [stderr] note: To improve backtraces for build dependencies, set the CARGO_PROFILE_DEV_BUILD_OVERRIDE_DEBUG=true environment variable to enable debug information generation.
[INFO] [stderr] 
[INFO] [stderr] Caused by:
[INFO] [stderr]   process didn't exit successfully: `/opt/rustwide/target/debug/build/randomy-rs/ea927cf525a20ae5/out/build_script_build` (exit status: 101)
[INFO] [stderr]   --- stdout
[INFO] [stderr]   status: exit status: 0
[INFO] [stderr]   -- The C compiler identification is GNU 15.2.0
[INFO] [stderr]   -- The CXX compiler identification is GNU 15.2.0
[INFO] [stderr]   -- Detecting C compiler ABI info
[INFO] [stderr]   -- Detecting C compiler ABI info - done
[INFO] [stderr]   -- Check for working C compiler: /usr/bin/cc - skipped
[INFO] [stderr]   -- Detecting C compile features
[INFO] [stderr]   -- Detecting C compile features - done
[INFO] [stderr]   -- Detecting CXX compiler ABI info
[INFO] [stderr]   -- Detecting CXX compiler ABI info - done
[INFO] [stderr]   -- Check for working CXX compiler: /usr/bin/c++ - skipped
[INFO] [stderr]   -- Detecting CXX compile features
[INFO] [stderr]   -- Detecting CXX compile features - done
[INFO] [stderr]   -- Setting default build type: Release
[INFO] [stderr]   -- Performing Test _maes_cxx
[INFO] [stderr]   -- Performing Test _maes_cxx - Success
[INFO] [stderr]   -- Setting CXX flag -maes
[INFO] [stderr]   -- Performing Test _maes_c
[INFO] [stderr]   -- Performing Test _maes_c - Success
[INFO] [stderr]   -- Setting C flag -maes
[INFO] [stderr]   -- Performing Test HAVE_SSSE3
[INFO] [stderr]   -- Performing Test HAVE_SSSE3 - Success
[INFO] [stderr]   -- Performing Test HAVE_AVX2
[INFO] [stderr]   -- Performing Test HAVE_AVX2 - Success
[INFO] [stderr]   -- Performing Test CMAKE_HAVE_LIBC_PTHREAD
[INFO] [stderr]   -- Performing Test CMAKE_HAVE_LIBC_PTHREAD - Success
[INFO] [stderr]   -- Found Threads: TRUE
[INFO] [stderr]   -- Performing Test HAVE_CXX_ATOMICS
[INFO] [stderr]   -- Performing Test HAVE_CXX_ATOMICS - Success
[INFO] [stderr]   -- Configuring done (2.2s)
[INFO] [stderr]   -- Generating done (0.0s)
[INFO] [stderr]   -- Build files have been written to: /opt/rustwide/target/debug/build/randomy-rs/5ef4eeaa5c1ee8fe/out/randomx_build
[INFO] [stderr]   status: exit status: 2
[INFO] [stderr]   [  2%] Building CXX object CMakeFiles/randomx.dir/src/aes_hash.cpp.o
[INFO] [stderr]   [  5%] Building C object CMakeFiles/randomx.dir/src/argon2_ref.c.o
[INFO] [stderr]   [  8%] Building C object CMakeFiles/randomx.dir/src/argon2_ssse3.c.o
[INFO] [stderr]   [ 11%] Building C object CMakeFiles/randomx.dir/src/argon2_avx2.c.o
[INFO] [stderr]   [ 14%] Building CXX object CMakeFiles/randomx.dir/src/bytecode_machine.cpp.o
[INFO] [stderr]   [ 17%] Building CXX object CMakeFiles/randomx.dir/src/cpu.cpp.o
[INFO] [stderr]   [ 20%] Building CXX object CMakeFiles/randomx.dir/src/dataset.cpp.o
[INFO] [stderr]   [ 23%] Building CXX object CMakeFiles/randomx.dir/src/soft_aes.cpp.o
[INFO] [stderr]   [ 26%] Building C object CMakeFiles/randomx.dir/src/virtual_memory.c.o
[INFO] [stderr]   [ 29%] Building CXX object CMakeFiles/randomx.dir/src/vm_interpreted.cpp.o
[INFO] [stderr]   [ 32%] Building CXX object CMakeFiles/randomx.dir/src/allocator.cpp.o
[INFO] [stderr]   [ 35%] Building CXX object CMakeFiles/randomx.dir/src/assembly_generator_x86.cpp.o
[INFO] [stderr]   [ 38%] Building CXX object CMakeFiles/randomx.dir/src/instruction.cpp.o
[INFO] [stderr]   [ 41%] Building CXX object CMakeFiles/randomx.dir/src/randomx.cpp.o
[INFO] [stderr]   [ 44%] Building CXX object CMakeFiles/randomx.dir/src/superscalar.cpp.o
[INFO] [stderr]   [ 47%] Building CXX object CMakeFiles/randomx.dir/src/vm_compiled.cpp.o
[INFO] [stderr]   [ 50%] Building CXX object CMakeFiles/randomx.dir/src/vm_interpreted_light.cpp.o
[INFO] [stderr]   [ 52%] Building C object CMakeFiles/randomx.dir/src/argon2_core.c.o
[INFO] [stderr]   [ 55%] Building CXX object CMakeFiles/randomx.dir/src/blake2_generator.cpp.o
[INFO] [stderr]   [ 58%] Building CXX object CMakeFiles/randomx.dir/src/instructions_portable.cpp.o
[INFO] [stderr]   [ 61%] Building C object CMakeFiles/randomx.dir/src/reciprocal.c.o
[INFO] [stderr]   [ 64%] Building CXX object CMakeFiles/randomx.dir/src/virtual_machine.cpp.o
[INFO] [stderr]   [ 67%] Building CXX object CMakeFiles/randomx.dir/src/vm_compiled_light.cpp.o
[INFO] [stderr]   [ 70%] Building C object CMakeFiles/randomx.dir/src/blake2/blake2b.c.o
[INFO] [stderr]   [ 73%] Building CXX object CMakeFiles/randomx.dir/src/jit_compiler_x86.cpp.o
[INFO] [stderr]   [ 76%] Building C object CMakeFiles/randomx.dir/src/jit_compiler_x86_static.S.o
[INFO] [stderr]   [ 79%] Linking CXX static library librandomx.a
[INFO] [stderr]   [ 79%] Built target randomx
[INFO] [stderr]   [ 82%] Building CXX object CMakeFiles/randomx-tests.dir/src/tests/tests.cpp.o
[INFO] [stderr] 
[INFO] [stderr]   --- stderr
[INFO] [stderr]   CMake Deprecation Warning at CMakeLists.txt:29 (cmake_minimum_required):
[INFO] [stderr]     Compatibility with CMake < 3.10 will be removed from a future version of
[INFO] [stderr]     CMake.
[INFO] [stderr] 
[INFO] [stderr]     Update the VERSION argument <min> value.  Or, use the <min>...<max> syntax
[INFO] [stderr]     to tell CMake that the project requires at least <min> but has been updated
[INFO] [stderr]     to work with policies introduced by <max> or earlier.
[INFO] [stderr] 
[INFO] [stderr] 
[INFO] [stderr]   In file included from /opt/rustwide/workdir/RandomY/src/tests/tests.cpp:7:
[INFO] [stderr]   /opt/rustwide/workdir/RandomY/src/tests/utility.hpp:74:38: error: 'uint64_t' has not been declared
[INFO] [stderr]      74 | inline void dump(const char* buffer, uint64_t count, const char* name) {
[INFO] [stderr]         |                                      ^~~~~~~~
[INFO] [stderr]   /opt/rustwide/workdir/RandomY/src/tests/utility.hpp:35:1: note: 'uint64_t' is defined in header '<cstdint>'; this is probably fixable by adding '#include <cstdint>'
[INFO] [stderr]      34 | #include <fstream>
[INFO] [stderr]     +++ |+#include <cstdint>
[INFO] [stderr]      35 | 
[INFO] [stderr]   /opt/rustwide/workdir/RandomY/src/tests/utility.hpp:99:73: error: 'uint64_t' has not been declared
[INFO] [stderr]      99 | inline void readUInt64Option(const char* option, int argc, char** argv, uint64_t& out, uint64_t defaultValue) {
[INFO] [stderr]         |                                                                         ^~~~~~~~
[INFO] [stderr]   /opt/rustwide/workdir/RandomY/src/tests/utility.hpp:99:73: note: 'uint64_t' is defined in header '<cstdint>'; this is probably fixable by adding '#include <cstdint>'
[INFO] [stderr]   /opt/rustwide/workdir/RandomY/src/tests/utility.hpp:99:88: error: 'uint64_t' has not been declared
[INFO] [stderr]      99 | inline void readUInt64Option(const char* option, int argc, char** argv, uint64_t& out, uint64_t defaultValue) {
[INFO] [stderr]         |                                                                                        ^~~~~~~~
[INFO] [stderr]   /opt/rustwide/workdir/RandomY/src/tests/utility.hpp:99:88: note: 'uint64_t' is defined in header '<cstdint>'; this is probably fixable by adding '#include <cstdint>'
[INFO] [stderr]   make[2]: *** [CMakeFiles/randomx-tests.dir/build.make:79: CMakeFiles/randomx-tests.dir/src/tests/tests.cpp.o] Error 1
[INFO] [stderr]   make[1]: *** [CMakeFiles/Makefile2:128: CMakeFiles/randomx-tests.dir/all] Error 2
[INFO] [stderr]   make: *** [Makefile:136: all] Error 2
[INFO] [stderr] 
[INFO] [stderr]   thread 'main' (83) panicked at build.rs:151:9:
[INFO] [stderr]   assertion failed: m.status.success()
[INFO] [stderr]   stack backtrace:
[INFO] [stderr]      0:     0x6430dc266841 - std[617be2ca0a6fd877]::backtrace_rs::backtrace::libunwind::trace
[INFO] [stderr]                                  at /rustc/e3feeb59cd1bdd011a2bfcc0747b55125d9b8527/library/std/src/../../backtrace/src/backtrace/libunwind.rs:117:9
[INFO] [stderr]      1:     0x6430dc266841 - std[617be2ca0a6fd877]::backtrace_rs::backtrace::trace_unsynchronized::<std[617be2ca0a6fd877]::sys::backtrace::_print_fmt::{closure#1}>
[INFO] [stderr]                                  at /rustc/e3feeb59cd1bdd011a2bfcc0747b55125d9b8527/library/std/src/../../backtrace/src/backtrace/mod.rs:66:14
[INFO] [stderr]      2:     0x6430dc266841 - std[617be2ca0a6fd877]::sys::backtrace::_print_fmt
[INFO] [stderr]                                  at /rustc/e3feeb59cd1bdd011a2bfcc0747b55125d9b8527/library/std/src/sys/backtrace.rs:74:9
[INFO] [stderr]      3:     0x6430dc266841 - <<std[617be2ca0a6fd877]::sys::backtrace::BacktraceLock>::print::DisplayBacktrace as core[a373ad73a504971]::fmt::Display>::fmt
[INFO] [stderr]                                  at /rustc/e3feeb59cd1bdd011a2bfcc0747b55125d9b8527/library/std/src/sys/backtrace.rs:44:26
[INFO] [stderr]      4:     0x6430dc277d4a - <core[a373ad73a504971]::fmt::rt::Argument>::fmt
[INFO] [stderr]                                  at /rustc/e3feeb59cd1bdd011a2bfcc0747b55125d9b8527/library/core/src/fmt/rt.rs:152:76
[INFO] [stderr]      5:     0x6430dc277d4a - core[a373ad73a504971]::fmt::write
[INFO] [stderr]      6:     0x6430dc26a69c - core[a373ad73a504971]::io::write::default_write_fmt::<std[617be2ca0a6fd877]::sys::stdio::unix::Stderr>
[INFO] [stderr]                                  at /rustc/e3feeb59cd1bdd011a2bfcc0747b55125d9b8527/library/core/src/io/write.rs:402:11
[INFO] [stderr]      7:     0x6430dc26a69c - <std[617be2ca0a6fd877]::sys::stdio::unix::Stderr as core[a373ad73a504971]::io::write::Write>::write_fmt
[INFO] [stderr]                                  at /rustc/e3feeb59cd1bdd011a2bfcc0747b55125d9b8527/library/core/src/io/write.rs:335:13
[INFO] [stderr]      8:     0x6430dc249286 - <std[617be2ca0a6fd877]::sys::backtrace::BacktraceLock>::print
[INFO] [stderr]                                  at /rustc/e3feeb59cd1bdd011a2bfcc0747b55125d9b8527/library/std/src/sys/backtrace.rs:47:9
[INFO] [stderr]      9:     0x6430dc249286 - std[617be2ca0a6fd877]::panicking::default_hook::{closure#0}
[INFO] [stderr]                                  at /rustc/e3feeb59cd1bdd011a2bfcc0747b55125d9b8527/library/std/src/panicking.rs:289:27
[INFO] [stderr]     10:     0x6430dc262551 - std[617be2ca0a6fd877]::panicking::default_hook
[INFO] [stderr]                                  at /rustc/e3feeb59cd1bdd011a2bfcc0747b55125d9b8527/library/std/src/panicking.rs:316:9
[INFO] [stderr]     11:     0x6430dc26270b - std[617be2ca0a6fd877]::panicking::panic_with_hook
[INFO] [stderr]                                  at /rustc/e3feeb59cd1bdd011a2bfcc0747b55125d9b8527/library/std/src/panicking.rs:811:13
[INFO] [stderr]     12:     0x6430dc249364 - std[617be2ca0a6fd877]::panicking::panic_handler::{closure#0}
[INFO] [stderr]                                  at /rustc/e3feeb59cd1bdd011a2bfcc0747b55125d9b8527/library/std/src/panicking.rs:678:13
[INFO] [stderr]     13:     0x6430dc242069 - std[617be2ca0a6fd877]::sys::backtrace::__rust_end_short_backtrace::<std[617be2ca0a6fd877]::panicking::panic_handler::{closure#0}, !>
[INFO] [stderr]                                  at /rustc/e3feeb59cd1bdd011a2bfcc0747b55125d9b8527/library/std/src/sys/backtrace.rs:182:18
[INFO] [stderr]     14:     0x6430dc249afd - __rustc[ea4f61d10b84890b]::rust_begin_unwind
[INFO] [stderr]                                  at /rustc/e3feeb59cd1bdd011a2bfcc0747b55125d9b8527/library/std/src/panicking.rs:676:5
[INFO] [stderr]     15:     0x6430dc27847c - core[a373ad73a504971]::panicking::panic_fmt
[INFO] [stderr]                                  at /rustc/e3feeb59cd1bdd011a2bfcc0747b55125d9b8527/library/core/src/panicking.rs:80:14
[INFO] [stderr]     16:     0x6430dc278442 - core[a373ad73a504971]::panicking::panic
[INFO] [stderr]                                  at /rustc/e3feeb59cd1bdd011a2bfcc0747b55125d9b8527/library/core/src/panicking.rs:150:5
[INFO] [stderr]     17:     0x6430dc230075 - build_script_build[18fb6becff455791]::main
[INFO] [stderr]     18:     0x6430dc236a9b - <fn() as core[a373ad73a504971]::ops::function::FnOnce<()>>::call_once
[INFO] [stderr]     19:     0x6430dc22e0ee - std[617be2ca0a6fd877]::sys::backtrace::__rust_begin_short_backtrace::<fn(), ()>
[INFO] [stderr]     20:     0x6430dc22ea69 - std[617be2ca0a6fd877]::rt::lang_start::<()>::{closure#0}
[INFO] [stderr]     21:     0x6430dc2619c8 - <&dyn core[a373ad73a504971]::ops::function::Fn<(), Output = i32> + core[a373ad73a504971]::marker::Sync + core[a373ad73a504971]::panic::unwind_safe::RefUnwindSafe as core[a373ad73a504971]::ops::function::FnOnce<()>>::call_once
[INFO] [stderr]                                  at /rustc/e3feeb59cd1bdd011a2bfcc0747b55125d9b8527/library/core/src/ops/function.rs:287:21
[INFO] [stderr]     22:     0x6430dc2619c8 - std[617be2ca0a6fd877]::panicking::catch_unwind::do_call::<&dyn core[a373ad73a504971]::ops::function::Fn<(), Output = i32> + core[a373ad73a504971]::marker::Sync + core[a373ad73a504971]::panic::unwind_safe::RefUnwindSafe, i32>
[INFO] [stderr]                                  at /rustc/e3feeb59cd1bdd011a2bfcc0747b55125d9b8527/library/std/src/panicking.rs:573:43
[INFO] [stderr]     23:     0x6430dc2619c8 - std[617be2ca0a6fd877]::panicking::catch_unwind::<i32, &dyn core[a373ad73a504971]::ops::function::Fn<(), Output = i32> + core[a373ad73a504971]::marker::Sync + core[a373ad73a504971]::panic::unwind_safe::RefUnwindSafe>
[INFO] [stderr]                                  at /rustc/e3feeb59cd1bdd011a2bfcc0747b55125d9b8527/library/std/src/panicking.rs:541:19
[INFO] [stderr]     24:     0x6430dc2619c8 - std[617be2ca0a6fd877]::panic::catch_unwind::<&dyn core[a373ad73a504971]::ops::function::Fn<(), Output = i32> + core[a373ad73a504971]::marker::Sync + core[a373ad73a504971]::panic::unwind_safe::RefUnwindSafe, i32>
[INFO] [stderr]                                  at /rustc/e3feeb59cd1bdd011a2bfcc0747b55125d9b8527/library/std/src/panic.rs:359:14
[INFO] [stderr]     25:     0x6430dc2619c8 - std[617be2ca0a6fd877]::rt::lang_start_internal::{closure#0}
[INFO] [stderr]                                  at /rustc/e3feeb59cd1bdd011a2bfcc0747b55125d9b8527/library/std/src/rt.rs:175:24
[INFO] [stderr]     26:     0x6430dc2619c8 - std[617be2ca0a6fd877]::panicking::catch_unwind::do_call::<std[617be2ca0a6fd877]::rt::lang_start_internal::{closure#0}, isize>
[INFO] [stderr]                                  at /rustc/e3feeb59cd1bdd011a2bfcc0747b55125d9b8527/library/std/src/panicking.rs:573:43
[INFO] [stderr]     27:     0x6430dc2619c8 - std[617be2ca0a6fd877]::panicking::catch_unwind::<isize, std[617be2ca0a6fd877]::rt::lang_start_internal::{closure#0}>
[INFO] [stderr]                                  at /rustc/e3feeb59cd1bdd011a2bfcc0747b55125d9b8527/library/std/src/panicking.rs:541:19
[INFO] [stderr]     28:     0x6430dc2619c8 - std[617be2ca0a6fd877]::panic::catch_unwind::<std[617be2ca0a6fd877]::rt::lang_start_internal::{closure#0}, isize>
[INFO] [stderr]                                  at /rustc/e3feeb59cd1bdd011a2bfcc0747b55125d9b8527/library/std/src/panic.rs:359:14
[INFO] [stderr]     29:     0x6430dc2619c8 - std[617be2ca0a6fd877]::rt::lang_start_internal
[INFO] [stderr]                                  at /rustc/e3feeb59cd1bdd011a2bfcc0747b55125d9b8527/library/std/src/rt.rs:171:5
[INFO] [stderr]     30:     0x6430dc22d881 - std[617be2ca0a6fd877]::rt::lang_start::<()>
[INFO] [stderr]     31:     0x6430dc236d65 - main
[INFO] [stderr]     32:     0x769eb549a601 - <unknown>
[INFO] [stderr]     33:     0x769eb549a718 - __libc_start_main
[INFO] [stderr]     34:     0x6430dc22c575 - _start
[INFO] [stderr]     35:                0x0 - <unknown>
[INFO] running `Command { std: "docker" "inspect" "9e9c03593f8f66410bc25d7ced4525dbd7cbe37c871e363f83d8aa0d66eb1d70", kill_on_drop: false }`
[INFO] running `Command { std: "docker" "rm" "-f" "9e9c03593f8f66410bc25d7ced4525dbd7cbe37c871e363f83d8aa0d66eb1d70", kill_on_drop: false }`
[INFO] [stdout] 9e9c03593f8f66410bc25d7ced4525dbd7cbe37c871e363f83d8aa0d66eb1d70
