[INFO] fetching crate rafter 0.0.2-alpha.1...
[INFO] testing rafter-0.0.2-alpha.1 against 1.100.0-beta.1 for beta-1.100-2
[INFO] extracting crate rafter 0.0.2-alpha.1 into /workspace/builds/worker-1-tc2/source
[INFO] started tweaking crates.io crate rafter 0.0.2-alpha.1
[INFO] removed 0 missing examples
[INFO] removed 0 missing tests
[INFO] finished tweaking crates.io crate rafter 0.0.2-alpha.1
[INFO] tweaked toml for crates.io crate rafter 0.0.2-alpha.1 written to /workspace/builds/worker-1-tc2/source/Cargo.toml
[INFO] validating manifest of crates.io crate rafter 0.0.2-alpha.1 on toolchain 1.100.0-beta.1
[INFO] running `Command { std: CARGO_HOME="/workspace/cargo-home" RUSTUP_HOME="/workspace/rustup-home" "/workspace/cargo-home/bin/cargo" "+1.100.0-beta.1" "metadata" "--manifest-path" "Cargo.toml" "--no-deps", kill_on_drop: false }`
[INFO] crate crates.io crate rafter 0.0.2-alpha.1 already has a lockfile, it will not be regenerated
[INFO] running `Command { std: CARGO_HOME="/workspace/cargo-home" RUSTUP_HOME="/workspace/rustup-home" "/workspace/cargo-home/bin/cargo" "+1.100.0-beta.1" "fetch" "--manifest-path" "Cargo.toml", kill_on_drop: false }`
[INFO] running `Command { std: "docker" "create" "-v" "/var/lib/crater-agent-workspace/builds/worker-1-tc2/source:/opt/rustwide/workdir:ro,Z" "-v" "/var/lib/crater-agent-workspace/builds/worker-1-tc2/target:/opt/rustwide/target:rw,Z" "-v" "/var/lib/crater-agent-workspace/cargo-home:/opt/rustwide/cargo-home:ro,Z" "-v" "/var/lib/crater-agent-workspace/rustup-home:/opt/rustwide/rustup-home:ro,Z" "-m" "1610612736" "--network" "none" "ghcr.io/rust-lang/crates-build-env/linux@sha256:3111399a4047eeb3a02b7a90e478d715f38a8c6669b5c4b49d30a17385265909" "sleep" "infinity", kill_on_drop: false }`
[INFO] [stdout] e36ed70dd392f210009c3538b2d69eddf821efeaa2f95a2b6e9c7c643dc53b61
[INFO] running `Command { std: "docker" "start" "e36ed70dd392f210009c3538b2d69eddf821efeaa2f95a2b6e9c7c643dc53b61", kill_on_drop: false }`
[INFO] running `Command { std: "docker" "inspect" "e36ed70dd392f210009c3538b2d69eddf821efeaa2f95a2b6e9c7c643dc53b61", kill_on_drop: false }`
[INFO] running `Command { std: "docker" "exec" "-e" "SOURCE_DIR=/opt/rustwide/workdir" "-e" "CARGO_HOME=/opt/rustwide/cargo-home" "-e" "RUSTUP_HOME=/opt/rustwide/rustup-home" "-e" "CARGO_TARGET_DIR=/opt/rustwide/target" "-w" "/opt/rustwide/workdir" "--user" "0:0" "e36ed70dd392f210009c3538b2d69eddf821efeaa2f95a2b6e9c7c643dc53b61" "/opt/rustwide/cargo-home/bin/cargo" "+1.100.0-beta.1" "metadata" "--no-deps" "--format-version=1", kill_on_drop: false }`
[INFO] running `Command { std: "docker" "inspect" "e36ed70dd392f210009c3538b2d69eddf821efeaa2f95a2b6e9c7c643dc53b61", kill_on_drop: false }`
[INFO] running `Command { std: "docker" "exec" "-e" "SOURCE_DIR=/opt/rustwide/workdir" "-e" "CARGO_HOME=/opt/rustwide/cargo-home" "-e" "RUSTUP_HOME=/opt/rustwide/rustup-home" "-e" "CARGO_TARGET_DIR=/opt/rustwide/target" "-e" "CARGO_INCREMENTAL=0" "-e" "RUST_BACKTRACE=full" "-e" "RUSTFLAGS=--cap-lints=warn" "-e" "RUSTDOCFLAGS=--cap-lints=warn" "-w" "/opt/rustwide/workdir" "--user" "0:0" "e36ed70dd392f210009c3538b2d69eddf821efeaa2f95a2b6e9c7c643dc53b61" "/opt/rustwide/cargo-home/bin/cargo" "+1.100.0-beta.1" "build" "--frozen" "--message-format=json", kill_on_drop: false }`
[INFO] [stderr]    Compiling rafter v0.0.2-alpha.1 (/opt/rustwide/workdir)
[INFO] [stderr]     Finished `dev` profile [unoptimized + debuginfo] target(s) in 2.49s
[INFO] running `Command { std: "docker" "inspect" "e36ed70dd392f210009c3538b2d69eddf821efeaa2f95a2b6e9c7c643dc53b61", kill_on_drop: false }`
[INFO] running `Command { std: "docker" "exec" "-e" "SOURCE_DIR=/opt/rustwide/workdir" "-e" "CARGO_HOME=/opt/rustwide/cargo-home" "-e" "RUSTUP_HOME=/opt/rustwide/rustup-home" "-e" "CARGO_TARGET_DIR=/opt/rustwide/target" "-e" "CARGO_INCREMENTAL=0" "-e" "RUST_BACKTRACE=full" "-e" "RUSTFLAGS=--cap-lints=warn" "-e" "RUSTDOCFLAGS=--cap-lints=warn" "-w" "/opt/rustwide/workdir" "--user" "0:0" "e36ed70dd392f210009c3538b2d69eddf821efeaa2f95a2b6e9c7c643dc53b61" "/opt/rustwide/cargo-home/bin/cargo" "+1.100.0-beta.1" "test" "--frozen" "--no-run" "--message-format=json", kill_on_drop: false }`
[INFO] [stderr]    Compiling proc-macro2 v1.0.106
[INFO] [stderr]    Compiling unicode-ident v1.0.24
[INFO] [stderr]    Compiling quote v1.0.46
[INFO] [stderr]    Compiling libc v0.2.186
[INFO] [stderr]    Compiling zerocopy v0.8.52
[INFO] [stderr]    Compiling getrandom v0.3.4
[INFO] [stderr]    Compiling serde_core v1.0.228
[INFO] [stderr]    Compiling getrandom v0.4.3
[INFO] [stderr]    Compiling serde v1.0.228
[INFO] [stderr]    Compiling zmij v1.0.21
[INFO] [stderr]    Compiling rustix v1.1.4
[INFO] [stderr]    Compiling linux-raw-sys v0.12.1
[INFO] [stderr]    Compiling serde_json v1.0.150
[INFO] [stderr]    Compiling num-traits v0.2.19
[INFO] [stderr]    Compiling bitflags v2.13.0
[INFO] [stderr]    Compiling regex-syntax v0.8.11
[INFO] [stderr]    Compiling fastrand v2.4.1
[INFO] [stderr]    Compiling ciborium-io v0.2.2
[INFO] [stderr]    Compiling clap_lex v1.1.0
[INFO] [stderr]    Compiling either v1.16.0
[INFO] [stderr]    Compiling anstyle v1.0.14
[INFO] [stderr]    Compiling memchr v2.8.2
[INFO] [stderr]    Compiling cast v0.3.0
[INFO] [stderr]    Compiling same-file v1.0.6
[INFO] [stderr]    Compiling quick-error v1.2.3
[INFO] [stderr]    Compiling bit-vec v0.8.0
[INFO] [stderr]    Compiling oorandom v11.1.5
[INFO] [stderr]    Compiling unarray v0.1.4
[INFO] [stderr]    Compiling anes v0.1.6
[INFO] [stderr]    Compiling walkdir v2.5.0
[INFO] [stderr]    Compiling clap_builder v4.6.0
[INFO] [stderr]    Compiling itertools v0.10.5
[INFO] [stderr]    Compiling bit-set v0.8.0
[INFO] [stderr]    Compiling syn v2.0.118
[INFO] [stderr]    Compiling wait-timeout v0.2.1
[INFO] [stderr]    Compiling is-terminal v0.4.17
[INFO] [stderr]    Compiling criterion-plot v0.5.0
[INFO] [stderr]    Compiling rand_core v0.9.5
[INFO] [stderr]    Compiling rand v0.9.4
[INFO] [stderr]    Compiling rand_xorshift v0.4.0
[INFO] [stderr]    Compiling clap v4.6.1
[INFO] [stderr]    Compiling regex-automata v0.4.14
[INFO] [stderr]    Compiling tempfile v3.27.0
[INFO] [stderr]    Compiling rusty-fork v0.3.1
[INFO] [stderr]    Compiling zerocopy-derive v0.8.52
[INFO] [stderr]    Compiling serde_derive v1.0.228
[INFO] [stderr]    Compiling regex v1.12.4
[INFO] [stderr]    Compiling tinytemplate v1.2.1
[INFO] [stderr]    Compiling half v2.7.1
[INFO] [stderr]    Compiling ppv-lite86 v0.2.21
[INFO] [stderr]    Compiling ciborium-ll v0.2.2
[INFO] [stderr]    Compiling ciborium v0.2.2
[INFO] [stderr]    Compiling rand_chacha v0.9.0
[INFO] [stderr]    Compiling proptest v1.11.0
[INFO] [stderr]    Compiling criterion v0.5.1
[INFO] [stderr]    Compiling rafter v0.0.2-alpha.1 (/opt/rustwide/workdir)
[INFO] [stdout] error[E0432]: unresolved import `rafter_invariant_test`
[INFO] [stdout]  --> tests/leader_append_only_property.rs:7:5
[INFO] [stdout]   |
[INFO] [stdout] 7 | use rafter_invariant_test::oracle_prop_assert;
[INFO] [stdout]   |     ^^^^^^^^^^^^^^^^^^^^^ use of unresolved module or unlinked crate `rafter_invariant_test`
[INFO] [stdout]   |
[INFO] [stdout]   = help: if you wanted to use a crate named `rafter_invariant_test`, use `cargo add rafter_invariant_test` to add it to your `Cargo.toml`
[INFO] [stdout] 
[INFO] [stdout] 
[INFO] [stdout] For more information about this error, try `rustc --explain E0432`.
[INFO] [stdout] 
[INFO] [stderr] error: could not compile `rafter` (test "leader_append_only_property") due to 1 previous error
[INFO] [stderr] warning: build failed, waiting for other jobs to finish...
[INFO] [stdout] error[E0432]: unresolved import `rafter_invariant_test`
[INFO] [stdout]   --> tests/properties.rs:38:5
[INFO] [stdout]    |
[INFO] [stdout] 38 | use rafter_invariant_test::{oracle_prop_assert, oracle_prop_assert_eq};
[INFO] [stdout]    |     ^^^^^^^^^^^^^^^^^^^^^ use of unresolved module or unlinked crate `rafter_invariant_test`
[INFO] [stdout]    |
[INFO] [stdout]    = help: if you wanted to use a crate named `rafter_invariant_test`, use `cargo add rafter_invariant_test` to add it to your `Cargo.toml`
[INFO] [stdout] 
[INFO] [stdout] 
[INFO] [stdout] error[E0432]: unresolved import `rafter_invariant_test`
[INFO] [stdout]  --> src/node/tests/bootstrap/application.rs:5:5
[INFO] [stdout]   |
[INFO] [stdout] 5 | use rafter_invariant_test::{oracle_assert, oracle_assert_eq};
[INFO] [stdout]   |     ^^^^^^^^^^^^^^^^^^^^^ use of unresolved module or unlinked crate `rafter_invariant_test`
[INFO] [stdout]   |
[INFO] [stdout]   = help: if you wanted to use a crate named `rafter_invariant_test`, use `cargo add rafter_invariant_test` to add it to your `Cargo.toml`
[INFO] [stdout] 
[INFO] [stdout] 
[INFO] [stdout] error[E0432]: unresolved import `rafter_invariant_test`
[INFO] [stdout]   --> src/node/tests/derived_state.rs:11:5
[INFO] [stdout]    |
[INFO] [stdout] 11 | use rafter_invariant_test::{oracle_assert, oracle_expect_err};
[INFO] [stdout]    |     ^^^^^^^^^^^^^^^^^^^^^ use of unresolved module or unlinked crate `rafter_invariant_test`
[INFO] [stdout]    |
[INFO] [stdout]    = help: if you wanted to use a crate named `rafter_invariant_test`, use `cargo add rafter_invariant_test` to add it to your `Cargo.toml`
[INFO] [stdout] 
[INFO] [stdout] 
[INFO] [stdout] error[E0432]: unresolved import `rafter_invariant_test`
[INFO] [stdout]  --> src/node/tests/election/campaign.rs:4:5
[INFO] [stdout]   |
[INFO] [stdout] 4 | use rafter_invariant_test::{oracle_assert, oracle_assert_eq};
[INFO] [stdout]   |     ^^^^^^^^^^^^^^^^^^^^^ use of unresolved module or unlinked crate `rafter_invariant_test`
[INFO] [stdout]   |
[INFO] [stdout]   = help: if you wanted to use a crate named `rafter_invariant_test`, use `cargo add rafter_invariant_test` to add it to your `Cargo.toml`
[INFO] [stdout] 
[INFO] [stdout] 
[INFO] [stdout] error[E0432]: unresolved import `rafter_invariant_test`
[INFO] [stdout]  --> src/node/tests/election/voting.rs:4:5
[INFO] [stdout]   |
[INFO] [stdout] 4 | use rafter_invariant_test::{oracle_assert, oracle_assert_eq};
[INFO] [stdout]   |     ^^^^^^^^^^^^^^^^^^^^^ use of unresolved module or unlinked crate `rafter_invariant_test`
[INFO] [stdout]   |
[INFO] [stdout]   = help: if you wanted to use a crate named `rafter_invariant_test`, use `cargo add rafter_invariant_test` to add it to your `Cargo.toml`
[INFO] [stdout] 
[INFO] [stdout] 
[INFO] [stdout] error[E0432]: unresolved import `rafter_invariant_test`
[INFO] [stdout]  --> src/node/tests/membership/authority.rs:4:5
[INFO] [stdout]   |
[INFO] [stdout] 4 | use rafter_invariant_test::{oracle_assert, oracle_assert_eq};
[INFO] [stdout]   |     ^^^^^^^^^^^^^^^^^^^^^ use of unresolved module or unlinked crate `rafter_invariant_test`
[INFO] [stdout]   |
[INFO] [stdout]   = help: if you wanted to use a crate named `rafter_invariant_test`, use `cargo add rafter_invariant_test` to add it to your `Cargo.toml`
[INFO] [stdout] 
[INFO] [stdout] 
[INFO] [stdout] error[E0432]: unresolved import `rafter_invariant_test`
[INFO] [stdout]  --> src/node/tests/membership/learner.rs:4:5
[INFO] [stdout]   |
[INFO] [stdout] 4 | use rafter_invariant_test::{oracle_assert, oracle_assert_eq, oracle_violation};
[INFO] [stdout]   |     ^^^^^^^^^^^^^^^^^^^^^ use of unresolved module or unlinked crate `rafter_invariant_test`
[INFO] [stdout]   |
[INFO] [stdout]   = help: if you wanted to use a crate named `rafter_invariant_test`, use `cargo add rafter_invariant_test` to add it to your `Cargo.toml`
[INFO] [stdout] 
[INFO] [stdout] 
[INFO] [stdout] error[E0432]: unresolved import `rafter_invariant_test`
[INFO] [stdout]  --> src/node/tests/membership/learner/quorum.rs:4:5
[INFO] [stdout]   |
[INFO] [stdout] 4 | use rafter_invariant_test::{oracle_assert, oracle_assert_eq, oracle_violation};
[INFO] [stdout]   |     ^^^^^^^^^^^^^^^^^^^^^ use of unresolved module or unlinked crate `rafter_invariant_test`
[INFO] [stdout]   |
[INFO] [stdout]   = help: if you wanted to use a crate named `rafter_invariant_test`, use `cargo add rafter_invariant_test` to add it to your `Cargo.toml`
[INFO] [stdout] 
[INFO] [stdout] 
[INFO] [stdout] error[E0432]: unresolved import `rafter_invariant_test`
[INFO] [stdout]  --> src/node/tests/membership/serialization.rs:4:5
[INFO] [stdout]   |
[INFO] [stdout] 4 | use rafter_invariant_test::{oracle_assert, oracle_assert_eq};
[INFO] [stdout]   |     ^^^^^^^^^^^^^^^^^^^^^ use of unresolved module or unlinked crate `rafter_invariant_test`
[INFO] [stdout]   |
[INFO] [stdout]   = help: if you wanted to use a crate named `rafter_invariant_test`, use `cargo add rafter_invariant_test` to add it to your `Cargo.toml`
[INFO] [stdout] 
[INFO] [stdout] 
[INFO] [stdout] error[E0432]: unresolved import `rafter_invariant_test`
[INFO] [stdout]  --> src/node/tests/membership/transition.rs:4:5
[INFO] [stdout]   |
[INFO] [stdout] 4 | use rafter_invariant_test::{oracle_assert, oracle_assert_eq, oracle_violation};
[INFO] [stdout]   |     ^^^^^^^^^^^^^^^^^^^^^ use of unresolved module or unlinked crate `rafter_invariant_test`
[INFO] [stdout]   |
[INFO] [stdout]   = help: if you wanted to use a crate named `rafter_invariant_test`, use `cargo add rafter_invariant_test` to add it to your `Cargo.toml`
[INFO] [stdout] 
[INFO] [stdout] 
[INFO] [stdout] error[E0432]: unresolved import `rafter_invariant_test`
[INFO] [stdout]  --> src/node/tests/pre_vote.rs:8:5
[INFO] [stdout]   |
[INFO] [stdout] 8 | use rafter_invariant_test::{oracle_assert, oracle_assert_eq};
[INFO] [stdout]   |     ^^^^^^^^^^^^^^^^^^^^^ use of unresolved module or unlinked crate `rafter_invariant_test`
[INFO] [stdout]   |
[INFO] [stdout]   = help: if you wanted to use a crate named `rafter_invariant_test`, use `cargo add rafter_invariant_test` to add it to your `Cargo.toml`
[INFO] [stdout] 
[INFO] [stdout] 
[INFO] [stdout] error[E0432]: unresolved import `rafter_invariant_test`
[INFO] [stdout]  --> src/node/tests/read/authority.rs:4:5
[INFO] [stdout]   |
[INFO] [stdout] 4 | use rafter_invariant_test::{oracle_assert, oracle_assert_eq};
[INFO] [stdout]   |     ^^^^^^^^^^^^^^^^^^^^^ use of unresolved module or unlinked crate `rafter_invariant_test`
[INFO] [stdout]   |
[INFO] [stdout]   = help: if you wanted to use a crate named `rafter_invariant_test`, use `cargo add rafter_invariant_test` to add it to your `Cargo.toml`
[INFO] [stdout] 
[INFO] [stdout] 
[INFO] [stdout] error[E0432]: unresolved import `rafter_invariant_test`
[INFO] [stdout]  --> src/node/tests/read/barrier.rs:4:5
[INFO] [stdout]   |
[INFO] [stdout] 4 | use rafter_invariant_test::{oracle_assert, oracle_assert_eq, oracle_violation};
[INFO] [stdout]   |     ^^^^^^^^^^^^^^^^^^^^^ use of unresolved module or unlinked crate `rafter_invariant_test`
[INFO] [stdout]   |
[INFO] [stdout]   = help: if you wanted to use a crate named `rafter_invariant_test`, use `cargo add rafter_invariant_test` to add it to your `Cargo.toml`
[INFO] [stdout] 
[INFO] [stdout] 
[INFO] [stdout] error[E0432]: unresolved import `rafter_invariant_test`
[INFO] [stdout]  --> src/node/tests/read/lease.rs:6:5
[INFO] [stdout]   |
[INFO] [stdout] 6 | use rafter_invariant_test::{oracle_assert, oracle_assert_eq};
[INFO] [stdout]   |     ^^^^^^^^^^^^^^^^^^^^^ use of unresolved module or unlinked crate `rafter_invariant_test`
[INFO] [stdout]   |
[INFO] [stdout]   = help: if you wanted to use a crate named `rafter_invariant_test`, use `cargo add rafter_invariant_test` to add it to your `Cargo.toml`
[INFO] [stdout] 
[INFO] [stdout] 
[INFO] [stdout] error[E0432]: unresolved import `rafter_invariant_test`
[INFO] [stdout]  --> src/node/tests/replication/follower.rs:5:5
[INFO] [stdout]   |
[INFO] [stdout] 5 | use rafter_invariant_test::{oracle_assert, oracle_assert_eq};
[INFO] [stdout]   |     ^^^^^^^^^^^^^^^^^^^^^ use of unresolved module or unlinked crate `rafter_invariant_test`
[INFO] [stdout]   |
[INFO] [stdout]   = help: if you wanted to use a crate named `rafter_invariant_test`, use `cargo add rafter_invariant_test` to add it to your `Cargo.toml`
[INFO] [stdout] 
[INFO] [stdout] 
[INFO] [stdout] error[E0432]: unresolved import `rafter_invariant_test`
[INFO] [stdout]  --> src/node/tests/snapshot/chunks/receive.rs:4:5
[INFO] [stdout]   |
[INFO] [stdout] 4 | use rafter_invariant_test::{oracle_assert, oracle_assert_eq};
[INFO] [stdout]   |     ^^^^^^^^^^^^^^^^^^^^^ use of unresolved module or unlinked crate `rafter_invariant_test`
[INFO] [stdout]   |
[INFO] [stdout]   = help: if you wanted to use a crate named `rafter_invariant_test`, use `cargo add rafter_invariant_test` to add it to your `Cargo.toml`
[INFO] [stdout] 
[INFO] [stdout] 
[INFO] [stdout] error[E0432]: unresolved import `rafter_invariant_test`
[INFO] [stdout]  --> src/node/tests/transfer/handoff.rs:5:5
[INFO] [stdout]   |
[INFO] [stdout] 5 | use rafter_invariant_test::{oracle_assert, oracle_assert_eq, oracle_violation};
[INFO] [stdout]   |     ^^^^^^^^^^^^^^^^^^^^^ use of unresolved module or unlinked crate `rafter_invariant_test`
[INFO] [stdout]   |
[INFO] [stdout]   = help: if you wanted to use a crate named `rafter_invariant_test`, use `cargo add rafter_invariant_test` to add it to your `Cargo.toml`
[INFO] [stdout] 
[INFO] [stdout] 
[INFO] [stdout] error[E0432]: unresolved import `rafter_invariant_test`
[INFO] [stdout]   --> src/node/tests/transfer/lease_waiver.rs:10:5
[INFO] [stdout]    |
[INFO] [stdout] 10 | use rafter_invariant_test::{oracle_assert, oracle_assert_eq};
[INFO] [stdout]    |     ^^^^^^^^^^^^^^^^^^^^^ use of unresolved module or unlinked crate `rafter_invariant_test`
[INFO] [stdout]    |
[INFO] [stdout]    = help: if you wanted to use a crate named `rafter_invariant_test`, use `cargo add rafter_invariant_test` to add it to your `Cargo.toml`
[INFO] [stdout] 
[INFO] [stdout] 
[INFO] [stdout] error[E0432]: unresolved import `rafter_invariant_test`
[INFO] [stdout]  --> src/node/tests/transfer/timeout.rs:4:5
[INFO] [stdout]   |
[INFO] [stdout] 4 | use rafter_invariant_test::{oracle_assert, oracle_assert_eq};
[INFO] [stdout]   |     ^^^^^^^^^^^^^^^^^^^^^ use of unresolved module or unlinked crate `rafter_invariant_test`
[INFO] [stdout]   |
[INFO] [stdout]   = help: if you wanted to use a crate named `rafter_invariant_test`, use `cargo add rafter_invariant_test` to add it to your `Cargo.toml`
[INFO] [stdout] 
[INFO] [stdout] 
[INFO] [stdout] error[E0433]: cannot find `rafter_invariant_test` in the list of imported crates
[INFO] [stdout]    --> src/node/tests/derived_state.rs:156:5
[INFO] [stdout]     |
[INFO] [stdout] 156 | #[::rafter_invariant_test::detector_test]
[INFO] [stdout]     |     ^^^^^^^^^^^^^^^^^^^^^ could not find `rafter_invariant_test` in the list of imported crates
[INFO] [stdout] 
[INFO] [stdout] 
[INFO] [stdout] error[E0433]: cannot find `rafter_invariant_test` in the list of imported crates
[INFO] [stdout]    --> src/node/tests/derived_state.rs:172:5
[INFO] [stdout]     |
[INFO] [stdout] 172 | #[::rafter_invariant_test::detector_test]
[INFO] [stdout]     |     ^^^^^^^^^^^^^^^^^^^^^ could not find `rafter_invariant_test` in the list of imported crates
[INFO] [stdout] 
[INFO] [stdout] 
[INFO] [stdout] error[E0433]: cannot find `rafter_invariant_test` in the list of imported crates
[INFO] [stdout]    --> src/node/tests/derived_state.rs:184:5
[INFO] [stdout]     |
[INFO] [stdout] 184 | #[::rafter_invariant_test::detector_test]
[INFO] [stdout]     |     ^^^^^^^^^^^^^^^^^^^^^ could not find `rafter_invariant_test` in the list of imported crates
[INFO] [stdout] 
[INFO] [stdout] 
[INFO] [stdout] error[E0433]: cannot find `rafter_invariant_test` in the list of imported crates
[INFO] [stdout]    --> src/node/tests/derived_state.rs:197:5
[INFO] [stdout]     |
[INFO] [stdout] 197 | #[::rafter_invariant_test::detector_test]
[INFO] [stdout]     |     ^^^^^^^^^^^^^^^^^^^^^ could not find `rafter_invariant_test` in the list of imported crates
[INFO] [stdout] 
[INFO] [stdout] 
[INFO] [stdout] error[E0433]: cannot find `rafter_invariant_test` in the list of imported crates
[INFO] [stdout]    --> src/node/tests/derived_state.rs:216:5
[INFO] [stdout]     |
[INFO] [stdout] 216 | #[::rafter_invariant_test::detector_test]
[INFO] [stdout]     |     ^^^^^^^^^^^^^^^^^^^^^ could not find `rafter_invariant_test` in the list of imported crates
[INFO] [stdout] 
[INFO] [stdout] 
[INFO] [stdout] For more information about this error, try `rustc --explain E0432`.
[INFO] [stdout] 
[INFO] [stderr] error: could not compile `rafter` (test "properties") due to 1 previous error
[INFO] [stdout] error[E0308]: `else` clause of `let...else` does not diverge
[INFO] [stdout]   --> src/node/tests/membership/learner/quorum.rs:12:79
[INFO] [stdout]    |
[INFO] [stdout] 12 |       let Some(learner_append) = append_entries_to(&broadcasts, NodeId(4)) else {
[INFO] [stdout]    |  _______________________________________________________________________________^
[INFO] [stdout] 13 | |         oracle_violation!("read-index round must reach learner");
[INFO] [stdout] 14 | |     };
[INFO] [stdout]    | |_____^ expected `!`, found `()`
[INFO] [stdout]    |
[INFO] [stdout]    = note:   expected type `!`
[INFO] [stdout]            found unit type `()`
[INFO] [stdout]    = help: try adding a diverging expression, such as `return` or `panic!(..)`
[INFO] [stdout]    = help: ...or use `match` instead of `let...else`
[INFO] [stdout] 
[INFO] [stdout] 
[INFO] [stdout] error[E0308]: `else` clause of `let...else` does not diverge
[INFO] [stdout]   --> src/node/tests/membership/learner/quorum.rs:16:77
[INFO] [stdout]    |
[INFO] [stdout] 16 |       let Some(voter_append) = append_entries_to(&broadcasts, NodeId(2)) else {
[INFO] [stdout]    |  _____________________________________________________________________________^
[INFO] [stdout] 17 | |         oracle_violation!("read-index round must reach voter");
[INFO] [stdout] 18 | |     };
[INFO] [stdout]    | |_____^ expected `!`, found `()`
[INFO] [stdout]    |
[INFO] [stdout]    = note:   expected type `!`
[INFO] [stdout]            found unit type `()`
[INFO] [stdout]    = help: try adding a diverging expression, such as `return` or `panic!(..)`
[INFO] [stdout]    = help: ...or use `match` instead of `let...else`
[INFO] [stdout] 
[INFO] [stdout] 
[INFO] [stdout] error[E0308]: `else` clause of `let...else` does not diverge
[INFO] [stdout]   --> src/node/tests/membership/learner/quorum.rs:47:79
[INFO] [stdout]    |
[INFO] [stdout] 47 |       let Some(learner_append) = append_entries_to(&broadcasts, NodeId(4)) else {
[INFO] [stdout]    |  _______________________________________________________________________________^
[INFO] [stdout] 48 | |         oracle_violation!("lease round must reach learner");
[INFO] [stdout] 49 | |     };
[INFO] [stdout]    | |_____^ expected `!`, found `()`
[INFO] [stdout]    |
[INFO] [stdout]    = note:   expected type `!`
[INFO] [stdout]            found unit type `()`
[INFO] [stdout]    = help: try adding a diverging expression, such as `return` or `panic!(..)`
[INFO] [stdout]    = help: ...or use `match` instead of `let...else`
[INFO] [stdout] 
[INFO] [stdout] 
[INFO] [stdout] error[E0308]: `else` clause of `let...else` does not diverge
[INFO] [stdout]   --> src/node/tests/membership/learner/quorum.rs:51:77
[INFO] [stdout]    |
[INFO] [stdout] 51 |       let Some(voter_append) = append_entries_to(&broadcasts, NodeId(2)) else {
[INFO] [stdout]    |  _____________________________________________________________________________^
[INFO] [stdout] 52 | |         oracle_violation!("lease round must reach voter");
[INFO] [stdout] 53 | |     };
[INFO] [stdout]    | |_____^ expected `!`, found `()`
[INFO] [stdout]    |
[INFO] [stdout]    = note:   expected type `!`
[INFO] [stdout]            found unit type `()`
[INFO] [stdout]    = help: try adding a diverging expression, such as `return` or `panic!(..)`
[INFO] [stdout]    = help: ...or use `match` instead of `let...else`
[INFO] [stdout] 
[INFO] [stdout] 
[INFO] [stdout] error[E0308]: `else` clause of `let...else` does not diverge
[INFO] [stdout]   --> src/node/tests/membership/learner/quorum.rs:83:77
[INFO] [stdout]    |
[INFO] [stdout] 83 |       let Some(voter_append) = append_entries_to(&broadcasts, NodeId(2)) else {
[INFO] [stdout]    |  _____________________________________________________________________________^
[INFO] [stdout] 84 | |         oracle_violation!("read-index round must reach a current voter");
[INFO] [stdout] 85 | |     };
[INFO] [stdout]    | |_____^ expected `!`, found `()`
[INFO] [stdout]    |
[INFO] [stdout]    = note:   expected type `!`
[INFO] [stdout]            found unit type `()`
[INFO] [stdout]    = help: try adding a diverging expression, such as `return` or `panic!(..)`
[INFO] [stdout]    = help: ...or use `match` instead of `let...else`
[INFO] [stdout] 
[INFO] [stdout] 
[INFO] [stdout] error[E0308]: `else` clause of `let...else` does not diverge
[INFO] [stdout]    --> src/node/tests/membership/learner.rs:138:77
[INFO] [stdout]     |
[INFO] [stdout] 138 |       let Some(learner_append) = append_entries_to(&outputs, learner_id) else {
[INFO] [stdout]     |  _____________________________________________________________________________^
[INFO] [stdout] 139 | |         oracle_violation!("learner must receive append entries");
[INFO] [stdout] 140 | |     };
[INFO] [stdout]     | |_____^ expected `!`, found `()`
[INFO] [stdout]     |
[INFO] [stdout]     = note:   expected type `!`
[INFO] [stdout]             found unit type `()`
[INFO] [stdout]     = help: try adding a diverging expression, such as `return` or `panic!(..)`
[INFO] [stdout]     = help: ...or use `match` instead of `let...else`
[INFO] [stdout] 
[INFO] [stdout] 
[INFO] [stdout] error[E0308]: `else` clause of `let...else` does not diverge
[INFO] [stdout]    --> src/node/tests/membership/learner.rs:173:68
[INFO] [stdout]     |
[INFO] [stdout] 173 |       let Output::SendSnapshotChunk { to, chunk } = &outputs[0] else {
[INFO] [stdout]     |  ____________________________________________________________________^
[INFO] [stdout] 174 | |         oracle_violation!("expected learner snapshot catch-up");
[INFO] [stdout] 175 | |     };
[INFO] [stdout]     | |_____^ expected `!`, found `()`
[INFO] [stdout]     |
[INFO] [stdout]     = note:   expected type `!`
[INFO] [stdout]             found unit type `()`
[INFO] [stdout]     = help: try adding a diverging expression, such as `return` or `panic!(..)`
[INFO] [stdout]     = help: ...or use `match` instead of `let...else`
[INFO] [stdout] 
[INFO] [stdout] 
[INFO] [stdout] error[E0308]: `else` clause of `let...else` does not diverge
[INFO] [stdout]    --> src/node/tests/membership/learner.rs:231:68
[INFO] [stdout]     |
[INFO] [stdout] 231 |       let Output::SendSnapshotChunk { to, chunk } = &outputs[0] else {
[INFO] [stdout]     |  ____________________________________________________________________^
[INFO] [stdout] 232 | |         oracle_violation!("expected snapshot chunk send");
[INFO] [stdout] 233 | |     };
[INFO] [stdout]     | |_____^ expected `!`, found `()`
[INFO] [stdout]     |
[INFO] [stdout]     = note:   expected type `!`
[INFO] [stdout]             found unit type `()`
[INFO] [stdout]     = help: try adding a diverging expression, such as `return` or `panic!(..)`
[INFO] [stdout]     = help: ...or use `match` instead of `let...else`
[INFO] [stdout] 
[INFO] [stdout] 
[INFO] [stdout] error[E0308]: `else` clause of `let...else` does not diverge
[INFO] [stdout]   --> src/node/tests/membership/transition.rs:24:10
[INFO] [stdout]    |
[INFO] [stdout] 24 |       else {
[INFO] [stdout]    |  __________^
[INFO] [stdout] 25 | |         oracle_violation!("expected derived joint configuration entry");
[INFO] [stdout] 26 | |     };
[INFO] [stdout]    | |_____^ expected `!`, found `()`
[INFO] [stdout]    |
[INFO] [stdout]    = note:   expected type `!`
[INFO] [stdout]            found unit type `()`
[INFO] [stdout]    = help: try adding a diverging expression, such as `return` or `panic!(..)`
[INFO] [stdout]    = help: ...or use `match` instead of `let...else`
[INFO] [stdout] 
[INFO] [stdout] 
[INFO] [stdout] error[E0308]: `else` clause of `let...else` does not diverge
[INFO] [stdout]   --> src/node/tests/read/barrier.rs:16:10
[INFO] [stdout]    |
[INFO] [stdout] 16 |       else {
[INFO] [stdout]    |  __________^
[INFO] [stdout] 17 | |         oracle_violation!("expected heartbeat");
[INFO] [stdout] 18 | |     };
[INFO] [stdout]    | |_____^ expected `!`, found `()`
[INFO] [stdout]    |
[INFO] [stdout]    = note:   expected type `!`
[INFO] [stdout]            found unit type `()`
[INFO] [stdout]    = help: try adding a diverging expression, such as `return` or `panic!(..)`
[INFO] [stdout]    = help: ...or use `match` instead of `let...else`
[INFO] [stdout] 
[INFO] [stdout] 
[INFO] [stdout] error[E0308]: `else` clause of `let...else` does not diverge
[INFO] [stdout]   --> src/node/tests/transfer/handoff.rs:13:66
[INFO] [stdout]    |
[INFO] [stdout] 13 |       let Some(request) = timeout_now_to(&outputs, NodeId(2)) else {
[INFO] [stdout]    |  __________________________________________________________________^
[INFO] [stdout] 14 | |         oracle_violation!("timeout-now must go to the target");
[INFO] [stdout] 15 | |     };
[INFO] [stdout]    | |_____^ expected `!`, found `()`
[INFO] [stdout]    |
[INFO] [stdout]    = note:   expected type `!`
[INFO] [stdout]            found unit type `()`
[INFO] [stdout]    = help: try adding a diverging expression, such as `return` or `panic!(..)`
[INFO] [stdout]    = help: ...or use `match` instead of `let...else`
[INFO] [stdout] 
[INFO] [stdout] 
[INFO] [stdout] Some errors have detailed explanations: E0308, E0432, E0433.
[INFO] [stdout] 
[INFO] [stdout] For more information about an error, try `rustc --explain E0308`.
[INFO] [stdout] 
[INFO] [stderr] error: could not compile `rafter` (lib test) due to 34 previous errors
[INFO] running `Command { std: "docker" "inspect" "e36ed70dd392f210009c3538b2d69eddf821efeaa2f95a2b6e9c7c643dc53b61", kill_on_drop: false }`
[INFO] running `Command { std: "docker" "rm" "-f" "e36ed70dd392f210009c3538b2d69eddf821efeaa2f95a2b6e9c7c643dc53b61", kill_on_drop: false }`
[INFO] [stdout] e36ed70dd392f210009c3538b2d69eddf821efeaa2f95a2b6e9c7c643dc53b61
