[INFO] fetching crate rafter-storage 0.0.2-alpha.1...
[INFO] testing rafter-storage-0.0.2-alpha.1 against 1.99.0-beta.8 for beta-1.100-2
[INFO] extracting crate rafter-storage 0.0.2-alpha.1 into /workspace/builds/worker-5-tc1/source
[INFO] started tweaking crates.io crate rafter-storage 0.0.2-alpha.1
[INFO] removed 0 missing tests
[INFO] finished tweaking crates.io crate rafter-storage 0.0.2-alpha.1
[INFO] tweaked toml for crates.io crate rafter-storage 0.0.2-alpha.1 written to /workspace/builds/worker-5-tc1/source/Cargo.toml
[INFO] validating manifest of crates.io crate rafter-storage 0.0.2-alpha.1 on toolchain 1.99.0-beta.8
[INFO] running `Command { std: CARGO_HOME="/workspace/cargo-home" RUSTUP_HOME="/workspace/rustup-home" "/workspace/cargo-home/bin/cargo" "+1.99.0-beta.8" "metadata" "--manifest-path" "Cargo.toml" "--no-deps", kill_on_drop: false }`
[INFO] crate crates.io crate rafter-storage 0.0.2-alpha.1 already has a lockfile, it will not be regenerated
[INFO] running `Command { std: CARGO_HOME="/workspace/cargo-home" RUSTUP_HOME="/workspace/rustup-home" "/workspace/cargo-home/bin/cargo" "+1.99.0-beta.8" "fetch" "--manifest-path" "Cargo.toml", kill_on_drop: false }`
[INFO] [stderr]     Updating crates.io index
[INFO] [stderr]  Downloading crates ...
[INFO] [stderr]   Downloaded fs4 v1.1.0
[INFO] [stderr]   Downloaded rafter-crc32 v0.0.2-alpha.1
[INFO] [stderr]   Downloaded rafter v0.0.2-alpha.1
[INFO] running `Command { std: "docker" "create" "-v" "/var/lib/crater-agent-workspace/builds/worker-5-tc1/source:/opt/rustwide/workdir:ro,Z" "-v" "/var/lib/crater-agent-workspace/builds/worker-5-tc1/target:/opt/rustwide/target:rw,Z" "-v" "/var/lib/crater-agent-workspace/cargo-home:/opt/rustwide/cargo-home:ro,Z" "-v" "/var/lib/crater-agent-workspace/rustup-home:/opt/rustwide/rustup-home:ro,Z" "-m" "1610612736" "--network" "none" "ghcr.io/rust-lang/crates-build-env/linux@sha256:3111399a4047eeb3a02b7a90e478d715f38a8c6669b5c4b49d30a17385265909" "sleep" "infinity", kill_on_drop: false }`
[INFO] [stdout] 9c178854e9a83cdf81eb993609b1eaa2d3419bc8ee14dee74b209da58875ea30
[INFO] running `Command { std: "docker" "start" "9c178854e9a83cdf81eb993609b1eaa2d3419bc8ee14dee74b209da58875ea30", kill_on_drop: false }`
[INFO] running `Command { std: "docker" "inspect" "9c178854e9a83cdf81eb993609b1eaa2d3419bc8ee14dee74b209da58875ea30", kill_on_drop: false }`
[INFO] running `Command { std: "docker" "exec" "-e" "SOURCE_DIR=/opt/rustwide/workdir" "-e" "CARGO_HOME=/opt/rustwide/cargo-home" "-e" "RUSTUP_HOME=/opt/rustwide/rustup-home" "-e" "CARGO_TARGET_DIR=/opt/rustwide/target" "-w" "/opt/rustwide/workdir" "--user" "0:0" "9c178854e9a83cdf81eb993609b1eaa2d3419bc8ee14dee74b209da58875ea30" "/opt/rustwide/cargo-home/bin/cargo" "+1.99.0-beta.8" "metadata" "--no-deps" "--format-version=1", kill_on_drop: false }`
[INFO] running `Command { std: "docker" "inspect" "9c178854e9a83cdf81eb993609b1eaa2d3419bc8ee14dee74b209da58875ea30", kill_on_drop: false }`
[INFO] running `Command { std: "docker" "exec" "-e" "SOURCE_DIR=/opt/rustwide/workdir" "-e" "CARGO_HOME=/opt/rustwide/cargo-home" "-e" "RUSTUP_HOME=/opt/rustwide/rustup-home" "-e" "CARGO_TARGET_DIR=/opt/rustwide/target" "-e" "CARGO_INCREMENTAL=0" "-e" "RUST_BACKTRACE=full" "-e" "RUSTFLAGS=--cap-lints=warn" "-e" "RUSTDOCFLAGS=--cap-lints=warn" "-w" "/opt/rustwide/workdir" "--user" "0:0" "9c178854e9a83cdf81eb993609b1eaa2d3419bc8ee14dee74b209da58875ea30" "/opt/rustwide/cargo-home/bin/cargo" "+1.99.0-beta.8" "build" "--frozen" "--message-format=json", kill_on_drop: false }`
[INFO] [stderr]    Compiling bitflags v2.13.0
[INFO] [stderr]    Compiling rafter-crc32 v0.0.2-alpha.1
[INFO] [stderr]    Compiling rafter v0.0.2-alpha.1
[INFO] [stderr]    Compiling rustix v1.1.4
[INFO] [stderr]    Compiling fs4 v1.1.0
[INFO] [stderr]    Compiling rafter-storage v0.0.2-alpha.1 (/opt/rustwide/workdir)
[INFO] [stderr]     Finished `dev` profile [unoptimized + debuginfo] target(s) in 4.84s
[INFO] running `Command { std: "docker" "inspect" "9c178854e9a83cdf81eb993609b1eaa2d3419bc8ee14dee74b209da58875ea30", kill_on_drop: false }`
[INFO] running `Command { std: "docker" "exec" "-e" "SOURCE_DIR=/opt/rustwide/workdir" "-e" "CARGO_HOME=/opt/rustwide/cargo-home" "-e" "RUSTUP_HOME=/opt/rustwide/rustup-home" "-e" "CARGO_TARGET_DIR=/opt/rustwide/target" "-e" "CARGO_INCREMENTAL=0" "-e" "RUST_BACKTRACE=full" "-e" "RUSTFLAGS=--cap-lints=warn" "-e" "RUSTDOCFLAGS=--cap-lints=warn" "-w" "/opt/rustwide/workdir" "--user" "0:0" "9c178854e9a83cdf81eb993609b1eaa2d3419bc8ee14dee74b209da58875ea30" "/opt/rustwide/cargo-home/bin/cargo" "+1.99.0-beta.8" "test" "--frozen" "--no-run" "--message-format=json", kill_on_drop: false }`
[INFO] [stderr]    Compiling rafter-storage v0.0.2-alpha.1 (/opt/rustwide/workdir)
[INFO] [stdout] error[E0432]: unresolved import `rafter_invariant_test`
[INFO] [stdout]  --> src/format/v1/raft_snapshot_codec_test.rs:9:5
[INFO] [stdout]   |
[INFO] [stdout] 9 | use rafter_invariant_test::oracle_assert;
[INFO] [stdout]   |     ^^^^^^^^^^^^^^^^^^^^^ use of unresolved module or unlinked crate `rafter_invariant_test`
[INFO] [stdout]   |
[INFO] [stdout]   = help: if you wanted to use a crate named `rafter_invariant_test`, use `cargo add rafter_invariant_test` to add it to your `Cargo.toml`
[INFO] [stdout] 
[INFO] [stdout] 
[INFO] [stdout] error[E0432]: unresolved import `rafter_invariant_test`
[INFO] [stdout]  --> src/raft_hard_state_store/file_test.rs:6:5
[INFO] [stdout]   |
[INFO] [stdout] 6 | use rafter_invariant_test::oracle_assert_eq;
[INFO] [stdout]   |     ^^^^^^^^^^^^^^^^^^^^^ use of unresolved module or unlinked crate `rafter_invariant_test`
[INFO] [stdout]   |
[INFO] [stdout]   = help: if you wanted to use a crate named `rafter_invariant_test`, use `cargo add rafter_invariant_test` to add it to your `Cargo.toml`
[INFO] [stdout] 
[INFO] [stdout] 
[INFO] [stdout] error[E0432]: unresolved import `rafter_invariant_test`
[INFO] [stdout]   --> src/raft_log_segment_test.rs:12:5
[INFO] [stdout]    |
[INFO] [stdout] 12 | use rafter_invariant_test::oracle_assert_eq;
[INFO] [stdout]    |     ^^^^^^^^^^^^^^^^^^^^^ use of unresolved module or unlinked crate `rafter_invariant_test`
[INFO] [stdout]    |
[INFO] [stdout]    = help: if you wanted to use a crate named `rafter_invariant_test`, use `cargo add rafter_invariant_test` to add it to your `Cargo.toml`
[INFO] [stdout] 
[INFO] [stdout] 
[INFO] [stdout] error[E0432]: unresolved import `rafter_invariant_test`
[INFO] [stdout]  --> src/raft_snapshot_store/pending_transfer_test.rs:5:5
[INFO] [stdout]   |
[INFO] [stdout] 5 | use rafter_invariant_test::oracle_assert_eq;
[INFO] [stdout]   |     ^^^^^^^^^^^^^^^^^^^^^ use of unresolved module or unlinked crate `rafter_invariant_test`
[INFO] [stdout]   |
[INFO] [stdout]   = help: if you wanted to use a crate named `rafter_invariant_test`, use `cargo add rafter_invariant_test` to add it to your `Cargo.toml`
[INFO] [stdout] 
[INFO] [stdout] 
[INFO] [stdout] error[E0432]: unresolved import `rafter_invariant_test`
[INFO] [stdout]  --> src/raft_snapshot_store_test.rs:6:5
[INFO] [stdout]   |
[INFO] [stdout] 6 | use rafter_invariant_test::{oracle_assert, oracle_assert_eq};
[INFO] [stdout]   |     ^^^^^^^^^^^^^^^^^^^^^ use of unresolved module or unlinked crate `rafter_invariant_test`
[INFO] [stdout]   |
[INFO] [stdout]   = help: if you wanted to use a crate named `rafter_invariant_test`, use `cargo add rafter_invariant_test` to add it to your `Cargo.toml`
[INFO] [stdout] 
[INFO] [stdout] 
[INFO] [stdout] warning: unused imports: `descriptor` and `read_current_payload`
[INFO] [stdout]   --> src/raft_snapshot_store_test.rs:14:30
[INFO] [stdout]    |
[INFO] [stdout] 14 |     assert_current_snapshot, descriptor, read_current_payload, remove_test_dir, snapshot,
[INFO] [stdout]    |                              ^^^^^^^^^^  ^^^^^^^^^^^^^^^^^^^^
[INFO] [stdout]    |
[INFO] [stdout]    = note: `#[warn(unused_imports)]` (part of `#[warn(unused)]`) on by default
[INFO] [stdout] 
[INFO] [stdout] 
[INFO] [stdout] For more information about this error, try `rustc --explain E0432`.
[INFO] [stdout] 
[INFO] [stderr] error: could not compile `rafter-storage` (lib test) due to 5 previous errors; 1 warning emitted
[INFO] running `Command { std: "docker" "inspect" "9c178854e9a83cdf81eb993609b1eaa2d3419bc8ee14dee74b209da58875ea30", kill_on_drop: false }`
[INFO] running `Command { std: "docker" "rm" "-f" "9c178854e9a83cdf81eb993609b1eaa2d3419bc8ee14dee74b209da58875ea30", kill_on_drop: false }`
[INFO] [stdout] 9c178854e9a83cdf81eb993609b1eaa2d3419bc8ee14dee74b209da58875ea30
