[INFO] fetching crate radiate-engines 1.3.2...
[INFO] testing radiate-engines-1.3.2 against 1.99.0-beta.8 for beta-1.100-2
[INFO] extracting crate radiate-engines 1.3.2 into /workspace/builds/worker-5-tc1/source
[INFO] started tweaking crates.io crate radiate-engines 1.3.2
[INFO] removed 0 missing tests
[INFO] finished tweaking crates.io crate radiate-engines 1.3.2
[INFO] tweaked toml for crates.io crate radiate-engines 1.3.2 written to /workspace/builds/worker-5-tc1/source/Cargo.toml
[INFO] validating manifest of crates.io crate radiate-engines 1.3.2 on toolchain 1.99.0-beta.8
[INFO] running `Command { std: CARGO_HOME="/workspace/cargo-home" RUSTUP_HOME="/workspace/rustup-home" "/workspace/cargo-home/bin/cargo" "+1.99.0-beta.8" "metadata" "--manifest-path" "Cargo.toml" "--no-deps", kill_on_drop: false }`
[INFO] crate crates.io crate radiate-engines 1.3.2 already has a lockfile, it will not be regenerated
[INFO] running `Command { std: CARGO_HOME="/workspace/cargo-home" RUSTUP_HOME="/workspace/rustup-home" "/workspace/cargo-home/bin/cargo" "+1.99.0-beta.8" "fetch" "--manifest-path" "Cargo.toml", kill_on_drop: false }`
[INFO] [stderr]     Updating crates.io index
[INFO] [stderr]  Downloading crates ...
[INFO] [stderr]   Downloaded proc-macro2 v1.0.92
[INFO] [stderr]   Downloaded nu-ansi-term v0.50.1
[INFO] [stderr]   Downloaded zmij v1.0.0
[INFO] [stderr]   Downloaded radiate-error v1.3.2
[INFO] [stderr]   Downloaded toml_datetime v0.6.9
[INFO] [stderr]   Downloaded crossbeam v0.8.5
[INFO] [stderr]   Downloaded unicode-ident v1.0.14
[INFO] [stderr]   Downloaded rand_core v0.10.0
[INFO] [stderr]   Downloaded num-order v1.2.0
[INFO] [stderr]   Downloaded num-modular v0.6.1
[INFO] [stderr]   Downloaded radiate-selectors v1.3.2
[INFO] [stderr]   Downloaded radiate-expr v1.3.2
[INFO] [stderr]   Downloaded radiate-alters v1.3.2
[INFO] [stderr]   Downloaded rstest v0.25.0
[INFO] [stderr]   Downloaded relative-path v1.9.3
[INFO] [stderr]   Downloaded radiate-utils v1.3.2
[INFO] [stderr]   Downloaded semver v1.0.24
[INFO] [stderr]   Downloaded rstest_macros v0.25.0
[INFO] [stderr]   Downloaded radiate-core v1.3.2
[INFO] [stderr]   Downloaded toml_edit v0.22.26
[INFO] [stderr]   Downloaded winnow v0.7.7
[INFO] running `Command { std: "docker" "create" "-v" "/var/lib/crater-agent-workspace/builds/worker-5-tc1/source:/opt/rustwide/workdir:ro,Z" "-v" "/var/lib/crater-agent-workspace/builds/worker-5-tc1/target:/opt/rustwide/target:rw,Z" "-v" "/var/lib/crater-agent-workspace/cargo-home:/opt/rustwide/cargo-home:ro,Z" "-v" "/var/lib/crater-agent-workspace/rustup-home:/opt/rustwide/rustup-home:ro,Z" "-m" "1610612736" "--network" "none" "ghcr.io/rust-lang/crates-build-env/linux@sha256:3111399a4047eeb3a02b7a90e478d715f38a8c6669b5c4b49d30a17385265909" "sleep" "infinity", kill_on_drop: false }`
[INFO] [stdout] e0ab7f61db61dcda9e36987e1eeade4720c96f691f863c2eb1c21bdb718eb850
[INFO] running `Command { std: "docker" "start" "e0ab7f61db61dcda9e36987e1eeade4720c96f691f863c2eb1c21bdb718eb850", kill_on_drop: false }`
[INFO] running `Command { std: "docker" "inspect" "e0ab7f61db61dcda9e36987e1eeade4720c96f691f863c2eb1c21bdb718eb850", kill_on_drop: false }`
[INFO] running `Command { std: "docker" "exec" "-e" "SOURCE_DIR=/opt/rustwide/workdir" "-e" "CARGO_HOME=/opt/rustwide/cargo-home" "-e" "RUSTUP_HOME=/opt/rustwide/rustup-home" "-e" "CARGO_TARGET_DIR=/opt/rustwide/target" "-w" "/opt/rustwide/workdir" "--user" "0:0" "e0ab7f61db61dcda9e36987e1eeade4720c96f691f863c2eb1c21bdb718eb850" "/opt/rustwide/cargo-home/bin/cargo" "+1.99.0-beta.8" "metadata" "--no-deps" "--format-version=1", kill_on_drop: false }`
[INFO] running `Command { std: "docker" "inspect" "e0ab7f61db61dcda9e36987e1eeade4720c96f691f863c2eb1c21bdb718eb850", kill_on_drop: false }`
[INFO] running `Command { std: "docker" "exec" "-e" "SOURCE_DIR=/opt/rustwide/workdir" "-e" "CARGO_HOME=/opt/rustwide/cargo-home" "-e" "RUSTUP_HOME=/opt/rustwide/rustup-home" "-e" "CARGO_TARGET_DIR=/opt/rustwide/target" "-e" "CARGO_INCREMENTAL=0" "-e" "RUST_BACKTRACE=full" "-e" "RUSTFLAGS=--cap-lints=warn" "-e" "RUSTDOCFLAGS=--cap-lints=warn" "-w" "/opt/rustwide/workdir" "--user" "0:0" "e0ab7f61db61dcda9e36987e1eeade4720c96f691f863c2eb1c21bdb718eb850" "/opt/rustwide/cargo-home/bin/cargo" "+1.99.0-beta.8" "build" "--frozen" "--message-format=json", kill_on_drop: false }`
[INFO] [stderr]    Compiling proc-macro2 v1.0.92
[INFO] [stderr]    Compiling unicode-ident v1.0.14
[INFO] [stderr]    Compiling quote v1.0.46
[INFO] [stderr]    Compiling serde_core v1.0.229
[INFO] [stderr]    Compiling serde v1.0.229
[INFO] [stderr]    Compiling rustversion v1.0.20
[INFO] [stderr]    Compiling libc v0.2.186
[INFO] [stderr]    Compiling rand_core v0.10.0
[INFO] [stderr]    Compiling thiserror v2.0.21
[INFO] [stderr]    Compiling getrandom v0.4.1
[INFO] [stderr]    Compiling zmij v1.0.0
[INFO] [stderr]    Compiling num-traits v0.2.19
[INFO] [stderr]    Compiling cpufeatures v0.3.0
[INFO] [stderr]    Compiling chacha20 v0.10.0
[INFO] [stderr]    Compiling foldhash v0.2.0
[INFO] [stderr]    Compiling num-modular v0.6.1
[INFO] [stderr]    Compiling hashbrown v0.17.1
[INFO] [stderr]    Compiling crossbeam-epoch v0.9.18
[INFO] [stderr]    Compiling castaway v0.2.4
[INFO] [stderr]    Compiling once_cell v1.21.3
[INFO] [stderr]    Compiling num-order v1.2.0
[INFO] [stderr]    Compiling tracing-core v0.1.36
[INFO] [stderr]    Compiling crossbeam-deque v0.8.6
[INFO] [stderr]    Compiling syn v3.0.3
[INFO] [stderr]    Compiling crossbeam-queue v0.3.13
[INFO] [stderr]    Compiling crossbeam-channel v0.5.16
[INFO] [stderr]    Compiling syn v2.0.114
[INFO] [stderr]    Compiling regex-syntax v0.8.5
[INFO] [stderr]    Compiling log v0.4.33
[INFO] [stderr]    Compiling rand v0.10.3
[INFO] [stderr]    Compiling memchr v2.7.4
[INFO] [stderr]    Compiling tracing-log v0.2.0
[INFO] [stderr]    Compiling crossbeam v0.8.5
[INFO] [stderr]    Compiling thread_local v1.1.9
[INFO] [stderr]    Compiling nu-ansi-term v0.50.1
[INFO] [stderr]    Compiling regex-automata v0.4.13
[INFO] [stderr]    Compiling serde_derive v1.0.229
[INFO] [stderr]    Compiling thiserror-impl v2.0.21
[INFO] [stderr]    Compiling serde_json v1.0.151
[INFO] [stderr]    Compiling radiate-error v1.3.2
[INFO] [stderr]    Compiling matchers v0.2.0
[INFO] [stderr]    Compiling tracing-attributes v0.1.31
[INFO] [stderr]    Compiling tracing v0.1.44
[INFO] [stderr]    Compiling smallvec v1.16.2
[INFO] [stderr]    Compiling compact_str v0.10.0
[INFO] [stderr]    Compiling tracing-serde v0.2.0
[INFO] [stderr]    Compiling tracing-subscriber v0.3.23
[INFO] [stderr]    Compiling radiate-utils v1.3.2
[INFO] [stderr]    Compiling radiate-expr v1.3.2
[INFO] [stderr]    Compiling radiate-core v1.3.2
[INFO] [stderr]    Compiling radiate-selectors v1.3.2
[INFO] [stderr]    Compiling radiate-alters v1.3.2
[INFO] [stderr]    Compiling radiate-engines v1.3.2 (/opt/rustwide/workdir)
[INFO] [stderr]     Finished `dev` profile [unoptimized + debuginfo] target(s) in 47.09s
[INFO] running `Command { std: "docker" "inspect" "e0ab7f61db61dcda9e36987e1eeade4720c96f691f863c2eb1c21bdb718eb850", kill_on_drop: false }`
[INFO] running `Command { std: "docker" "exec" "-e" "SOURCE_DIR=/opt/rustwide/workdir" "-e" "CARGO_HOME=/opt/rustwide/cargo-home" "-e" "RUSTUP_HOME=/opt/rustwide/rustup-home" "-e" "CARGO_TARGET_DIR=/opt/rustwide/target" "-e" "CARGO_INCREMENTAL=0" "-e" "RUST_BACKTRACE=full" "-e" "RUSTFLAGS=--cap-lints=warn" "-e" "RUSTDOCFLAGS=--cap-lints=warn" "-w" "/opt/rustwide/workdir" "--user" "0:0" "e0ab7f61db61dcda9e36987e1eeade4720c96f691f863c2eb1c21bdb718eb850" "/opt/rustwide/cargo-home/bin/cargo" "+1.99.0-beta.8" "test" "--frozen" "--no-run" "--message-format=json", kill_on_drop: false }`
[INFO] [stderr]    Compiling syn v2.0.114
[INFO] [stderr]    Compiling semver v1.0.24
[INFO] [stderr]    Compiling indexmap v2.14.0
[INFO] [stderr]    Compiling aho-corasick v1.1.3
[INFO] [stderr]    Compiling toml_datetime v0.6.9
[INFO] [stderr]    Compiling regex-syntax v0.8.5
[INFO] [stderr]    Compiling winnow v0.7.7
[INFO] [stderr]    Compiling futures-core v0.3.31
[INFO] [stderr]    Compiling glob v0.3.2
[INFO] [stderr]    Compiling relative-path v1.9.3
[INFO] [stderr]    Compiling futures-timer v3.0.3
[INFO] [stderr]    Compiling rustc_version v0.4.1
[INFO] [stderr]    Compiling rstest_macros v0.25.0
[INFO] [stderr]    Compiling regex-automata v0.4.13
[INFO] [stderr]    Compiling toml_edit v0.22.26
[INFO] [stderr]    Compiling proc-macro-crate v3.3.0
[INFO] [stderr]    Compiling tracing-attributes v0.1.31
[INFO] [stderr]    Compiling futures-macro v0.3.31
[INFO] [stderr]    Compiling regex v1.12.3
[INFO] [stderr]    Compiling futures-util v0.3.31
[INFO] [stderr]    Compiling tracing v0.1.44
[INFO] [stderr]    Compiling tracing-subscriber v0.3.23
[INFO] [stderr]    Compiling radiate-engines v1.3.2 (/opt/rustwide/workdir)
[INFO] [stderr]    Compiling rstest v0.25.0
[INFO] [stdout] error[E0432]: unresolved import `radiate_test`
[INFO] [stdout]  --> tests/step_tests.rs:5:9
[INFO] [stdout]   |
[INFO] [stdout] 5 |     use radiate_test::*;
[INFO] [stdout]   |         ^^^^^^^^^^^^ use of unresolved module or unlinked crate `radiate_test`
[INFO] [stdout]   |
[INFO] [stdout] help: there is a crate or module with a similar name
[INFO] [stdout]   |
[INFO] [stdout] 5 -     use radiate_test::*;
[INFO] [stdout] 5 +     use radiate_core::*;
[INFO] [stdout]   |
[INFO] [stdout] 
[INFO] [stdout] 
[INFO] [stdout] error[E0432]: unresolved import `radiate_test`
[INFO] [stdout]   --> tests/stress_tests.rs:12:9
[INFO] [stdout]    |
[INFO] [stdout] 12 |     use radiate_test::*;
[INFO] [stdout]    |         ^^^^^^^^^^^^ use of unresolved module or unlinked crate `radiate_test`
[INFO] [stdout]    |
[INFO] [stdout] help: there is a crate or module with a similar name
[INFO] [stdout]    |
[INFO] [stdout] 12 -     use radiate_test::*;
[INFO] [stdout] 12 +     use radiate_core::*;
[INFO] [stdout]    |
[INFO] [stdout] 
[INFO] [stdout] 
[INFO] [stdout] error[E0432]: unresolved import `radiate_test`
[INFO] [stdout]  --> tests/engine_tests.rs:5:9
[INFO] [stdout]   |
[INFO] [stdout] 5 |     use radiate_test::*;
[INFO] [stdout]   |         ^^^^^^^^^^^^ use of unresolved module or unlinked crate `radiate_test`
[INFO] [stdout]   |
[INFO] [stdout] help: there is a crate or module with a similar name
[INFO] [stdout]   |
[INFO] [stdout] 5 -     use radiate_test::*;
[INFO] [stdout] 5 +     use radiate_core::*;
[INFO] [stdout]   |
[INFO] [stdout] 
[INFO] [stdout] 
[INFO] [stdout] For more information about this error, try `rustc --explain E0432`.
[INFO] [stdout] 
[INFO] [stderr] error: could not compile `radiate-engines` (test "stress_tests") due to 1 previous error
[INFO] [stderr] warning: build failed, waiting for other jobs to finish...
[INFO] [stdout] error[E0432]: unresolved import `radiate_test`
[INFO] [stdout]  --> tests/convergence_tests.rs:7:9
[INFO] [stdout]   |
[INFO] [stdout] 7 |     use radiate_test::*;
[INFO] [stdout]   |         ^^^^^^^^^^^^ use of unresolved module or unlinked crate `radiate_test`
[INFO] [stdout]   |
[INFO] [stdout] help: there is a crate or module with a similar name
[INFO] [stdout]   |
[INFO] [stdout] 7 -     use radiate_test::*;
[INFO] [stdout] 7 +     use radiate_core::*;
[INFO] [stdout]   |
[INFO] [stdout] 
[INFO] [stdout] 
[INFO] [stdout] For more information about this error, try `rustc --explain E0432`.
[INFO] [stdout] 
[INFO] [stderr] error: could not compile `radiate-engines` (test "engine_tests") due to 1 previous error
[INFO] [stdout] For more information about this error, try `rustc --explain E0432`.
[INFO] [stdout] 
[INFO] [stderr] error: could not compile `radiate-engines` (test "convergence_tests") due to 1 previous error
[INFO] [stdout] error[E0689]: can't call method `abs` on ambiguous numeric type `{float}`
[INFO] [stdout]    --> tests/step_tests.rs:179:43
[INFO] [stdout]     |
[INFO] [stdout] 179 |                 (species_score_sum - 1.0).abs() < 1e-6,
[INFO] [stdout]     |                                           ^^^
[INFO] [stdout] 
[INFO] [stdout] 
[INFO] [stdout] Some errors have detailed explanations: E0432, E0689.
[INFO] [stdout] 
[INFO] [stdout] For more information about an error, try `rustc --explain E0432`.
[INFO] [stdout] 
[INFO] [stderr] error: could not compile `radiate-engines` (test "step_tests") due to 2 previous errors
[INFO] running `Command { std: "docker" "inspect" "e0ab7f61db61dcda9e36987e1eeade4720c96f691f863c2eb1c21bdb718eb850", kill_on_drop: false }`
[INFO] running `Command { std: "docker" "rm" "-f" "e0ab7f61db61dcda9e36987e1eeade4720c96f691f863c2eb1c21bdb718eb850", kill_on_drop: false }`
[INFO] [stdout] e0ab7f61db61dcda9e36987e1eeade4720c96f691f863c2eb1c21bdb718eb850
