[INFO] fetching crate r_git 1.0.1...
[INFO] testing r_git-1.0.1 against 1.100.0-beta.1 for beta-1.100-2
[INFO] extracting crate r_git 1.0.1 into /workspace/builds/worker-0-tc2/source
[INFO] removed /workspace/builds/worker-0-tc2/source/rust-toolchain.toml
[INFO] started tweaking crates.io crate r_git 1.0.1
[INFO] finished tweaking crates.io crate r_git 1.0.1
[INFO] tweaked toml for crates.io crate r_git 1.0.1 written to /workspace/builds/worker-0-tc2/source/Cargo.toml
[INFO] validating manifest of crates.io crate r_git 1.0.1 on toolchain 1.100.0-beta.1
[INFO] running `Command { std: CARGO_HOME="/workspace/cargo-home" RUSTUP_HOME="/workspace/rustup-home" "/workspace/cargo-home/bin/cargo" "+1.100.0-beta.1" "metadata" "--manifest-path" "Cargo.toml" "--no-deps", kill_on_drop: false }`
[INFO] crate crates.io crate r_git 1.0.1 already has a lockfile, it will not be regenerated
[INFO] running `Command { std: CARGO_HOME="/workspace/cargo-home" RUSTUP_HOME="/workspace/rustup-home" "/workspace/cargo-home/bin/cargo" "+1.100.0-beta.1" "fetch" "--manifest-path" "Cargo.toml", kill_on_drop: false }`
[INFO] [stderr] warning: `package.homepage` is redundant with `package.repository`
[INFO] [stderr]   --> Cargo.toml:53:12
[INFO] [stderr]    |
[INFO] [stderr] 53 | homepage = "https://github.com/kiran-4444/rgit"
[INFO] [stderr]    |            ^^^^^^^^^^^^^^^^^^^^^^^^^^^^^^^^^^^^
[INFO] [stderr] ...
[INFO] [stderr] 58 | repository = "https://github.com/kiran-4444/rgit"
[INFO] [stderr]    |              ------------------------------------
[INFO] [stderr]    |
[INFO] [stderr]    = note: `cargo::redundant_homepage` is set to `warn` by default
[INFO] [stderr] help: consider removing `package.homepage`
[INFO] [stderr] warning: `r_git` (manifest) generated 1 warning
[INFO] running `Command { std: "docker" "create" "-v" "/var/lib/crater-agent-workspace/builds/worker-0-tc2/source:/opt/rustwide/workdir:ro,Z" "-v" "/var/lib/crater-agent-workspace/builds/worker-0-tc2/target:/opt/rustwide/target:rw,Z" "-v" "/var/lib/crater-agent-workspace/cargo-home:/opt/rustwide/cargo-home:ro,Z" "-v" "/var/lib/crater-agent-workspace/rustup-home:/opt/rustwide/rustup-home:ro,Z" "-m" "1610612736" "--network" "none" "ghcr.io/rust-lang/crates-build-env/linux@sha256:3111399a4047eeb3a02b7a90e478d715f38a8c6669b5c4b49d30a17385265909" "sleep" "infinity", kill_on_drop: false }`
[INFO] [stdout] fdedc970a30cbd6222c9ab569bccc8048f582ecab48a65463aa20fdeaae91113
[INFO] running `Command { std: "docker" "start" "fdedc970a30cbd6222c9ab569bccc8048f582ecab48a65463aa20fdeaae91113", kill_on_drop: false }`
[INFO] running `Command { std: "docker" "inspect" "fdedc970a30cbd6222c9ab569bccc8048f582ecab48a65463aa20fdeaae91113", kill_on_drop: false }`
[INFO] running `Command { std: "docker" "exec" "-e" "SOURCE_DIR=/opt/rustwide/workdir" "-e" "CARGO_HOME=/opt/rustwide/cargo-home" "-e" "RUSTUP_HOME=/opt/rustwide/rustup-home" "-e" "CARGO_TARGET_DIR=/opt/rustwide/target" "-w" "/opt/rustwide/workdir" "--user" "0:0" "fdedc970a30cbd6222c9ab569bccc8048f582ecab48a65463aa20fdeaae91113" "/opt/rustwide/cargo-home/bin/cargo" "+1.100.0-beta.1" "metadata" "--no-deps" "--format-version=1", kill_on_drop: false }`
[INFO] running `Command { std: "docker" "inspect" "fdedc970a30cbd6222c9ab569bccc8048f582ecab48a65463aa20fdeaae91113", kill_on_drop: false }`
[INFO] running `Command { std: "docker" "exec" "-e" "SOURCE_DIR=/opt/rustwide/workdir" "-e" "CARGO_HOME=/opt/rustwide/cargo-home" "-e" "RUSTUP_HOME=/opt/rustwide/rustup-home" "-e" "CARGO_TARGET_DIR=/opt/rustwide/target" "-e" "CARGO_INCREMENTAL=0" "-e" "RUST_BACKTRACE=full" "-e" "RUSTFLAGS=--cap-lints=warn" "-e" "RUSTDOCFLAGS=--cap-lints=warn" "-w" "/opt/rustwide/workdir" "--user" "0:0" "fdedc970a30cbd6222c9ab569bccc8048f582ecab48a65463aa20fdeaae91113" "/opt/rustwide/cargo-home/bin/cargo" "+1.100.0-beta.1" "build" "--frozen" "--message-format=json", kill_on_drop: false }`
[INFO] [stderr] warning: `package.homepage` is redundant with `package.repository`
[INFO] [stderr]   --> Cargo.toml:53:12
[INFO] [stderr]    |
[INFO] [stderr] 53 | homepage = "https://github.com/kiran-4444/rgit"
[INFO] [stderr]    |            ^^^^^^^^^^^^^^^^^^^^^^^^^^^^^^^^^^^^
[INFO] [stderr] ...
[INFO] [stderr] 58 | repository = "https://github.com/kiran-4444/rgit"
[INFO] [stderr]    |              ------------------------------------
[INFO] [stderr]    |
[INFO] [stderr]    = note: `cargo::redundant_homepage` is set to `warn` by default
[INFO] [stderr] help: consider removing `package.homepage`
[INFO] [stderr] warning: `r_git` (manifest) generated 1 warning
[INFO] [stderr]    Compiling libc v0.2.152
[INFO] [stderr]    Compiling proc-macro2 v1.0.76
[INFO] [stderr]    Compiling memchr v2.7.1
[INFO] [stderr]    Compiling anstyle v1.0.4
[INFO] [stderr]    Compiling num-traits v0.2.17
[INFO] [stderr]    Compiling utf8parse v0.2.1
[INFO] [stderr]    Compiling predicates-core v1.0.6
[INFO] [stderr]    Compiling anstyle-parse v0.2.3
[INFO] [stderr]    Compiling colorchoice v1.0.0
[INFO] [stderr]    Compiling doc-comment v0.3.3
[INFO] [stderr]    Compiling anstyle-query v1.0.2
[INFO] [stderr]    Compiling difflib v0.4.0
[INFO] [stderr]    Compiling anstream v0.6.7
[INFO] [stderr]    Compiling eyre v0.6.12
[INFO] [stderr]    Compiling quote v1.0.35
[INFO] [stderr]    Compiling strsim v0.10.0
[INFO] [stderr]    Compiling aho-corasick v1.1.2
[INFO] [stderr]    Compiling cc v1.0.83
[INFO] [stderr]    Compiling syn v2.0.48
[INFO] [stderr]    Compiling anyhow v1.0.81
[INFO] [stderr]    Compiling heck v0.4.1
[INFO] [stderr]    Compiling termtree v0.4.1
[INFO] [stderr]    Compiling normalize-line-endings v0.3.0
[INFO] [stderr]    Compiling clap_lex v0.6.0
[INFO] [stderr]    Compiling predicates-tree v1.0.9
[INFO] [stderr]    Compiling wait-timeout v0.2.0
[INFO] [stderr]    Compiling float-cmp v0.9.0
[INFO] [stderr]    Compiling clap_builder v4.4.16
[INFO] [stderr]    Compiling rand v0.4.6
[INFO] [stderr]    Compiling miniz_oxide v0.7.2
[INFO] [stderr]    Compiling digest v0.10.7
[INFO] [stderr]    Compiling indenter v0.3.3
[INFO] [stderr]    Compiling remove_dir_all v0.5.3
[INFO] [stderr]    Compiling iana-time-zone v0.1.60
[INFO] [stderr]    Compiling cmake v0.1.50
[INFO] [stderr]    Compiling lazy_static v1.4.0
[INFO] [stderr]    Compiling either v1.9.0
[INFO] [stderr]    Compiling tempdir v0.3.7
[INFO] [stderr]    Compiling regex-automata v0.4.3
[INFO] [stderr]    Compiling libz-ng-sys v1.1.15
[INFO] [stderr]    Compiling itertools v0.12.1
[INFO] [stderr]    Compiling sha1 v0.10.6
[INFO] [stderr]    Compiling colored v2.1.0
[INFO] [stderr]    Compiling chrono v0.4.34
[INFO] [stderr]    Compiling cloneable-file v0.1.1
[INFO] [stderr]    Compiling glob v0.3.1
[INFO] [stderr]    Compiling clap_derive v4.4.7
[INFO] [stderr]    Compiling regex v1.10.2
[INFO] [stderr]    Compiling bstr v1.9.0
[INFO] [stderr]    Compiling predicates v3.1.0
[INFO] [stderr]    Compiling assert_cmd v2.0.13
[INFO] [stderr]    Compiling clap v4.4.16
[INFO] [stderr]    Compiling flate2 v1.0.28
[INFO] [stderr]    Compiling r_git v1.0.1 (/opt/rustwide/workdir)
[INFO] [stdout] error[E0554]: `#![feature]` may not be used on the beta release channel
[INFO] [stdout]  --> src/lib.rs:1:1
[INFO] [stdout]   |
[INFO] [stdout] 1 | #![feature(cursor_remaining)]
[INFO] [stdout]   | ^^^^^^^^^^^^^^^^^^^^^^^^^^^^^
[INFO] [stdout] 
[INFO] [stdout] 
[INFO] [stdout] warning: unused import: `arg`
[INFO] [stdout]  --> src/command/commit.rs:2:12
[INFO] [stdout]   |
[INFO] [stdout] 2 | use clap::{arg, Parser};
[INFO] [stdout]   |            ^^^
[INFO] [stdout]   |
[INFO] [stdout]   = note: `#[warn(unused_imports)]` (part of `#[warn(unused)]`) on by default
[INFO] [stdout] 
[INFO] [stdout] 
[INFO] [stdout] error[E0635]: unknown feature `cursor_remaining`
[INFO] [stdout]  --> src/lib.rs:1:12
[INFO] [stdout]   |
[INFO] [stdout] 1 | #![feature(cursor_remaining)]
[INFO] [stdout]   |            ^^^^^^^^^^^^^^^^
[INFO] [stdout] 
[INFO] [stdout] 
[INFO] [stdout] error[E0599]: no method named `is_empty` found for struct `std::io::Cursor<T>` in the current scope
[INFO] [stdout]   --> src/database/tree.rs:61:23
[INFO] [stdout]    |
[INFO] [stdout] 61 |         while !cursor.is_empty() {
[INFO] [stdout]    |                       ^^^^^^^^ method not found in `std::io::Cursor<Vec<u8>>`
[INFO] [stdout] 
[INFO] [stdout] 
[INFO] [stdout] Some errors have detailed explanations: E0554, E0599, E0635.
[INFO] [stdout] 
[INFO] [stdout] For more information about an error, try `rustc --explain E0554`.
[INFO] [stdout] 
[INFO] [stderr] error: could not compile `r_git` (lib) due to 3 previous errors; 1 warning emitted
[INFO] running `Command { std: "docker" "inspect" "fdedc970a30cbd6222c9ab569bccc8048f582ecab48a65463aa20fdeaae91113", kill_on_drop: false }`
[INFO] running `Command { std: "docker" "rm" "-f" "fdedc970a30cbd6222c9ab569bccc8048f582ecab48a65463aa20fdeaae91113", kill_on_drop: false }`
[INFO] [stdout] fdedc970a30cbd6222c9ab569bccc8048f582ecab48a65463aa20fdeaae91113
