[INFO] fetching crate rIC3 1.5.2...
[INFO] testing rIC3-1.5.2 against 1.100.0-beta.1 for beta-1.100-2
[INFO] extracting crate rIC3 1.5.2 into /workspace/builds/worker-7-tc2/source
[INFO] started tweaking crates.io crate rIC3 1.5.2
[INFO] finished tweaking crates.io crate rIC3 1.5.2
[INFO] tweaked toml for crates.io crate rIC3 1.5.2 written to /workspace/builds/worker-7-tc2/source/Cargo.toml
[INFO] validating manifest of crates.io crate rIC3 1.5.2 on toolchain 1.100.0-beta.1
[INFO] running `Command { std: CARGO_HOME="/workspace/cargo-home" RUSTUP_HOME="/workspace/rustup-home" "/workspace/cargo-home/bin/cargo" "+1.100.0-beta.1" "metadata" "--manifest-path" "Cargo.toml" "--no-deps", kill_on_drop: false }`
[INFO] crate crates.io crate rIC3 1.5.2 already has a lockfile, it will not be regenerated
[INFO] running `Command { std: CARGO_HOME="/workspace/cargo-home" RUSTUP_HOME="/workspace/rustup-home" "/workspace/cargo-home/bin/cargo" "+1.100.0-beta.1" "fetch" "--manifest-path" "Cargo.toml", kill_on_drop: false }`
[INFO] running `Command { std: "docker" "create" "-v" "/var/lib/crater-agent-workspace/builds/worker-7-tc2/source:/opt/rustwide/workdir:ro,Z" "-v" "/var/lib/crater-agent-workspace/builds/worker-7-tc2/target:/opt/rustwide/target:rw,Z" "-v" "/var/lib/crater-agent-workspace/cargo-home:/opt/rustwide/cargo-home:ro,Z" "-v" "/var/lib/crater-agent-workspace/rustup-home:/opt/rustwide/rustup-home:ro,Z" "-m" "1610612736" "--network" "none" "ghcr.io/rust-lang/crates-build-env/linux@sha256:3111399a4047eeb3a02b7a90e478d715f38a8c6669b5c4b49d30a17385265909" "sleep" "infinity", kill_on_drop: false }`
[INFO] [stdout] cc4660024cdcc9c04dccf2ff717d044592cd6d63a14d789d3c847560b5c9eace
[INFO] running `Command { std: "docker" "start" "cc4660024cdcc9c04dccf2ff717d044592cd6d63a14d789d3c847560b5c9eace", kill_on_drop: false }`
[INFO] running `Command { std: "docker" "inspect" "cc4660024cdcc9c04dccf2ff717d044592cd6d63a14d789d3c847560b5c9eace", kill_on_drop: false }`
[INFO] running `Command { std: "docker" "exec" "-e" "SOURCE_DIR=/opt/rustwide/workdir" "-e" "CARGO_HOME=/opt/rustwide/cargo-home" "-e" "RUSTUP_HOME=/opt/rustwide/rustup-home" "-e" "CARGO_TARGET_DIR=/opt/rustwide/target" "-w" "/opt/rustwide/workdir" "--user" "0:0" "cc4660024cdcc9c04dccf2ff717d044592cd6d63a14d789d3c847560b5c9eace" "/opt/rustwide/cargo-home/bin/cargo" "+1.100.0-beta.1" "metadata" "--no-deps" "--format-version=1", kill_on_drop: false }`
[INFO] running `Command { std: "docker" "inspect" "cc4660024cdcc9c04dccf2ff717d044592cd6d63a14d789d3c847560b5c9eace", kill_on_drop: false }`
[INFO] running `Command { std: "docker" "exec" "-e" "SOURCE_DIR=/opt/rustwide/workdir" "-e" "CARGO_HOME=/opt/rustwide/cargo-home" "-e" "RUSTUP_HOME=/opt/rustwide/rustup-home" "-e" "CARGO_TARGET_DIR=/opt/rustwide/target" "-e" "CARGO_INCREMENTAL=0" "-e" "RUST_BACKTRACE=full" "-e" "RUSTFLAGS=--cap-lints=warn" "-e" "RUSTDOCFLAGS=--cap-lints=warn" "-w" "/opt/rustwide/workdir" "--user" "0:0" "cc4660024cdcc9c04dccf2ff717d044592cd6d63a14d789d3c847560b5c9eace" "/opt/rustwide/cargo-home/bin/cargo" "+1.100.0-beta.1" "build" "--frozen" "--message-format=json", kill_on_drop: false }`
[INFO] [stderr]    Compiling rustix v1.1.2
[INFO] [stderr]    Compiling getrandom v0.3.4
[INFO] [stderr]    Compiling cfg-if v1.0.4
[INFO] [stderr]    Compiling libc v0.2.177
[INFO] [stderr]    Compiling linux-raw-sys v0.11.0
[INFO] [stderr]    Compiling once_cell v1.21.3
[INFO] [stderr]    Compiling bitflags v2.10.0
[INFO] [stderr]    Compiling fastrand v2.3.0
[INFO] [stderr]    Compiling log v0.4.28
[INFO] [stderr]    Compiling zerocopy v0.8.27
[INFO] [stderr]    Compiling ahash v0.8.12
[INFO] [stderr]    Compiling syn v2.0.108
[INFO] [stderr]    Compiling serde_core v1.0.228
[INFO] [stderr]    Compiling inventory v0.3.21
[INFO] [stderr]    Compiling rand_core v0.9.3
[INFO] [stderr]    Compiling lazy_static v1.5.0
[INFO] [stderr]    Compiling utf8parse v0.2.2
[INFO] [stderr]    Compiling memchr v2.7.6
[INFO] [stderr]    Compiling anstyle-parse v0.2.7
[INFO] [stderr]    Compiling num-traits v0.2.19
[INFO] [stderr]    Compiling regex-syntax v0.8.8
[INFO] [stderr]    Compiling anstyle-query v1.1.4
[INFO] [stderr]    Compiling colorchoice v1.0.4
[INFO] [stderr]    Compiling cfg_aliases v0.2.1
[INFO] [stderr]    Compiling is_terminal_polyfill v1.70.2
[INFO] [stderr]    Compiling anstyle v1.0.13
[INFO] [stderr]    Compiling nix v0.30.1
[INFO] [stderr]    Compiling serde v1.0.228
[INFO] [stderr]    Compiling cmake v0.1.54
[INFO] [stderr]    Compiling clap_lex v0.7.6
[INFO] [stderr]    Compiling winnow v0.7.14
[INFO] [stderr]    Compiling anstream v0.6.21
[INFO] [stderr]    Compiling aho-corasick v1.1.4
[INFO] [stderr]    Compiling strsim v0.11.1
[INFO] [stderr]    Compiling attr_alias v0.1.4
[INFO] [stderr]    Compiling toml_writer v1.0.4
[INFO] [stderr]    Compiling clap_builder v4.5.52
[INFO] [stderr]    Compiling num-integer v0.1.46
[INFO] [stderr]    Compiling jiff v0.2.15
[INFO] [stderr]    Compiling ppv-lite86 v0.2.21
[INFO] [stderr]    Compiling num-bigint v0.4.6
[INFO] [stderr]    Compiling tempfile v3.23.0
[INFO] [stderr]    Compiling rand_chacha v0.9.0
[INFO] [stderr]    Compiling rand v0.9.2
[INFO] [stderr]    Compiling regex-automata v0.4.13
[INFO] [stderr]    Compiling toml_parser v1.0.4
[INFO] [stderr]    Compiling process_control v5.2.0
[INFO] [stderr]    Compiling toml_datetime v0.7.3
[INFO] [stderr]    Compiling giputils v0.3.6
[INFO] [stderr]    Compiling serde_spanned v1.0.3
[INFO] [stderr]    Compiling toml v0.9.8
[INFO] [stderr]    Compiling ctrlc v3.5.1
[INFO] [stderr]    Compiling serde_derive v1.0.228
[INFO] [stderr]    Compiling strum_macros v0.27.2
[INFO] [stderr]    Compiling logicrs v0.6.1
[INFO] [stderr]    Compiling regex v1.12.2
[INFO] [stderr]    Compiling aig v0.4.6
[INFO] [stderr]    Compiling smtif-bitwuzla v0.1.0
[INFO] [stdout] error[E0554]: `#![feature]` may not be used on the beta release channel
[INFO] [stdout]  --> /opt/rustwide/cargo-home/registry/src/index.crates.io-1949cf8c6b5b557f/logicrs-0.6.1/src/lib.rs:1:1
[INFO] [stdout]   |
[INFO] [stdout] 1 | #![feature(step_trait, try_trait_v2)]
[INFO] [stdout]   | ^^^^^^^^^^^^^^^^^^^^^^^^^^^^^^^^^^^^^
[INFO] [stdout] 
[INFO] [stdout] 
[INFO] [stdout] error[E0277]: the trait bound `term::Term: Residual<()>` is not satisfied
[INFO] [stdout]    --> /opt/rustwide/cargo-home/registry/src/index.crates.io-1949cf8c6b5b557f/logicrs-0.6.1/src/fol/utils.rs:185:21
[INFO] [stdout]     |
[INFO] [stdout] 185 |     type Residual = Term;
[INFO] [stdout]     |                     ^^^^ unsatisfied trait bound
[INFO] [stdout]     |
[INFO] [stdout] help: the nightly-only, unstable trait `Residual<()>` is not implemented for `term::Term`
[INFO] [stdout]    --> /opt/rustwide/cargo-home/registry/src/index.crates.io-1949cf8c6b5b557f/logicrs-0.6.1/src/fol/term.rs:16:1
[INFO] [stdout]     |
[INFO] [stdout]  16 | pub struct Term {
[INFO] [stdout]     | ^^^^^^^^^^^^^^^
[INFO] [stdout] help: the following other types implement trait `Residual<O>`
[INFO] [stdout]    --> /rustc/e3feeb59cd1bdd011a2bfcc0747b55125d9b8527/library/core/src/option.rs:2908:0
[INFO] [stdout]     |
[INFO] [stdout]     = note: `Option<!>` implements `Residual<T>`
[INFO] [stdout]    --> /rustc/e3feeb59cd1bdd011a2bfcc0747b55125d9b8527/library/core/src/ops/control_flow.rs:138:0
[INFO] [stdout]     |
[INFO] [stdout]     = note: `ControlFlow<B, !>` implements `Residual<C>`
[INFO] [stdout]    --> /rustc/e3feeb59cd1bdd011a2bfcc0747b55125d9b8527/library/core/src/result.rs:2206:0
[INFO] [stdout]     |
[INFO] [stdout]     = note: `Result<!, E>` implements `Residual<T>`
[INFO] [stdout] note: required by a bound in `std::ops::Try::Residual`
[INFO] [stdout]    --> /rustc/e3feeb59cd1bdd011a2bfcc0747b55125d9b8527/library/core/src/ops/try_trait.rs:160:4
[INFO] [stdout] 
[INFO] [stdout] 
[INFO] [stdout] error[E0046]: not all trait items implemented, missing: `forward_overflowing`, `backward_overflowing`
[INFO] [stdout]    --> /opt/rustwide/cargo-home/registry/src/index.crates.io-1949cf8c6b5b557f/logicrs-0.6.1/src/lib.rs:116:1
[INFO] [stdout]     |
[INFO] [stdout] 116 | impl Step for Var {
[INFO] [stdout]     | ^^^^^^^^^^^^^^^^^ missing `forward_overflowing`, `backward_overflowing` in implementation
[INFO] [stdout]     |
[INFO] [stdout]     = help: implement the missing item: `fn forward_overflowing(_: Self, _: usize) -> (Self, bool) { todo!() }`
[INFO] [stdout]     = help: implement the missing item: `fn backward_overflowing(_: Self, _: usize) -> (Self, bool) { todo!() }`
[INFO] [stdout] 
[INFO] [stdout] 
[INFO] [stdout] error[E0554]: `#![feature]` may not be used on the beta release channel
[INFO] [stdout]  --> /opt/rustwide/cargo-home/registry/src/index.crates.io-1949cf8c6b5b557f/smtif-bitwuzla-0.1.0/build.rs:1:1
[INFO] [stdout]   |
[INFO] [stdout] 1 | #![feature(exit_status_error)]
[INFO] [stdout]   | ^^^^^^^^^^^^^^^^^^^^^^^^^^^^^^
[INFO] [stdout] 
[INFO] [stdout] 
[INFO] [stderr]    Compiling satif-cadical v0.2.2
[INFO] [stdout] For more information about this error, try `rustc --explain E0554`.
[INFO] [stdout] 
[INFO] [stderr] error: could not compile `smtif-bitwuzla` (build script) due to 1 previous error
[INFO] [stderr] warning: build failed, waiting for other jobs to finish...
[INFO] [stdout] error[E0554]: `#![feature]` may not be used on the beta release channel
[INFO] [stdout]  --> /opt/rustwide/cargo-home/registry/src/index.crates.io-1949cf8c6b5b557f/satif-cadical-0.2.2/build.rs:1:1
[INFO] [stdout]   |
[INFO] [stdout] 1 | #![feature(exit_status_error)]
[INFO] [stdout]   | ^^^^^^^^^^^^^^^^^^^^^^^^^^^^^^
[INFO] [stdout] 
[INFO] [stdout] 
[INFO] [stdout] For more information about this error, try `rustc --explain E0554`.
[INFO] [stdout] 
[INFO] [stderr] error: could not compile `satif-cadical` (build script) due to 1 previous error
[INFO] [stdout] Some errors have detailed explanations: E0046, E0277, E0554.
[INFO] [stdout] 
[INFO] [stdout] For more information about an error, try `rustc --explain E0046`.
[INFO] [stdout] 
[INFO] [stderr] error: could not compile `logicrs` (lib) due to 3 previous errors
[INFO] running `Command { std: "docker" "inspect" "cc4660024cdcc9c04dccf2ff717d044592cd6d63a14d789d3c847560b5c9eace", kill_on_drop: false }`
[INFO] running `Command { std: "docker" "rm" "-f" "cc4660024cdcc9c04dccf2ff717d044592cd6d63a14d789d3c847560b5c9eace", kill_on_drop: false }`
[INFO] [stdout] cc4660024cdcc9c04dccf2ff717d044592cd6d63a14d789d3c847560b5c9eace
