[INFO] fetching crate r2mo-cli 0.1.0...
[INFO] testing r2mo-cli-0.1.0 against 1.99.0-beta.8 for beta-1.100-2
[INFO] extracting crate r2mo-cli 0.1.0 into /workspace/builds/worker-6-tc1/source
[INFO] started tweaking crates.io crate r2mo-cli 0.1.0
[INFO] removed 0 missing tests
[INFO] finished tweaking crates.io crate r2mo-cli 0.1.0
[INFO] tweaked toml for crates.io crate r2mo-cli 0.1.0 written to /workspace/builds/worker-6-tc1/source/Cargo.toml
[INFO] validating manifest of crates.io crate r2mo-cli 0.1.0 on toolchain 1.99.0-beta.8
[INFO] running `Command { std: CARGO_HOME="/workspace/cargo-home" RUSTUP_HOME="/workspace/rustup-home" "/workspace/cargo-home/bin/cargo" "+1.99.0-beta.8" "metadata" "--manifest-path" "Cargo.toml" "--no-deps", kill_on_drop: false }`
[INFO] crate crates.io crate r2mo-cli 0.1.0 already has a lockfile, it will not be regenerated
[INFO] running `Command { std: CARGO_HOME="/workspace/cargo-home" RUSTUP_HOME="/workspace/rustup-home" "/workspace/cargo-home/bin/cargo" "+1.99.0-beta.8" "fetch" "--manifest-path" "Cargo.toml", kill_on_drop: false }`
[INFO] [stderr]     Updating crates.io index
[INFO] [stderr]  Downloading crates ...
[INFO] [stderr]   Downloaded symphonia v0.5.5
[INFO] [stderr]   Downloaded rodio v0.20.1
[INFO] [stderr]   Downloaded ogg v0.8.0
[INFO] [stderr]   Downloaded oboe v0.6.1
[INFO] [stderr]   Downloaded jni-sys v0.3.1
[INFO] [stderr]   Downloaded symphonia-core v0.5.5
[INFO] [stderr]   Downloaded symphonia-bundle-mp3 v0.5.5
[INFO] [stderr]   Downloaded dasp_sample v0.11.0
[INFO] [stderr]   Downloaded lewton v0.10.2
[INFO] [stderr]   Downloaded coreaudio-rs v0.11.3
[INFO] [stderr]   Downloaded alsa v0.9.1
[INFO] [stderr]   Downloaded claxon v0.4.3
[INFO] [stderr]   Downloaded winnow v1.0.2
[INFO] [stderr]   Downloaded cpal v0.15.3
[INFO] [stderr]   Downloaded oboe-sys v0.6.1
[INFO] [stderr]   Downloaded tokio v1.52.2
[INFO] [stderr]   Downloaded symphonia-metadata v0.5.5
[INFO] [stderr]   Downloaded coreaudio-sys v0.2.17
[INFO] [stderr]   Downloaded windows v0.54.0
[INFO] [stderr]   Downloaded windows-core v0.54.0
[INFO] [stderr]   Downloaded assert_cmd v2.2.1
[INFO] running `Command { std: "docker" "create" "-v" "/var/lib/crater-agent-workspace/builds/worker-6-tc1/source:/opt/rustwide/workdir:ro,Z" "-v" "/var/lib/crater-agent-workspace/builds/worker-6-tc1/target:/opt/rustwide/target:rw,Z" "-v" "/var/lib/crater-agent-workspace/cargo-home:/opt/rustwide/cargo-home:ro,Z" "-v" "/var/lib/crater-agent-workspace/rustup-home:/opt/rustwide/rustup-home:ro,Z" "-m" "1610612736" "--network" "none" "ghcr.io/rust-lang/crates-build-env/linux@sha256:3111399a4047eeb3a02b7a90e478d715f38a8c6669b5c4b49d30a17385265909" "sleep" "infinity", kill_on_drop: false }`
[INFO] [stdout] 19ae8a69b5869e3faf2007a2a709fe70b098fb0efa90001a42ffa8063e400524
[INFO] running `Command { std: "docker" "start" "19ae8a69b5869e3faf2007a2a709fe70b098fb0efa90001a42ffa8063e400524", kill_on_drop: false }`
[INFO] running `Command { std: "docker" "inspect" "19ae8a69b5869e3faf2007a2a709fe70b098fb0efa90001a42ffa8063e400524", kill_on_drop: false }`
[INFO] running `Command { std: "docker" "exec" "-e" "SOURCE_DIR=/opt/rustwide/workdir" "-e" "CARGO_HOME=/opt/rustwide/cargo-home" "-e" "RUSTUP_HOME=/opt/rustwide/rustup-home" "-e" "CARGO_TARGET_DIR=/opt/rustwide/target" "-w" "/opt/rustwide/workdir" "--user" "0:0" "19ae8a69b5869e3faf2007a2a709fe70b098fb0efa90001a42ffa8063e400524" "/opt/rustwide/cargo-home/bin/cargo" "+1.99.0-beta.8" "metadata" "--no-deps" "--format-version=1", kill_on_drop: false }`
[INFO] running `Command { std: "docker" "inspect" "19ae8a69b5869e3faf2007a2a709fe70b098fb0efa90001a42ffa8063e400524", kill_on_drop: false }`
[INFO] running `Command { std: "docker" "exec" "-e" "SOURCE_DIR=/opt/rustwide/workdir" "-e" "CARGO_HOME=/opt/rustwide/cargo-home" "-e" "RUSTUP_HOME=/opt/rustwide/rustup-home" "-e" "CARGO_TARGET_DIR=/opt/rustwide/target" "-e" "CARGO_INCREMENTAL=0" "-e" "RUST_BACKTRACE=full" "-e" "RUSTFLAGS=--cap-lints=warn" "-e" "RUSTDOCFLAGS=--cap-lints=warn" "-w" "/opt/rustwide/workdir" "--user" "0:0" "19ae8a69b5869e3faf2007a2a709fe70b098fb0efa90001a42ffa8063e400524" "/opt/rustwide/cargo-home/bin/cargo" "+1.99.0-beta.8" "build" "--frozen" "--message-format=json", kill_on_drop: false }`
[INFO] [stderr]    Compiling syn v2.0.117
[INFO] [stderr]    Compiling fs_extra v1.3.0
[INFO] [stderr]    Compiling dunce v1.0.5
[INFO] [stderr]    Compiling aws-lc-rs v1.16.3
[INFO] [stderr]    Compiling bitflags v2.11.1
[INFO] [stderr]    Compiling jobserver v0.1.34
[INFO] [stderr]    Compiling mio v1.2.0
[INFO] [stderr]    Compiling serde_core v1.0.228
[INFO] [stderr]    Compiling slab v0.4.12
[INFO] [stderr]    Compiling rustversion v1.0.22
[INFO] [stderr]    Compiling futures-io v0.3.32
[INFO] [stderr]    Compiling rustls v0.23.40
[INFO] [stderr]    Compiling alsa-sys v0.3.1
[INFO] [stderr]    Compiling tracing v0.1.44
[INFO] [stderr]    Compiling encoding_rs v0.8.35
[INFO] [stderr]    Compiling arrayvec v0.7.6
[INFO] [stderr]    Compiling signal-hook v0.3.18
[INFO] [stderr]    Compiling bytemuck v1.25.0
[INFO] [stderr]    Compiling rustix v0.38.44
[INFO] [stderr]    Compiling anstyle-parse v1.0.0
[INFO] [stderr]    Compiling cc v1.2.61
[INFO] [stderr]    Compiling form_urlencoded v1.2.2
[INFO] [stderr]    Compiling colorchoice v1.0.5
[INFO] [stderr]    Compiling anstyle v1.0.14
[INFO] [stderr]    Compiling symphonia-core v0.5.5
[INFO] [stderr]    Compiling openssl-probe v0.2.1
[INFO] [stderr]    Compiling serde_json v1.0.149
[INFO] [stderr]    Compiling instability v0.3.12
[INFO] [stderr]    Compiling linux-raw-sys v0.4.15
[INFO] [stderr]    Compiling cpal v0.15.3
[INFO] [stderr]    Compiling tinyvec v1.11.0
[INFO] [stderr]    Compiling alsa v0.9.1
[INFO] [stderr]    Compiling rustls-native-certs v0.8.3
[INFO] [stderr]    Compiling signal-hook-mio v0.2.5
[INFO] [stderr]    Compiling itertools v0.13.0
[INFO] [stderr]    Compiling ogg v0.8.0
[INFO] [stderr]    Compiling anyhow v1.0.102
[INFO] [stderr]    Compiling anstream v1.0.0
[INFO] [stderr]    Compiling unicode-width v0.1.14
[INFO] [stderr]    Compiling clap_lex v1.1.0
[INFO] [stderr]    Compiling dasp_sample v0.11.0
[INFO] [stderr]    Compiling indoc v2.0.7
[INFO] [stderr]    Compiling unicode-segmentation v1.13.2
[INFO] [stderr]    Compiling castaway v0.2.4
[INFO] [stderr]    Compiling dirs-sys v0.5.0
[INFO] [stderr]    Compiling lewton v0.10.2
[INFO] [stderr]    Compiling clap_builder v4.6.0
[INFO] [stderr]    Compiling compact_str v0.8.1
[INFO] [stderr]    Compiling lru v0.12.5
[INFO] [stderr]    Compiling hound v3.5.1
[INFO] [stderr]    Compiling cassowary v0.3.0
[INFO] [stderr]    Compiling symphonia-metadata v0.5.5
[INFO] [stderr]    Compiling r2mo-cli v0.1.0 (/opt/rustwide/workdir)
[INFO] [stderr]    Compiling claxon v0.4.3
[INFO] [stderr]    Compiling cmake v0.1.58
[INFO] [stderr]    Compiling symphonia-bundle-mp3 v0.5.5
[INFO] [stderr]    Compiling crossterm v0.28.1
[INFO] [stderr]    Compiling directories v6.0.0
[INFO] [stderr]    Compiling aws-lc-sys v0.40.0
[INFO] [stderr]    Compiling symphonia v0.5.5
[INFO] [stderr]    Compiling rodio v0.20.1
[INFO] [stderr]    Compiling unicode-truncate v1.1.0
[INFO] [stderr]    Compiling synstructure v0.13.2
[INFO] [stderr]    Compiling darling_core v0.23.0
[INFO] [stderr]    Compiling zerofrom-derive v0.1.7
[INFO] [stderr]    Compiling yoke-derive v0.8.2
[INFO] [stderr]    Compiling zerovec-derive v0.11.3
[INFO] [stderr]    Compiling displaydoc v0.2.5
[INFO] [stderr]    Compiling tokio-macros v2.7.0
[INFO] [stderr]    Compiling serde_derive v1.0.228
[INFO] [stderr]    Compiling futures-macro v0.3.32
[INFO] [stderr]    Compiling strum_macros v0.26.4
[INFO] [stderr]    Compiling clap_derive v4.6.1
[INFO] [stderr]    Compiling tokio v1.52.2
[INFO] [stderr]    Compiling zerofrom v0.1.7
[INFO] [stderr]    Compiling yoke v0.8.2
[INFO] [stderr]    Compiling futures-util v0.3.32
[INFO] [stderr]    Compiling zerovec v0.11.6
[INFO] [stderr]    Compiling zerotrie v0.2.4
[INFO] [stderr]    Compiling tinystr v0.8.3
[INFO] [stderr]    Compiling potential_utf v0.1.5
[INFO] [stderr]    Compiling icu_locale_core v2.2.0
[INFO] [stderr]    Compiling icu_collections v2.2.0
[INFO] [stderr]    Compiling clap v4.6.1
[INFO] [stderr]    Compiling strum v0.26.3
[INFO] [stderr]    Compiling darling_macro v0.23.0
[INFO] [stderr]    Compiling darling v0.23.0
[INFO] [stderr]    Compiling ratatui v0.29.0
[INFO] [stderr]    Compiling serde v1.0.228
[INFO] [stderr]    Compiling icu_provider v2.2.0
[INFO] [stderr]    Compiling icu_normalizer v2.2.0
[INFO] [stderr]    Compiling icu_properties v2.2.0
[INFO] [stderr]    Compiling toml_datetime v0.6.11
[INFO] [stderr]    Compiling serde_spanned v0.6.9
[INFO] [stderr]    Compiling toml_edit v0.22.27
[INFO] [stderr]    Compiling idna_adapter v1.2.2
[INFO] [stderr]    Compiling idna v1.1.0
[INFO] [stderr]    Compiling url v2.5.8
[INFO] [stderr]    Compiling toml v0.8.23
[INFO] [stderr]    Compiling tokio-util v0.7.18
[INFO] [stderr]    Compiling tower v0.5.3
[INFO] [stderr]    Compiling h2 v0.4.14
[INFO] [stderr]    Compiling tower-http v0.6.10
[INFO] [stderr]    Compiling rustls-webpki v0.103.13
[INFO] [stderr]    Compiling hyper v1.9.0
[INFO] [stderr]    Compiling hyper-util v0.1.20
[INFO] [stderr]    Compiling tokio-rustls v0.26.4
[INFO] [stderr]    Compiling rustls-platform-verifier v0.7.0
[INFO] [stderr]    Compiling hyper-rustls v0.27.9
[INFO] [stderr]    Compiling reqwest v0.13.3
[INFO] [stderr]     Finished `dev` profile [unoptimized + debuginfo] target(s) in 1m 27s
[INFO] running `Command { std: "docker" "inspect" "19ae8a69b5869e3faf2007a2a709fe70b098fb0efa90001a42ffa8063e400524", kill_on_drop: false }`
[INFO] running `Command { std: "docker" "exec" "-e" "SOURCE_DIR=/opt/rustwide/workdir" "-e" "CARGO_HOME=/opt/rustwide/cargo-home" "-e" "RUSTUP_HOME=/opt/rustwide/rustup-home" "-e" "CARGO_TARGET_DIR=/opt/rustwide/target" "-e" "CARGO_INCREMENTAL=0" "-e" "RUST_BACKTRACE=full" "-e" "RUSTFLAGS=--cap-lints=warn" "-e" "RUSTDOCFLAGS=--cap-lints=warn" "-w" "/opt/rustwide/workdir" "--user" "0:0" "19ae8a69b5869e3faf2007a2a709fe70b098fb0efa90001a42ffa8063e400524" "/opt/rustwide/cargo-home/bin/cargo" "+1.99.0-beta.8" "test" "--frozen" "--no-run" "--message-format=json", kill_on_drop: false }`
[INFO] [stderr]    Compiling regex-automata v0.4.14
[INFO] [stderr]    Compiling getrandom v0.4.2
[INFO] [stderr]    Compiling predicates-core v1.0.10
[INFO] [stderr]    Compiling float-cmp v0.10.0
[INFO] [stderr]    Compiling normalize-line-endings v0.3.0
[INFO] [stderr]    Compiling difflib v0.4.0
[INFO] [stderr]    Compiling assert_cmd v2.2.1
[INFO] [stderr]    Compiling termtree v0.5.1
[INFO] [stderr]    Compiling wait-timeout v0.2.1
[INFO] [stderr]    Compiling fastrand v2.4.1
[INFO] [stderr]    Compiling rustix v1.1.4
[INFO] [stderr]    Compiling predicates-tree v1.0.13
[INFO] [stderr]    Compiling tempfile v3.27.0
[INFO] [stderr]    Compiling regex v1.12.3
[INFO] [stderr]    Compiling bstr v1.12.1
[INFO] [stderr]    Compiling predicates v3.1.4
[INFO] [stderr]    Compiling r2mo-cli v0.1.0 (/opt/rustwide/workdir)
[INFO] [stderr] error: could not compile `r2mo-cli` (test "runtime_contract")
[INFO] [stderr] 
[INFO] [stderr] Caused by:
[INFO] [stderr]   process didn't exit successfully: `/opt/rustwide/rustup-home/toolchains/1.99.0-beta.8-x86_64-unknown-linux-gnu/bin/rustc --crate-name runtime_contract --edition=2024 tests/runtime_contract.rs --error-format=json --json=diagnostic-rendered-ansi,artifacts,future-incompat --emit=dep-info,link -C embed-bitcode=no -C debuginfo=2 --deny=warnings --test --check-cfg 'cfg(docsrs,test)' --check-cfg 'cfg(feature, values())' -C metadata=4153395487b4f105 -C extra-filename=-70ac8ab3354b1ee5 --out-dir /opt/rustwide/target/debug/deps -L dependency=/opt/rustwide/target/debug/deps --extern anyhow=/opt/rustwide/target/debug/deps/libanyhow-9e4c44ac98d8e4ea.rlib --extern assert_cmd=/opt/rustwide/target/debug/deps/libassert_cmd-e7d5878eff5195ea.rlib --extern clap=/opt/rustwide/target/debug/deps/libclap-2c86431f256f7e26.rlib --extern crossterm=/opt/rustwide/target/debug/deps/libcrossterm-b721fd7b5ac0ffa5.rlib --extern directories=/opt/rustwide/target/debug/deps/libdirectories-493ae47f347a1e7a.rlib --extern futures_util=/opt/rustwide/target/debug/deps/libfutures_util-8df28a0c5d42f65f.rlib --extern predicates=/opt/rustwide/target/debug/deps/libpredicates-7b07147c22aebd74.rlib --extern r2mo_cli=/opt/rustwide/target/debug/deps/libr2mo_cli-b569521a1731fe46.rlib --extern ratatui=/opt/rustwide/target/debug/deps/libratatui-325157f594b3139f.rlib --extern reqwest=/opt/rustwide/target/debug/deps/libreqwest-7642650e6278a3ca.rlib --extern rodio=/opt/rustwide/target/debug/deps/librodio-9dbc4954bb59a60a.rlib --extern serde=/opt/rustwide/target/debug/deps/libserde-412dbd78e31c62e4.rlib --extern serde_json=/opt/rustwide/target/debug/deps/libserde_json-508bd9f2e6d37d72.rlib --extern tempfile=/opt/rustwide/target/debug/deps/libtempfile-50ad8fd3a6f486c7.rlib --extern tokio=/opt/rustwide/target/debug/deps/libtokio-f4f767f34b110cc2.rlib --extern toml=/opt/rustwide/target/debug/deps/libtoml-84520a2aa7b464e0.rlib --cap-lints=warn -L native=/opt/rustwide/target/debug/build/aws-lc-sys-7e5edd11d2cfc1da/out -L native=/usr/lib/x86_64-linux-gnu` (signal: 9, SIGKILL: kill)
[INFO] [stderr] warning: build failed, waiting for other jobs to finish...
[INFO] [stderr] error: could not compile `r2mo-cli` (lib test)
[INFO] [stderr] 
[INFO] [stderr] Caused by:
[INFO] [stderr]   process didn't exit successfully: `/opt/rustwide/rustup-home/toolchains/1.99.0-beta.8-x86_64-unknown-linux-gnu/bin/rustc --crate-name r2mo_cli --edition=2024 src/lib.rs --error-format=json --json=diagnostic-rendered-ansi,artifacts,future-incompat --emit=dep-info,link -C embed-bitcode=no -C debuginfo=2 --deny=warnings --test --check-cfg 'cfg(docsrs,test)' --check-cfg 'cfg(feature, values())' -C metadata=f32331d0b1bbcfb8 -C extra-filename=-30b2265356353cae --out-dir /opt/rustwide/target/debug/deps -L dependency=/opt/rustwide/target/debug/deps --extern anyhow=/opt/rustwide/target/debug/deps/libanyhow-9e4c44ac98d8e4ea.rlib --extern assert_cmd=/opt/rustwide/target/debug/deps/libassert_cmd-e7d5878eff5195ea.rlib --extern clap=/opt/rustwide/target/debug/deps/libclap-2c86431f256f7e26.rlib --extern crossterm=/opt/rustwide/target/debug/deps/libcrossterm-b721fd7b5ac0ffa5.rlib --extern directories=/opt/rustwide/target/debug/deps/libdirectories-493ae47f347a1e7a.rlib --extern futures_util=/opt/rustwide/target/debug/deps/libfutures_util-8df28a0c5d42f65f.rlib --extern predicates=/opt/rustwide/target/debug/deps/libpredicates-7b07147c22aebd74.rlib --extern ratatui=/opt/rustwide/target/debug/deps/libratatui-325157f594b3139f.rlib --extern reqwest=/opt/rustwide/target/debug/deps/libreqwest-7642650e6278a3ca.rlib --extern rodio=/opt/rustwide/target/debug/deps/librodio-9dbc4954bb59a60a.rlib --extern serde=/opt/rustwide/target/debug/deps/libserde-412dbd78e31c62e4.rlib --extern serde_json=/opt/rustwide/target/debug/deps/libserde_json-508bd9f2e6d37d72.rlib --extern tempfile=/opt/rustwide/target/debug/deps/libtempfile-50ad8fd3a6f486c7.rlib --extern tokio=/opt/rustwide/target/debug/deps/libtokio-f4f767f34b110cc2.rlib --extern toml=/opt/rustwide/target/debug/deps/libtoml-84520a2aa7b464e0.rlib --cap-lints=warn -L native=/opt/rustwide/target/debug/build/aws-lc-sys-7e5edd11d2cfc1da/out -L native=/usr/lib/x86_64-linux-gnu` (signal: 9, SIGKILL: kill)
[INFO] [stdout] error: linking with `cc` failed: exit status: 1
[INFO] [stdout]   |
[INFO] [stdout]   = note:  "cc" "-m64" "/opt/rustwide/target/debug/deps/rustcIaEBpw/symbols.o" "<2 object files omitted>" "-Wl,--as-needed" "-Wl,-Bstatic" "<sysroot>/lib/rustlib/x86_64-unknown-linux-gnu/lib/{libtest-*,libgetopts-*,librustc_std_workspace_std-*}.rlib" "/opt/rustwide/target/debug/deps/{libr2mo_cli-b569521a1731fe46,libtoml-84520a2aa7b464e0,libtoml_edit-650bceb7624721f0,libserde_spanned-21c949bf27cb0466,libwinnow-88e6acd6e2987984,libtoml_write-2c704ffd35684d73,libtoml_datetime-cb17e1031fa76924,libanyhow-9e4c44ac98d8e4ea,librodio-9dbc4954bb59a60a,libhound-4c2f21de2a9e2699,liblewton-820e6f930f1f25c5,libogg-383b3a2d634c3cbd,libtinyvec-aaac35e3e185f648,libtinyvec_macros-7b77ea21c73594ca,libbyteorder-8f59b6d1bfdaa844,libclaxon-7fa23d337524c41e,libsymphonia-0809dfc882455d6a,libsymphonia_metadata-5c9e6e3c71f4b680,libsymphonia_bundle_mp3-bd7caea82c2d8036,libsymphonia_core-aa08dc0b84408895,libbytemuck-6bf6ebae036d989e,liblazy_static-3674be3f4245d19b,libbitflags-dde12b0d7d495b50,libarrayvec-09741c597eeba17a,libcpal-1dcf7206402197ab,libdasp_sample-36a8a9956058a9f1,libalsa-54143ce8da380b5e,libalsa_sys-3c7462d7eb0ea83a,libreqwest-7642650e6278a3ca,librustls_platform_verifier-8268b0872f7bdd0b,librustls_native_certs-3469d38d03512d26,libopenssl_probe-6b1b371432012237,libhyper_rustls-4074a3fb522926e9,libtokio_rustls-75e1419f0da6ce74,librustls-9edf4f1ed6542cb7,libsubtle-2ae6a7038b9a0630,libwebpki-1bc697020fc2bfcb,libuntrusted-b2f816886faf2178,libaws_lc_rs-bb9a3c186b4d1dde,libaws_lc_sys-451f66b99c1d0ce0,librustls_pki_types-fc5637970849fdde,libzeroize-7f213bea776ca5b6,libmime-0188e0814ca7ddbf,libencoding_rs-c7a67ac351c2b19f,libserde_json-508bd9f2e6d37d72,libzmij-ef63f1da73704b4c,libtower_http-34616d6af56d3662,libtower-093cba7f18653fec,libtower_layer-d908dd771b239ecd,libhyper_util-3eab8ed47e0b5615,libbase64-32787b0325ea6df8,libipnet-61ca7a5e1c2863d4,libtower_service-3fb88d28c2218805,libhyper-0ca8a0e03834ed30,libwant-7a6260b9c50f1479,libtry_lock-8fa2f6971035be84,libhttparse-8c9b827b8f345444,libh2-ff594df07545377d,libtracing-8891879938231fdd,libtracing_core-89b602bc4a7d7f8a,libonce_cell-b5bdc597ed9676b3,libindexmap-0d7f2c48190e6f4d,libhashbrown-6b92ca17a46d4c7a,libfnv-79e2cbfbe03dcd16,libatomic_waker-06950c8c08d2b8fa,libfutures_channel-04b287164a72dbf0,libtokio_util-00d55c5865f838d2,libtokio-f4f767f34b110cc2,libsocket2-2367bcf2eb96355a,libhttp_body_util-ed5fbd1db1f6d6fc,libhttp_body-8d8f9f8398f09fa7,liburl-d77f411b22997cee,libidna-9147f4b5856d789e,libidna_adapter-a0af1fc268df43fd,libicu_properties-6a80e67661c41e8d,libicu_properties_data-e6cf238fc98dd59d,libicu_normalizer-a92f88dd20f5197f,libicu_normalizer_data-8fea05bee0bb4e49,libicu_collections-9849e80410dfafac,libutf8_iter-51566bbad89f3a68,libpotential_utf-c0293a416efd5b27,libicu_provider-8ef29cbc7a3d2573,libicu_locale_core-5534f7cf2ac2feba,libtinystr-c7fc0addfd097f49,liblitemap-dc288f07f8f61193,libwriteable-48b3e52227924bb5,libzerovec-2624e1bf7e52431a,libzerotrie-e772584d04807b3c,libyoke-8a0aa14ef0609d1e,libstable_deref_trait-63cbf3f3d3f94e56,libzerofrom-cb10e0e02095e806,libform_urlencoded-98cc7da289c29f13,libpercent_encoding-fa055ecaa1e57cfa,libhttp-563f2cb150350555,libbytes-2ed9460101f17bbf,libsync_wrapper-6bdfbc29c4269203,libfutures_util-8df28a0c5d42f65f,libmemchr-5cfa70d22cb32987,libfutures_io-a8805bd12b2ab705,libslab-0582d648e59ab406,libpin_project_lite-0a15d51c77964692,libfutures_sink-3971bde37bb30e19,libfutures_task-36f327cfab86eddc,libfutures_core-1121ff913ed87f93,libserde-412dbd78e31c62e4,libserde_core-2c928ee17a7447a4,libdirectories-493ae47f347a1e7a,libdirs_sys-d0ee1dc98e79db51,liboption_ext-61303ef911796993,libratatui-325157f594b3139f,libunicode_truncate-ea7f35c3c139a462,libunicode_width-b1bc0d6c10c00ecc,liblru-3af40d5519ef5719,libhashbrown-621f4a290160b487,libfoldhash-07f233db1c671507,libequivalent-6a754676e6af62ae,liballocator_api2-8d9c1e895dea53bd,libitertools-45fb07187528ca00,libeither-e5ea87bd27ac73a9,libcassowary-12d00e585f48d567,libcompact_str-ecdd618219a23490,libryu-1f4f40e4352371e5,libitoa-5de11b3b23bfe572,libstatic_assertions-f0217ecdd817a834,libcastaway-e04a9b7886ef0139,libunicode_segmentation-63c0e35c356241ee,libunicode_width-0122813f2549e4e9,libstrum-545772345df0e26e,libcrossterm-b721fd7b5ac0ffa5,librustix-973bd38fbeab9bcc,liblinux_raw_sys-e0d87a58652c2b0b,libbitflags-db7b9c0337a7ee76,libparking_lot-080783593a730975,libparking_lot_core-bccd0786fb787739,libcfg_if-83060ec5685761ae,libsmallvec-bc3128fdd57228fc,liblock_api-16d46fed645f7bff,libscopeguard-7ec2214574194454,libsignal_hook_mio-70abaa1876baf579,libsignal_hook-6d1b0e54439e07df,libsignal_hook_registry-97fb91977beb15cc,liberrno-40a43d7c8a9b8122,libmio-755c4a8c7ad19644,liblibc-612664c2206eec43,liblog-f16ce4b64309590f,libclap-2c86431f256f7e26,libclap_builder-33897930e618d2bd,libstrsim-4d1ed08a123238dc,libanstream-14b271bd294f0187,libanstyle_query-635080b1d6343734,libis_terminal_polyfill-3ca4268cb2568267,libcolorchoice-33c0bd1745dd5ace,libanstyle_parse-88399b635fc44f8e,libutf8parse-92d0158219063202,libclap_lex-2acbcd0288e51058,libanstyle-9beaeb754742faae}.rlib" "<sysroot>/lib/rustlib/x86_64-unknown-linux-gnu/lib/{libstd-*,libpanic_unwind-*,libobject-*,libmemchr-*,libaddr2line-*,libgimli-*,libcfg_if-*,librustc_demangle-*,libstd_detect-*,libhashbrown-*,librustc_std_workspace_alloc-*,libminiz_oxide-*,libadler2-*,libunwind-*,liblibc-*,librustc_std_workspace_core-*,liballoc-*,libcore-*,libcompiler_builtins-*}.rlib" "-Wl,-Bdynamic" "-lasound" "-lgcc_s" "-lutil" "-lrt" "-lpthread" "-lm" "-ldl" "-lc" "-L" "/opt/rustwide/target/debug/deps/rustcIaEBpw/raw-dylibs" "-B<sysroot>/lib/rustlib/x86_64-unknown-linux-gnu/bin/gcc-ld" "-fuse-ld=lld" "-Wl,--eh-frame-hdr" "-Wl,-z,noexecstack" "-L" "/opt/rustwide/target/debug/build/aws-lc-sys-7e5edd11d2cfc1da/out" "-L" "/usr/lib/x86_64-linux-gnu" "-L" "<sysroot>/lib/rustlib/x86_64-unknown-linux-gnu/lib" "-o" "/opt/rustwide/target/debug/deps/policy_contract-6206de8b51ae23fa" "-Wl,--gc-sections" "-pie" "-Wl,-z,relro,-z,now" "-nodefaultlibs"
[INFO] [stdout]   = note: some arguments are omitted. use `--verbose` to show all linker arguments
[INFO] [stdout]   = note: collect2: fatal error: ld terminated with signal 9 [Killed]
[INFO] [stdout]           compilation terminated.
[INFO] [stdout]           
[INFO] [stdout] 
[INFO] [stdout] 
[INFO] [stdout] error: linking with `cc` failed: exit status: 1
[INFO] [stdout]   |
[INFO] [stdout]   = note:  "cc" "-m64" "/opt/rustwide/target/debug/deps/rustcLLAWNn/symbols.o" "<2 object files omitted>" "-Wl,--as-needed" "-Wl,-Bstatic" "<sysroot>/lib/rustlib/x86_64-unknown-linux-gnu/lib/{libtest-*,libgetopts-*,librustc_std_workspace_std-*}.rlib" "/opt/rustwide/target/debug/deps/{libr2mo_cli-b569521a1731fe46,libtoml-84520a2aa7b464e0,libtoml_edit-650bceb7624721f0,libserde_spanned-21c949bf27cb0466,libwinnow-88e6acd6e2987984,libtoml_write-2c704ffd35684d73,libtoml_datetime-cb17e1031fa76924,libanyhow-9e4c44ac98d8e4ea,librodio-9dbc4954bb59a60a,libhound-4c2f21de2a9e2699,liblewton-820e6f930f1f25c5,libogg-383b3a2d634c3cbd,libtinyvec-aaac35e3e185f648,libtinyvec_macros-7b77ea21c73594ca,libbyteorder-8f59b6d1bfdaa844,libclaxon-7fa23d337524c41e,libsymphonia-0809dfc882455d6a,libsymphonia_metadata-5c9e6e3c71f4b680,libsymphonia_bundle_mp3-bd7caea82c2d8036,libsymphonia_core-aa08dc0b84408895,libbytemuck-6bf6ebae036d989e,liblazy_static-3674be3f4245d19b,libbitflags-dde12b0d7d495b50,libarrayvec-09741c597eeba17a,libcpal-1dcf7206402197ab,libdasp_sample-36a8a9956058a9f1,libalsa-54143ce8da380b5e,libalsa_sys-3c7462d7eb0ea83a,libreqwest-7642650e6278a3ca,librustls_platform_verifier-8268b0872f7bdd0b,librustls_native_certs-3469d38d03512d26,libopenssl_probe-6b1b371432012237,libhyper_rustls-4074a3fb522926e9,libtokio_rustls-75e1419f0da6ce74,librustls-9edf4f1ed6542cb7,libsubtle-2ae6a7038b9a0630,libwebpki-1bc697020fc2bfcb,libuntrusted-b2f816886faf2178,libaws_lc_rs-bb9a3c186b4d1dde,libaws_lc_sys-451f66b99c1d0ce0,librustls_pki_types-fc5637970849fdde,libzeroize-7f213bea776ca5b6,libmime-0188e0814ca7ddbf,libencoding_rs-c7a67ac351c2b19f,libserde_json-508bd9f2e6d37d72,libzmij-ef63f1da73704b4c,libtower_http-34616d6af56d3662,libtower-093cba7f18653fec,libtower_layer-d908dd771b239ecd,libhyper_util-3eab8ed47e0b5615,libbase64-32787b0325ea6df8,libipnet-61ca7a5e1c2863d4,libtower_service-3fb88d28c2218805,libhyper-0ca8a0e03834ed30,libwant-7a6260b9c50f1479,libtry_lock-8fa2f6971035be84,libhttparse-8c9b827b8f345444,libh2-ff594df07545377d,libtracing-8891879938231fdd,libtracing_core-89b602bc4a7d7f8a,libonce_cell-b5bdc597ed9676b3,libindexmap-0d7f2c48190e6f4d,libhashbrown-6b92ca17a46d4c7a,libfnv-79e2cbfbe03dcd16,libatomic_waker-06950c8c08d2b8fa,libfutures_channel-04b287164a72dbf0,libtokio_util-00d55c5865f838d2,libtokio-f4f767f34b110cc2,libsocket2-2367bcf2eb96355a,libhttp_body_util-ed5fbd1db1f6d6fc,libhttp_body-8d8f9f8398f09fa7,liburl-d77f411b22997cee,libidna-9147f4b5856d789e,libidna_adapter-a0af1fc268df43fd,libicu_properties-6a80e67661c41e8d,libicu_properties_data-e6cf238fc98dd59d,libicu_normalizer-a92f88dd20f5197f,libicu_normalizer_data-8fea05bee0bb4e49,libicu_collections-9849e80410dfafac,libutf8_iter-51566bbad89f3a68,libpotential_utf-c0293a416efd5b27,libicu_provider-8ef29cbc7a3d2573,libicu_locale_core-5534f7cf2ac2feba,libtinystr-c7fc0addfd097f49,liblitemap-dc288f07f8f61193,libwriteable-48b3e52227924bb5,libzerovec-2624e1bf7e52431a,libzerotrie-e772584d04807b3c,libyoke-8a0aa14ef0609d1e,libstable_deref_trait-63cbf3f3d3f94e56,libzerofrom-cb10e0e02095e806,libform_urlencoded-98cc7da289c29f13,libpercent_encoding-fa055ecaa1e57cfa,libhttp-563f2cb150350555,libbytes-2ed9460101f17bbf,libsync_wrapper-6bdfbc29c4269203,libfutures_util-8df28a0c5d42f65f,libmemchr-5cfa70d22cb32987,libfutures_io-a8805bd12b2ab705,libslab-0582d648e59ab406,libpin_project_lite-0a15d51c77964692,libfutures_sink-3971bde37bb30e19,libfutures_task-36f327cfab86eddc,libfutures_core-1121ff913ed87f93,libserde-412dbd78e31c62e4,libserde_core-2c928ee17a7447a4,libdirectories-493ae47f347a1e7a,libdirs_sys-d0ee1dc98e79db51,liboption_ext-61303ef911796993,libratatui-325157f594b3139f,libunicode_truncate-ea7f35c3c139a462,libunicode_width-b1bc0d6c10c00ecc,liblru-3af40d5519ef5719,libhashbrown-621f4a290160b487,libfoldhash-07f233db1c671507,libequivalent-6a754676e6af62ae,liballocator_api2-8d9c1e895dea53bd,libitertools-45fb07187528ca00,libeither-e5ea87bd27ac73a9,libcassowary-12d00e585f48d567,libcompact_str-ecdd618219a23490,libryu-1f4f40e4352371e5,libitoa-5de11b3b23bfe572,libstatic_assertions-f0217ecdd817a834,libcastaway-e04a9b7886ef0139,libunicode_segmentation-63c0e35c356241ee,libunicode_width-0122813f2549e4e9,libstrum-545772345df0e26e,libcrossterm-b721fd7b5ac0ffa5,librustix-973bd38fbeab9bcc,liblinux_raw_sys-e0d87a58652c2b0b,libbitflags-db7b9c0337a7ee76,libparking_lot-080783593a730975,libparking_lot_core-bccd0786fb787739,libcfg_if-83060ec5685761ae,libsmallvec-bc3128fdd57228fc,liblock_api-16d46fed645f7bff,libscopeguard-7ec2214574194454,libsignal_hook_mio-70abaa1876baf579,libsignal_hook-6d1b0e54439e07df,libsignal_hook_registry-97fb91977beb15cc,liberrno-40a43d7c8a9b8122,libmio-755c4a8c7ad19644,liblibc-612664c2206eec43,liblog-f16ce4b64309590f,libclap-2c86431f256f7e26,libclap_builder-33897930e618d2bd,libstrsim-4d1ed08a123238dc,libanstream-14b271bd294f0187,libanstyle_query-635080b1d6343734,libis_terminal_polyfill-3ca4268cb2568267,libcolorchoice-33c0bd1745dd5ace,libanstyle_parse-88399b635fc44f8e,libutf8parse-92d0158219063202,libclap_lex-2acbcd0288e51058,libanstyle-9beaeb754742faae}.rlib" "<sysroot>/lib/rustlib/x86_64-unknown-linux-gnu/lib/{libstd-*,libpanic_unwind-*,libobject-*,libmemchr-*,libaddr2line-*,libgimli-*,libcfg_if-*,librustc_demangle-*,libstd_detect-*,libhashbrown-*,librustc_std_workspace_alloc-*,libminiz_oxide-*,libadler2-*,libunwind-*,liblibc-*,librustc_std_workspace_core-*,liballoc-*,libcore-*,libcompiler_builtins-*}.rlib" "-Wl,-Bdynamic" "-lasound" "-lgcc_s" "-lutil" "-lrt" "-lpthread" "-lm" "-ldl" "-lc" "-L" "/opt/rustwide/target/debug/deps/rustcLLAWNn/raw-dylibs" "-B<sysroot>/lib/rustlib/x86_64-unknown-linux-gnu/bin/gcc-ld" "-fuse-ld=lld" "-Wl,--eh-frame-hdr" "-Wl,-z,noexecstack" "-L" "/opt/rustwide/target/debug/build/aws-lc-sys-7e5edd11d2cfc1da/out" "-L" "/usr/lib/x86_64-linux-gnu" "-L" "<sysroot>/lib/rustlib/x86_64-unknown-linux-gnu/lib" "-o" "/opt/rustwide/target/debug/deps/sandbox_contract-a88a1060f3803e77" "-Wl,--gc-sections" "-pie" "-Wl,-z,relro,-z,now" "-nodefaultlibs"
[INFO] [stdout]   = note: some arguments are omitted. use `--verbose` to show all linker arguments
[INFO] [stdout]   = note: collect2: fatal error: ld terminated with signal 9 [Killed]
[INFO] [stdout]           compilation terminated.
[INFO] [stdout]           
[INFO] [stdout] 
[INFO] [stdout] 
[INFO] [stderr] error: could not compile `r2mo-cli` (test "sandbox_contract") due to 1 previous error
[INFO] [stderr] error: could not compile `r2mo-cli` (test "policy_contract") due to 1 previous error
[INFO] [stdout] error: linking with `cc` failed: exit status: 1
[INFO] [stdout]   |
[INFO] [stdout]   = note:  "cc" "-m64" "/opt/rustwide/target/debug/deps/rustcgIJvGd/symbols.o" "<2 object files omitted>" "-Wl,--as-needed" "-Wl,-Bstatic" "<sysroot>/lib/rustlib/x86_64-unknown-linux-gnu/lib/{libtest-*,libgetopts-*,librustc_std_workspace_std-*}.rlib" "/opt/rustwide/target/debug/deps/{libr2mo_cli-b569521a1731fe46,libtoml-84520a2aa7b464e0,libtoml_edit-650bceb7624721f0,libserde_spanned-21c949bf27cb0466,libwinnow-88e6acd6e2987984,libtoml_write-2c704ffd35684d73,libtoml_datetime-cb17e1031fa76924,libanyhow-9e4c44ac98d8e4ea,librodio-9dbc4954bb59a60a,libhound-4c2f21de2a9e2699,liblewton-820e6f930f1f25c5,libogg-383b3a2d634c3cbd,libtinyvec-aaac35e3e185f648,libtinyvec_macros-7b77ea21c73594ca,libbyteorder-8f59b6d1bfdaa844,libclaxon-7fa23d337524c41e,libsymphonia-0809dfc882455d6a,libsymphonia_metadata-5c9e6e3c71f4b680,libsymphonia_bundle_mp3-bd7caea82c2d8036,libsymphonia_core-aa08dc0b84408895,libbytemuck-6bf6ebae036d989e,liblazy_static-3674be3f4245d19b,libbitflags-dde12b0d7d495b50,libarrayvec-09741c597eeba17a,libcpal-1dcf7206402197ab,libdasp_sample-36a8a9956058a9f1,libalsa-54143ce8da380b5e,libalsa_sys-3c7462d7eb0ea83a,libreqwest-7642650e6278a3ca,librustls_platform_verifier-8268b0872f7bdd0b,librustls_native_certs-3469d38d03512d26,libopenssl_probe-6b1b371432012237,libhyper_rustls-4074a3fb522926e9,libtokio_rustls-75e1419f0da6ce74,librustls-9edf4f1ed6542cb7,libsubtle-2ae6a7038b9a0630,libwebpki-1bc697020fc2bfcb,libuntrusted-b2f816886faf2178,libaws_lc_rs-bb9a3c186b4d1dde,libaws_lc_sys-451f66b99c1d0ce0,librustls_pki_types-fc5637970849fdde,libzeroize-7f213bea776ca5b6,libmime-0188e0814ca7ddbf,libencoding_rs-c7a67ac351c2b19f,libserde_json-508bd9f2e6d37d72,libzmij-ef63f1da73704b4c,libtower_http-34616d6af56d3662,libtower-093cba7f18653fec,libtower_layer-d908dd771b239ecd,libhyper_util-3eab8ed47e0b5615,libbase64-32787b0325ea6df8,libipnet-61ca7a5e1c2863d4,libtower_service-3fb88d28c2218805,libhyper-0ca8a0e03834ed30,libwant-7a6260b9c50f1479,libtry_lock-8fa2f6971035be84,libhttparse-8c9b827b8f345444,libh2-ff594df07545377d,libtracing-8891879938231fdd,libtracing_core-89b602bc4a7d7f8a,libonce_cell-b5bdc597ed9676b3,libindexmap-0d7f2c48190e6f4d,libhashbrown-6b92ca17a46d4c7a,libfnv-79e2cbfbe03dcd16,libatomic_waker-06950c8c08d2b8fa,libfutures_channel-04b287164a72dbf0,libtokio_util-00d55c5865f838d2,libtokio-f4f767f34b110cc2,libsocket2-2367bcf2eb96355a,libhttp_body_util-ed5fbd1db1f6d6fc,libhttp_body-8d8f9f8398f09fa7,liburl-d77f411b22997cee,libidna-9147f4b5856d789e,libidna_adapter-a0af1fc268df43fd,libicu_properties-6a80e67661c41e8d,libicu_properties_data-e6cf238fc98dd59d,libicu_normalizer-a92f88dd20f5197f,libicu_normalizer_data-8fea05bee0bb4e49,libicu_collections-9849e80410dfafac,libutf8_iter-51566bbad89f3a68,libpotential_utf-c0293a416efd5b27,libicu_provider-8ef29cbc7a3d2573,libicu_locale_core-5534f7cf2ac2feba,libtinystr-c7fc0addfd097f49,liblitemap-dc288f07f8f61193,libwriteable-48b3e52227924bb5,libzerovec-2624e1bf7e52431a,libzerotrie-e772584d04807b3c,libyoke-8a0aa14ef0609d1e,libstable_deref_trait-63cbf3f3d3f94e56,libzerofrom-cb10e0e02095e806,libform_urlencoded-98cc7da289c29f13,libpercent_encoding-fa055ecaa1e57cfa,libhttp-563f2cb150350555,libbytes-2ed9460101f17bbf,libsync_wrapper-6bdfbc29c4269203,libfutures_util-8df28a0c5d42f65f,libmemchr-5cfa70d22cb32987,libfutures_io-a8805bd12b2ab705,libslab-0582d648e59ab406,libpin_project_lite-0a15d51c77964692,libfutures_sink-3971bde37bb30e19,libfutures_task-36f327cfab86eddc,libfutures_core-1121ff913ed87f93,libserde-412dbd78e31c62e4,libserde_core-2c928ee17a7447a4,libdirectories-493ae47f347a1e7a,libdirs_sys-d0ee1dc98e79db51,liboption_ext-61303ef911796993,libratatui-325157f594b3139f,libunicode_truncate-ea7f35c3c139a462,libunicode_width-b1bc0d6c10c00ecc,liblru-3af40d5519ef5719,libhashbrown-621f4a290160b487,libfoldhash-07f233db1c671507,libequivalent-6a754676e6af62ae,liballocator_api2-8d9c1e895dea53bd,libitertools-45fb07187528ca00,libeither-e5ea87bd27ac73a9,libcassowary-12d00e585f48d567,libcompact_str-ecdd618219a23490,libryu-1f4f40e4352371e5,libitoa-5de11b3b23bfe572,libstatic_assertions-f0217ecdd817a834,libcastaway-e04a9b7886ef0139,libunicode_segmentation-63c0e35c356241ee,libunicode_width-0122813f2549e4e9,libstrum-545772345df0e26e,libcrossterm-b721fd7b5ac0ffa5,librustix-973bd38fbeab9bcc,liblinux_raw_sys-e0d87a58652c2b0b,libbitflags-db7b9c0337a7ee76,libparking_lot-080783593a730975,libparking_lot_core-bccd0786fb787739,libcfg_if-83060ec5685761ae,libsmallvec-bc3128fdd57228fc,liblock_api-16d46fed645f7bff,libscopeguard-7ec2214574194454,libsignal_hook_mio-70abaa1876baf579,libsignal_hook-6d1b0e54439e07df,libsignal_hook_registry-97fb91977beb15cc,liberrno-40a43d7c8a9b8122,libmio-755c4a8c7ad19644,liblibc-612664c2206eec43,liblog-f16ce4b64309590f,libclap-2c86431f256f7e26,libclap_builder-33897930e618d2bd,libstrsim-4d1ed08a123238dc,libanstream-14b271bd294f0187,libanstyle_query-635080b1d6343734,libis_terminal_polyfill-3ca4268cb2568267,libcolorchoice-33c0bd1745dd5ace,libanstyle_parse-88399b635fc44f8e,libutf8parse-92d0158219063202,libclap_lex-2acbcd0288e51058,libanstyle-9beaeb754742faae}.rlib" "<sysroot>/lib/rustlib/x86_64-unknown-linux-gnu/lib/{libstd-*,libpanic_unwind-*,libobject-*,libmemchr-*,libaddr2line-*,libgimli-*,libcfg_if-*,librustc_demangle-*,libstd_detect-*,libhashbrown-*,librustc_std_workspace_alloc-*,libminiz_oxide-*,libadler2-*,libunwind-*,liblibc-*,librustc_std_workspace_core-*,liballoc-*,libcore-*,libcompiler_builtins-*}.rlib" "-Wl,-Bdynamic" "-lasound" "-lgcc_s" "-lutil" "-lrt" "-lpthread" "-lm" "-ldl" "-lc" "-L" "/opt/rustwide/target/debug/deps/rustcgIJvGd/raw-dylibs" "-B<sysroot>/lib/rustlib/x86_64-unknown-linux-gnu/bin/gcc-ld" "-fuse-ld=lld" "-Wl,--eh-frame-hdr" "-Wl,-z,noexecstack" "-L" "/opt/rustwide/target/debug/build/aws-lc-sys-7e5edd11d2cfc1da/out" "-L" "/usr/lib/x86_64-linux-gnu" "-L" "<sysroot>/lib/rustlib/x86_64-unknown-linux-gnu/lib" "-o" "/opt/rustwide/target/debug/deps/patch_contract-1fdbd51c9aabf3df" "-Wl,--gc-sections" "-pie" "-Wl,-z,relro,-z,now" "-nodefaultlibs"
[INFO] [stdout]   = note: some arguments are omitted. use `--verbose` to show all linker arguments
[INFO] [stdout]   = note: collect2: fatal error: ld terminated with signal 9 [Killed]
[INFO] [stdout]           compilation terminated.
[INFO] [stdout]           
[INFO] [stdout] 
[INFO] [stdout] 
[INFO] [stderr] error: could not compile `r2mo-cli` (test "patch_contract") due to 1 previous error
[INFO] running `Command { std: "docker" "inspect" "19ae8a69b5869e3faf2007a2a709fe70b098fb0efa90001a42ffa8063e400524", kill_on_drop: false }`
[INFO] running `Command { std: "docker" "rm" "-f" "19ae8a69b5869e3faf2007a2a709fe70b098fb0efa90001a42ffa8063e400524", kill_on_drop: false }`
[INFO] [stdout] 19ae8a69b5869e3faf2007a2a709fe70b098fb0efa90001a42ffa8063e400524
