[INFO] fetching crate quvyta-framework-showcase 0.1.31...
[INFO] testing quvyta-framework-showcase-0.1.31 against 1.100.0-beta.1 for beta-1.100-2
[INFO] extracting crate quvyta-framework-showcase 0.1.31 into /workspace/builds/worker-1-tc2/source
[INFO] started tweaking crates.io crate quvyta-framework-showcase 0.1.31
[INFO] finished tweaking crates.io crate quvyta-framework-showcase 0.1.31
[INFO] tweaked toml for crates.io crate quvyta-framework-showcase 0.1.31 written to /workspace/builds/worker-1-tc2/source/Cargo.toml
[INFO] validating manifest of crates.io crate quvyta-framework-showcase 0.1.31 on toolchain 1.100.0-beta.1
[INFO] running `Command { std: CARGO_HOME="/workspace/cargo-home" RUSTUP_HOME="/workspace/rustup-home" "/workspace/cargo-home/bin/cargo" "+1.100.0-beta.1" "metadata" "--manifest-path" "Cargo.toml" "--no-deps", kill_on_drop: false }`
[INFO] crate crates.io crate quvyta-framework-showcase 0.1.31 already has a lockfile, it will not be regenerated
[INFO] running `Command { std: CARGO_HOME="/workspace/cargo-home" RUSTUP_HOME="/workspace/rustup-home" "/workspace/cargo-home/bin/cargo" "+1.100.0-beta.1" "fetch" "--manifest-path" "Cargo.toml", kill_on_drop: false }`
[INFO] running `Command { std: "docker" "create" "-v" "/var/lib/crater-agent-workspace/builds/worker-1-tc2/source:/opt/rustwide/workdir:ro,Z" "-v" "/var/lib/crater-agent-workspace/builds/worker-1-tc2/target:/opt/rustwide/target:rw,Z" "-v" "/var/lib/crater-agent-workspace/cargo-home:/opt/rustwide/cargo-home:ro,Z" "-v" "/var/lib/crater-agent-workspace/rustup-home:/opt/rustwide/rustup-home:ro,Z" "-m" "1610612736" "--network" "none" "ghcr.io/rust-lang/crates-build-env/linux@sha256:3111399a4047eeb3a02b7a90e478d715f38a8c6669b5c4b49d30a17385265909" "sleep" "infinity", kill_on_drop: false }`
[INFO] [stdout] 7d85cc34d18e3dc478638f10f7d78449fe3613319cfe25968849b4d835d26409
[INFO] running `Command { std: "docker" "start" "7d85cc34d18e3dc478638f10f7d78449fe3613319cfe25968849b4d835d26409", kill_on_drop: false }`
[INFO] running `Command { std: "docker" "inspect" "7d85cc34d18e3dc478638f10f7d78449fe3613319cfe25968849b4d835d26409", kill_on_drop: false }`
[INFO] running `Command { std: "docker" "exec" "-e" "SOURCE_DIR=/opt/rustwide/workdir" "-e" "CARGO_HOME=/opt/rustwide/cargo-home" "-e" "RUSTUP_HOME=/opt/rustwide/rustup-home" "-e" "CARGO_TARGET_DIR=/opt/rustwide/target" "-w" "/opt/rustwide/workdir" "--user" "0:0" "7d85cc34d18e3dc478638f10f7d78449fe3613319cfe25968849b4d835d26409" "/opt/rustwide/cargo-home/bin/cargo" "+1.100.0-beta.1" "metadata" "--no-deps" "--format-version=1", kill_on_drop: false }`
[INFO] running `Command { std: "docker" "inspect" "7d85cc34d18e3dc478638f10f7d78449fe3613319cfe25968849b4d835d26409", kill_on_drop: false }`
[INFO] running `Command { std: "docker" "exec" "-e" "SOURCE_DIR=/opt/rustwide/workdir" "-e" "CARGO_HOME=/opt/rustwide/cargo-home" "-e" "RUSTUP_HOME=/opt/rustwide/rustup-home" "-e" "CARGO_TARGET_DIR=/opt/rustwide/target" "-e" "CARGO_INCREMENTAL=0" "-e" "RUST_BACKTRACE=full" "-e" "RUSTFLAGS=--cap-lints=warn" "-e" "RUSTDOCFLAGS=--cap-lints=warn" "-w" "/opt/rustwide/workdir" "--user" "0:0" "7d85cc34d18e3dc478638f10f7d78449fe3613319cfe25968849b4d835d26409" "/opt/rustwide/cargo-home/bin/cargo" "+1.100.0-beta.1" "build" "--frozen" "--message-format=json", kill_on_drop: false }`
[INFO] [stderr]    Compiling libc v0.2.189
[INFO] [stderr]    Compiling bitflags v2.13.2
[INFO] [stderr]    Compiling find-msvc-tools v0.1.13
[INFO] [stderr]    Compiling log v0.4.34
[INFO] [stderr]    Compiling simd-adler32 v0.3.10
[INFO] [stderr]    Compiling rustversion v1.0.23
[INFO] [stderr]    Compiling hashbrown v0.17.1
[INFO] [stderr]    Compiling crc32fast v1.5.2
[INFO] [stderr]    Compiling thiserror v2.0.20
[INFO] [stderr]    Compiling signal-hook v0.3.18
[INFO] [stderr]    Compiling num-traits v0.2.19
[INFO] [stderr]    Compiling convert_case v0.10.0
[INFO] [stderr]    Compiling syn v2.0.119
[INFO] [stderr]    Compiling syn v3.0.5
[INFO] [stderr]    Compiling rustls-pki-types v1.15.1
[INFO] [stderr]    Compiling httparse v1.10.1
[INFO] [stderr]    Compiling cc v1.4.7
[INFO] [stderr]    Compiling smallvec v1.16.1
[INFO] [stderr]    Compiling rustix v1.1.4
[INFO] [stderr]    Compiling unicode-width v0.2.2
[INFO] [stderr]    Compiling either v1.18.0
[INFO] [stderr]    Compiling miniz_oxide v0.9.1
[INFO] [stderr]    Compiling nix v0.28.0
[INFO] [stderr]    Compiling hashbrown v0.16.1
[INFO] [stderr]    Compiling instability v0.3.13
[INFO] [stderr]    Compiling itertools v0.14.0
[INFO] [stderr]    Compiling litrs v1.0.0
[INFO] [stderr]    Compiling rustls v0.23.45
[INFO] [stderr]    Compiling memchr v2.8.3
[INFO] [stderr]    Compiling linux-raw-sys v0.12.1
[INFO] [stderr]    Compiling http v1.5.0
[INFO] [stderr]    Compiling miniz_oxide v0.8.9
[INFO] [stderr]    Compiling castaway v0.2.4
[INFO] [stderr]    Compiling fdeflate v0.3.7
[INFO] [stderr]    Compiling compact_str v0.9.1
[INFO] [stderr]    Compiling lru v0.18.4
[INFO] [stderr]    Compiling arrayvec v0.7.8
[INFO] [stderr]    Compiling pxfm v0.1.30
[INFO] [stderr]    Compiling flate2 v1.1.10
[INFO] [stderr]    Compiling document-features v0.2.12
[INFO] [stderr]    Compiling byteorder-lite v0.1.0
[INFO] [stderr]    Compiling ring v0.17.14
[INFO] [stderr]    Compiling indoc v2.0.7
[INFO] [stderr]    Compiling winnow v1.0.4
[INFO] [stderr]    Compiling weezl v0.1.12
[INFO] [stderr]    Compiling quick-error v2.0.1
[INFO] [stderr]    Compiling zune-core v0.5.3
[INFO] [stderr]    Compiling base64 v0.23.1
[INFO] [stderr]    Compiling pulldown-cmark v0.13.4
[INFO] [stderr]    Compiling color_quant v1.1.0
[INFO] [stderr]    Compiling once_cell v1.21.4
[INFO] [stderr]    Compiling image-webp v0.2.4
[INFO] [stderr]    Compiling png v0.18.1
[INFO] [stderr]    Compiling vte v0.15.0
[INFO] [stderr]    Compiling errno v0.3.14
[INFO] [stderr]    Compiling getrandom v0.2.17
[INFO] [stderr]    Compiling mio v1.2.3
[INFO] [stderr]    Compiling parking_lot_core v0.9.12
[INFO] [stderr]    Compiling unicode-truncate v2.0.1
[INFO] [stderr]    Compiling serial2 v0.2.38
[INFO] [stderr]    Compiling ureq-proto v0.6.4
[INFO] [stderr]    Compiling signal-hook-registry v1.4.8
[INFO] [stderr]    Compiling toml_parser v1.1.3+spec-1.1.0
[INFO] [stderr]    Compiling parking_lot v0.12.5
[INFO] [stderr]    Compiling gif v0.14.2
[INFO] [stderr]    Compiling zune-jpeg v0.5.15
[INFO] [stderr]    Compiling indexmap v2.14.2
[INFO] [stderr]    Compiling webpki-roots v1.0.9
[INFO] [stderr]    Compiling utf8-zero v0.8.1
[INFO] [stderr]    Compiling toml_datetime v1.1.1+spec-1.1.0
[INFO] [stderr]    Compiling darling_core v0.24.1
[INFO] [stderr]    Compiling unicase v2.9.0
[INFO] [stderr]    Compiling bytemuck v1.25.2
[INFO] [stderr]    Compiling shell-words v1.1.1
[INFO] [stderr]    Compiling signal-hook-mio v0.2.5
[INFO] [stderr]    Compiling downcast-rs v1.2.1
[INFO] [stderr]    Compiling serde_spanned v1.1.1
[INFO] [stderr]    Compiling vt100 v0.16.2
[INFO] [stderr]    Compiling sys-locale v0.3.2
[INFO] [stderr]    Compiling toml v1.1.6+spec-1.1.0
[INFO] [stderr]    Compiling moxcms v0.8.1
[INFO] [stderr]    Compiling thiserror-impl v2.0.20
[INFO] [stderr]    Compiling derive_more-impl v2.1.1
[INFO] [stderr]    Compiling strum_macros v0.28.0
[INFO] [stderr]    Compiling thiserror-impl v1.0.69
[INFO] [stderr]    Compiling kasuari v0.4.12
[INFO] [stderr]    Compiling derive_more v2.1.1
[INFO] [stderr]    Compiling thiserror v1.0.69
[INFO] [stderr]    Compiling strum v0.28.0
[INFO] [stderr]    Compiling filedescriptor v0.8.3
[INFO] [stderr]    Compiling ratatui-core v0.1.2
[INFO] [stderr]    Compiling portable-pty v0.9.0
[INFO] [stderr]    Compiling darling_macro v0.24.1
[INFO] [stderr]    Compiling darling v0.24.1
[INFO] [stderr]    Compiling crossterm v0.29.0
[INFO] [stderr]    Compiling ratatui-crossterm v0.1.2
[INFO] [stderr]    Compiling image v0.25.10
[INFO] [stderr]    Compiling rustls-webpki v0.103.15
[INFO] [stderr]    Compiling ureq v3.4.2
[INFO] [stderr]    Compiling quvyta-framework v0.1.31
[INFO] [stderr]    Compiling quvyta-framework-showcase v0.1.31 (/opt/rustwide/workdir)
[INFO] [stderr]     Finished `dev` profile [unoptimized + debuginfo] target(s) in 1m 03s
[INFO] [stderr] warning: the following packages contain code that will be rejected by a future version of Rust: nix v0.28.0
[INFO] [stderr] note: to see what the problems were, use the option `--future-incompat-report`, or run `cargo report future-incompatibilities --id 1`
[INFO] running `Command { std: "docker" "inspect" "7d85cc34d18e3dc478638f10f7d78449fe3613319cfe25968849b4d835d26409", kill_on_drop: false }`
[INFO] running `Command { std: "docker" "exec" "-e" "SOURCE_DIR=/opt/rustwide/workdir" "-e" "CARGO_HOME=/opt/rustwide/cargo-home" "-e" "RUSTUP_HOME=/opt/rustwide/rustup-home" "-e" "CARGO_TARGET_DIR=/opt/rustwide/target" "-e" "CARGO_INCREMENTAL=0" "-e" "RUST_BACKTRACE=full" "-e" "RUSTFLAGS=--cap-lints=warn" "-e" "RUSTDOCFLAGS=--cap-lints=warn" "-w" "/opt/rustwide/workdir" "--user" "0:0" "7d85cc34d18e3dc478638f10f7d78449fe3613319cfe25968849b4d835d26409" "/opt/rustwide/cargo-home/bin/cargo" "+1.100.0-beta.1" "test" "--frozen" "--no-run" "--message-format=json", kill_on_drop: false }`
[INFO] [stderr]    Compiling quvyta-framework-showcase v0.1.31 (/opt/rustwide/workdir)
[INFO] [stdout] error: couldn't read `src/../../quvyta-framework/src/widgets/mod.rs`: No such file or directory (os error 2)
[INFO] [stdout]    --> src/tests.rs:147:34
[INFO] [stdout]     |
[INFO] [stdout] 147 |     const WIDGET_EXPORTS: &str = include_str!("../../quvyta-framework/src/widgets/mod.rs");
[INFO] [stdout]     |                                  ^^^^^^^^^^^^^^^^^^^^^^^^^^^^^^^^^^^^^^^^^^^^^^^^^^^^^^^^^
[INFO] [stdout] 
[INFO] [stdout] 
[INFO] [stdout] error[E0432]: unresolved import `qshots`
[INFO] [stdout]   --> src/tests/reel.rs:13:5
[INFO] [stdout]    |
[INFO] [stdout] 13 | use qshots::Reel;
[INFO] [stdout]    |     ^^^^^^ use of unresolved module or unlinked crate `qshots`
[INFO] [stdout]    |
[INFO] [stdout]    = help: if you wanted to use a crate named `qshots`, use `cargo add qshots` to add it to your `Cargo.toml`
[INFO] [stdout] 
[INFO] [stdout] 
[INFO] [stdout] error[E0433]: cannot find module or crate `qshots` in this scope
[INFO] [stdout]    --> src/tests.rs:471:20
[INFO] [stdout]     |
[INFO] [stdout] 471 |         save_shot(&qshots::Shot::of(harness).title("qframe"), name);
[INFO] [stdout]     |                    ^^^^^^ use of unresolved module or unlinked crate `qshots`
[INFO] [stdout]     |
[INFO] [stdout]     = help: if you wanted to use a crate named `qshots`, use `cargo add qshots` to add it to your `Cargo.toml`
[INFO] [stdout] 
[INFO] [stdout] 
[INFO] [stdout] error[E0433]: cannot find module or crate `qshots` in this scope
[INFO] [stdout]    --> src/tests.rs:488:24
[INFO] [stdout]     |
[INFO] [stdout] 488 |             let shot = qshots::Shot::of(&scene("example-dashboard", theme, 120, 36)).title("qframe").square();
[INFO] [stdout]     |                        ^^^^^^ use of unresolved module or unlinked crate `qshots`
[INFO] [stdout]     |
[INFO] [stdout]     = help: if you wanted to use a crate named `qshots`, use `cargo add qshots` to add it to your `Cargo.toml`
[INFO] [stdout] 
[INFO] [stdout] 
[INFO] [stdout] error[E0433]: cannot find module or crate `qshots` in this scope
[INFO] [stdout]    --> src/tests.rs:504:20
[INFO] [stdout]     |
[INFO] [stdout] 504 |         let card = qshots::Card::new(qshots::Shot::of(&scene("example-dashboard", "iris", 84, 36)))
[INFO] [stdout]     |                    ^^^^^^ use of unresolved module or unlinked crate `qshots`
[INFO] [stdout]     |
[INFO] [stdout]     = help: if you wanted to use a crate named `qshots`, use `cargo add qshots` to add it to your `Cargo.toml`
[INFO] [stdout] 
[INFO] [stdout] 
[INFO] [stdout] error[E0433]: cannot find module or crate `qshots` in this scope
[INFO] [stdout]    --> src/tests.rs:504:38
[INFO] [stdout]     |
[INFO] [stdout] 504 |         let card = qshots::Card::new(qshots::Shot::of(&scene("example-dashboard", "iris", 84, 36)))
[INFO] [stdout]     |                                      ^^^^^^ use of unresolved module or unlinked crate `qshots`
[INFO] [stdout]     |
[INFO] [stdout]     = help: if you wanted to use a crate named `qshots`, use `cargo add qshots` to add it to your `Cargo.toml`
[INFO] [stdout] 
[INFO] [stdout] 
[INFO] [stdout] error[E0433]: cannot find module or crate `qshots` in this scope
[INFO] [stdout]    --> src/tests.rs:474:25
[INFO] [stdout]     |
[INFO] [stdout] 474 |     fn save_shot(shot: &qshots::Shot, name: &str) {
[INFO] [stdout]     |                         ^^^^^^ use of unresolved module or unlinked crate `qshots`
[INFO] [stdout]     |
[INFO] [stdout]     = help: if you wanted to use a crate named `qshots`, use `cargo add qshots` to add it to your `Cargo.toml`
[INFO] [stdout] 
[INFO] [stdout] 
[INFO] [stdout] Some errors have detailed explanations: E0432, E0433.
[INFO] [stdout] 
[INFO] [stdout] For more information about an error, try `rustc --explain E0432`.
[INFO] [stdout] 
[INFO] [stderr] error: could not compile `quvyta-framework-showcase` (lib test) due to 7 previous errors
[INFO] running `Command { std: "docker" "inspect" "7d85cc34d18e3dc478638f10f7d78449fe3613319cfe25968849b4d835d26409", kill_on_drop: false }`
[INFO] running `Command { std: "docker" "rm" "-f" "7d85cc34d18e3dc478638f10f7d78449fe3613319cfe25968849b4d835d26409", kill_on_drop: false }`
[INFO] [stdout] 7d85cc34d18e3dc478638f10f7d78449fe3613319cfe25968849b4d835d26409
