[INFO] fetching crate quixotic-plecostomus-boringssl 0.10.0...
[INFO] testing quixotic-plecostomus-boringssl-0.10.0 against 1.99.0-beta.8 for beta-1.100-2
[INFO] extracting crate quixotic-plecostomus-boringssl 0.10.0 into /workspace/builds/worker-5-tc1/source
[INFO] started tweaking crates.io crate quixotic-plecostomus-boringssl 0.10.0
[INFO] finished tweaking crates.io crate quixotic-plecostomus-boringssl 0.10.0
[INFO] tweaked toml for crates.io crate quixotic-plecostomus-boringssl 0.10.0 written to /workspace/builds/worker-5-tc1/source/Cargo.toml
[INFO] validating manifest of crates.io crate quixotic-plecostomus-boringssl 0.10.0 on toolchain 1.99.0-beta.8
[INFO] running `Command { std: CARGO_HOME="/workspace/cargo-home" RUSTUP_HOME="/workspace/rustup-home" "/workspace/cargo-home/bin/cargo" "+1.99.0-beta.8" "metadata" "--manifest-path" "Cargo.toml" "--no-deps", kill_on_drop: false }`
[INFO] crate crates.io crate quixotic-plecostomus-boringssl 0.10.0 already has a lockfile, it will not be regenerated
[INFO] running `Command { std: CARGO_HOME="/workspace/cargo-home" RUSTUP_HOME="/workspace/rustup-home" "/workspace/cargo-home/bin/cargo" "+1.99.0-beta.8" "fetch" "--manifest-path" "Cargo.toml", kill_on_drop: false }`
[INFO] [stderr]     Updating crates.io index
[INFO] [stderr]  Downloading crates ...
[INFO] [stderr]   Downloaded cc v1.4.6
[INFO] [stderr]   Downloaded boring v5.2.0
[INFO] [stderr]   Downloaded boring-sys v5.2.0
[INFO] running `Command { std: "docker" "create" "-v" "/var/lib/crater-agent-workspace/builds/worker-5-tc1/source:/opt/rustwide/workdir:ro,Z" "-v" "/var/lib/crater-agent-workspace/builds/worker-5-tc1/target:/opt/rustwide/target:rw,Z" "-v" "/var/lib/crater-agent-workspace/cargo-home:/opt/rustwide/cargo-home:ro,Z" "-v" "/var/lib/crater-agent-workspace/rustup-home:/opt/rustwide/rustup-home:ro,Z" "-m" "1610612736" "--network" "none" "ghcr.io/rust-lang/crates-build-env/linux@sha256:3111399a4047eeb3a02b7a90e478d715f38a8c6669b5c4b49d30a17385265909" "sleep" "infinity", kill_on_drop: false }`
[INFO] [stdout] 0dccfeca252374be7647887b97da52ffd3b13caf0d9bffa1a1972c62c886580d
[INFO] running `Command { std: "docker" "start" "0dccfeca252374be7647887b97da52ffd3b13caf0d9bffa1a1972c62c886580d", kill_on_drop: false }`
[INFO] running `Command { std: "docker" "inspect" "0dccfeca252374be7647887b97da52ffd3b13caf0d9bffa1a1972c62c886580d", kill_on_drop: false }`
[INFO] running `Command { std: "docker" "exec" "-e" "SOURCE_DIR=/opt/rustwide/workdir" "-e" "CARGO_HOME=/opt/rustwide/cargo-home" "-e" "RUSTUP_HOME=/opt/rustwide/rustup-home" "-e" "CARGO_TARGET_DIR=/opt/rustwide/target" "-w" "/opt/rustwide/workdir" "--user" "0:0" "0dccfeca252374be7647887b97da52ffd3b13caf0d9bffa1a1972c62c886580d" "/opt/rustwide/cargo-home/bin/cargo" "+1.99.0-beta.8" "metadata" "--no-deps" "--format-version=1", kill_on_drop: false }`
[INFO] running `Command { std: "docker" "inspect" "0dccfeca252374be7647887b97da52ffd3b13caf0d9bffa1a1972c62c886580d", kill_on_drop: false }`
[INFO] running `Command { std: "docker" "exec" "-e" "SOURCE_DIR=/opt/rustwide/workdir" "-e" "CARGO_HOME=/opt/rustwide/cargo-home" "-e" "RUSTUP_HOME=/opt/rustwide/rustup-home" "-e" "CARGO_TARGET_DIR=/opt/rustwide/target" "-e" "CARGO_INCREMENTAL=0" "-e" "RUST_BACKTRACE=full" "-e" "RUSTFLAGS=--cap-lints=warn" "-e" "RUSTDOCFLAGS=--cap-lints=warn" "-w" "/opt/rustwide/workdir" "--user" "0:0" "0dccfeca252374be7647887b97da52ffd3b13caf0d9bffa1a1972c62c886580d" "/opt/rustwide/cargo-home/bin/cargo" "+1.99.0-beta.8" "build" "--frozen" "--message-format=json", kill_on_drop: false }`
[INFO] [stderr]    Compiling libc v0.2.189
[INFO] [stderr]    Compiling clang-sys v1.9.1
[INFO] [stderr]    Compiling memchr v2.8.3
[INFO] [stderr]    Compiling regex-syntax v0.8.11
[INFO] [stderr]    Compiling cfg-if v1.0.4
[INFO] [stderr]    Compiling find-msvc-tools v0.1.12
[INFO] [stderr]    Compiling either v1.18.0
[INFO] [stderr]    Compiling bindgen v0.72.1
[INFO] [stderr]    Compiling syn v3.0.5
[INFO] [stderr]    Compiling bitflags v2.13.2
[INFO] [stderr]    Compiling rustc-hash v2.1.3
[INFO] [stderr]    Compiling foreign-types-shared v0.3.1
[INFO] [stderr]    Compiling openssl-macros v0.1.1
[INFO] [stderr]    Compiling futures-task v0.3.34
[INFO] [stderr]    Compiling mio v1.2.3
[INFO] [stderr]    Compiling libloading v0.8.9
[INFO] [stderr]    Compiling futures-core v0.3.34
[INFO] [stderr]    Compiling futures-util v0.3.34
[INFO] [stderr]    Compiling cc v1.4.6
[INFO] [stderr]    Compiling itertools v0.13.0
[INFO] [stderr]    Compiling nom v7.1.3
[INFO] [stderr]    Compiling cmake v0.1.58
[INFO] [stderr]    Compiling regex-automata v0.4.18
[INFO] [stderr]    Compiling fslock v0.2.1
[INFO] [stderr]    Compiling cexpr v0.6.0
[INFO] [stderr]    Compiling regex v1.13.1
[INFO] [stderr]    Compiling foreign-types-macros v0.2.4
[INFO] [stderr]    Compiling tokio-macros v2.7.2
[INFO] [stderr]    Compiling foreign-types v0.5.0
[INFO] [stderr]    Compiling tokio v1.53.1
[INFO] [stderr]    Compiling boring-sys v5.2.0
[INFO] [stderr] warning: boring-sys@5.2.0: applying post quantum crypto patch to boringssl
[INFO] [stderr] error: failed to run custom build command for `boring-sys v5.2.0`
[INFO] [stderr] note: To improve backtraces for build dependencies, set the CARGO_PROFILE_DEV_BUILD_OVERRIDE_DEBUG=true environment variable to enable debug information generation.
[INFO] [stderr] 
[INFO] [stderr] Caused by:
[INFO] [stderr]   process didn't exit successfully: `/opt/rustwide/target/debug/build/boring-sys-3101c297f6bd3f1d/build-script-main` (exit status: 101)
[INFO] [stderr]   --- stdout
[INFO] [stderr]   cargo:rerun-if-env-changed=BORING_BSSL_PATH_x86_64-unknown-linux-gnu
[INFO] [stderr]   cargo:rerun-if-env-changed=BORING_BSSL_PATH_x86_64_unknown_linux_gnu
[INFO] [stderr]   cargo:rerun-if-env-changed=HOST_BORING_BSSL_PATH
[INFO] [stderr]   cargo:rerun-if-env-changed=BORING_BSSL_PATH
[INFO] [stderr]   cargo:rerun-if-env-changed=BORING_BSSL_INCLUDE_PATH_x86_64-unknown-linux-gnu
[INFO] [stderr]   cargo:rerun-if-env-changed=BORING_BSSL_INCLUDE_PATH_x86_64_unknown_linux_gnu
[INFO] [stderr]   cargo:rerun-if-env-changed=HOST_BORING_BSSL_INCLUDE_PATH
[INFO] [stderr]   cargo:rerun-if-env-changed=BORING_BSSL_INCLUDE_PATH
[INFO] [stderr]   cargo:rerun-if-env-changed=BORING_BSSL_SOURCE_PATH_x86_64-unknown-linux-gnu
[INFO] [stderr]   cargo:rerun-if-env-changed=BORING_BSSL_SOURCE_PATH_x86_64_unknown_linux_gnu
[INFO] [stderr]   cargo:rerun-if-env-changed=HOST_BORING_BSSL_SOURCE_PATH
[INFO] [stderr]   cargo:rerun-if-env-changed=BORING_BSSL_SOURCE_PATH
[INFO] [stderr]   cargo:rerun-if-env-changed=BORING_BSSL_ASSUME_PATCHED_x86_64-unknown-linux-gnu
[INFO] [stderr]   cargo:rerun-if-env-changed=BORING_BSSL_ASSUME_PATCHED_x86_64_unknown_linux_gnu
[INFO] [stderr]   cargo:rerun-if-env-changed=HOST_BORING_BSSL_ASSUME_PATCHED
[INFO] [stderr]   cargo:rerun-if-env-changed=BORING_BSSL_ASSUME_PATCHED
[INFO] [stderr]   cargo:rerun-if-env-changed=BORING_BSSL_SYSROOT_x86_64-unknown-linux-gnu
[INFO] [stderr]   cargo:rerun-if-env-changed=BORING_BSSL_SYSROOT_x86_64_unknown_linux_gnu
[INFO] [stderr]   cargo:rerun-if-env-changed=HOST_BORING_BSSL_SYSROOT
[INFO] [stderr]   cargo:rerun-if-env-changed=BORING_BSSL_SYSROOT
[INFO] [stderr]   cargo:rerun-if-env-changed=BORING_BSSL_COMPILER_EXTERNAL_TOOLCHAIN_x86_64-unknown-linux-gnu
[INFO] [stderr]   cargo:rerun-if-env-changed=BORING_BSSL_COMPILER_EXTERNAL_TOOLCHAIN_x86_64_unknown_linux_gnu
[INFO] [stderr]   cargo:rerun-if-env-changed=HOST_BORING_BSSL_COMPILER_EXTERNAL_TOOLCHAIN
[INFO] [stderr]   cargo:rerun-if-env-changed=BORING_BSSL_COMPILER_EXTERNAL_TOOLCHAIN
[INFO] [stderr]   cargo:rerun-if-env-changed=DEBUG_x86_64-unknown-linux-gnu
[INFO] [stderr]   cargo:rerun-if-env-changed=DEBUG_x86_64_unknown_linux_gnu
[INFO] [stderr]   cargo:rerun-if-env-changed=HOST_DEBUG
[INFO] [stderr]   cargo:rerun-if-env-changed=DEBUG
[INFO] [stderr]   cargo:rerun-if-env-changed=OPT_LEVEL_x86_64-unknown-linux-gnu
[INFO] [stderr]   cargo:rerun-if-env-changed=OPT_LEVEL_x86_64_unknown_linux_gnu
[INFO] [stderr]   cargo:rerun-if-env-changed=HOST_OPT_LEVEL
[INFO] [stderr]   cargo:rerun-if-env-changed=OPT_LEVEL
[INFO] [stderr]   cargo:rerun-if-env-changed=ANDROID_NDK_HOME_x86_64-unknown-linux-gnu
[INFO] [stderr]   cargo:rerun-if-env-changed=ANDROID_NDK_HOME_x86_64_unknown_linux_gnu
[INFO] [stderr]   cargo:rerun-if-env-changed=HOST_ANDROID_NDK_HOME
[INFO] [stderr]   cargo:rerun-if-env-changed=ANDROID_NDK_HOME
[INFO] [stderr]   cargo:rerun-if-env-changed=CMAKE_TOOLCHAIN_FILE_x86_64-unknown-linux-gnu
[INFO] [stderr]   cargo:rerun-if-env-changed=CMAKE_TOOLCHAIN_FILE_x86_64_unknown_linux_gnu
[INFO] [stderr]   cargo:rerun-if-env-changed=HOST_CMAKE_TOOLCHAIN_FILE
[INFO] [stderr]   cargo:rerun-if-env-changed=CMAKE_TOOLCHAIN_FILE
[INFO] [stderr]   cargo:rerun-if-env-changed=BORING_BSSL_RUST_CPPLIB_x86_64-unknown-linux-gnu
[INFO] [stderr]   cargo:rerun-if-env-changed=BORING_BSSL_RUST_CPPLIB_x86_64_unknown_linux_gnu
[INFO] [stderr]   cargo:rerun-if-env-changed=HOST_BORING_BSSL_RUST_CPPLIB
[INFO] [stderr]   cargo:rerun-if-env-changed=BORING_BSSL_RUST_CPPLIB
[INFO] [stderr]   cargo:rerun-if-env-changed=CC_x86_64-unknown-linux-gnu
[INFO] [stderr]   cargo:rerun-if-env-changed=CC_x86_64_unknown_linux_gnu
[INFO] [stderr]   cargo:rerun-if-env-changed=HOST_CC
[INFO] [stderr]   cargo:rerun-if-env-changed=CXX_x86_64-unknown-linux-gnu
[INFO] [stderr]   cargo:rerun-if-env-changed=CXX_x86_64_unknown_linux_gnu
[INFO] [stderr]   cargo:rerun-if-env-changed=HOST_CXX
[INFO] [stderr]   cargo:rerun-if-env-changed=DOCS_RS
[INFO] [stderr]   cargo:rerun-if-env-changed=BORING_BSSL_INSTALL_DIR_x86_64-unknown-linux-gnu
[INFO] [stderr]   cargo:rerun-if-env-changed=BORING_BSSL_INSTALL_DIR_x86_64_unknown_linux_gnu
[INFO] [stderr]   cargo:rerun-if-env-changed=HOST_BORING_BSSL_INSTALL_DIR
[INFO] [stderr]   cargo:rerun-if-env-changed=BORING_BSSL_INSTALL_DIR
[INFO] [stderr]   cargo:version_major=5
[INFO] [stderr]   Initialized empty Git repository in /opt/rustwide/target/debug/build/boring-sys-a267d88da2d27e53/out/boringssl/.git/
[INFO] [stderr]   cargo:warning=applying post quantum crypto patch to boringssl
[INFO] [stderr]   CMAKE_TOOLCHAIN_FILE_x86_64-unknown-linux-gnu = None
[INFO] [stderr]   CMAKE_TOOLCHAIN_FILE_x86_64_unknown_linux_gnu = None
[INFO] [stderr]   HOST_CMAKE_TOOLCHAIN_FILE = None
[INFO] [stderr]   CMAKE_TOOLCHAIN_FILE = None
[INFO] [stderr]   CMAKE_GENERATOR_x86_64-unknown-linux-gnu = None
[INFO] [stderr]   CMAKE_GENERATOR_x86_64_unknown_linux_gnu = None
[INFO] [stderr]   HOST_CMAKE_GENERATOR = None
[INFO] [stderr]   CMAKE_GENERATOR = None
[INFO] [stderr]   CMAKE_PREFIX_PATH_x86_64-unknown-linux-gnu = None
[INFO] [stderr]   CMAKE_PREFIX_PATH_x86_64_unknown_linux_gnu = None
[INFO] [stderr]   HOST_CMAKE_PREFIX_PATH = None
[INFO] [stderr]   CMAKE_PREFIX_PATH = None
[INFO] [stderr]   CMAKE_x86_64-unknown-linux-gnu = None
[INFO] [stderr]   CMAKE_x86_64_unknown_linux_gnu = None
[INFO] [stderr]   HOST_CMAKE = None
[INFO] [stderr]   CMAKE = None
[INFO] [stderr]   -- The C compiler identification is GNU 15.2.0
[INFO] [stderr]   -- Detecting C compiler ABI info
[INFO] [stderr]   -- Detecting C compiler ABI info - done
[INFO] [stderr]   -- Check for working C compiler: /usr/bin/cc - skipped
[INFO] [stderr]   -- Detecting C compile features
[INFO] [stderr]   -- Detecting C compile features - done
[INFO] [stderr]   -- The CXX compiler identification is GNU 15.2.0
[INFO] [stderr]   -- Detecting CXX compiler ABI info
[INFO] [stderr]   -- Detecting CXX compiler ABI info - done
[INFO] [stderr]   -- Check for working CXX compiler: /usr/bin/c++ - skipped
[INFO] [stderr]   -- Detecting CXX compile features
[INFO] [stderr]   -- Detecting CXX compile features - done
[INFO] [stderr]   -- Checking for module 'libunwind-generic>=1.3.0'
[INFO] [stderr]   --   Found libunwind-generic, version 1.8.3
[INFO] [stderr]   -- The ASM compiler identification is GNU
[INFO] [stderr]   -- Found assembler: /usr/bin/cc
[INFO] [stderr]   -- Failed to find LLVM FileCheck
[INFO] [stderr]   -- Found Git: /usr/bin/git (found version "2.53.0")
[INFO] [stderr]   -- Google Benchmark version: v1.9.5, normalized to 1.9.5
[INFO] [stderr]   -- Looking for shm_open in rt
[INFO] [stderr]   -- Looking for shm_open in rt - found
[INFO] [stderr]   -- Performing Test HAVE_CXX_FLAG_WALL
[INFO] [stderr]   -- Performing Test HAVE_CXX_FLAG_WALL - Success
[INFO] [stderr]   -- Performing Test HAVE_CXX_FLAG_WEXTRA
[INFO] [stderr]   -- Performing Test HAVE_CXX_FLAG_WEXTRA - Success
[INFO] [stderr]   -- Performing Test HAVE_CXX_FLAG_WSHADOW
[INFO] [stderr]   -- Performing Test HAVE_CXX_FLAG_WSHADOW - Success
[INFO] [stderr]   -- Performing Test HAVE_CXX_FLAG_WFLOAT_EQUAL
[INFO] [stderr]   -- Performing Test HAVE_CXX_FLAG_WFLOAT_EQUAL - Success
[INFO] [stderr]   -- Performing Test HAVE_CXX_FLAG_WOLD_STYLE_CAST
[INFO] [stderr]   -- Performing Test HAVE_CXX_FLAG_WOLD_STYLE_CAST - Success
[INFO] [stderr]   -- Performing Test HAVE_CXX_FLAG_WCONVERSION
[INFO] [stderr]   -- Performing Test HAVE_CXX_FLAG_WCONVERSION - Success
[INFO] [stderr]   -- Performing Test HAVE_CXX_FLAG_WFORMAT_2
[INFO] [stderr]   -- Performing Test HAVE_CXX_FLAG_WFORMAT_2 - Success
[INFO] [stderr]   -- Performing Test HAVE_CXX_FLAG_WERROR
[INFO] [stderr]   -- Performing Test HAVE_CXX_FLAG_WERROR - Success
[INFO] [stderr]   -- Performing Test HAVE_CXX_FLAG_WSUGGEST_OVERRIDE
[INFO] [stderr]   -- Performing Test HAVE_CXX_FLAG_WSUGGEST_OVERRIDE - Success
[INFO] [stderr]   -- Performing Test HAVE_CXX_FLAG_PEDANTIC
[INFO] [stderr]   -- Performing Test HAVE_CXX_FLAG_PEDANTIC - Success
[INFO] [stderr]   -- Performing Test HAVE_CXX_FLAG_PEDANTIC_ERRORS
[INFO] [stderr]   -- Performing Test HAVE_CXX_FLAG_PEDANTIC_ERRORS - Success
[INFO] [stderr]   -- Performing Test HAVE_CXX_FLAG_WSHORTEN_64_TO_32
[INFO] [stderr]   -- Performing Test HAVE_CXX_FLAG_WSHORTEN_64_TO_32 - Failed
[INFO] [stderr]   -- Performing Test HAVE_CXX_FLAG_FSTRICT_ALIASING
[INFO] [stderr]   -- Performing Test HAVE_CXX_FLAG_FSTRICT_ALIASING - Success
[INFO] [stderr]   -- Performing Test HAVE_CXX_FLAG_WNO_DEPRECATED_DECLARATIONS
[INFO] [stderr]   -- Performing Test HAVE_CXX_FLAG_WNO_DEPRECATED_DECLARATIONS - Success
[INFO] [stderr]   -- Performing Test HAVE_CXX_FLAG_WNO_DEPRECATED
[INFO] [stderr]   -- Performing Test HAVE_CXX_FLAG_WNO_DEPRECATED - Success
[INFO] [stderr]   -- Performing Test HAVE_CXX_FLAG_WSTRICT_ALIASING
[INFO] [stderr]   -- Performing Test HAVE_CXX_FLAG_WSTRICT_ALIASING - Success
[INFO] [stderr]   -- Performing Test HAVE_CXX_FLAG_WTHREAD_SAFETY
[INFO] [stderr]   -- Performing Test HAVE_CXX_FLAG_WTHREAD_SAFETY - Failed
[INFO] [stderr]   -- Performing Test HAVE_CXX_FLAG_COVERAGE
[INFO] [stderr]   -- Performing Test HAVE_CXX_FLAG_COVERAGE - Success
[INFO] [stderr]   -- Performing Test STD_REGEX -- success
[INFO] [stderr]   -- Performing Test STEADY_CLOCK -- success
[INFO] [stderr]   -- Performing Test CMAKE_HAVE_LIBC_PTHREAD
[INFO] [stderr]   -- Performing Test CMAKE_HAVE_LIBC_PTHREAD - Success
[INFO] [stderr]   -- Found Threads: TRUE
[INFO] [stderr]   -- Performing Test PTHREAD_AFFINITY -- success
[INFO] [stderr]   -- Configuring done (10.2s)
[INFO] [stderr]   -- Generating done (0.3s)
[INFO] [stderr]   -- Build files have been written to: /opt/rustwide/target/debug/build/boring-sys-a267d88da2d27e53/out/build
[INFO] [stderr]   [  0%] Building ASM object CMakeFiles/fipsmodule.dir/gen/bcm/aes-gcm-avx2-x86_64-apple.S.o
[INFO] [stderr]   [  0%] Building CXX object CMakeFiles/fipsmodule.dir/crypto/fipsmodule/bcm.cc.o
[INFO] [stderr]   [  1%] Building ASM object CMakeFiles/fipsmodule.dir/gen/bcm/aesni-gcm-x86_64-linux.S.o
[INFO] [stderr]   [  1%] Building ASM object CMakeFiles/fipsmodule.dir/gen/bcm/aes-gcm-avx512-x86_64-linux.S.o
[INFO] [stderr]   [  1%] Building ASM object CMakeFiles/fipsmodule.dir/gen/bcm/aes-gcm-avx2-x86_64-linux.S.o
[INFO] [stderr]   [  1%] Building ASM object CMakeFiles/fipsmodule.dir/gen/bcm/aesni-x86-linux.S.o
[INFO] [stderr]   [  1%] Building ASM object CMakeFiles/fipsmodule.dir/gen/bcm/aesni-x86_64-linux.S.o
[INFO] [stderr]   [  1%] Building ASM object CMakeFiles/fipsmodule.dir/gen/bcm/aesv8-gcm-armv8-apple.S.o
[INFO] [stderr]   [  3%] Building ASM object CMakeFiles/fipsmodule.dir/gen/bcm/aesv8-armv8-linux.S.o
[INFO] [stderr]   [  3%] Building ASM object CMakeFiles/fipsmodule.dir/gen/bcm/aesni-x86_64-apple.S.o
[INFO] [stderr]   [  3%] Building ASM object CMakeFiles/fipsmodule.dir/gen/bcm/aesv8-armv8-win.S.o
[INFO] [stderr]   [  3%] Building ASM object CMakeFiles/fipsmodule.dir/gen/bcm/aesv8-armv8-apple.S.o
[INFO] [stderr]   [  3%] Building ASM object CMakeFiles/fipsmodule.dir/gen/bcm/aesni-x86-apple.S.o
[INFO] [stderr]   [  3%] Building ASM object CMakeFiles/fipsmodule.dir/gen/bcm/aesv8-gcm-armv8-linux.S.o
[INFO] [stderr]   [  3%] Building ASM object CMakeFiles/fipsmodule.dir/gen/bcm/aesv8-armv7-linux.S.o
[INFO] [stderr]   [  3%] Building ASM object CMakeFiles/fipsmodule.dir/gen/bcm/aes-gcm-avx512-x86_64-apple.S.o
[INFO] [stderr]   [  3%] Building ASM object CMakeFiles/fipsmodule.dir/gen/bcm/armv4-mont-linux.S.o
[INFO] [stderr]   [  3%] Building ASM object CMakeFiles/fipsmodule.dir/gen/bcm/bn-586-apple.S.o
[INFO] [stderr]   [  3%] Building ASM object CMakeFiles/fipsmodule.dir/gen/bcm/bn-armv8-apple.S.o
[INFO] [stderr]   [  3%] Building ASM object CMakeFiles/fipsmodule.dir/gen/bcm/aesni-gcm-x86_64-apple.S.o
[INFO] [stderr]   [  3%] Building ASM object CMakeFiles/fipsmodule.dir/gen/bcm/bn-armv8-win.S.o
[INFO] [stderr]   [  3%] Building ASM object CMakeFiles/fipsmodule.dir/gen/bcm/bn-armv8-linux.S.o
[INFO] [stderr]   [  5%] Building ASM object CMakeFiles/fipsmodule.dir/gen/bcm/bsaes-armv7-linux.S.o
[INFO] [stderr]   [  5%] Building ASM object CMakeFiles/fipsmodule.dir/gen/bcm/armv8-mont-apple.S.o
[INFO] [stderr]   [  6%] Building ASM object CMakeFiles/fipsmodule.dir/gen/bcm/armv8-mont-linux.S.o
[INFO] [stderr]   [  6%] Building ASM object CMakeFiles/fipsmodule.dir/gen/bcm/aesv8-gcm-armv8-win.S.o
[INFO] [stderr]   [  6%] Building ASM object CMakeFiles/fipsmodule.dir/gen/bcm/bn-586-linux.S.o
[INFO] [stderr]   [  6%] Building ASM object CMakeFiles/fipsmodule.dir/gen/bcm/armv8-mont-win.S.o
[INFO] [stderr]   [  6%] Building ASM object CMakeFiles/fipsmodule.dir/gen/bcm/co-586-apple.S.o
[INFO] [stderr]   [  6%] Building ASM object CMakeFiles/fipsmodule.dir/gen/bcm/co-586-linux.S.o
[INFO] [stderr]   [  6%] Building ASM object CMakeFiles/fipsmodule.dir/gen/bcm/ghash-armv4-linux.S.o
[INFO] [stderr]   [  6%] Building ASM object CMakeFiles/fipsmodule.dir/gen/bcm/ghash-neon-armv8-apple.S.o
[INFO] [stderr]   [  8%] Building ASM object CMakeFiles/fipsmodule.dir/gen/bcm/ghash-ssse3-x86-apple.S.o
[INFO] [stderr]   [  8%] Building ASM object CMakeFiles/fipsmodule.dir/gen/bcm/ghash-ssse3-x86-linux.S.o
[INFO] [stderr]   [  8%] Building ASM object CMakeFiles/fipsmodule.dir/gen/bcm/ghash-neon-armv8-linux.S.o
[INFO] [stderr]   [  8%] Building ASM object CMakeFiles/fipsmodule.dir/gen/bcm/ghash-neon-armv8-win.S.o
[INFO] [stderr]   [  8%] Building ASM object CMakeFiles/fipsmodule.dir/gen/bcm/ghash-x86-apple.S.o
[INFO] [stderr]   [  8%] Building ASM object CMakeFiles/fipsmodule.dir/gen/bcm/ghash-x86-linux.S.o
[INFO] [stderr]   [  8%] Building ASM object CMakeFiles/fipsmodule.dir/gen/bcm/ghash-ssse3-x86_64-apple.S.o
[INFO] [stderr]   [  8%] Building ASM object CMakeFiles/fipsmodule.dir/gen/bcm/ghash-x86_64-apple.S.o
[INFO] [stderr]   [ 10%] Building ASM object CMakeFiles/fipsmodule.dir/gen/bcm/ghash-x86_64-linux.S.o
[INFO] [stderr]   [ 10%] Building ASM object CMakeFiles/fipsmodule.dir/gen/bcm/ghash-ssse3-x86_64-linux.S.o
[INFO] [stderr]   [ 10%] Building ASM object CMakeFiles/fipsmodule.dir/gen/bcm/ghashv8-armv8-apple.S.o
[INFO] [stderr]   [ 10%] Building ASM object CMakeFiles/fipsmodule.dir/gen/bcm/p256-armv8-asm-linux.S.o
[INFO] [stderr]   [ 10%] Building ASM object CMakeFiles/fipsmodule.dir/gen/bcm/ghashv8-armv8-win.S.o
[INFO] [stderr]   [ 10%] Building ASM object CMakeFiles/fipsmodule.dir/gen/bcm/ghashv8-armv7-linux.S.o
[INFO] [stderr]   [ 10%] Building ASM object CMakeFiles/fipsmodule.dir/gen/bcm/ghashv8-armv8-linux.S.o
[INFO] [stderr]   [ 12%] Building ASM object CMakeFiles/fipsmodule.dir/gen/bcm/p256-armv8-asm-win.S.o
[INFO] [stderr]   [ 12%] Building ASM object CMakeFiles/fipsmodule.dir/gen/bcm/p256-armv8-asm-apple.S.o
[INFO] [stderr]   [ 12%] Building ASM object CMakeFiles/fipsmodule.dir/gen/bcm/p256-x86_64-asm-apple.S.o
[INFO] [stderr]   [ 12%] Building ASM object CMakeFiles/fipsmodule.dir/gen/bcm/p256_beeu-armv8-asm-linux.S.o
[INFO] [stderr]   [ 13%] Building ASM object CMakeFiles/fipsmodule.dir/gen/bcm/p256_beeu-x86_64-asm-linux.S.o
[INFO] [stderr]   [ 13%] Building ASM object CMakeFiles/fipsmodule.dir/gen/bcm/rdrand-x86_64-apple.S.o
[INFO] [stderr]   [ 13%] Building ASM object CMakeFiles/fipsmodule.dir/gen/bcm/p256_beeu-armv8-asm-apple.S.o
[INFO] [stderr]   [ 13%] Building ASM object CMakeFiles/fipsmodule.dir/gen/bcm/rsaz-avx2-apple.S.o
[INFO] [stderr]   [ 13%] Building ASM object CMakeFiles/fipsmodule.dir/gen/bcm/rdrand-x86_64-linux.S.o
[INFO] [stderr]   [ 13%] Building ASM object CMakeFiles/fipsmodule.dir/gen/bcm/sha1-586-apple.S.o
[INFO] [stderr]   [ 13%] Building ASM object CMakeFiles/fipsmodule.dir/gen/bcm/rsaz-avx2-linux.S.o
[INFO] [stderr]   [ 13%] Building ASM object CMakeFiles/fipsmodule.dir/gen/bcm/sha1-586-linux.S.o
[INFO] [stderr]   [ 13%] Building ASM object CMakeFiles/fipsmodule.dir/gen/bcm/p256_beeu-armv8-asm-win.S.o
[INFO] [stderr]   [ 15%] Building ASM object CMakeFiles/fipsmodule.dir/gen/bcm/sha1-armv4-large-linux.S.o
[INFO] [stderr]   [ 15%] Building ASM object CMakeFiles/fipsmodule.dir/gen/bcm/sha1-armv8-win.S.o
[INFO] [stderr]   [ 15%] Building ASM object CMakeFiles/fipsmodule.dir/gen/bcm/sha256-586-apple.S.o
[INFO] [stderr]   [ 15%] Building ASM object CMakeFiles/fipsmodule.dir/gen/bcm/sha1-x86_64-apple.S.o
[INFO] [stderr]   [ 15%] Building ASM object CMakeFiles/fipsmodule.dir/gen/bcm/sha1-x86_64-linux.S.o
[INFO] [stderr]   [ 15%] Building ASM object CMakeFiles/fipsmodule.dir/gen/bcm/sha1-armv8-linux.S.o
[INFO] [stderr]   [ 15%] Building ASM object CMakeFiles/fipsmodule.dir/gen/bcm/sha256-armv4-linux.S.o
[INFO] [stderr]   [ 17%] Building ASM object CMakeFiles/fipsmodule.dir/gen/bcm/sha256-586-linux.S.o
[INFO] [stderr]   [ 17%] Building ASM object CMakeFiles/fipsmodule.dir/gen/bcm/sha256-armv8-linux.S.o
[INFO] [stderr]   [ 17%] Building ASM object CMakeFiles/fipsmodule.dir/gen/bcm/sha1-armv8-apple.S.o
[INFO] [stderr]   [ 17%] Building ASM object CMakeFiles/fipsmodule.dir/gen/bcm/sha256-armv8-win.S.o
[INFO] [stderr]   [ 17%] Building ASM object CMakeFiles/fipsmodule.dir/gen/bcm/p256_beeu-x86_64-asm-apple.S.o
[INFO] [stderr]   [ 17%] Building ASM object CMakeFiles/fipsmodule.dir/gen/bcm/p256-x86_64-asm-linux.S.o
[INFO] [stderr]   [ 17%] Building ASM object CMakeFiles/fipsmodule.dir/gen/bcm/sha256-x86_64-linux.S.o
[INFO] [stderr]   [ 17%] Building ASM object CMakeFiles/fipsmodule.dir/gen/bcm/sha256-armv8-apple.S.o
[INFO] [stderr]   [ 17%] Building ASM object CMakeFiles/fipsmodule.dir/gen/bcm/sha256-x86_64-apple.S.o
[INFO] [stderr]   [ 17%] Building ASM object CMakeFiles/fipsmodule.dir/gen/bcm/sha512-586-linux.S.o
[INFO] [stderr]   [ 17%] Building ASM object CMakeFiles/fipsmodule.dir/gen/bcm/sha512-armv4-linux.S.o
[INFO] [stderr]   [ 18%] Building ASM object CMakeFiles/fipsmodule.dir/gen/bcm/sha512-586-apple.S.o
[INFO] [stderr]   [ 18%] Building ASM object CMakeFiles/fipsmodule.dir/gen/bcm/sha512-armv8-apple.S.o
[INFO] [stderr]   [ 18%] Building ASM object CMakeFiles/fipsmodule.dir/gen/bcm/sha512-armv8-linux.S.o
[INFO] [stderr]   [ 18%] Building ASM object CMakeFiles/fipsmodule.dir/gen/bcm/sha512-armv8-win.S.o
[INFO] [stderr]   [ 20%] Building ASM object CMakeFiles/fipsmodule.dir/gen/bcm/sha512-x86_64-linux.S.o
[INFO] [stderr]   [ 20%] Building ASM object CMakeFiles/fipsmodule.dir/gen/bcm/sha512-x86_64-apple.S.o
[INFO] [stderr]   [ 20%] Building ASM object CMakeFiles/fipsmodule.dir/gen/bcm/vpaes-armv7-linux.S.o
[INFO] [stderr]   [ 20%] Building ASM object CMakeFiles/fipsmodule.dir/gen/bcm/vpaes-x86-apple.S.o
[INFO] [stderr]   [ 20%] Building ASM object CMakeFiles/fipsmodule.dir/gen/bcm/vpaes-x86_64-linux.S.o
[INFO] [stderr]   [ 20%] Building ASM object CMakeFiles/fipsmodule.dir/gen/bcm/x86-mont-apple.S.o
[INFO] [stderr]   [ 20%] Building ASM object CMakeFiles/fipsmodule.dir/gen/bcm/vpaes-armv8-win.S.o
[INFO] [stderr]   [ 20%] Building ASM object CMakeFiles/fipsmodule.dir/gen/bcm/vpaes-armv8-apple.S.o
[INFO] [stderr]   [ 20%] Building ASM object CMakeFiles/fipsmodule.dir/gen/bcm/vpaes-armv8-linux.S.o
[INFO] [stderr]   [ 22%] Building ASM object CMakeFiles/fipsmodule.dir/gen/bcm/vpaes-x86_64-apple.S.o
[INFO] [stderr]   [ 22%] Building ASM object CMakeFiles/fipsmodule.dir/gen/bcm/vpaes-x86-linux.S.o
[INFO] [stderr]   [ 22%] Building ASM object CMakeFiles/fipsmodule.dir/gen/bcm/x86_64-mont-linux.S.o
[INFO] [stderr]   [ 22%] Building ASM object CMakeFiles/fipsmodule.dir/gen/bcm/x86-mont-linux.S.o
[INFO] [stderr]   [ 22%] Building ASM object CMakeFiles/fipsmodule.dir/gen/bcm/x86_64-mont-apple.S.o
[INFO] [stderr]   [ 24%] Building ASM object CMakeFiles/fipsmodule.dir/third_party/fiat/asm/fiat_p256_adx_mul.S.o
[INFO] [stderr]   [ 24%] Building ASM object CMakeFiles/fipsmodule.dir/gen/bcm/x86_64-mont5-linux.S.o
[INFO] [stderr]   [ 24%] Building ASM object CMakeFiles/fipsmodule.dir/third_party/fiat/asm/fiat_p256_adx_sqr.S.o
[INFO] [stderr]   [ 24%] Building ASM object CMakeFiles/fipsmodule.dir/gen/bcm/x86_64-mont5-apple.S.o
[INFO] [stderr]   [ 24%] Built target fipsmodule
[INFO] [stderr]   [ 24%] Building CXX object CMakeFiles/crypto.dir/crypto/asn1/a_bitstr.cc.o
[INFO] [stderr]   [ 24%] Building CXX object CMakeFiles/crypto.dir/crypto/asn1/a_d2i_fp.cc.o
[INFO] [stderr]   [ 24%] Building CXX object CMakeFiles/crypto.dir/crypto/asn1/a_i2d_fp.cc.o
[INFO] [stderr]   [ 25%] Building CXX object CMakeFiles/crypto.dir/crypto/asn1/a_bool.cc.o
[INFO] [stderr]   [ 24%] Building CXX object CMakeFiles/crypto.dir/crypto/asn1/a_gentm.cc.o
[INFO] [stderr]   [ 25%] Building CXX object CMakeFiles/crypto.dir/crypto/aes/aes.cc.o
[INFO] [stderr]   [ 25%] Building CXX object CMakeFiles/crypto.dir/crypto/asn1/a_dup.cc.o
[INFO] [stderr]   [ 25%] Building CXX object CMakeFiles/crypto.dir/crypto/asn1/a_mbstr.cc.o
[INFO] [stderr]   [ 27%] Building CXX object CMakeFiles/crypto.dir/crypto/asn1/a_object.cc.o
[INFO] [stderr]   [ 27%] Building CXX object CMakeFiles/crypto.dir/crypto/asn1/a_int.cc.o
[INFO] [stderr]   [ 27%] Building CXX object CMakeFiles/crypto.dir/crypto/asn1/a_octet.cc.o
[INFO] [stderr]   [ 27%] Building CXX object CMakeFiles/crypto.dir/crypto/asn1/a_strex.cc.o
[INFO] [stderr]   [ 27%] Building CXX object CMakeFiles/crypto.dir/crypto/asn1/a_strnid.cc.o
[INFO] [stderr]   [ 27%] Building CXX object CMakeFiles/crypto.dir/crypto/asn1/a_utctm.cc.o
[INFO] [stderr]   [ 27%] Building CXX object CMakeFiles/crypto.dir/crypto/asn1/a_type.cc.o
[INFO] [stderr]   [ 27%] Building CXX object CMakeFiles/crypto.dir/crypto/asn1/a_time.cc.o
[INFO] [stderr]   [ 29%] Building CXX object CMakeFiles/crypto.dir/crypto/asn1/asn1_lib.cc.o
[INFO] [stderr]   [ 29%] Building CXX object CMakeFiles/crypto.dir/crypto/asn1/asn1_par.cc.o
[INFO] [stderr]   [ 29%] Building CXX object CMakeFiles/crypto.dir/crypto/asn1/asn_pack.cc.o
[INFO] [stderr]   [ 29%] Building CXX object CMakeFiles/crypto.dir/crypto/asn1/f_int.cc.o
[INFO] [stderr]   [ 29%] Building CXX object CMakeFiles/crypto.dir/crypto/asn1/f_string.cc.o
[INFO] [stderr]   [ 29%] Building CXX object CMakeFiles/crypto.dir/crypto/asn1/posix_time.cc.o
[INFO] [stderr]   [ 29%] Building CXX object CMakeFiles/crypto.dir/crypto/asn1/tasn_dec.cc.o
[INFO] [stderr]   [ 31%] Building CXX object CMakeFiles/crypto.dir/crypto/asn1/tasn_enc.cc.o
[INFO] [stderr]   [ 31%] Building CXX object CMakeFiles/crypto.dir/crypto/asn1/tasn_fre.cc.o
[INFO] [stderr]   [ 31%] Building CXX object CMakeFiles/crypto.dir/crypto/asn1/tasn_typ.cc.o
[INFO] [stderr]   [ 31%] Building CXX object CMakeFiles/crypto.dir/crypto/asn1/tasn_new.cc.o
[INFO] [stderr]   [ 31%] Building CXX object CMakeFiles/crypto.dir/crypto/asn1/tasn_utl.cc.o
[INFO] [stderr]   [ 31%] Building CXX object CMakeFiles/crypto.dir/crypto/base64/base64.cc.o
[INFO] [stderr]   [ 31%] Building CXX object CMakeFiles/crypto.dir/crypto/bio/bio.cc.o
[INFO] [stderr]   [ 32%] Building CXX object CMakeFiles/crypto.dir/crypto/bio/bio_mem.cc.o
[INFO] [stderr]   [ 32%] Building CXX object CMakeFiles/crypto.dir/crypto/bio/errno.cc.o
[INFO] [stderr]   [ 32%] Building CXX object CMakeFiles/crypto.dir/crypto/bio/connect.cc.o
[INFO] [stderr]   [ 32%] Building CXX object CMakeFiles/crypto.dir/crypto/bio/fd.cc.o
[INFO] [stderr]   [ 32%] Building CXX object CMakeFiles/crypto.dir/crypto/bio/file.cc.o
[INFO] [stderr]   [ 32%] Building CXX object CMakeFiles/crypto.dir/crypto/bio/pair.cc.o
[INFO] [stderr]   [ 32%] Building CXX object CMakeFiles/crypto.dir/crypto/bio/hexdump.cc.o
[INFO] [stderr]   [ 34%] Building CXX object CMakeFiles/crypto.dir/crypto/bio/printf.cc.o
[INFO] [stderr]   [ 34%] Building CXX object CMakeFiles/crypto.dir/crypto/bio/socket.cc.o
[INFO] [stderr]   [ 34%] Building CXX object CMakeFiles/crypto.dir/crypto/bio/socket_helper.cc.o
[INFO] [stderr]   [ 34%] Building CXX object CMakeFiles/crypto.dir/crypto/blake2/blake2.cc.o
[INFO] [stderr]   [ 34%] Building CXX object CMakeFiles/crypto.dir/crypto/bn/bn_asn1.cc.o
[INFO] [stderr]   [ 34%] Building CXX object CMakeFiles/crypto.dir/crypto/bn/convert.cc.o
[INFO] [stderr]   [ 34%] Building CXX object CMakeFiles/crypto.dir/crypto/bn/div.cc.o
[INFO] [stderr]   [ 34%] Building CXX object CMakeFiles/crypto.dir/crypto/bn/sqrt.cc.o
[INFO] [stderr]   [ 36%] Building CXX object CMakeFiles/crypto.dir/crypto/bn/exponentiation.cc.o
[INFO] [stderr]   [ 36%] Building CXX object CMakeFiles/crypto.dir/crypto/buf/buf.cc.o
[INFO] [stderr]   [ 36%] Building CXX object CMakeFiles/crypto.dir/crypto/bytestring/asn1_compat.cc.o
[INFO] [stderr]   [ 36%] Building CXX object CMakeFiles/crypto.dir/crypto/bytestring/ber.cc.o
[INFO] [stderr]   [ 36%] Building CXX object CMakeFiles/crypto.dir/crypto/bytestring/cbb.cc.o
[INFO] [stderr]   [ 36%] Building CXX object CMakeFiles/crypto.dir/crypto/chacha/chacha.cc.o
[INFO] [stderr]   [ 36%] Building CXX object CMakeFiles/crypto.dir/crypto/cipher/e_aesctrhmac.cc.o
[INFO] [stderr]   [ 36%] Building CXX object CMakeFiles/crypto.dir/crypto/cipher/e_aeseax.cc.o
[INFO] [stderr]   [ 36%] Building CXX object CMakeFiles/crypto.dir/crypto/bytestring/cbs.cc.o
[INFO] [stderr]   [ 36%] Building CXX object CMakeFiles/crypto.dir/crypto/cipher/derive_key.cc.o
[INFO] [stderr]   [ 36%] Building CXX object CMakeFiles/crypto.dir/crypto/cipher/e_aesgcmsiv.cc.o
[INFO] [stderr]   [ 37%] Building CXX object CMakeFiles/crypto.dir/crypto/bytestring/unicode.cc.o
[INFO] [stderr]   [ 37%] Building CXX object CMakeFiles/crypto.dir/crypto/cipher/e_chacha20poly1305.cc.o
[INFO] [stderr]   [ 39%] Building CXX object CMakeFiles/crypto.dir/crypto/cipher/e_des.cc.o
[INFO] [stderr]   [ 39%] Building CXX object CMakeFiles/crypto.dir/crypto/cipher/e_null.cc.o
[INFO] [stderr]   [ 39%] Building CXX object CMakeFiles/crypto.dir/crypto/cipher/e_rc2.cc.o
[INFO] [stderr]   [ 39%] Building CXX object CMakeFiles/crypto.dir/crypto/cipher/e_rc4.cc.o
[INFO] [stderr]   [ 39%] Building CXX object CMakeFiles/crypto.dir/crypto/cipher/e_tls.cc.o
[INFO] [stderr]   [ 39%] Building CXX object CMakeFiles/crypto.dir/crypto/cipher/get_cipher.cc.o
[INFO] [stderr]   [ 39%] Building CXX object CMakeFiles/crypto.dir/crypto/cipher/tls_cbc.cc.o
[INFO] [stderr]   [ 41%] Building CXX object CMakeFiles/crypto.dir/crypto/cms/cms.cc.o
[INFO] [stderr]   [ 41%] Building CXX object CMakeFiles/crypto.dir/crypto/conf/conf.cc.o
[INFO] [stderr]   [ 41%] Building CXX object CMakeFiles/crypto.dir/crypto/cpu_aarch64_apple.cc.o
[INFO] [stderr]   [ 41%] Building CXX object CMakeFiles/crypto.dir/crypto/cpu_aarch64_fuchsia.cc.o
[INFO] [stderr]   [ 41%] Building CXX object CMakeFiles/crypto.dir/crypto/cpu_aarch64_linux.cc.o
[INFO] [stderr]   [ 41%] Building CXX object CMakeFiles/crypto.dir/crypto/cpu_aarch64_openbsd.cc.o
[INFO] [stderr]   [ 41%] Building CXX object CMakeFiles/crypto.dir/crypto/cpu_aarch64_sysreg.cc.o
[INFO] [stderr]   [ 41%] Building CXX object CMakeFiles/crypto.dir/crypto/cpu_arm_freebsd.cc.o
[INFO] [stderr]   [ 43%] Building CXX object CMakeFiles/crypto.dir/crypto/cpu_aarch64_win.cc.o
[INFO] [stderr]   [ 43%] Building CXX object CMakeFiles/crypto.dir/crypto/cpu_arm_linux.cc.o
[INFO] [stderr]   [ 43%] Building CXX object CMakeFiles/crypto.dir/crypto/cpu_intel.cc.o
[INFO] [stderr]   [ 43%] Building CXX object CMakeFiles/crypto.dir/crypto/crypto.cc.o
[INFO] [stderr]   [ 43%] Building CXX object CMakeFiles/crypto.dir/crypto/curve25519/curve25519.cc.o
[INFO] [stderr]   [ 44%] Building CXX object CMakeFiles/crypto.dir/crypto/curve25519/spake25519.cc.o
[INFO] [stderr]   [ 44%] Building CXX object CMakeFiles/crypto.dir/crypto/des/des.cc.o
[INFO] [stderr]   [ 44%] Building CXX object CMakeFiles/crypto.dir/crypto/curve25519/curve25519_64_adx.cc.o
[INFO] [stderr]   [ 44%] Building CXX object CMakeFiles/crypto.dir/crypto/dh/dh_asn1.cc.o
[INFO] [stderr]   [ 44%] Building CXX object CMakeFiles/crypto.dir/crypto/dh/params.cc.o
[INFO] [stderr]   [ 44%] Building CXX object CMakeFiles/crypto.dir/crypto/digest/digest_extra.cc.o
[INFO] [stderr]   [ 44%] Building CXX object CMakeFiles/crypto.dir/crypto/dsa/dsa.cc.o
[INFO] [stderr]   [ 44%] Building CXX object CMakeFiles/crypto.dir/crypto/dsa/dsa_asn1.cc.o
[INFO] [stderr]   [ 46%] Building CXX object CMakeFiles/crypto.dir/crypto/ec/ec_asn1.cc.o
[INFO] [stderr]   [ 46%] Building CXX object CMakeFiles/crypto.dir/crypto/ec/hash_to_curve.cc.o
[INFO] [stderr]   [ 46%] Building CXX object CMakeFiles/crypto.dir/crypto/ec/ec_derive.cc.o
[INFO] [stderr]   [ 46%] Building CXX object CMakeFiles/crypto.dir/crypto/ecdh/ecdh.cc.o
[INFO] [stderr]   [ 46%] Building CXX object CMakeFiles/crypto.dir/crypto/ecdsa/ecdsa_asn1.cc.o
[INFO] [stderr]   [ 46%] Building CXX object CMakeFiles/crypto.dir/crypto/ecdsa/ecdsa_p1363.cc.o
[INFO] [stderr]   [ 46%] Building CXX object CMakeFiles/crypto.dir/crypto/engine/engine.cc.o
[INFO] [stderr]   [ 48%] Building CXX object CMakeFiles/crypto.dir/crypto/err/err.cc.o
[INFO] [stderr]   [ 48%] Building CXX object CMakeFiles/crypto.dir/crypto/evp/evp_asn1.cc.o
[INFO] [stderr]   [ 48%] Building CXX object CMakeFiles/crypto.dir/crypto/evp/evp.cc.o
[INFO] [stderr]   [ 48%] Building CXX object CMakeFiles/crypto.dir/crypto/evp/evp_ctx.cc.o
[INFO] [stderr]   [ 48%] Building CXX object CMakeFiles/crypto.dir/crypto/evp/evp_kem.cc.o
[INFO] [stderr]   [ 48%] Building CXX object CMakeFiles/crypto.dir/crypto/evp/p_dh.cc.o
[INFO] [stderr]   [ 48%] Building CXX object CMakeFiles/crypto.dir/crypto/evp/p_dsa.cc.o
[INFO] [stderr]   [ 50%] Building CXX object CMakeFiles/crypto.dir/crypto/evp/p_ec.cc.o
[INFO] [stderr]   [ 50%] Building CXX object CMakeFiles/crypto.dir/crypto/evp/p_ed25519.cc.o
[INFO] [stderr]   [ 50%] Building CXX object CMakeFiles/crypto.dir/crypto/evp/p_hkdf.cc.o
[INFO] [stderr]   [ 50%] Building CXX object CMakeFiles/crypto.dir/crypto/evp/p_mldsa.cc.o
[INFO] [stderr]   [ 50%] Building CXX object CMakeFiles/crypto.dir/crypto/evp/p_mlkem.cc.o
[INFO] [stderr]   [ 50%] Building CXX object CMakeFiles/crypto.dir/crypto/evp/p_rsa.cc.o
[INFO] [stderr]   [ 50%] Building CXX object CMakeFiles/crypto.dir/crypto/evp/p_x25519.cc.o
[INFO] [stderr]   [ 51%] Building CXX object CMakeFiles/crypto.dir/crypto/evp/p_xwing.cc.o
[INFO] [stderr]   [ 51%] Building CXX object CMakeFiles/crypto.dir/crypto/evp/print.cc.o
[INFO] [stderr]   [ 51%] Building CXX object CMakeFiles/crypto.dir/crypto/evp/pbkdf.cc.o
[INFO] [stderr]   [ 51%] Building CXX object CMakeFiles/crypto.dir/crypto/evp/sign.cc.o
[INFO] [stderr]   [ 51%] Building CXX object CMakeFiles/crypto.dir/crypto/evp/scrypt.cc.o
[INFO] [stderr]   [ 51%] Building CXX object CMakeFiles/crypto.dir/crypto/ex_data.cc.o
[INFO] [stderr]   [ 51%] Building CXX object CMakeFiles/crypto.dir/crypto/fipsmodule/fips_shared_support.cc.o
[INFO] [stderr]   [ 53%] Building CXX object CMakeFiles/crypto.dir/crypto/fuzzer_mode.cc.o
[INFO] [stderr]   [ 53%] Building CXX object CMakeFiles/crypto.dir/crypto/hpke/hpke.cc.o
[INFO] [stderr]   [ 53%] Building CXX object CMakeFiles/crypto.dir/crypto/hrss/hrss.cc.o
[INFO] [stderr]   [ 53%] Building CXX object CMakeFiles/crypto.dir/crypto/kyber/kyber.cc.o
[INFO] [stderr]   [ 53%] Building CXX object CMakeFiles/crypto.dir/crypto/lhash/lhash.cc.o
[INFO] [stderr]   [ 53%] Building CXX object CMakeFiles/crypto.dir/crypto/md4/md4.cc.o
[INFO] [stderr]   [ 53%] Building CXX object CMakeFiles/crypto.dir/crypto/md5/md5.cc.o
[INFO] [stderr]   [ 55%] Building CXX object CMakeFiles/crypto.dir/crypto/mem.cc.o
[INFO] [stderr]   [ 55%] Building CXX object CMakeFiles/crypto.dir/crypto/mlkem/mlkem.cc.o
[INFO] [stderr]   [ 55%] Building CXX object CMakeFiles/crypto.dir/crypto/mldsa/mldsa.cc.o
[INFO] [stderr]   [ 55%] Building CXX object CMakeFiles/crypto.dir/crypto/obj/obj.cc.o
[INFO] [stderr]   [ 55%] Building CXX object CMakeFiles/crypto.dir/crypto/obj/obj_xref.cc.o
[INFO] [stderr]   [ 55%] Building CXX object CMakeFiles/crypto.dir/crypto/pem/pem_info.cc.o
[INFO] [stderr]   [ 55%] Building CXX object CMakeFiles/crypto.dir/crypto/pem/pem_all.cc.o
[INFO] [stderr]   [ 56%] Building CXX object CMakeFiles/crypto.dir/crypto/pem/pem_lib.cc.o
[INFO] [stderr]   [ 56%] Building CXX object CMakeFiles/crypto.dir/crypto/pem/pem_oth.cc.o
[INFO] [stderr]   [ 56%] Building CXX object CMakeFiles/crypto.dir/crypto/pem/pem_pk8.cc.o
[INFO] [stderr]   [ 56%] Building CXX object CMakeFiles/crypto.dir/crypto/pem/pem_pkey.cc.o
[INFO] [stderr]   [ 56%] Building CXX object CMakeFiles/crypto.dir/crypto/pem/pem_x509.cc.o
[INFO] [stderr]   [ 56%] Building CXX object CMakeFiles/crypto.dir/crypto/pem/pem_xaux.cc.o
[INFO] [stderr]   [ 56%] Building CXX object CMakeFiles/crypto.dir/crypto/pkcs7/pkcs7.cc.o
[INFO] [stderr]   [ 58%] Building CXX object CMakeFiles/crypto.dir/crypto/pkcs7/pkcs7_x509.cc.o
[INFO] [stderr]   [ 58%] Building CXX object CMakeFiles/crypto.dir/crypto/pkcs8/pkcs8_x509.cc.o
[INFO] [stderr]   [ 58%] Building CXX object CMakeFiles/crypto.dir/crypto/pkcs8/p5_pbev2.cc.o
[INFO] [stderr]   [ 58%] Building CXX object CMakeFiles/crypto.dir/crypto/pkcs8/pkcs8.cc.o
[INFO] [stderr]   [ 58%] Building CXX object CMakeFiles/crypto.dir/crypto/poly1305/poly1305.cc.o
[INFO] [stderr]   [ 58%] Building CXX object CMakeFiles/crypto.dir/crypto/poly1305/poly1305_arm.cc.o
[INFO] [stderr]   [ 58%] Building CXX object CMakeFiles/crypto.dir/crypto/poly1305/poly1305_vec.cc.o
[INFO] [stderr]   [ 60%] Building CXX object CMakeFiles/crypto.dir/crypto/pool/pool.cc.o
[INFO] [stderr]   [ 60%] Building CXX object CMakeFiles/crypto.dir/crypto/rand/deterministic.cc.o
[INFO] [stderr]   [ 60%] Building CXX object CMakeFiles/crypto.dir/crypto/rand/fork_detect.cc.o
[INFO] [stderr]   [ 60%] Building CXX object CMakeFiles/crypto.dir/crypto/rand/forkunsafe.cc.o
[INFO] [stderr]   [ 60%] Building CXX object CMakeFiles/crypto.dir/crypto/rand/getentropy.cc.o
[INFO] [stderr]   [ 60%] Building CXX object CMakeFiles/crypto.dir/crypto/rand/rand.cc.o
[INFO] [stderr]   [ 60%] Building CXX object CMakeFiles/crypto.dir/crypto/rand/ios.cc.o
[INFO] [stderr]   [ 60%] Building CXX object CMakeFiles/crypto.dir/crypto/rand/urandom.cc.o
[INFO] [stderr]   [ 62%] Building CXX object CMakeFiles/crypto.dir/crypto/rand/trusty.cc.o
[INFO] [stderr]   [ 62%] Building CXX object CMakeFiles/crypto.dir/crypto/rand/windows.cc.o
[INFO] [stderr]   [ 62%] Building CXX object CMakeFiles/crypto.dir/crypto/rc4/rc4.cc.o
[INFO] [stderr]   [ 62%] Building CXX object CMakeFiles/crypto.dir/crypto/refcount.cc.o
[INFO] [stderr]   [ 62%] Building CXX object CMakeFiles/crypto.dir/crypto/rsa/rsa_crypt.cc.o
[INFO] [stderr]   [ 62%] Building CXX object CMakeFiles/crypto.dir/crypto/rsa/rsa_asn1.cc.o
[INFO] [stderr]   [ 63%] Building CXX object CMakeFiles/crypto.dir/crypto/rsa/rsa_extra.cc.o
[INFO] [stderr]   [ 63%] Building CXX object CMakeFiles/crypto.dir/crypto/rsa/rsa_print.cc.o
[INFO] [stderr]   [ 63%] Building CXX object CMakeFiles/crypto.dir/crypto/sha/sha1.cc.o
[INFO] [stderr]   [ 63%] Building CXX object CMakeFiles/crypto.dir/crypto/sha/sha256.cc.o
[INFO] [stderr]   [ 63%] Building CXX object CMakeFiles/crypto.dir/crypto/sha/sha512.cc.o
[INFO] [stderr]   [ 63%] Building CXX object CMakeFiles/crypto.dir/crypto/siphash/siphash.cc.o
[INFO] [stderr]   [ 63%] Building CXX object CMakeFiles/crypto.dir/crypto/slhdsa/slhdsa.cc.o
[INFO] [stderr]   [ 65%] Building CXX object CMakeFiles/crypto.dir/crypto/spake2plus/spake2plus.cc.o
[INFO] [stderr]   [ 65%] Building CXX object CMakeFiles/crypto.dir/crypto/stack/stack.cc.o
[INFO] [stderr]   [ 65%] Building CXX object CMakeFiles/crypto.dir/crypto/thread.cc.o
[INFO] [stderr]   [ 65%] Building CXX object CMakeFiles/crypto.dir/crypto/thread_pthread.cc.o
[INFO] [stderr]   [ 65%] Building CXX object CMakeFiles/crypto.dir/crypto/thread_win.cc.o
[INFO] [stderr]   [ 65%] Building CXX object CMakeFiles/crypto.dir/crypto/trust_token/pmbtoken.cc.o
[INFO] [stderr]   [ 65%] Building CXX object CMakeFiles/crypto.dir/crypto/thread_none.cc.o
[INFO] [stderr]   [ 67%] Building CXX object CMakeFiles/crypto.dir/crypto/trust_token/trust_token.cc.o
[INFO] [stderr]   [ 67%] Building CXX object CMakeFiles/crypto.dir/crypto/trust_token/voprf.cc.o
[INFO] [stderr]   [ 67%] Building CXX object CMakeFiles/crypto.dir/crypto/x509/a_digest.cc.o
[INFO] [stderr]   [ 67%] Building CXX object CMakeFiles/crypto.dir/crypto/x509/a_sign.cc.o
[INFO] [stderr]   [ 67%] Building CXX object CMakeFiles/crypto.dir/crypto/x509/a_verify.cc.o
[INFO] [stderr]   [ 67%] Building CXX object CMakeFiles/crypto.dir/crypto/x509/algorithm.cc.o
[INFO] [stderr]   [ 68%] Building CXX object CMakeFiles/crypto.dir/crypto/x509/by_dir.cc.o
[INFO] [stderr]   [ 68%] Building CXX object CMakeFiles/crypto.dir/crypto/x509/asn1_gen.cc.o
[INFO] [stderr]   [ 68%] Building CXX object CMakeFiles/crypto.dir/crypto/x509/by_file.cc.o
[INFO] [stderr]   [ 68%] Building CXX object CMakeFiles/crypto.dir/crypto/x509/i2d_pr.cc.o
[INFO] [stderr]   [ 68%] Building CXX object CMakeFiles/crypto.dir/crypto/x509/name_print.cc.o
[INFO] [stderr]   [ 68%] Building CXX object CMakeFiles/crypto.dir/crypto/x509/policy.cc.o
[INFO] [stderr]   [ 68%] Building CXX object CMakeFiles/crypto.dir/crypto/x509/rsa_pss.cc.o
[INFO] [stderr]   [ 68%] Building CXX object CMakeFiles/crypto.dir/crypto/x509/t_crl.cc.o
[INFO] [stderr]   [ 70%] Building CXX object CMakeFiles/crypto.dir/crypto/x509/t_req.cc.o
[INFO] [stderr]   [ 70%] Building CXX object CMakeFiles/crypto.dir/crypto/x509/t_x509.cc.o
[INFO] [stderr]   [ 70%] Building CXX object CMakeFiles/crypto.dir/crypto/x509/t_x509a.cc.o
[INFO] [stderr]   [ 70%] Building CXX object CMakeFiles/crypto.dir/crypto/x509/v3_akey.cc.o
[INFO] [stderr]   [ 70%] Building CXX object CMakeFiles/crypto.dir/crypto/x509/v3_akeya.cc.o
[INFO] [stderr]   [ 70%] Building CXX object CMakeFiles/crypto.dir/crypto/x509/v3_alt.cc.o
[INFO] [stderr]   [ 70%] Building CXX object CMakeFiles/crypto.dir/crypto/x509/v3_bcons.cc.o
[INFO] [stderr]   [ 72%] Building CXX object CMakeFiles/crypto.dir/crypto/x509/v3_bitst.cc.o
[INFO] [stderr]   [ 72%] Building CXX object CMakeFiles/crypto.dir/crypto/x509/v3_conf.cc.o
[INFO] [stderr]   [ 72%] Building CXX object CMakeFiles/crypto.dir/crypto/x509/v3_cpols.cc.o
[INFO] [stderr]   [ 72%] Building CXX object CMakeFiles/crypto.dir/crypto/x509/v3_crld.cc.o
[INFO] [stderr]   [ 72%] Building CXX object CMakeFiles/crypto.dir/crypto/x509/v3_enum.cc.o
[INFO] [stderr]   [ 72%] Building CXX object CMakeFiles/crypto.dir/crypto/x509/v3_extku.cc.o
[INFO] [stderr]   [ 72%] Building CXX object CMakeFiles/crypto.dir/crypto/x509/v3_genn.cc.o
[INFO] [stderr]   [ 74%] Building CXX object CMakeFiles/crypto.dir/crypto/x509/v3_ia5.cc.o
[INFO] [stderr]   [ 74%] Building CXX object CMakeFiles/crypto.dir/crypto/x509/v3_info.cc.o
[INFO] [stderr]   [ 74%] Building CXX object CMakeFiles/crypto.dir/crypto/x509/v3_int.cc.o
[INFO] [stderr]   [ 74%] Building CXX object CMakeFiles/crypto.dir/crypto/x509/v3_lib.cc.o
[INFO] [stderr]   [ 74%] Building CXX object CMakeFiles/crypto.dir/crypto/x509/v3_ncons.cc.o
[INFO] [stderr]   [ 74%] Building CXX object CMakeFiles/crypto.dir/crypto/x509/v3_ocsp.cc.o
[INFO] [stderr]   [ 74%] Building CXX object CMakeFiles/crypto.dir/crypto/x509/v3_pcons.cc.o
[INFO] [stderr]   [ 75%] Building CXX object CMakeFiles/crypto.dir/crypto/x509/v3_pmaps.cc.o
[INFO] [stderr]   [ 75%] Building CXX object CMakeFiles/crypto.dir/crypto/x509/v3_prn.cc.o
[INFO] [stderr]   [ 75%] Building CXX object CMakeFiles/crypto.dir/crypto/x509/v3_purp.cc.o
[INFO] [stderr]   [ 75%] Building CXX object CMakeFiles/crypto.dir/crypto/x509/v3_skey.cc.o
[INFO] [stderr]   [ 75%] Building CXX object CMakeFiles/crypto.dir/crypto/x509/v3_utl.cc.o
[INFO] [stderr]   [ 75%] Building CXX object CMakeFiles/crypto.dir/crypto/x509/x509.cc.o
[INFO] [stderr]   [ 75%] Building CXX object CMakeFiles/crypto.dir/crypto/x509/x509_att.cc.o
[INFO] [stderr]   [ 77%] Building CXX object CMakeFiles/crypto.dir/crypto/x509/x509_cmp.cc.o
[INFO] [stderr]   [ 77%] Building CXX object CMakeFiles/crypto.dir/crypto/x509/x509_d2.cc.o
[INFO] [stderr]   [ 77%] Building CXX object CMakeFiles/crypto.dir/crypto/x509/x509_def.cc.o
[INFO] [stderr]   [ 77%] Building CXX object CMakeFiles/crypto.dir/crypto/x509/x509_ext.cc.o
[INFO] [stderr]   [ 77%] Building CXX object CMakeFiles/crypto.dir/crypto/x509/x509_lu.cc.o
[INFO] [stderr]   [ 77%] Building CXX object CMakeFiles/crypto.dir/crypto/x509/x509_req.cc.o
[INFO] [stderr]   [ 77%] Building CXX object CMakeFiles/crypto.dir/crypto/x509/x509_obj.cc.o
[INFO] [stderr]   [ 79%] Building CXX object CMakeFiles/crypto.dir/crypto/x509/x509_set.cc.o
[INFO] [stderr]   [ 79%] Building CXX object CMakeFiles/crypto.dir/crypto/x509/x509_trs.cc.o
[INFO] [stderr]   [ 79%] Building CXX object CMakeFiles/crypto.dir/crypto/x509/x509_txt.cc.o
[INFO] [stderr]   [ 79%] Building CXX object CMakeFiles/crypto.dir/crypto/x509/x509_v3.cc.o
[INFO] [stderr]   [ 79%] Building CXX object CMakeFiles/crypto.dir/crypto/x509/x509_vfy.cc.o
[INFO] [stderr]   [ 79%] Building CXX object CMakeFiles/crypto.dir/crypto/x509/x509_vpm.cc.o
[INFO] [stderr]   [ 79%] Building CXX object CMakeFiles/crypto.dir/crypto/x509/x509cset.cc.o
[INFO] [stderr]   [ 79%] Building CXX object CMakeFiles/crypto.dir/crypto/x509/x509rset.cc.o
[INFO] [stderr]   [ 81%] Building CXX object CMakeFiles/crypto.dir/crypto/x509/x509name.cc.o
[INFO] [stderr]   [ 81%] Building CXX object CMakeFiles/crypto.dir/crypto/x509/x509spki.cc.o
[INFO] [stderr]   [ 81%] Building CXX object CMakeFiles/crypto.dir/crypto/x509/x_algor.cc.o
[INFO] [stderr]   [ 81%] Building CXX object CMakeFiles/crypto.dir/crypto/x509/x_all.cc.o
[INFO] [stderr]   [ 81%] Building CXX object CMakeFiles/crypto.dir/crypto/x509/x_attrib.cc.o
[INFO] [stderr]   [ 81%] Building CXX object CMakeFiles/crypto.dir/crypto/x509/x_crl.cc.o
[INFO] [stderr]   [ 82%] Building CXX object CMakeFiles/crypto.dir/crypto/x509/x_exten.cc.o
[INFO] [stderr]   [ 82%] Building CXX object CMakeFiles/crypto.dir/crypto/x509/x_name.cc.o
[INFO] [stderr]   [ 82%] Building CXX object CMakeFiles/crypto.dir/crypto/x509/x_pubkey.cc.o
[INFO] [stderr]   [ 82%] Building CXX object CMakeFiles/crypto.dir/crypto/x509/x_req.cc.o
[INFO] [stderr]   [ 82%] Building CXX object CMakeFiles/crypto.dir/crypto/x509/x_sig.cc.o
[INFO] [stderr]   [ 82%] Building CXX object CMakeFiles/crypto.dir/crypto/x509/x_spki.cc.o
[INFO] [stderr]   [ 82%] Building CXX object CMakeFiles/crypto.dir/crypto/x509/x_x509.cc.o
[INFO] [stderr]   [ 84%] Building CXX object CMakeFiles/crypto.dir/crypto/x509/x_x509a.cc.o
[INFO] [stderr]   [ 84%] Building CXX object CMakeFiles/crypto.dir/crypto/xwing/xwing.cc.o
[INFO] [stderr]   [ 84%] Building CXX object CMakeFiles/crypto.dir/gen/crypto/err_data.cc.o
[INFO] [stderr]   [ 84%] Building ASM object CMakeFiles/crypto.dir/crypto/curve25519/asm/x25519-asm-arm.S.o
[INFO] [stderr]   [ 84%] Building ASM object CMakeFiles/crypto.dir/crypto/hrss/asm/poly_rq_mul.S.o
[INFO] [stderr]   [ 84%] Building ASM object CMakeFiles/crypto.dir/gen/crypto/aes128gcmsiv-x86_64-apple.S.o
[INFO] [stderr]   [ 84%] Building ASM object CMakeFiles/crypto.dir/crypto/poly1305/poly1305_arm_asm.S.o
[INFO] [stderr]   [ 86%] Building ASM object CMakeFiles/crypto.dir/gen/crypto/aes128gcmsiv-x86_64-linux.S.o
[INFO] [stderr]   [ 86%] Building ASM object CMakeFiles/crypto.dir/gen/crypto/chacha-armv4-linux.S.o
[INFO] [stderr]   [ 86%] Building ASM object CMakeFiles/crypto.dir/gen/crypto/chacha-armv8-linux.S.o
[INFO] [stderr]   [ 86%] Building ASM object CMakeFiles/crypto.dir/gen/crypto/chacha-armv8-win.S.o
[INFO] [stderr]   [ 86%] Building ASM object CMakeFiles/crypto.dir/gen/crypto/chacha-armv8-apple.S.o
[INFO] [stderr]   [ 86%] Building ASM object CMakeFiles/crypto.dir/gen/crypto/chacha-x86-apple.S.o
[INFO] [stderr]   [ 87%] Building ASM object CMakeFiles/crypto.dir/gen/crypto/chacha-x86_64-apple.S.o
[INFO] [stderr]   [ 87%] Building ASM object CMakeFiles/crypto.dir/gen/crypto/chacha20_poly1305_armv8-apple.S.o
[INFO] [stderr]   [ 87%] Building ASM object CMakeFiles/crypto.dir/gen/crypto/chacha-x86_64-linux.S.o
[INFO] [stderr]   [ 87%] Building ASM object CMakeFiles/crypto.dir/gen/crypto/chacha-x86-linux.S.o
[INFO] [stderr]   [ 87%] Building ASM object CMakeFiles/crypto.dir/gen/crypto/chacha20_poly1305_armv8-win.S.o
[INFO] [stderr]   [ 87%] Building ASM object CMakeFiles/crypto.dir/gen/crypto/chacha20_poly1305_x86_64-apple.S.o
[INFO] [stderr]   [ 89%] Building ASM object CMakeFiles/crypto.dir/gen/crypto/md5-586-apple.S.o
[INFO] [stderr]   [ 89%] Building ASM object CMakeFiles/crypto.dir/gen/crypto/chacha20_poly1305_armv8-linux.S.o
[INFO] [stderr]   [ 89%] Building ASM object CMakeFiles/crypto.dir/gen/crypto/chacha20_poly1305_x86_64-linux.S.o
[INFO] [stderr]   [ 89%] Building ASM object CMakeFiles/crypto.dir/gen/crypto/md5-586-linux.S.o
[INFO] [stderr]   [ 89%] Building ASM object CMakeFiles/crypto.dir/gen/crypto/md5-x86_64-apple.S.o
[INFO] [stderr]   [ 89%] Building ASM object CMakeFiles/crypto.dir/third_party/fiat/asm/fiat_curve25519_adx_mul.S.o
[INFO] [stderr]   [ 89%] Building ASM object CMakeFiles/crypto.dir/gen/crypto/md5-x86_64-linux.S.o
[INFO] [stderr]   [ 89%] Building ASM object CMakeFiles/crypto.dir/third_party/fiat/asm/fiat_curve25519_adx_square.S.o
[INFO] [stderr]   [ 89%] Linking CXX static library libcrypto.a
[INFO] [stderr]   [ 89%] Built target crypto
[INFO] [stderr]   [ 89%] Building CXX object CMakeFiles/ssl.dir/ssl/bio_ssl.cc.o
[INFO] [stderr]   [ 89%] Building CXX object CMakeFiles/ssl.dir/ssl/dtls_record.cc.o
[INFO] [stderr]   [ 89%] Building CXX object CMakeFiles/ssl.dir/ssl/dtls_method.cc.o
[INFO] [stderr]   [ 89%] Building CXX object CMakeFiles/ssl.dir/ssl/d1_lib.cc.o
[INFO] [stderr]   [ 91%] Building CXX object CMakeFiles/ssl.dir/ssl/d1_pkt.cc.o
[INFO] [stderr]   [ 91%] Building CXX object CMakeFiles/ssl.dir/ssl/d1_both.cc.o
[INFO] [stderr]   [ 91%] Building CXX object CMakeFiles/ssl.dir/ssl/d1_srtp.cc.o
[INFO] [stderr]   [ 91%] Building CXX object CMakeFiles/ssl.dir/ssl/encrypted_client_hello.cc.o
[INFO] [stderr]   [ 91%] Building CXX object CMakeFiles/ssl.dir/ssl/extensions.cc.o
[INFO] [stderr]   [ 91%] Building CXX object CMakeFiles/ssl.dir/ssl/handoff.cc.o
[INFO] [stderr]   [ 91%] Building CXX object CMakeFiles/ssl.dir/ssl/handshake_server.cc.o
[INFO] [stderr]   [ 91%] Building CXX object CMakeFiles/ssl.dir/ssl/s3_both.cc.o
[INFO] [stderr]   [ 91%] Building CXX object CMakeFiles/ssl.dir/ssl/s3_lib.cc.o
[INFO] [stderr]   [ 91%] Building CXX object CMakeFiles/ssl.dir/ssl/s3_pkt.cc.o
[INFO] [stderr]   [ 93%] Building CXX object CMakeFiles/ssl.dir/ssl/handshake.cc.o
[INFO] [stderr]   [ 93%] Building CXX object CMakeFiles/ssl.dir/ssl/handshake_client.cc.o
[INFO] [stderr] 
[INFO] [stderr]   --- stderr
[INFO] [stderr]   hint: Using 'master' as the name for the initial branch. This default branch name
[INFO] [stderr]   hint: will change to "main" in Git 3.0. To configure the initial branch name
[INFO] [stderr]   hint: to use in all of your new repositories, which will suppress this warning,
[INFO] [stderr]   hint: call:
[INFO] [stderr]   hint:
[INFO] [stderr]   hint: 	git config --global init.defaultBranch <name>
[INFO] [stderr]   hint:
[INFO] [stderr]   hint: Names commonly chosen instead of 'master' are 'main', 'trunk' and
[INFO] [stderr]   hint: 'development'. The just-created branch can be renamed via this command:
[INFO] [stderr]   hint:
[INFO] [stderr]   hint: 	git branch -m <name>
[INFO] [stderr]   hint:
[INFO] [stderr]   hint: Disable this message with "git config set advice.defaultBranchName false"
[INFO] [stderr]   Checking patch crypto/obj/obj_dat.h...
[INFO] [stderr]   Checking patch crypto/obj/obj_mac.num...
[INFO] [stderr]   Checking patch crypto/obj/objects.txt...
[INFO] [stderr]   Checking patch include/openssl/nid.h...
[INFO] [stderr]   Checking patch include/openssl/ssl.h...
[INFO] [stderr]   Checking patch ssl/extensions.cc...
[INFO] [stderr]   Checking patch ssl/internal.h...
[INFO] [stderr]   Checking patch ssl/ssl_key_share.cc...
[INFO] [stderr]   Checking patch ssl/ssl_lib.cc...
[INFO] [stderr]   Checking patch ssl/ssl_test.cc...
[INFO] [stderr]   Checking patch ssl/test/runner/basic_tests.go...
[INFO] [stderr]   Checking patch ssl/test/runner/cbc_tests.go...
[INFO] [stderr]   Checking patch ssl/test/runner/common.go...
[INFO] [stderr]   Checking patch ssl/test/runner/curve_tests.go...
[INFO] [stderr]   Checking patch ssl/test/runner/ech_tests.go...
[INFO] [stderr]   Checking patch ssl/test/runner/extension_tests.go...
[INFO] [stderr]   Checking patch ssl/test/runner/key_update_tests.go...
[INFO] [stderr]   Checking patch tool/client.cc...
[INFO] [stderr]   Applied patch crypto/obj/obj_dat.h cleanly.
[INFO] [stderr]   Applied patch crypto/obj/obj_mac.num cleanly.
[INFO] [stderr]   Applied patch crypto/obj/objects.txt cleanly.
[INFO] [stderr]   Applied patch include/openssl/nid.h cleanly.
[INFO] [stderr]   Applied patch include/openssl/ssl.h cleanly.
[INFO] [stderr]   Applied patch ssl/extensions.cc cleanly.
[INFO] [stderr]   Applied patch ssl/internal.h cleanly.
[INFO] [stderr]   Applied patch ssl/ssl_key_share.cc cleanly.
[INFO] [stderr]   Applied patch ssl/ssl_lib.cc cleanly.
[INFO] [stderr]   Applied patch ssl/ssl_test.cc cleanly.
[INFO] [stderr]   Applied patch ssl/test/runner/basic_tests.go cleanly.
[INFO] [stderr]   Applied patch ssl/test/runner/cbc_tests.go cleanly.
[INFO] [stderr]   Applied patch ssl/test/runner/common.go cleanly.
[INFO] [stderr]   Applied patch ssl/test/runner/curve_tests.go cleanly.
[INFO] [stderr]   Applied patch ssl/test/runner/ech_tests.go cleanly.
[INFO] [stderr]   Applied patch ssl/test/runner/extension_tests.go cleanly.
[INFO] [stderr]   Applied patch ssl/test/runner/key_update_tests.go cleanly.
[INFO] [stderr]   Applied patch tool/client.cc cleanly.
[INFO] [stderr]   running: cd "/opt/rustwide/target/debug/build/boring-sys-a267d88da2d27e53/out/build" && CMAKE_BUILD_PARALLEL_LEVEL="16" CMAKE_PREFIX_PATH="" LC_ALL="C" "cmake" "/opt/rustwide/target/debug/build/boring-sys-a267d88da2d27e53/out/boringssl" "-B" "/opt/rustwide/target/debug/build/boring-sys-a267d88da2d27e53/out/build" "-DCMAKE_INSTALL_PREFIX=/opt/rustwide/target/debug/build/boring-sys-a267d88da2d27e53/out" "-DCMAKE_C_FLAGS= -ffunction-sections -fdata-sections -fPIC -m64 -w" "-DCMAKE_C_COMPILER=/usr/bin/cc" "-DCMAKE_CXX_FLAGS= -ffunction-sections -fdata-sections -fPIC -m64 -w" "-DCMAKE_CXX_COMPILER=/usr/bin/c++" "-DCMAKE_ASM_FLAGS= -ffunction-sections -fdata-sections -fPIC -m64 -w" "-DCMAKE_ASM_COMPILER=/usr/bin/cc" "-DCMAKE_BUILD_TYPE=Debug"
[INFO] [stderr]   running: cd "/opt/rustwide/target/debug/build/boring-sys-a267d88da2d27e53/out/build" && CMAKE_BUILD_PARALLEL_LEVEL="16" LC_ALL="C" MAKEFLAGS="-j --jobserver-fds=4,5 --jobserver-auth=4,5" "cmake" "--build" "/opt/rustwide/target/debug/build/boring-sys-a267d88da2d27e53/out/build" "--target" "ssl" "--config" "Debug"
[INFO] [stderr]   gmake: warning: -j16 forced in submake: resetting jobserver mode.
[INFO] [stderr]   c++: fatal error: Killed signal terminated program cc1plus
[INFO] [stderr]   compilation terminated.
[INFO] [stderr]   gmake[3]: *** [CMakeFiles/ssl.dir/build.make:191: CMakeFiles/ssl.dir/ssl/extensions.cc.o] Error 1
[INFO] [stderr]   gmake[3]: *** Waiting for unfinished jobs....
[INFO] [stderr]   gmake[2]: *** [CMakeFiles/Makefile2:1228: CMakeFiles/ssl.dir/all] Error 2
[INFO] [stderr]   gmake[1]: *** [CMakeFiles/Makefile2:1235: CMakeFiles/ssl.dir/rule] Error 2
[INFO] [stderr]   gmake: *** [Makefile:582: ssl] Error 2
[INFO] [stderr] 
[INFO] [stderr]   thread 'main' (557) panicked at /opt/rustwide/cargo-home/registry/src/index.crates.io-1949cf8c6b5b557f/cmake-0.1.58/src/lib.rs:1132:5:
[INFO] [stderr] 
[INFO] [stderr]   command did not execute successfully, got: exit status: 2
[INFO] [stderr] 
[INFO] [stderr]   build script failed, must exit now
[INFO] [stderr]   stack backtrace:
[INFO] [stderr]      0:     0x56a2f0ac7fb1 - std[70759c8f55707aa4]::backtrace_rs::backtrace::libunwind::trace
[INFO] [stderr]                                  at /rustc/dfb0accb7f508ae8be965d8629557221c889dd98/library/std/src/../../backtrace/src/backtrace/libunwind.rs:117:9
[INFO] [stderr]      1:     0x56a2f0ac7fb1 - std[70759c8f55707aa4]::backtrace_rs::backtrace::trace_unsynchronized::<std[70759c8f55707aa4]::sys::backtrace::_print_fmt::{closure#1}>
[INFO] [stderr]                                  at /rustc/dfb0accb7f508ae8be965d8629557221c889dd98/library/std/src/../../backtrace/src/backtrace/mod.rs:66:14
[INFO] [stderr]      2:     0x56a2f0ac7fb1 - std[70759c8f55707aa4]::sys::backtrace::_print_fmt
[INFO] [stderr]                                  at /rustc/dfb0accb7f508ae8be965d8629557221c889dd98/library/std/src/sys/backtrace.rs:74:9
[INFO] [stderr]      3:     0x56a2f0ac7fb1 - <<std[70759c8f55707aa4]::sys::backtrace::BacktraceLock>::print::DisplayBacktrace as core[df12db4294e9bfd3]::fmt::Display>::fmt
[INFO] [stderr]                                  at /rustc/dfb0accb7f508ae8be965d8629557221c889dd98/library/std/src/sys/backtrace.rs:44:26
[INFO] [stderr]      4:     0x56a2f0ae03da - <core[df12db4294e9bfd3]::fmt::rt::Argument>::fmt
[INFO] [stderr]                                  at /rustc/dfb0accb7f508ae8be965d8629557221c889dd98/library/core/src/fmt/rt.rs:152:76
[INFO] [stderr]      5:     0x56a2f0ae03da - core[df12db4294e9bfd3]::fmt::write
[INFO] [stderr]      6:     0x56a2f0ace77c - core[df12db4294e9bfd3]::io::write::default_write_fmt::<std[70759c8f55707aa4]::sys::stdio::unix::Stderr>
[INFO] [stderr]                                  at /rustc/dfb0accb7f508ae8be965d8629557221c889dd98/library/core/src/io/write.rs:402:11
[INFO] [stderr]      7:     0x56a2f0ace77c - <std[70759c8f55707aa4]::sys::stdio::unix::Stderr as core[df12db4294e9bfd3]::io::write::Write>::write_fmt
[INFO] [stderr]                                  at /rustc/dfb0accb7f508ae8be965d8629557221c889dd98/library/core/src/io/write.rs:335:13
[INFO] [stderr]      8:     0x56a2f0aa0e06 - <std[70759c8f55707aa4]::sys::backtrace::BacktraceLock>::print
[INFO] [stderr]                                  at /rustc/dfb0accb7f508ae8be965d8629557221c889dd98/library/std/src/sys/backtrace.rs:47:9
[INFO] [stderr]      9:     0x56a2f0aa0e06 - std[70759c8f55707aa4]::panicking::default_hook::{closure#0}
[INFO] [stderr]                                  at /rustc/dfb0accb7f508ae8be965d8629557221c889dd98/library/std/src/panicking.rs:292:27
[INFO] [stderr]     10:     0x56a2f0abec21 - std[70759c8f55707aa4]::panicking::default_hook
[INFO] [stderr]                                  at /rustc/dfb0accb7f508ae8be965d8629557221c889dd98/library/std/src/panicking.rs:319:9
[INFO] [stderr]     11:     0x56a2f0abef4b - std[70759c8f55707aa4]::panicking::panic_with_hook
[INFO] [stderr]                                  at /rustc/dfb0accb7f508ae8be965d8629557221c889dd98/library/std/src/panicking.rs:815:13
[INFO] [stderr]     12:     0x56a2f0aa0eb2 - std[70759c8f55707aa4]::panicking::panic_handler::{closure#0}
[INFO] [stderr]                                  at /rustc/dfb0accb7f508ae8be965d8629557221c889dd98/library/std/src/panicking.rs:688:13
[INFO] [stderr]     13:     0x56a2f0a99a49 - std[70759c8f55707aa4]::sys::backtrace::__rust_end_short_backtrace::<std[70759c8f55707aa4]::panicking::panic_handler::{closure#0}, !>
[INFO] [stderr]                                  at /rustc/dfb0accb7f508ae8be965d8629557221c889dd98/library/std/src/sys/backtrace.rs:182:18
[INFO] [stderr]     14:     0x56a2f0aa1a9d - __rustc[8fa7c3cbc660c2b3]::rust_begin_unwind
[INFO] [stderr]                                  at /rustc/dfb0accb7f508ae8be965d8629557221c889dd98/library/std/src/panicking.rs:679:5
[INFO] [stderr]     15:     0x56a2f0ae0c7c - core[df12db4294e9bfd3]::panicking::panic_fmt
[INFO] [stderr]                                  at /rustc/dfb0accb7f508ae8be965d8629557221c889dd98/library/core/src/panicking.rs:80:14
[INFO] [stderr]     16:     0x56a2f0a210a7 - cmake[bca60dd119b9139]::fail
[INFO] [stderr]     17:     0x56a2f0a20d33 - cmake[bca60dd119b9139]::run
[INFO] [stderr]     18:     0x56a2f0a26dc5 - <cmake[bca60dd119b9139]::Config>::build
[INFO] [stderr]     19:     0x56a2f0558f3e - build_script_main[1ba8ca6d8254a9ad]::build_boringssl_or_get_prebuilt::{closure#0}
[INFO] [stderr]     20:     0x56a2f05547e7 - <std[70759c8f55707aa4]::sync::once_lock::OnceLock<std[70759c8f55707aa4]::path::PathBuf>>::get_or_init::<build_script_main[1ba8ca6d8254a9ad]::build_boringssl_or_get_prebuilt::{closure#0}>::{closure#0}
[INFO] [stderr]     21:     0x56a2f05546dc - <std[70759c8f55707aa4]::sync::once_lock::OnceLock<std[70759c8f55707aa4]::path::PathBuf>>::initialize::<<std[70759c8f55707aa4]::sync::once_lock::OnceLock<std[70759c8f55707aa4]::path::PathBuf>>::get_or_init<build_script_main[1ba8ca6d8254a9ad]::build_boringssl_or_get_prebuilt::{closure#0}>::{closure#0}, !>::{closure#0}
[INFO] [stderr]     22:     0x56a2f054c522 - <std[70759c8f55707aa4]::sync::once::Once>::call_once_force::<<std[70759c8f55707aa4]::sync::once_lock::OnceLock<std[70759c8f55707aa4]::path::PathBuf>>::initialize<<std[70759c8f55707aa4]::sync::once_lock::OnceLock<std[70759c8f55707aa4]::path::PathBuf>>::get_or_init<build_script_main[1ba8ca6d8254a9ad]::build_boringssl_or_get_prebuilt::{closure#0}>::{closure#0}, !>::{closure#0}>::{closure#0}
[INFO] [stderr]     23:     0x56a2f0aa67b9 - <std[70759c8f55707aa4]::sys::sync::once::futex::Once>::call
[INFO] [stderr]                                  at /rustc/dfb0accb7f508ae8be965d8629557221c889dd98/library/std/src/sys/sync/once/futex.rs:183:21
[INFO] [stderr]     24:     0x56a2f0547138 - <std[70759c8f55707aa4]::sync::once::Once>::call_once_force::<<std[70759c8f55707aa4]::sync::once_lock::OnceLock<std[70759c8f55707aa4]::path::PathBuf>>::initialize<<std[70759c8f55707aa4]::sync::once_lock::OnceLock<std[70759c8f55707aa4]::path::PathBuf>>::get_or_init<build_script_main[1ba8ca6d8254a9ad]::build_boringssl_or_get_prebuilt::{closure#0}>::{closure#0}, !>::{closure#0}>
[INFO] [stderr]     25:     0x56a2f055256e - <std[70759c8f55707aa4]::sync::once_lock::OnceLock<std[70759c8f55707aa4]::path::PathBuf>>::initialize::<<std[70759c8f55707aa4]::sync::once_lock::OnceLock<std[70759c8f55707aa4]::path::PathBuf>>::get_or_init<build_script_main[1ba8ca6d8254a9ad]::build_boringssl_or_get_prebuilt::{closure#0}>::{closure#0}, !>
[INFO] [stderr]     26:     0x56a2f0552653 - <std[70759c8f55707aa4]::sync::once_lock::OnceLock<std[70759c8f55707aa4]::path::PathBuf>>::get_or_try_init::<<std[70759c8f55707aa4]::sync::once_lock::OnceLock<std[70759c8f55707aa4]::path::PathBuf>>::get_or_init<build_script_main[1ba8ca6d8254a9ad]::build_boringssl_or_get_prebuilt::{closure#0}>::{closure#0}, !>
[INFO] [stderr]     27:     0x56a2f0552586 - <std[70759c8f55707aa4]::sync::once_lock::OnceLock<std[70759c8f55707aa4]::path::PathBuf>>::get_or_init::<build_script_main[1ba8ca6d8254a9ad]::build_boringssl_or_get_prebuilt::{closure#0}>
[INFO] [stderr]     28:     0x56a2f055fef0 - build_script_main[1ba8ca6d8254a9ad]::build_boringssl_or_get_prebuilt
[INFO] [stderr]     29:     0x56a2f055d579 - build_script_main[1ba8ca6d8254a9ad]::emit_link_directives
[INFO] [stderr]     30:     0x56a2f056106b - build_script_main[1ba8ca6d8254a9ad]::run
[INFO] [stderr]     31:     0x56a2f056134c - build_script_main[1ba8ca6d8254a9ad]::main
[INFO] [stderr]     32:     0x56a2f05579c3 - <fn() -> std[70759c8f55707aa4]::process::ExitCode as core[df12db4294e9bfd3]::ops::function::FnOnce<()>>::call_once
[INFO] [stderr]     33:     0x56a2f0553e06 - std[70759c8f55707aa4]::sys::backtrace::__rust_begin_short_backtrace::<fn() -> std[70759c8f55707aa4]::process::ExitCode, std[70759c8f55707aa4]::process::ExitCode>
[INFO] [stderr]     34:     0x56a2f0554889 - std[70759c8f55707aa4]::rt::lang_start::<std[70759c8f55707aa4]::process::ExitCode>::{closure#0}
[INFO] [stderr]     35:     0x56a2f0abded9 - <&dyn core[df12db4294e9bfd3]::ops::function::Fn<(), Output = i32> + core[df12db4294e9bfd3]::panic::unwind_safe::RefUnwindSafe + core[df12db4294e9bfd3]::marker::Sync as core[df12db4294e9bfd3]::ops::function::FnOnce<()>>::call_once
[INFO] [stderr]                                  at /rustc/dfb0accb7f508ae8be965d8629557221c889dd98/library/core/src/ops/function.rs:287:21
[INFO] [stderr]     36:     0x56a2f0abded9 - std[70759c8f55707aa4]::panicking::catch_unwind::do_call::<&dyn core[df12db4294e9bfd3]::ops::function::Fn<(), Output = i32> + core[df12db4294e9bfd3]::panic::unwind_safe::RefUnwindSafe + core[df12db4294e9bfd3]::marker::Sync, i32>
[INFO] [stderr]                                  at /rustc/dfb0accb7f508ae8be965d8629557221c889dd98/library/std/src/panicking.rs:576:43
[INFO] [stderr]     37:     0x56a2f0abded9 - std[70759c8f55707aa4]::panicking::catch_unwind::<i32, &dyn core[df12db4294e9bfd3]::ops::function::Fn<(), Output = i32> + core[df12db4294e9bfd3]::panic::unwind_safe::RefUnwindSafe + core[df12db4294e9bfd3]::marker::Sync>
[INFO] [stderr]                                  at /rustc/dfb0accb7f508ae8be965d8629557221c889dd98/library/std/src/panicking.rs:544:19
[INFO] [stderr]     38:     0x56a2f0abded9 - std[70759c8f55707aa4]::panic::catch_unwind::<&dyn core[df12db4294e9bfd3]::ops::function::Fn<(), Output = i32> + core[df12db4294e9bfd3]::panic::unwind_safe::RefUnwindSafe + core[df12db4294e9bfd3]::marker::Sync, i32>
[INFO] [stderr]                                  at /rustc/dfb0accb7f508ae8be965d8629557221c889dd98/library/std/src/panic.rs:359:14
[INFO] [stderr]     39:     0x56a2f0abded9 - std[70759c8f55707aa4]::rt::lang_start_internal::{closure#0}
[INFO] [stderr]                                  at /rustc/dfb0accb7f508ae8be965d8629557221c889dd98/library/std/src/rt.rs:175:24
[INFO] [stderr]     40:     0x56a2f0abded9 - std[70759c8f55707aa4]::panicking::catch_unwind::do_call::<std[70759c8f55707aa4]::rt::lang_start_internal::{closure#0}, isize>
[INFO] [stderr]                                  at /rustc/dfb0accb7f508ae8be965d8629557221c889dd98/library/std/src/panicking.rs:576:43
[INFO] [stderr]     41:     0x56a2f0abded9 - std[70759c8f55707aa4]::panicking::catch_unwind::<isize, std[70759c8f55707aa4]::rt::lang_start_internal::{closure#0}>
[INFO] [stderr]                                  at /rustc/dfb0accb7f508ae8be965d8629557221c889dd98/library/std/src/panicking.rs:544:19
[INFO] [stderr]     42:     0x56a2f0abded9 - std[70759c8f55707aa4]::panic::catch_unwind::<std[70759c8f55707aa4]::rt::lang_start_internal::{closure#0}, isize>
[INFO] [stderr]                                  at /rustc/dfb0accb7f508ae8be965d8629557221c889dd98/library/std/src/panic.rs:359:14
[INFO] [stderr]     43:     0x56a2f0abded9 - std[70759c8f55707aa4]::rt::lang_start_internal
[INFO] [stderr]                                  at /rustc/dfb0accb7f508ae8be965d8629557221c889dd98/library/std/src/rt.rs:171:5
[INFO] [stderr]     44:     0x56a2f0552f11 - std[70759c8f55707aa4]::rt::lang_start::<std[70759c8f55707aa4]::process::ExitCode>
[INFO] [stderr]     45:     0x56a2f05615b5 - main
[INFO] [stderr]     46:     0x7580f8974601 - <unknown>
[INFO] [stderr]     47:     0x7580f8974718 - __libc_start_main
[INFO] [stderr]     48:     0x56a2f0545fa5 - _start
[INFO] [stderr]     49:                0x0 - <unknown>
[INFO] running `Command { std: "docker" "inspect" "0dccfeca252374be7647887b97da52ffd3b13caf0d9bffa1a1972c62c886580d", kill_on_drop: false }`
[INFO] running `Command { std: "docker" "rm" "-f" "0dccfeca252374be7647887b97da52ffd3b13caf0d9bffa1a1972c62c886580d", kill_on_drop: false }`
[INFO] [stdout] 0dccfeca252374be7647887b97da52ffd3b13caf0d9bffa1a1972c62c886580d
