[INFO] fetching crate pwf-application 0.3.0...
[INFO] testing pwf-application-0.3.0 against 1.99.0-beta.8 for beta-1.100-2
[INFO] extracting crate pwf-application 0.3.0 into /workspace/builds/worker-0-tc1/source
[INFO] started tweaking crates.io crate pwf-application 0.3.0
[INFO] removed 0 missing tests
[INFO] finished tweaking crates.io crate pwf-application 0.3.0
[INFO] tweaked toml for crates.io crate pwf-application 0.3.0 written to /workspace/builds/worker-0-tc1/source/Cargo.toml
[INFO] validating manifest of crates.io crate pwf-application 0.3.0 on toolchain 1.99.0-beta.8
[INFO] running `Command { std: CARGO_HOME="/workspace/cargo-home" RUSTUP_HOME="/workspace/rustup-home" "/workspace/cargo-home/bin/cargo" "+1.99.0-beta.8" "metadata" "--manifest-path" "Cargo.toml" "--no-deps", kill_on_drop: false }`
[INFO] crate crates.io crate pwf-application 0.3.0 already has a lockfile, it will not be regenerated
[INFO] running `Command { std: CARGO_HOME="/workspace/cargo-home" RUSTUP_HOME="/workspace/rustup-home" "/workspace/cargo-home/bin/cargo" "+1.99.0-beta.8" "fetch" "--manifest-path" "Cargo.toml", kill_on_drop: false }`
[INFO] [stderr]     Updating crates.io index
[INFO] [stderr]     Blocking waiting for file lock on package cache
[INFO] [stderr]  Downloading crates ...
[INFO] [stderr]   Downloaded tokio-macros v2.7.1
[INFO] [stderr]   Downloaded socket2 v0.6.5
[INFO] [stderr]   Downloaded futures-task v0.3.34
[INFO] [stderr]   Downloaded futures-core v0.3.34
[INFO] [stderr]   Downloaded futures-io v0.3.34
[INFO] [stderr]   Downloaded futures-sink v0.3.34
[INFO] [stderr]   Downloaded block-buffer v0.12.1
[INFO] [stderr]   Downloaded defmt-parser v1.0.0
[INFO] [stderr]   Downloaded pwf-marker-sections v0.3.0
[INFO] [stderr]   Downloaded askama_macros v0.16.0
[INFO] [stderr]   Downloaded tonic-prost v0.14.6
[INFO] [stderr]   Downloaded generic-array v0.14.9
[INFO] [stderr]   Downloaded kinded_macros v0.5.0
[INFO] [stderr]   Downloaded whoami v2.1.2
[INFO] [stderr]   Downloaded digest v0.11.3
[INFO] [stderr]   Downloaded ctutils v0.4.2
[INFO] [stderr]   Downloaded hashlink v0.11.1
[INFO] [stderr]   Downloaded crc-catalog v2.5.0
[INFO] [stderr]   Downloaded md-5 v0.11.0
[INFO] [stderr]   Downloaded crossbeam-queue v0.3.13
[INFO] [stderr]   Downloaded etcetera v0.11.0
[INFO] [stderr]   Downloaded defmt-macros v1.1.1
[INFO] [stderr]   Downloaded crypto-common v0.2.2
[INFO] [stderr]   Downloaded defmt v1.1.1
[INFO] [stderr]   Downloaded constant_time_eq v0.4.2
[INFO] [stderr]   Downloaded tokio-stream v0.1.19
[INFO] [stderr]   Downloaded futures-channel v0.3.34
[INFO] [stderr]   Downloaded spin v0.9.9
[INFO] [stderr]   Downloaded sha2 v0.11.0
[INFO] [stderr]   Downloaded cmov v0.5.4
[INFO] [stderr]   Downloaded hybrid-array v0.4.13
[INFO] [stderr]   Downloaded chacha20 v0.10.2
[INFO] [stderr]   Downloaded http-body v1.1.0
[INFO] [stderr]   Downloaded nutype v0.7.0
[INFO] [stderr]   Downloaded jiff-tzdb-platform v0.1.3
[INFO] [stderr]   Downloaded lazy-regex v3.6.1
[INFO] [stderr]   Downloaded lazy-regex-proc_macros v3.6.1
[INFO] [stderr]   Downloaded sha1 v0.11.0
[INFO] [stderr]   Downloaded askama v0.16.0
[INFO] [stderr]   Downloaded mio v1.2.2
[INFO] [stderr]   Downloaded kinded v0.5.0
[INFO] [stderr]   Downloaded jiff-static v0.2.35
[INFO] [stderr]   Downloaded flume v0.12.0
[INFO] [stderr]   Downloaded sqlx-macros v0.9.0
[INFO] [stderr]   Downloaded prost-derive v0.14.4
[INFO] [stderr]   Downloaded pin-project-internal v1.1.13
[INFO] [stderr]   Downloaded async-trait v0.1.92
[INFO] [stderr]   Downloaded nutype_macros v0.7.0
[INFO] [stderr]   Downloaded cqrsy v0.11.0
[INFO] [stderr]   Downloaded askama_parser v0.16.0
[INFO] [stderr]   Downloaded pwf-models v0.3.0
[INFO] [stderr]   Downloaded hmac v0.13.0
[INFO] [stderr]   Downloaded http-body-util v0.1.5
[INFO] [stderr]   Downloaded prost v0.14.4
[INFO] [stderr]   Downloaded convert_case v0.11.0
[INFO] [stderr]   Downloaded pwf-wire v0.3.0
[INFO] [stderr]   Downloaded jiff-tzdb v0.1.8
[INFO] [stderr]   Downloaded futures v0.3.34
[INFO] [stderr]   Downloaded sqlx-sqlite v0.9.0
[INFO] [stderr]   Downloaded sqlx-macros-core v0.9.0
[INFO] [stderr]   Downloaded pin-project v1.1.13
[INFO] [stderr]   Downloaded portable-atomic-util v0.2.7
[INFO] [stderr]   Downloaded sqlx-mysql v0.9.0
[INFO] [stderr]   Downloaded askama_derive v0.16.0
[INFO] [stderr]   Downloaded tonic v0.14.6
[INFO] [stderr]   Downloaded sqlx-core v0.9.0
[INFO] [stderr]   Downloaded sqlx-postgres v0.9.0
[INFO] [stderr]   Downloaded http v1.5.0
[INFO] [stderr]   Downloaded jiff-core v0.1.0
[INFO] [stderr]   Downloaded futures-util v0.3.34
[INFO] [stderr]   Downloaded portable-atomic v1.14.0
[INFO] [stderr]   Downloaded sqlx v0.9.0
[INFO] [stderr]   Downloaded hkdf v0.13.0
[INFO] [stderr]   Downloaded blake3 v1.8.7
[INFO] [stderr]   Downloaded jiff v0.2.35
[INFO] [stderr]   Downloaded regex-automata v0.4.16
[INFO] [stderr]   Downloaded tokio v1.53.1
[INFO] running `Command { std: "docker" "create" "-v" "/var/lib/crater-agent-workspace/builds/worker-0-tc1/source:/opt/rustwide/workdir:ro,Z" "-v" "/var/lib/crater-agent-workspace/builds/worker-0-tc1/target:/opt/rustwide/target:rw,Z" "-v" "/var/lib/crater-agent-workspace/cargo-home:/opt/rustwide/cargo-home:ro,Z" "-v" "/var/lib/crater-agent-workspace/rustup-home:/opt/rustwide/rustup-home:ro,Z" "-m" "1610612736" "--network" "none" "ghcr.io/rust-lang/crates-build-env/linux@sha256:3111399a4047eeb3a02b7a90e478d715f38a8c6669b5c4b49d30a17385265909" "sleep" "infinity", kill_on_drop: false }`
[INFO] [stdout] 8d3a72c77024c23f236882f7aca16bd7bd437415fb7f4b4b75d40a0b19fd8ec6
[INFO] running `Command { std: "docker" "start" "8d3a72c77024c23f236882f7aca16bd7bd437415fb7f4b4b75d40a0b19fd8ec6", kill_on_drop: false }`
[INFO] running `Command { std: "docker" "inspect" "8d3a72c77024c23f236882f7aca16bd7bd437415fb7f4b4b75d40a0b19fd8ec6", kill_on_drop: false }`
[INFO] running `Command { std: "docker" "exec" "-e" "SOURCE_DIR=/opt/rustwide/workdir" "-e" "CARGO_HOME=/opt/rustwide/cargo-home" "-e" "RUSTUP_HOME=/opt/rustwide/rustup-home" "-e" "CARGO_TARGET_DIR=/opt/rustwide/target" "-w" "/opt/rustwide/workdir" "--user" "0:0" "8d3a72c77024c23f236882f7aca16bd7bd437415fb7f4b4b75d40a0b19fd8ec6" "/opt/rustwide/cargo-home/bin/cargo" "+1.99.0-beta.8" "metadata" "--no-deps" "--format-version=1", kill_on_drop: false }`
[INFO] running `Command { std: "docker" "inspect" "8d3a72c77024c23f236882f7aca16bd7bd437415fb7f4b4b75d40a0b19fd8ec6", kill_on_drop: false }`
[INFO] running `Command { std: "docker" "exec" "-e" "SOURCE_DIR=/opt/rustwide/workdir" "-e" "CARGO_HOME=/opt/rustwide/cargo-home" "-e" "RUSTUP_HOME=/opt/rustwide/rustup-home" "-e" "CARGO_TARGET_DIR=/opt/rustwide/target" "-e" "CARGO_INCREMENTAL=0" "-e" "RUST_BACKTRACE=full" "-e" "RUSTFLAGS=--cap-lints=warn" "-e" "RUSTDOCFLAGS=--cap-lints=warn" "-w" "/opt/rustwide/workdir" "--user" "0:0" "8d3a72c77024c23f236882f7aca16bd7bd437415fb7f4b4b75d40a0b19fd8ec6" "/opt/rustwide/cargo-home/bin/cargo" "+1.99.0-beta.8" "build" "--frozen" "--message-format=json", kill_on_drop: false }`
[INFO] [stderr]    Compiling proc-macro2 v1.0.106
[INFO] [stderr]    Compiling unicode-ident v1.0.24
[INFO] [stderr]    Compiling quote v1.0.46
[INFO] [stderr]    Compiling memchr v2.8.1
[INFO] [stderr]    Compiling pin-project-lite v0.2.17
[INFO] [stderr]    Compiling itoa v1.0.18
[INFO] [stderr]    Compiling futures-core v0.3.34
[INFO] [stderr]    Compiling unicode-segmentation v1.13.3
[INFO] [stderr]    Compiling bytes v1.12.1
[INFO] [stderr]    Compiling semver v1.0.28
[INFO] [stderr]    Compiling anyhow v1.0.104
[INFO] [stderr]    Compiling once_cell v1.21.4
[INFO] [stderr]    Compiling serde_core v1.0.229
[INFO] [stderr]    Compiling either v1.17.0
[INFO] [stderr]    Compiling thiserror v2.0.19
[INFO] [stderr]    Compiling rustc-hash v2.1.3
[INFO] [stderr]    Compiling shlex v2.0.1
[INFO] [stderr]    Compiling tokio v1.53.1
[INFO] [stderr]    Compiling regex-syntax v0.8.11
[INFO] [stderr]    Compiling find-msvc-tools v0.1.9
[INFO] [stderr]    Compiling urlencoding v2.1.3
[INFO] [stderr]    Compiling rustc_version v0.4.1
[INFO] [stderr]    Compiling tracing-core v0.1.36
[INFO] [stderr]    Compiling zmij v1.0.21
[INFO] [stderr]    Compiling serde v1.0.229
[INFO] [stderr]    Compiling sync_wrapper v1.0.2
[INFO] [stderr]    Compiling futures-sink v0.3.34
[INFO] [stderr]    Compiling itertools v0.14.0
[INFO] [stderr]    Compiling cc v1.2.63
[INFO] [stderr]    Compiling jiff-core v0.1.0
[INFO] [stderr]    Compiling futures-channel v0.3.34
[INFO] [stderr]    Compiling slab v0.4.12
[INFO] [stderr]    Compiling serde_json v1.0.151
[INFO] [stderr]    Compiling nutype_macros v0.7.0
[INFO] [stderr]    Compiling futures-io v0.3.34
[INFO] [stderr]    Compiling futures-task v0.3.34
[INFO] [stderr]    Compiling arrayvec v0.7.8
[INFO] [stderr]    Compiling cpufeatures v0.3.0
[INFO] [stderr]    Compiling constant_time_eq v0.4.2
[INFO] [stderr]    Compiling convert_case v0.11.0
[INFO] [stderr]    Compiling winnow v1.0.3
[INFO] [stderr]    Compiling aho-corasick v1.1.4
[INFO] [stderr]    Compiling futures-util v0.3.34
[INFO] [stderr]    Compiling syn v2.0.118
[INFO] [stderr]    Compiling syn v3.0.3
[INFO] [stderr]    Compiling http v1.5.0
[INFO] [stderr]    Compiling tokio-stream v0.1.19
[INFO] [stderr]    Compiling blake3 v1.8.7
[INFO] [stderr]    Compiling jiff v0.2.35
[INFO] [stderr]    Compiling http-body v1.1.0
[INFO] [stderr]    Compiling http-body-util v0.1.5
[INFO] [stderr]    Compiling askama_parser v0.16.0
[INFO] [stderr]    Compiling regex-automata v0.4.16
[INFO] [stderr]    Compiling futures v0.3.34
[INFO] [stderr]    Compiling regex v1.13.1
[INFO] [stderr]    Compiling thiserror-impl v2.0.19
[INFO] [stderr]    Compiling async-trait v0.1.92
[INFO] [stderr]    Compiling serde_derive v1.0.229
[INFO] [stderr]    Compiling cqrsy v0.11.0
[INFO] [stderr]    Compiling pwf-marker-sections v0.3.0
[INFO] [stderr]    Compiling kinded_macros v0.5.0
[INFO] [stderr]    Compiling tracing-attributes v0.1.31
[INFO] [stderr]    Compiling pin-project-internal v1.1.13
[INFO] [stderr]    Compiling prost-derive v0.14.4
[INFO] [stderr]    Compiling lazy-regex-proc_macros v3.6.1
[INFO] [stderr]    Compiling askama_derive v0.16.0
[INFO] [stderr]    Compiling lazy-regex v3.6.1
[INFO] [stderr]    Compiling kinded v0.5.0
[INFO] [stderr]    Compiling pin-project v1.1.13
[INFO] [stderr]    Compiling tracing v0.1.44
[INFO] [stderr]    Compiling tonic v0.14.6
[INFO] [stderr]    Compiling prost v0.14.4
[INFO] [stderr]    Compiling tonic-prost v0.14.6
[INFO] [stderr]    Compiling askama_macros v0.16.0
[INFO] [stderr]    Compiling askama v0.16.0
[INFO] [stderr]    Compiling nutype v0.7.0
[INFO] [stderr]    Compiling pwf-models v0.3.0
[INFO] [stderr]    Compiling pwf-wire v0.3.0
[INFO] [stderr]    Compiling pwf-application v0.3.0 (/opt/rustwide/workdir)
[INFO] [stderr]     Finished `dev` profile [unoptimized + debuginfo] target(s) in 54.12s
[INFO] running `Command { std: "docker" "inspect" "8d3a72c77024c23f236882f7aca16bd7bd437415fb7f4b4b75d40a0b19fd8ec6", kill_on_drop: false }`
[INFO] running `Command { std: "docker" "exec" "-e" "SOURCE_DIR=/opt/rustwide/workdir" "-e" "CARGO_HOME=/opt/rustwide/cargo-home" "-e" "RUSTUP_HOME=/opt/rustwide/rustup-home" "-e" "CARGO_TARGET_DIR=/opt/rustwide/target" "-e" "CARGO_INCREMENTAL=0" "-e" "RUST_BACKTRACE=full" "-e" "RUSTFLAGS=--cap-lints=warn" "-e" "RUSTDOCFLAGS=--cap-lints=warn" "-w" "/opt/rustwide/workdir" "--user" "0:0" "8d3a72c77024c23f236882f7aca16bd7bd437415fb7f4b4b75d40a0b19fd8ec6" "/opt/rustwide/cargo-home/bin/cargo" "+1.99.0-beta.8" "test" "--frozen" "--no-run" "--message-format=json", kill_on_drop: false }`
[INFO] [stderr]    Compiling syn v2.0.118
[INFO] [stderr]    Compiling serde_core v1.0.229
[INFO] [stderr]    Compiling libc v0.2.186
[INFO] [stderr]    Compiling serde v1.0.229
[INFO] [stderr]    Compiling typenum v1.20.1
[INFO] [stderr]    Compiling litemap v0.8.2
[INFO] [stderr]    Compiling smallvec v1.15.2
[INFO] [stderr]    Compiling generic-array v0.14.9
[INFO] [stderr]    Compiling writeable v0.6.3
[INFO] [stderr]    Compiling icu_properties_data v2.2.0
[INFO] [stderr]    Compiling icu_normalizer_data v2.2.0
[INFO] [stderr]    Compiling futures-io v0.3.34
[INFO] [stderr]    Compiling crossbeam-utils v0.8.22
[INFO] [stderr]    Compiling log v0.4.32
[INFO] [stderr]    Compiling hashbrown v0.17.1
[INFO] [stderr]    Compiling foldhash v0.2.0
[INFO] [stderr]    Compiling cpufeatures v0.2.17
[INFO] [stderr]    Compiling winnow v0.7.15
[INFO] [stderr]    Compiling futures-sink v0.3.34
[INFO] [stderr]    Compiling toml_write v0.1.2
[INFO] [stderr]    Compiling allocator-api2 v0.2.21
[INFO] [stderr]    Compiling autocfg v1.5.1
[INFO] [stderr]    Compiling parking v2.2.1
[INFO] [stderr]    Compiling crc-catalog v2.5.0
[INFO] [stderr]    Compiling pkg-config v0.3.33
[INFO] [stderr]    Compiling spin v0.9.9
[INFO] [stderr]    Compiling thiserror v2.0.19
[INFO] [stderr]    Compiling futures-util v0.3.34
[INFO] [stderr]    Compiling crc v3.4.0
[INFO] [stderr]    Compiling indexmap v2.14.0
[INFO] [stderr]    Compiling base64 v0.22.1
[INFO] [stderr]    Compiling flume v0.12.0
[INFO] [stderr]    Compiling futures-channel v0.3.34
[INFO] [stderr]    Compiling num-traits v0.2.19
[INFO] [stderr]    Compiling hex v0.4.3
[INFO] [stderr]    Compiling dotenvy v0.15.7
[INFO] [stderr]    Compiling hashbrown v0.16.1
[INFO] [stderr]    Compiling libsqlite3-sys v0.37.0
[INFO] [stderr]    Compiling concurrent-queue v2.5.0
[INFO] [stderr]    Compiling crossbeam-queue v0.3.13
[INFO] [stderr]    Compiling event-listener v5.4.1
[INFO] [stderr]    Compiling socket2 v0.6.5
[INFO] [stderr]    Compiling mio v1.2.2
[INFO] [stderr]    Compiling parking_lot_core v0.9.12
[INFO] [stderr]    Compiling parking_lot v0.12.5
[INFO] [stderr]    Compiling atoi v2.0.0
[INFO] [stderr]    Compiling hashlink v0.11.1
[INFO] [stderr]    Compiling futures-intrusive v0.5.0
[INFO] [stderr]    Compiling tokio v1.53.1
[INFO] [stderr]    Compiling block-buffer v0.10.4
[INFO] [stderr]    Compiling crypto-common v0.1.6
[INFO] [stderr]    Compiling digest v0.10.7
[INFO] [stderr]    Compiling sha2 v0.10.9
[INFO] [stderr]    Compiling serde_json v1.0.151
[INFO] [stderr]    Compiling either v1.17.0
[INFO] [stderr]    Compiling toml_datetime v0.6.11
[INFO] [stderr]    Compiling serde_spanned v0.6.9
[INFO] [stderr]    Compiling toml_edit v0.22.27
[INFO] [stderr]    Compiling itertools v0.14.0
[INFO] [stderr]    Compiling futures-executor v0.3.32
[INFO] [stderr]    Compiling futures v0.3.34
[INFO] [stderr]    Compiling synstructure v0.13.2
[INFO] [stderr]    Compiling askama_derive v0.16.0
[INFO] [stderr]    Compiling toml v0.8.23
[INFO] [stderr]    Compiling zerofrom-derive v0.1.7
[INFO] [stderr]    Compiling yoke-derive v0.8.2
[INFO] [stderr]    Compiling zerovec-derive v0.11.3
[INFO] [stderr]    Compiling displaydoc v0.2.6
[INFO] [stderr]    Compiling tracing-attributes v0.1.31
[INFO] [stderr]    Compiling tokio-macros v2.7.1
[INFO] [stderr]    Compiling kinded_macros v0.5.0
[INFO] [stderr]    Compiling pin-project-internal v1.1.13
[INFO] [stderr]    Compiling prost-derive v0.14.4
[INFO] [stderr]    Compiling lazy-regex-proc_macros v3.6.1
[INFO] [stderr]    Compiling zerofrom v0.1.8
[INFO] [stderr]    Compiling lazy-regex v3.6.1
[INFO] [stderr]    Compiling kinded v0.5.0
[INFO] [stderr]    Compiling nutype_macros v0.7.0
[INFO] [stderr]    Compiling yoke v0.8.3
[INFO] [stderr]    Compiling zerotrie v0.2.4
[INFO] [stderr]    Compiling pin-project v1.1.13
[INFO] [stderr]    Compiling tracing v0.1.44
[INFO] [stderr]    Compiling zerovec v0.11.6
[INFO] [stderr]    Compiling prost v0.14.4
[INFO] [stderr]    Compiling tokio-stream v0.1.19
[INFO] [stderr]    Compiling tinystr v0.8.3
[INFO] [stderr]    Compiling potential_utf v0.1.5
[INFO] [stderr]    Compiling askama_macros v0.16.0
[INFO] [stderr]    Compiling icu_locale_core v2.2.0
[INFO] [stderr]    Compiling icu_collections v2.2.0
[INFO] [stderr]    Compiling askama v0.16.0
[INFO] [stderr]    Compiling icu_provider v2.2.0
[INFO] [stderr]    Compiling icu_properties v2.2.0
[INFO] [stderr]    Compiling icu_normalizer v2.2.0
[INFO] [stderr]    Compiling nutype v0.7.0
[INFO] [stderr]    Compiling pwf-models v0.3.0
[INFO] [stderr]    Compiling idna_adapter v1.2.2
[INFO] [stderr]    Compiling idna v1.1.0
[INFO] [stderr]    Compiling url v2.5.8
[INFO] [stderr]    Compiling sqlx-core v0.9.0
[INFO] [stderr]    Compiling tonic v0.14.6
[INFO] [stderr]    Compiling tonic-prost v0.14.6
[INFO] [stderr]    Compiling pwf-wire v0.3.0
[INFO] [stderr]    Compiling sqlx-sqlite v0.9.0
[INFO] [stderr]    Compiling pwf-application v0.3.0 (/opt/rustwide/workdir)
[INFO] [stderr]    Compiling sqlx-macros-core v0.9.0
[INFO] [stderr]    Compiling sqlx-macros v0.9.0
[INFO] [stderr]    Compiling sqlx v0.9.0
[INFO] [stdout] error: error canonicalizing migration directory /opt/rustwide/workdir/../pwf-infra/migrations: No such file or directory (os error 2)
[INFO] [stdout]  --> tests/support/database.rs:3:55
[INFO] [stdout]   |
[INFO] [stdout] 3 | pub(crate) static MIGRATOR: sqlx::migrate::Migrator = sqlx::migrate!();
[INFO] [stdout]   |                                                       ^^^^^^^^^^^^^^^^
[INFO] [stdout]   |
[INFO] [stdout]   = note: this error originates in the macro `$crate::sqlx_macros::migrate` which comes from the expansion of the macro `sqlx::migrate` (in Nightly builds, run with -Z macro-backtrace for more info)
[INFO] [stdout] 
[INFO] [stdout] 
[INFO] [stdout] error[E0433]: cannot find module or crate `pwf_infra` in this scope
[INFO] [stdout]   --> tests/project/add_project.rs:37:10
[INFO] [stdout]    |
[INFO] [stdout] 37 |         &pwf_infra::project_store::SqliteProjectStore::new(pool.clone()),
[INFO] [stdout]    |          ^^^^^^^^^ use of unresolved module or unlinked crate `pwf_infra`
[INFO] [stdout]    |
[INFO] [stdout]    = help: if you wanted to use a crate named `pwf_infra`, use `cargo add pwf_infra` to add it to your `Cargo.toml`
[INFO] [stdout] 
[INFO] [stdout] 
[INFO] [stdout] error[E0433]: cannot find module or crate `pwf_infra` in this scope
[INFO] [stdout]   --> tests/project/add_project.rs:44:10
[INFO] [stdout]    |
[INFO] [stdout] 44 |         &pwf_infra::project_store::SqliteProjectStore::new(pool.clone()),
[INFO] [stdout]    |          ^^^^^^^^^ use of unresolved module or unlinked crate `pwf_infra`
[INFO] [stdout]    |
[INFO] [stdout]    = help: if you wanted to use a crate named `pwf_infra`, use `cargo add pwf_infra` to add it to your `Cargo.toml`
[INFO] [stdout] 
[INFO] [stdout] 
[INFO] [stdout] error[E0433]: cannot find module or crate `pwf_infra` in this scope
[INFO] [stdout]   --> tests/project/add_project.rs:63:10
[INFO] [stdout]    |
[INFO] [stdout] 63 |         &pwf_infra::project_store::SqliteProjectStore::new(pool.clone()),
[INFO] [stdout]    |          ^^^^^^^^^ use of unresolved module or unlinked crate `pwf_infra`
[INFO] [stdout]    |
[INFO] [stdout]    = help: if you wanted to use a crate named `pwf_infra`, use `cargo add pwf_infra` to add it to your `Cargo.toml`
[INFO] [stdout] 
[INFO] [stdout] 
[INFO] [stdout] error[E0433]: cannot find module or crate `pwf_infra` in this scope
[INFO] [stdout]   --> tests/project/add_project.rs:71:10
[INFO] [stdout]    |
[INFO] [stdout] 71 |         &pwf_infra::project_store::SqliteProjectStore::new(pool.clone()),
[INFO] [stdout]    |          ^^^^^^^^^ use of unresolved module or unlinked crate `pwf_infra`
[INFO] [stdout]    |
[INFO] [stdout]    = help: if you wanted to use a crate named `pwf_infra`, use `cargo add pwf_infra` to add it to your `Cargo.toml`
[INFO] [stdout] 
[INFO] [stdout] 
[INFO] [stdout] error[E0433]: cannot find module or crate `pwf_infra` in this scope
[INFO] [stdout]   --> tests/project/add_project.rs:90:10
[INFO] [stdout]    |
[INFO] [stdout] 90 |         &pwf_infra::project_store::SqliteProjectStore::new(pool.clone()),
[INFO] [stdout]    |          ^^^^^^^^^ use of unresolved module or unlinked crate `pwf_infra`
[INFO] [stdout]    |
[INFO] [stdout]    = help: if you wanted to use a crate named `pwf_infra`, use `cargo add pwf_infra` to add it to your `Cargo.toml`
[INFO] [stdout] 
[INFO] [stdout] 
[INFO] [stdout] error[E0433]: cannot find module or crate `pwf_infra` in this scope
[INFO] [stdout]   --> tests/project/add_project.rs:98:10
[INFO] [stdout]    |
[INFO] [stdout] 98 |         &pwf_infra::project_store::SqliteProjectStore::new(pool.clone()),
[INFO] [stdout]    |          ^^^^^^^^^ use of unresolved module or unlinked crate `pwf_infra`
[INFO] [stdout]    |
[INFO] [stdout]    = help: if you wanted to use a crate named `pwf_infra`, use `cargo add pwf_infra` to add it to your `Cargo.toml`
[INFO] [stdout] 
[INFO] [stdout] 
[INFO] [stdout] error[E0433]: cannot find module or crate `pwf_infra` in this scope
[INFO] [stdout]    --> tests/project/add_project.rs:117:10
[INFO] [stdout]     |
[INFO] [stdout] 117 |         &pwf_infra::project_store::SqliteProjectStore::new(pool.clone()),
[INFO] [stdout]     |          ^^^^^^^^^ use of unresolved module or unlinked crate `pwf_infra`
[INFO] [stdout]     |
[INFO] [stdout]     = help: if you wanted to use a crate named `pwf_infra`, use `cargo add pwf_infra` to add it to your `Cargo.toml`
[INFO] [stdout] 
[INFO] [stdout] 
[INFO] [stdout] error[E0433]: cannot find module or crate `pwf_infra` in this scope
[INFO] [stdout]    --> tests/project/add_project.rs:125:10
[INFO] [stdout]     |
[INFO] [stdout] 125 |         &pwf_infra::project_store::SqliteProjectStore::new(pool.clone()),
[INFO] [stdout]     |          ^^^^^^^^^ use of unresolved module or unlinked crate `pwf_infra`
[INFO] [stdout]     |
[INFO] [stdout]     = help: if you wanted to use a crate named `pwf_infra`, use `cargo add pwf_infra` to add it to your `Cargo.toml`
[INFO] [stdout] 
[INFO] [stdout] 
[INFO] [stdout] error[E0433]: cannot find module or crate `pwf_infra` in this scope
[INFO] [stdout]    --> tests/project/add_project.rs:159:10
[INFO] [stdout]     |
[INFO] [stdout] 159 |         &pwf_infra::project_store::SqliteProjectStore::new(pool.clone()),
[INFO] [stdout]     |          ^^^^^^^^^ use of unresolved module or unlinked crate `pwf_infra`
[INFO] [stdout]     |
[INFO] [stdout]     = help: if you wanted to use a crate named `pwf_infra`, use `cargo add pwf_infra` to add it to your `Cargo.toml`
[INFO] [stdout] 
[INFO] [stdout] 
[INFO] [stdout] error[E0433]: cannot find module or crate `pwf_infra` in this scope
[INFO] [stdout]   --> tests/project/get_project.rs:17:10
[INFO] [stdout]    |
[INFO] [stdout] 17 |         &pwf_infra::project_store::SqliteProjectStore::new(pool.clone()),
[INFO] [stdout]    |          ^^^^^^^^^ use of unresolved module or unlinked crate `pwf_infra`
[INFO] [stdout]    |
[INFO] [stdout]    = help: if you wanted to use a crate named `pwf_infra`, use `cargo add pwf_infra` to add it to your `Cargo.toml`
[INFO] [stdout] 
[INFO] [stdout] 
[INFO] [stdout] error[E0433]: cannot find module or crate `pwf_infra` in this scope
[INFO] [stdout]   --> tests/project/get_project.rs:25:10
[INFO] [stdout]    |
[INFO] [stdout] 25 |         &pwf_infra::project_store::SqliteProjectStore::new(pool.clone()),
[INFO] [stdout]    |          ^^^^^^^^^ use of unresolved module or unlinked crate `pwf_infra`
[INFO] [stdout]    |
[INFO] [stdout]    = help: if you wanted to use a crate named `pwf_infra`, use `cargo add pwf_infra` to add it to your `Cargo.toml`
[INFO] [stdout] 
[INFO] [stdout] 
[INFO] [stdout] error[E0433]: cannot find module or crate `pwf_infra` in this scope
[INFO] [stdout]   --> tests/project/get_projects.rs:15:10
[INFO] [stdout]    |
[INFO] [stdout] 15 |         &pwf_infra::project_store::SqliteProjectStore::new(pool.clone()),
[INFO] [stdout]    |          ^^^^^^^^^ use of unresolved module or unlinked crate `pwf_infra`
[INFO] [stdout]    |
[INFO] [stdout]    = help: if you wanted to use a crate named `pwf_infra`, use `cargo add pwf_infra` to add it to your `Cargo.toml`
[INFO] [stdout] 
[INFO] [stdout] 
[INFO] [stdout] error[E0433]: cannot find module or crate `pwf_infra` in this scope
[INFO] [stdout]   --> tests/project/get_projects.rs:30:14
[INFO] [stdout]    |
[INFO] [stdout] 30 |             &pwf_infra::project_store::SqliteProjectStore::new(pool.clone())
[INFO] [stdout]    |              ^^^^^^^^^ use of unresolved module or unlinked crate `pwf_infra`
[INFO] [stdout]    |
[INFO] [stdout]    = help: if you wanted to use a crate named `pwf_infra`, use `cargo add pwf_infra` to add it to your `Cargo.toml`
[INFO] [stdout] 
[INFO] [stdout] 
[INFO] [stdout] error[E0433]: cannot find module or crate `pwf_infra` in this scope
[INFO] [stdout]   --> tests/project/list_projects.rs:14:10
[INFO] [stdout]    |
[INFO] [stdout] 14 |         &pwf_infra::project_store::SqliteProjectStore::new(pool.clone()),
[INFO] [stdout]    |          ^^^^^^^^^ use of unresolved module or unlinked crate `pwf_infra`
[INFO] [stdout]    |
[INFO] [stdout]    = help: if you wanted to use a crate named `pwf_infra`, use `cargo add pwf_infra` to add it to your `Cargo.toml`
[INFO] [stdout] 
[INFO] [stdout] 
[INFO] [stdout] error[E0433]: cannot find module or crate `pwf_infra` in this scope
[INFO] [stdout]    --> tests/project/rename_project.rs:104:10
[INFO] [stdout]     |
[INFO] [stdout] 104 |         &pwf_infra::project_store::SqliteProjectStore::new(pool.clone()),
[INFO] [stdout]     |          ^^^^^^^^^ use of unresolved module or unlinked crate `pwf_infra`
[INFO] [stdout]     |
[INFO] [stdout]     = help: if you wanted to use a crate named `pwf_infra`, use `cargo add pwf_infra` to add it to your `Cargo.toml`
[INFO] [stdout] 
[INFO] [stdout] 
[INFO] [stdout] error[E0433]: cannot find module or crate `pwf_infra` in this scope
[INFO] [stdout]    --> tests/project/rename_project.rs:148:10
[INFO] [stdout]     |
[INFO] [stdout] 148 |         &pwf_infra::project_store::SqliteProjectStore::new(pool.clone()),
[INFO] [stdout]     |          ^^^^^^^^^ use of unresolved module or unlinked crate `pwf_infra`
[INFO] [stdout]     |
[INFO] [stdout]     = help: if you wanted to use a crate named `pwf_infra`, use `cargo add pwf_infra` to add it to your `Cargo.toml`
[INFO] [stdout] 
[INFO] [stdout] 
[INFO] [stdout] error[E0433]: cannot find module or crate `pwf_infra` in this scope
[INFO] [stdout]    --> tests/project/rename_project.rs:177:10
[INFO] [stdout]     |
[INFO] [stdout] 177 |         &pwf_infra::project_store::SqliteProjectStore::new(pool.clone()),
[INFO] [stdout]     |          ^^^^^^^^^ use of unresolved module or unlinked crate `pwf_infra`
[INFO] [stdout]     |
[INFO] [stdout]     = help: if you wanted to use a crate named `pwf_infra`, use `cargo add pwf_infra` to add it to your `Cargo.toml`
[INFO] [stdout] 
[INFO] [stdout] 
[INFO] [stdout] error[E0433]: cannot find module or crate `pwf_infra` in this scope
[INFO] [stdout]    --> tests/project/rename_project.rs:223:10
[INFO] [stdout]     |
[INFO] [stdout] 223 |         &pwf_infra::project_store::SqliteProjectStore::new(pool.clone()),
[INFO] [stdout]     |          ^^^^^^^^^ use of unresolved module or unlinked crate `pwf_infra`
[INFO] [stdout]     |
[INFO] [stdout]     = help: if you wanted to use a crate named `pwf_infra`, use `cargo add pwf_infra` to add it to your `Cargo.toml`
[INFO] [stdout] 
[INFO] [stdout] 
[INFO] [stdout] error[E0433]: cannot find module or crate `pwf_infra` in this scope
[INFO] [stdout]    --> tests/project/rename_project.rs:282:10
[INFO] [stdout]     |
[INFO] [stdout] 282 |         &pwf_infra::project_store::SqliteProjectStore::new(pool.clone()),
[INFO] [stdout]     |          ^^^^^^^^^ use of unresolved module or unlinked crate `pwf_infra`
[INFO] [stdout]     |
[INFO] [stdout]     = help: if you wanted to use a crate named `pwf_infra`, use `cargo add pwf_infra` to add it to your `Cargo.toml`
[INFO] [stdout] 
[INFO] [stdout] 
[INFO] [stdout] error[E0433]: cannot find module or crate `pwf_infra` in this scope
[INFO] [stdout]    --> tests/project/rename_project.rs:328:10
[INFO] [stdout]     |
[INFO] [stdout] 328 |         &pwf_infra::project_store::SqliteProjectStore::new(pool.clone()),
[INFO] [stdout]     |          ^^^^^^^^^ use of unresolved module or unlinked crate `pwf_infra`
[INFO] [stdout]     |
[INFO] [stdout]     = help: if you wanted to use a crate named `pwf_infra`, use `cargo add pwf_infra` to add it to your `Cargo.toml`
[INFO] [stdout] 
[INFO] [stdout] 
[INFO] [stdout] error[E0433]: cannot find module or crate `pwf_infra` in this scope
[INFO] [stdout]    --> tests/project/rename_project.rs:374:10
[INFO] [stdout]     |
[INFO] [stdout] 374 |         &pwf_infra::project_store::SqliteProjectStore::new(pool.clone()),
[INFO] [stdout]     |          ^^^^^^^^^ use of unresolved module or unlinked crate `pwf_infra`
[INFO] [stdout]     |
[INFO] [stdout]     = help: if you wanted to use a crate named `pwf_infra`, use `cargo add pwf_infra` to add it to your `Cargo.toml`
[INFO] [stdout] 
[INFO] [stdout] 
[INFO] [stdout] error[E0433]: cannot find module or crate `pwf_infra` in this scope
[INFO] [stdout]   --> tests/project/resume_project.rs:26:10
[INFO] [stdout]    |
[INFO] [stdout] 26 |         &pwf_infra::project_store::SqliteProjectStore::new(pool.clone()),
[INFO] [stdout]    |          ^^^^^^^^^ use of unresolved module or unlinked crate `pwf_infra`
[INFO] [stdout]    |
[INFO] [stdout]    = help: if you wanted to use a crate named `pwf_infra`, use `cargo add pwf_infra` to add it to your `Cargo.toml`
[INFO] [stdout] 
[INFO] [stdout] 
[INFO] [stdout] error[E0433]: cannot find module or crate `pwf_infra` in this scope
[INFO] [stdout]   --> tests/project/update_project.rs:38:10
[INFO] [stdout]    |
[INFO] [stdout] 38 |         &pwf_infra::project_store::SqliteProjectStore::new(pool.clone()),
[INFO] [stdout]    |          ^^^^^^^^^ use of unresolved module or unlinked crate `pwf_infra`
[INFO] [stdout]    |
[INFO] [stdout]    = help: if you wanted to use a crate named `pwf_infra`, use `cargo add pwf_infra` to add it to your `Cargo.toml`
[INFO] [stdout] 
[INFO] [stdout] 
[INFO] [stdout] error[E0433]: cannot find module or crate `pwf_infra` in this scope
[INFO] [stdout]   --> tests/project/update_project.rs:51:10
[INFO] [stdout]    |
[INFO] [stdout] 51 |         &pwf_infra::project_store::SqliteProjectStore::new(pool.clone()),
[INFO] [stdout]    |          ^^^^^^^^^ use of unresolved module or unlinked crate `pwf_infra`
[INFO] [stdout]    |
[INFO] [stdout]    = help: if you wanted to use a crate named `pwf_infra`, use `cargo add pwf_infra` to add it to your `Cargo.toml`
[INFO] [stdout] 
[INFO] [stdout] 
[INFO] [stdout] error[E0433]: cannot find module or crate `pwf_infra` in this scope
[INFO] [stdout]   --> tests/project/update_project.rs:57:10
[INFO] [stdout]    |
[INFO] [stdout] 57 |         &pwf_infra::project_store::SqliteProjectStore::new(pool.clone()),
[INFO] [stdout]    |          ^^^^^^^^^ use of unresolved module or unlinked crate `pwf_infra`
[INFO] [stdout]    |
[INFO] [stdout]    = help: if you wanted to use a crate named `pwf_infra`, use `cargo add pwf_infra` to add it to your `Cargo.toml`
[INFO] [stdout] 
[INFO] [stdout] 
[INFO] [stdout] error[E0433]: cannot find module or crate `pwf_infra` in this scope
[INFO] [stdout]    --> tests/project/update_project.rs:101:10
[INFO] [stdout]     |
[INFO] [stdout] 101 |         &pwf_infra::project_store::SqliteProjectStore::new(pool.clone()),
[INFO] [stdout]     |          ^^^^^^^^^ use of unresolved module or unlinked crate `pwf_infra`
[INFO] [stdout]     |
[INFO] [stdout]     = help: if you wanted to use a crate named `pwf_infra`, use `cargo add pwf_infra` to add it to your `Cargo.toml`
[INFO] [stdout] 
[INFO] [stdout] 
[INFO] [stdout] error[E0433]: cannot find module or crate `pwf_infra` in this scope
[INFO] [stdout]    --> tests/project/update_project.rs:129:14
[INFO] [stdout]     |
[INFO] [stdout] 129 |             &pwf_infra::project_store::SqliteProjectStore::new(pool.clone()),
[INFO] [stdout]     |              ^^^^^^^^^ use of unresolved module or unlinked crate `pwf_infra`
[INFO] [stdout]     |
[INFO] [stdout]     = help: if you wanted to use a crate named `pwf_infra`, use `cargo add pwf_infra` to add it to your `Cargo.toml`
[INFO] [stdout] 
[INFO] [stdout] 
[INFO] [stdout] error[E0433]: cannot find module or crate `pwf_infra` in this scope
[INFO] [stdout]    --> tests/project/update_project.rs:149:10
[INFO] [stdout]     |
[INFO] [stdout] 149 |         &pwf_infra::project_store::SqliteProjectStore::new(pool.clone()),
[INFO] [stdout]     |          ^^^^^^^^^ use of unresolved module or unlinked crate `pwf_infra`
[INFO] [stdout]     |
[INFO] [stdout]     = help: if you wanted to use a crate named `pwf_infra`, use `cargo add pwf_infra` to add it to your `Cargo.toml`
[INFO] [stdout] 
[INFO] [stdout] 
[INFO] [stdout] error[E0433]: cannot find module or crate `pwf_infra` in this scope
[INFO] [stdout]    --> tests/project/update_project.rs:161:14
[INFO] [stdout]     |
[INFO] [stdout] 161 |             &pwf_infra::project_store::SqliteProjectStore::new(pool.clone()),
[INFO] [stdout]     |              ^^^^^^^^^ use of unresolved module or unlinked crate `pwf_infra`
[INFO] [stdout]     |
[INFO] [stdout]     = help: if you wanted to use a crate named `pwf_infra`, use `cargo add pwf_infra` to add it to your `Cargo.toml`
[INFO] [stdout] 
[INFO] [stdout] 
[INFO] [stdout] error[E0433]: cannot find module or crate `pwf_infra` in this scope
[INFO] [stdout]    --> tests/project/update_project.rs:183:14
[INFO] [stdout]     |
[INFO] [stdout] 183 |             &pwf_infra::project_store::SqliteProjectStore::new(pool.clone()),
[INFO] [stdout]     |              ^^^^^^^^^ use of unresolved module or unlinked crate `pwf_infra`
[INFO] [stdout]     |
[INFO] [stdout]     = help: if you wanted to use a crate named `pwf_infra`, use `cargo add pwf_infra` to add it to your `Cargo.toml`
[INFO] [stdout] 
[INFO] [stdout] 
[INFO] [stdout] error[E0433]: cannot find module or crate `pwf_infra` in this scope
[INFO] [stdout]    --> tests/project/update_project.rs:204:20
[INFO] [stdout]     |
[INFO] [stdout] 204 |     let projects = pwf_infra::project_store::SqliteProjectStore::new(pool.clone());
[INFO] [stdout]     |                    ^^^^^^^^^ use of unresolved module or unlinked crate `pwf_infra`
[INFO] [stdout]     |
[INFO] [stdout]     = help: if you wanted to use a crate named `pwf_infra`, use `cargo add pwf_infra` to add it to your `Cargo.toml`
[INFO] [stdout] 
[INFO] [stdout] 
[INFO] [stdout] error[E0433]: cannot find module or crate `pwf_infra` in this scope
[INFO] [stdout]   --> tests/note/add_note.rs:43:14
[INFO] [stdout]    |
[INFO] [stdout] 43 |             &pwf_infra::project_store::SqliteProjectStore::new(pool.clone()),
[INFO] [stdout]    |              ^^^^^^^^^ use of unresolved module or unlinked crate `pwf_infra`
[INFO] [stdout]    |
[INFO] [stdout]    = help: if you wanted to use a crate named `pwf_infra`, use `cargo add pwf_infra` to add it to your `Cargo.toml`
[INFO] [stdout] 
[INFO] [stdout] 
[INFO] [stdout] error[E0433]: cannot find module or crate `pwf_infra` in this scope
[INFO] [stdout]   --> tests/note/add_note.rs:66:10
[INFO] [stdout]    |
[INFO] [stdout] 66 |         &pwf_infra::project_store::SqliteProjectStore::new(pool.clone()),
[INFO] [stdout]    |          ^^^^^^^^^ use of unresolved module or unlinked crate `pwf_infra`
[INFO] [stdout]    |
[INFO] [stdout]    = help: if you wanted to use a crate named `pwf_infra`, use `cargo add pwf_infra` to add it to your `Cargo.toml`
[INFO] [stdout] 
[INFO] [stdout] 
[INFO] [stdout] error[E0433]: cannot find module or crate `pwf_infra` in this scope
[INFO] [stdout]   --> tests/note/add_note.rs:88:10
[INFO] [stdout]    |
[INFO] [stdout] 88 |         &pwf_infra::project_store::SqliteProjectStore::new(pool.clone()),
[INFO] [stdout]    |          ^^^^^^^^^ use of unresolved module or unlinked crate `pwf_infra`
[INFO] [stdout]    |
[INFO] [stdout]    = help: if you wanted to use a crate named `pwf_infra`, use `cargo add pwf_infra` to add it to your `Cargo.toml`
[INFO] [stdout] 
[INFO] [stdout] 
[INFO] [stdout] error[E0433]: cannot find module or crate `pwf_infra` in this scope
[INFO] [stdout]    --> tests/note/add_note.rs:109:10
[INFO] [stdout]     |
[INFO] [stdout] 109 |         &pwf_infra::project_store::SqliteProjectStore::new(pool.clone()),
[INFO] [stdout]     |          ^^^^^^^^^ use of unresolved module or unlinked crate `pwf_infra`
[INFO] [stdout]     |
[INFO] [stdout]     = help: if you wanted to use a crate named `pwf_infra`, use `cargo add pwf_infra` to add it to your `Cargo.toml`
[INFO] [stdout] 
[INFO] [stdout] 
[INFO] [stdout] error[E0433]: cannot find module or crate `pwf_infra` in this scope
[INFO] [stdout]   --> tests/note/edit_note.rs:42:10
[INFO] [stdout]    |
[INFO] [stdout] 42 |         &pwf_infra::project_store::SqliteProjectStore::new(pool.clone()),
[INFO] [stdout]    |          ^^^^^^^^^ use of unresolved module or unlinked crate `pwf_infra`
[INFO] [stdout]    |
[INFO] [stdout]    = help: if you wanted to use a crate named `pwf_infra`, use `cargo add pwf_infra` to add it to your `Cargo.toml`
[INFO] [stdout] 
[INFO] [stdout] 
[INFO] [stdout] error[E0433]: cannot find module or crate `pwf_infra` in this scope
[INFO] [stdout]   --> tests/note/edit_note.rs:77:14
[INFO] [stdout]    |
[INFO] [stdout] 77 |             &pwf_infra::project_store::SqliteProjectStore::new(pool.clone()),
[INFO] [stdout]    |              ^^^^^^^^^ use of unresolved module or unlinked crate `pwf_infra`
[INFO] [stdout]    |
[INFO] [stdout]    = help: if you wanted to use a crate named `pwf_infra`, use `cargo add pwf_infra` to add it to your `Cargo.toml`
[INFO] [stdout] 
[INFO] [stdout] 
[INFO] [stdout] error[E0433]: cannot find module or crate `pwf_infra` in this scope
[INFO] [stdout]   --> tests/note/edit_note.rs:99:10
[INFO] [stdout]    |
[INFO] [stdout] 99 |         &pwf_infra::project_store::SqliteProjectStore::new(pool.clone()),
[INFO] [stdout]    |          ^^^^^^^^^ use of unresolved module or unlinked crate `pwf_infra`
[INFO] [stdout]    |
[INFO] [stdout]    = help: if you wanted to use a crate named `pwf_infra`, use `cargo add pwf_infra` to add it to your `Cargo.toml`
[INFO] [stdout] 
[INFO] [stdout] 
[INFO] [stdout] error[E0433]: cannot find module or crate `pwf_infra` in this scope
[INFO] [stdout]   --> tests/note/list_notes.rs:31:10
[INFO] [stdout]    |
[INFO] [stdout] 31 |         &pwf_infra::project_store::SqliteProjectStore::new(pool.clone()),
[INFO] [stdout]    |          ^^^^^^^^^ use of unresolved module or unlinked crate `pwf_infra`
[INFO] [stdout]    |
[INFO] [stdout]    = help: if you wanted to use a crate named `pwf_infra`, use `cargo add pwf_infra` to add it to your `Cargo.toml`
[INFO] [stdout] 
[INFO] [stdout] 
[INFO] [stdout] error[E0433]: cannot find module or crate `pwf_infra` in this scope
[INFO] [stdout]   --> tests/note/list_notes.rs:71:10
[INFO] [stdout]    |
[INFO] [stdout] 71 |         &pwf_infra::project_store::SqliteProjectStore::new(pool.clone()),
[INFO] [stdout]    |          ^^^^^^^^^ use of unresolved module or unlinked crate `pwf_infra`
[INFO] [stdout]    |
[INFO] [stdout]    = help: if you wanted to use a crate named `pwf_infra`, use `cargo add pwf_infra` to add it to your `Cargo.toml`
[INFO] [stdout] 
[INFO] [stdout] 
[INFO] [stdout] error[E0433]: cannot find module or crate `pwf_infra` in this scope
[INFO] [stdout]   --> tests/note/list_notes.rs:81:10
[INFO] [stdout]    |
[INFO] [stdout] 81 |         &pwf_infra::project_store::SqliteProjectStore::new(pool.clone()),
[INFO] [stdout]    |          ^^^^^^^^^ use of unresolved module or unlinked crate `pwf_infra`
[INFO] [stdout]    |
[INFO] [stdout]    = help: if you wanted to use a crate named `pwf_infra`, use `cargo add pwf_infra` to add it to your `Cargo.toml`
[INFO] [stdout] 
[INFO] [stdout] 
[INFO] [stdout] error[E0433]: cannot find module or crate `pwf_infra` in this scope
[INFO] [stdout]   --> tests/note/remove_note.rs:74:14
[INFO] [stdout]    |
[INFO] [stdout] 74 |             &pwf_infra::project_store::SqliteProjectStore::new(pool.clone()),
[INFO] [stdout]    |              ^^^^^^^^^ use of unresolved module or unlinked crate `pwf_infra`
[INFO] [stdout]    |
[INFO] [stdout]    = help: if you wanted to use a crate named `pwf_infra`, use `cargo add pwf_infra` to add it to your `Cargo.toml`
[INFO] [stdout] 
[INFO] [stdout] 
[INFO] [stdout] error[E0433]: cannot find module or crate `pwf_infra` in this scope
[INFO] [stdout]    --> tests/note/remove_note.rs:108:10
[INFO] [stdout]     |
[INFO] [stdout] 108 |         &pwf_infra::project_store::SqliteProjectStore::new(pool.clone()),
[INFO] [stdout]     |          ^^^^^^^^^ use of unresolved module or unlinked crate `pwf_infra`
[INFO] [stdout]     |
[INFO] [stdout]     = help: if you wanted to use a crate named `pwf_infra`, use `cargo add pwf_infra` to add it to your `Cargo.toml`
[INFO] [stdout] 
[INFO] [stdout] 
[INFO] [stdout] error[E0433]: cannot find module or crate `pwf_infra` in this scope
[INFO] [stdout]    --> tests/note/remove_note.rs:135:10
[INFO] [stdout]     |
[INFO] [stdout] 135 |         &pwf_infra::project_store::SqliteProjectStore::new(pool.clone()),
[INFO] [stdout]     |          ^^^^^^^^^ use of unresolved module or unlinked crate `pwf_infra`
[INFO] [stdout]     |
[INFO] [stdout]     = help: if you wanted to use a crate named `pwf_infra`, use `cargo add pwf_infra` to add it to your `Cargo.toml`
[INFO] [stdout] 
[INFO] [stdout] 
[INFO] [stdout] error[E0433]: cannot find module or crate `pwf_infra` in this scope
[INFO] [stdout]    --> tests/note/remove_note.rs:164:10
[INFO] [stdout]     |
[INFO] [stdout] 164 |         &pwf_infra::project_store::SqliteProjectStore::new(pool.clone()),
[INFO] [stdout]     |          ^^^^^^^^^ use of unresolved module or unlinked crate `pwf_infra`
[INFO] [stdout]     |
[INFO] [stdout]     = help: if you wanted to use a crate named `pwf_infra`, use `cargo add pwf_infra` to add it to your `Cargo.toml`
[INFO] [stdout] 
[INFO] [stdout] 
[INFO] [stdout] error[E0433]: cannot find module or crate `pwf_infra` in this scope
[INFO] [stdout]    --> tests/task/activate_task.rs:123:10
[INFO] [stdout]     |
[INFO] [stdout] 123 |         &pwf_infra::project_store::SqliteProjectStore::new(pool.clone()),
[INFO] [stdout]     |          ^^^^^^^^^ use of unresolved module or unlinked crate `pwf_infra`
[INFO] [stdout]     |
[INFO] [stdout]     = help: if you wanted to use a crate named `pwf_infra`, use `cargo add pwf_infra` to add it to your `Cargo.toml`
[INFO] [stdout] 
[INFO] [stdout] 
[INFO] [stdout] error[E0433]: cannot find module or crate `pwf_infra` in this scope
[INFO] [stdout]    --> tests/task/activate_task.rs:170:10
[INFO] [stdout]     |
[INFO] [stdout] 170 |         &pwf_infra::project_store::SqliteProjectStore::new(pool.clone()),
[INFO] [stdout]     |          ^^^^^^^^^ use of unresolved module or unlinked crate `pwf_infra`
[INFO] [stdout]     |
[INFO] [stdout]     = help: if you wanted to use a crate named `pwf_infra`, use `cargo add pwf_infra` to add it to your `Cargo.toml`
[INFO] [stdout] 
[INFO] [stdout] 
[INFO] [stdout] error[E0433]: cannot find module or crate `pwf_infra` in this scope
[INFO] [stdout]    --> tests/task/activate_task.rs:205:10
[INFO] [stdout]     |
[INFO] [stdout] 205 |         &pwf_infra::project_store::SqliteProjectStore::new(pool.clone()),
[INFO] [stdout]     |          ^^^^^^^^^ use of unresolved module or unlinked crate `pwf_infra`
[INFO] [stdout]     |
[INFO] [stdout]     = help: if you wanted to use a crate named `pwf_infra`, use `cargo add pwf_infra` to add it to your `Cargo.toml`
[INFO] [stdout] 
[INFO] [stdout] 
[INFO] [stdout] error[E0433]: cannot find module or crate `pwf_infra` in this scope
[INFO] [stdout]    --> tests/task/activate_task.rs:232:10
[INFO] [stdout]     |
[INFO] [stdout] 232 |         &pwf_infra::project_store::SqliteProjectStore::new(pool.clone()),
[INFO] [stdout]     |          ^^^^^^^^^ use of unresolved module or unlinked crate `pwf_infra`
[INFO] [stdout]     |
[INFO] [stdout]     = help: if you wanted to use a crate named `pwf_infra`, use `cargo add pwf_infra` to add it to your `Cargo.toml`
[INFO] [stdout] 
[INFO] [stdout] 
[INFO] [stdout] error[E0433]: cannot find module or crate `pwf_infra` in this scope
[INFO] [stdout]    --> tests/task/activate_task.rs:261:10
[INFO] [stdout]     |
[INFO] [stdout] 261 |         &pwf_infra::project_store::SqliteProjectStore::new(pool.clone()),
[INFO] [stdout]     |          ^^^^^^^^^ use of unresolved module or unlinked crate `pwf_infra`
[INFO] [stdout]     |
[INFO] [stdout]     = help: if you wanted to use a crate named `pwf_infra`, use `cargo add pwf_infra` to add it to your `Cargo.toml`
[INFO] [stdout] 
[INFO] [stdout] 
[INFO] [stdout] error[E0433]: cannot find module or crate `pwf_infra` in this scope
[INFO] [stdout]    --> tests/task/activate_task.rs:289:10
[INFO] [stdout]     |
[INFO] [stdout] 289 |         &pwf_infra::project_store::SqliteProjectStore::new(pool.clone()),
[INFO] [stdout]     |          ^^^^^^^^^ use of unresolved module or unlinked crate `pwf_infra`
[INFO] [stdout]     |
[INFO] [stdout]     = help: if you wanted to use a crate named `pwf_infra`, use `cargo add pwf_infra` to add it to your `Cargo.toml`
[INFO] [stdout] 
[INFO] [stdout] 
[INFO] [stdout] error[E0433]: cannot find module or crate `pwf_infra` in this scope
[INFO] [stdout]    --> tests/task/activate_task.rs:320:10
[INFO] [stdout]     |
[INFO] [stdout] 320 |         &pwf_infra::project_store::SqliteProjectStore::new(pool.clone()),
[INFO] [stdout]     |          ^^^^^^^^^ use of unresolved module or unlinked crate `pwf_infra`
[INFO] [stdout]     |
[INFO] [stdout]     = help: if you wanted to use a crate named `pwf_infra`, use `cargo add pwf_infra` to add it to your `Cargo.toml`
[INFO] [stdout] 
[INFO] [stdout] 
[INFO] [stdout] error[E0433]: cannot find module or crate `pwf_infra` in this scope
[INFO] [stdout]   --> tests/task/add_task.rs:46:10
[INFO] [stdout]    |
[INFO] [stdout] 46 |         &pwf_infra::project_store::SqliteProjectStore::new(pool.clone()),
[INFO] [stdout]    |          ^^^^^^^^^ use of unresolved module or unlinked crate `pwf_infra`
[INFO] [stdout]    |
[INFO] [stdout]    = help: if you wanted to use a crate named `pwf_infra`, use `cargo add pwf_infra` to add it to your `Cargo.toml`
[INFO] [stdout] 
[INFO] [stdout] 
[INFO] [stdout] error[E0433]: cannot find module or crate `pwf_infra` in this scope
[INFO] [stdout]   --> tests/task/add_task.rs:48:10
[INFO] [stdout]    |
[INFO] [stdout] 48 |         &pwf_infra::task_marker_section_store::SqliteTaskMarkerSectionStore::new(pool.clone()),
[INFO] [stdout]    |          ^^^^^^^^^ use of unresolved module or unlinked crate `pwf_infra`
[INFO] [stdout]    |
[INFO] [stdout]    = help: if you wanted to use a crate named `pwf_infra`, use `cargo add pwf_infra` to add it to your `Cargo.toml`
[INFO] [stdout] 
[INFO] [stdout] 
[INFO] [stdout] error[E0433]: cannot find module or crate `pwf_infra` in this scope
[INFO] [stdout]   --> tests/task/add_task.rs:80:10
[INFO] [stdout]    |
[INFO] [stdout] 80 |         &pwf_infra::project_store::SqliteProjectStore::new(pool.clone()),
[INFO] [stdout]    |          ^^^^^^^^^ use of unresolved module or unlinked crate `pwf_infra`
[INFO] [stdout]    |
[INFO] [stdout]    = help: if you wanted to use a crate named `pwf_infra`, use `cargo add pwf_infra` to add it to your `Cargo.toml`
[INFO] [stdout] 
[INFO] [stdout] 
[INFO] [stdout] error[E0433]: cannot find module or crate `pwf_infra` in this scope
[INFO] [stdout]   --> tests/task/add_task.rs:82:10
[INFO] [stdout]    |
[INFO] [stdout] 82 |         &pwf_infra::task_marker_section_store::SqliteTaskMarkerSectionStore::new(pool.clone()),
[INFO] [stdout]    |          ^^^^^^^^^ use of unresolved module or unlinked crate `pwf_infra`
[INFO] [stdout]    |
[INFO] [stdout]    = help: if you wanted to use a crate named `pwf_infra`, use `cargo add pwf_infra` to add it to your `Cargo.toml`
[INFO] [stdout] 
[INFO] [stdout] 
[INFO] [stdout] error[E0433]: cannot find module or crate `pwf_infra` in this scope
[INFO] [stdout]    --> tests/task/add_task.rs:101:10
[INFO] [stdout]     |
[INFO] [stdout] 101 |         &pwf_infra::project_store::SqliteProjectStore::new(pool.clone()),
[INFO] [stdout]     |          ^^^^^^^^^ use of unresolved module or unlinked crate `pwf_infra`
[INFO] [stdout]     |
[INFO] [stdout]     = help: if you wanted to use a crate named `pwf_infra`, use `cargo add pwf_infra` to add it to your `Cargo.toml`
[INFO] [stdout] 
[INFO] [stdout] 
[INFO] [stdout] error[E0433]: cannot find module or crate `pwf_infra` in this scope
[INFO] [stdout]    --> tests/task/add_task.rs:103:10
[INFO] [stdout]     |
[INFO] [stdout] 103 |         &pwf_infra::task_marker_section_store::SqliteTaskMarkerSectionStore::new(pool.clone()),
[INFO] [stdout]     |          ^^^^^^^^^ use of unresolved module or unlinked crate `pwf_infra`
[INFO] [stdout]     |
[INFO] [stdout]     = help: if you wanted to use a crate named `pwf_infra`, use `cargo add pwf_infra` to add it to your `Cargo.toml`
[INFO] [stdout] 
[INFO] [stdout] 
[INFO] [stdout] error[E0433]: cannot find module or crate `pwf_infra` in this scope
[INFO] [stdout]    --> tests/task/add_task.rs:139:10
[INFO] [stdout]     |
[INFO] [stdout] 139 |         &pwf_infra::project_store::SqliteProjectStore::new(pool.clone()),
[INFO] [stdout]     |          ^^^^^^^^^ use of unresolved module or unlinked crate `pwf_infra`
[INFO] [stdout]     |
[INFO] [stdout]     = help: if you wanted to use a crate named `pwf_infra`, use `cargo add pwf_infra` to add it to your `Cargo.toml`
[INFO] [stdout] 
[INFO] [stdout] 
[INFO] [stdout] error[E0433]: cannot find module or crate `pwf_infra` in this scope
[INFO] [stdout]    --> tests/task/add_task.rs:141:10
[INFO] [stdout]     |
[INFO] [stdout] 141 |         &pwf_infra::task_marker_section_store::SqliteTaskMarkerSectionStore::new(pool.clone()),
[INFO] [stdout]     |          ^^^^^^^^^ use of unresolved module or unlinked crate `pwf_infra`
[INFO] [stdout]     |
[INFO] [stdout]     = help: if you wanted to use a crate named `pwf_infra`, use `cargo add pwf_infra` to add it to your `Cargo.toml`
[INFO] [stdout] 
[INFO] [stdout] 
[INFO] [stdout] error[E0433]: cannot find module or crate `pwf_infra` in this scope
[INFO] [stdout]    --> tests/task/add_task.rs:172:10
[INFO] [stdout]     |
[INFO] [stdout] 172 |         &pwf_infra::project_store::SqliteProjectStore::new(pool.clone()),
[INFO] [stdout]     |          ^^^^^^^^^ use of unresolved module or unlinked crate `pwf_infra`
[INFO] [stdout]     |
[INFO] [stdout]     = help: if you wanted to use a crate named `pwf_infra`, use `cargo add pwf_infra` to add it to your `Cargo.toml`
[INFO] [stdout] 
[INFO] [stdout] 
[INFO] [stdout] error[E0433]: cannot find module or crate `pwf_infra` in this scope
[INFO] [stdout]    --> tests/task/add_task.rs:174:10
[INFO] [stdout]     |
[INFO] [stdout] 174 |         &pwf_infra::task_marker_section_store::SqliteTaskMarkerSectionStore::new(pool.clone()),
[INFO] [stdout]     |          ^^^^^^^^^ use of unresolved module or unlinked crate `pwf_infra`
[INFO] [stdout]     |
[INFO] [stdout]     = help: if you wanted to use a crate named `pwf_infra`, use `cargo add pwf_infra` to add it to your `Cargo.toml`
[INFO] [stdout] 
[INFO] [stdout] 
[INFO] [stdout] error[E0433]: cannot find module or crate `pwf_infra` in this scope
[INFO] [stdout]    --> tests/task/add_task.rs:195:10
[INFO] [stdout]     |
[INFO] [stdout] 195 |         &pwf_infra::project_store::SqliteProjectStore::new(pool.clone()),
[INFO] [stdout]     |          ^^^^^^^^^ use of unresolved module or unlinked crate `pwf_infra`
[INFO] [stdout]     |
[INFO] [stdout]     = help: if you wanted to use a crate named `pwf_infra`, use `cargo add pwf_infra` to add it to your `Cargo.toml`
[INFO] [stdout] 
[INFO] [stdout] 
[INFO] [stdout] error[E0433]: cannot find module or crate `pwf_infra` in this scope
[INFO] [stdout]    --> tests/task/add_task.rs:197:10
[INFO] [stdout]     |
[INFO] [stdout] 197 |         &pwf_infra::task_marker_section_store::SqliteTaskMarkerSectionStore::new(pool.clone()),
[INFO] [stdout]     |          ^^^^^^^^^ use of unresolved module or unlinked crate `pwf_infra`
[INFO] [stdout]     |
[INFO] [stdout]     = help: if you wanted to use a crate named `pwf_infra`, use `cargo add pwf_infra` to add it to your `Cargo.toml`
[INFO] [stdout] 
[INFO] [stdout] 
[INFO] [stdout] error[E0433]: cannot find module or crate `pwf_infra` in this scope
[INFO] [stdout]    --> tests/task/add_task.rs:230:10
[INFO] [stdout]     |
[INFO] [stdout] 230 |         &pwf_infra::project_store::SqliteProjectStore::new(pool.clone()),
[INFO] [stdout]     |          ^^^^^^^^^ use of unresolved module or unlinked crate `pwf_infra`
[INFO] [stdout]     |
[INFO] [stdout]     = help: if you wanted to use a crate named `pwf_infra`, use `cargo add pwf_infra` to add it to your `Cargo.toml`
[INFO] [stdout] 
[INFO] [stdout] 
[INFO] [stdout] error[E0433]: cannot find module or crate `pwf_infra` in this scope
[INFO] [stdout]    --> tests/task/add_task.rs:232:10
[INFO] [stdout]     |
[INFO] [stdout] 232 |         &pwf_infra::task_marker_section_store::SqliteTaskMarkerSectionStore::new(pool.clone()),
[INFO] [stdout]     |          ^^^^^^^^^ use of unresolved module or unlinked crate `pwf_infra`
[INFO] [stdout]     |
[INFO] [stdout]     = help: if you wanted to use a crate named `pwf_infra`, use `cargo add pwf_infra` to add it to your `Cargo.toml`
[INFO] [stdout] 
[INFO] [stdout] 
[INFO] [stdout] error[E0433]: cannot find module or crate `pwf_infra` in this scope
[INFO] [stdout]    --> tests/task/add_task.rs:256:10
[INFO] [stdout]     |
[INFO] [stdout] 256 |         &pwf_infra::project_store::SqliteProjectStore::new(pool.clone()),
[INFO] [stdout]     |          ^^^^^^^^^ use of unresolved module or unlinked crate `pwf_infra`
[INFO] [stdout]     |
[INFO] [stdout]     = help: if you wanted to use a crate named `pwf_infra`, use `cargo add pwf_infra` to add it to your `Cargo.toml`
[INFO] [stdout] 
[INFO] [stdout] 
[INFO] [stdout] error[E0433]: cannot find module or crate `pwf_infra` in this scope
[INFO] [stdout]    --> tests/task/add_task.rs:258:10
[INFO] [stdout]     |
[INFO] [stdout] 258 |         &pwf_infra::task_marker_section_store::SqliteTaskMarkerSectionStore::new(pool.clone()),
[INFO] [stdout]     |          ^^^^^^^^^ use of unresolved module or unlinked crate `pwf_infra`
[INFO] [stdout]     |
[INFO] [stdout]     = help: if you wanted to use a crate named `pwf_infra`, use `cargo add pwf_infra` to add it to your `Cargo.toml`
[INFO] [stdout] 
[INFO] [stdout] 
[INFO] [stdout] error[E0433]: cannot find module or crate `pwf_infra` in this scope
[INFO] [stdout]    --> tests/task/add_task.rs:295:10
[INFO] [stdout]     |
[INFO] [stdout] 295 |         &pwf_infra::project_store::SqliteProjectStore::new(pool.clone()),
[INFO] [stdout]     |          ^^^^^^^^^ use of unresolved module or unlinked crate `pwf_infra`
[INFO] [stdout]     |
[INFO] [stdout]     = help: if you wanted to use a crate named `pwf_infra`, use `cargo add pwf_infra` to add it to your `Cargo.toml`
[INFO] [stdout] 
[INFO] [stdout] 
[INFO] [stdout] error[E0433]: cannot find module or crate `pwf_infra` in this scope
[INFO] [stdout]    --> tests/task/add_task.rs:297:10
[INFO] [stdout]     |
[INFO] [stdout] 297 |         &pwf_infra::task_marker_section_store::SqliteTaskMarkerSectionStore::new(pool.clone()),
[INFO] [stdout]     |          ^^^^^^^^^ use of unresolved module or unlinked crate `pwf_infra`
[INFO] [stdout]     |
[INFO] [stdout]     = help: if you wanted to use a crate named `pwf_infra`, use `cargo add pwf_infra` to add it to your `Cargo.toml`
[INFO] [stdout] 
[INFO] [stdout] 
[INFO] [stdout] error[E0433]: cannot find module or crate `pwf_infra` in this scope
[INFO] [stdout]    --> tests/task/add_task.rs:333:10
[INFO] [stdout]     |
[INFO] [stdout] 333 |         &pwf_infra::project_store::SqliteProjectStore::new(pool.clone()),
[INFO] [stdout]     |          ^^^^^^^^^ use of unresolved module or unlinked crate `pwf_infra`
[INFO] [stdout]     |
[INFO] [stdout]     = help: if you wanted to use a crate named `pwf_infra`, use `cargo add pwf_infra` to add it to your `Cargo.toml`
[INFO] [stdout] 
[INFO] [stdout] 
[INFO] [stdout] error[E0433]: cannot find module or crate `pwf_infra` in this scope
[INFO] [stdout]    --> tests/task/add_task.rs:335:10
[INFO] [stdout]     |
[INFO] [stdout] 335 |         &pwf_infra::task_marker_section_store::SqliteTaskMarkerSectionStore::new(pool.clone()),
[INFO] [stdout]     |          ^^^^^^^^^ use of unresolved module or unlinked crate `pwf_infra`
[INFO] [stdout]     |
[INFO] [stdout]     = help: if you wanted to use a crate named `pwf_infra`, use `cargo add pwf_infra` to add it to your `Cargo.toml`
[INFO] [stdout] 
[INFO] [stdout] 
[INFO] [stdout] error[E0433]: cannot find module or crate `pwf_infra` in this scope
[INFO] [stdout]    --> tests/task/add_task.rs:357:10
[INFO] [stdout]     |
[INFO] [stdout] 357 |         &pwf_infra::project_store::SqliteProjectStore::new(pool.clone()),
[INFO] [stdout]     |          ^^^^^^^^^ use of unresolved module or unlinked crate `pwf_infra`
[INFO] [stdout]     |
[INFO] [stdout]     = help: if you wanted to use a crate named `pwf_infra`, use `cargo add pwf_infra` to add it to your `Cargo.toml`
[INFO] [stdout] 
[INFO] [stdout] 
[INFO] [stdout] error[E0433]: cannot find module or crate `pwf_infra` in this scope
[INFO] [stdout]    --> tests/task/add_task.rs:359:10
[INFO] [stdout]     |
[INFO] [stdout] 359 |         &pwf_infra::task_marker_section_store::SqliteTaskMarkerSectionStore::new(pool.clone()),
[INFO] [stdout]     |          ^^^^^^^^^ use of unresolved module or unlinked crate `pwf_infra`
[INFO] [stdout]     |
[INFO] [stdout]     = help: if you wanted to use a crate named `pwf_infra`, use `cargo add pwf_infra` to add it to your `Cargo.toml`
[INFO] [stdout] 
[INFO] [stdout] 
[INFO] [stdout] error[E0433]: cannot find module or crate `pwf_infra` in this scope
[INFO] [stdout]    --> tests/task/add_task.rs:381:10
[INFO] [stdout]     |
[INFO] [stdout] 381 |         &pwf_infra::project_store::SqliteProjectStore::new(pool.clone()),
[INFO] [stdout]     |          ^^^^^^^^^ use of unresolved module or unlinked crate `pwf_infra`
[INFO] [stdout]     |
[INFO] [stdout]     = help: if you wanted to use a crate named `pwf_infra`, use `cargo add pwf_infra` to add it to your `Cargo.toml`
[INFO] [stdout] 
[INFO] [stdout] 
[INFO] [stdout] error[E0433]: cannot find module or crate `pwf_infra` in this scope
[INFO] [stdout]    --> tests/task/add_task.rs:383:10
[INFO] [stdout]     |
[INFO] [stdout] 383 |         &pwf_infra::task_marker_section_store::SqliteTaskMarkerSectionStore::new(pool.clone()),
[INFO] [stdout]     |          ^^^^^^^^^ use of unresolved module or unlinked crate `pwf_infra`
[INFO] [stdout]     |
[INFO] [stdout]     = help: if you wanted to use a crate named `pwf_infra`, use `cargo add pwf_infra` to add it to your `Cargo.toml`
[INFO] [stdout] 
[INFO] [stdout] 
[INFO] [stdout] error[E0433]: cannot find module or crate `pwf_infra` in this scope
[INFO] [stdout]    --> tests/task/add_task.rs:402:10
[INFO] [stdout]     |
[INFO] [stdout] 402 |         &pwf_infra::project_store::SqliteProjectStore::new(pool.clone()),
[INFO] [stdout]     |          ^^^^^^^^^ use of unresolved module or unlinked crate `pwf_infra`
[INFO] [stdout]     |
[INFO] [stdout]     = help: if you wanted to use a crate named `pwf_infra`, use `cargo add pwf_infra` to add it to your `Cargo.toml`
[INFO] [stdout] 
[INFO] [stdout] 
[INFO] [stdout] error[E0433]: cannot find module or crate `pwf_infra` in this scope
[INFO] [stdout]    --> tests/task/add_task.rs:404:10
[INFO] [stdout]     |
[INFO] [stdout] 404 |         &pwf_infra::task_marker_section_store::SqliteTaskMarkerSectionStore::new(pool.clone()),
[INFO] [stdout]     |          ^^^^^^^^^ use of unresolved module or unlinked crate `pwf_infra`
[INFO] [stdout]     |
[INFO] [stdout]     = help: if you wanted to use a crate named `pwf_infra`, use `cargo add pwf_infra` to add it to your `Cargo.toml`
[INFO] [stdout] 
[INFO] [stdout] 
[INFO] [stdout] error[E0433]: cannot find module or crate `pwf_infra` in this scope
[INFO] [stdout]    --> tests/task/add_task.rs:426:10
[INFO] [stdout]     |
[INFO] [stdout] 426 |         &pwf_infra::project_store::SqliteProjectStore::new(pool.clone()),
[INFO] [stdout]     |          ^^^^^^^^^ use of unresolved module or unlinked crate `pwf_infra`
[INFO] [stdout]     |
[INFO] [stdout]     = help: if you wanted to use a crate named `pwf_infra`, use `cargo add pwf_infra` to add it to your `Cargo.toml`
[INFO] [stdout] 
[INFO] [stdout] 
[INFO] [stdout] error[E0433]: cannot find module or crate `pwf_infra` in this scope
[INFO] [stdout]    --> tests/task/add_task.rs:428:10
[INFO] [stdout]     |
[INFO] [stdout] 428 |         &pwf_infra::task_marker_section_store::SqliteTaskMarkerSectionStore::new(pool.clone()),
[INFO] [stdout]     |          ^^^^^^^^^ use of unresolved module or unlinked crate `pwf_infra`
[INFO] [stdout]     |
[INFO] [stdout]     = help: if you wanted to use a crate named `pwf_infra`, use `cargo add pwf_infra` to add it to your `Cargo.toml`
[INFO] [stdout] 
[INFO] [stdout] 
[INFO] [stdout] error[E0433]: cannot find module or crate `pwf_infra` in this scope
[INFO] [stdout]    --> tests/task/add_task.rs:448:14
[INFO] [stdout]     |
[INFO] [stdout] 448 |             &pwf_infra::project_store::SqliteProjectStore::new(pool.clone()),
[INFO] [stdout]     |              ^^^^^^^^^ use of unresolved module or unlinked crate `pwf_infra`
[INFO] [stdout]     |
[INFO] [stdout]     = help: if you wanted to use a crate named `pwf_infra`, use `cargo add pwf_infra` to add it to your `Cargo.toml`
[INFO] [stdout] 
[INFO] [stdout] 
[INFO] [stdout] error[E0433]: cannot find module or crate `pwf_infra` in this scope
[INFO] [stdout]    --> tests/task/add_task.rs:450:14
[INFO] [stdout]     |
[INFO] [stdout] 450 |             &pwf_infra::task_marker_section_store::SqliteTaskMarkerSectionStore::new(pool.clone()),
[INFO] [stdout]     |              ^^^^^^^^^ use of unresolved module or unlinked crate `pwf_infra`
[INFO] [stdout]     |
[INFO] [stdout]     = help: if you wanted to use a crate named `pwf_infra`, use `cargo add pwf_infra` to add it to your `Cargo.toml`
[INFO] [stdout] 
[INFO] [stdout] 
[INFO] [stdout] error[E0433]: cannot find module or crate `pwf_infra` in this scope
[INFO] [stdout]    --> tests/task/add_task.rs:468:10
[INFO] [stdout]     |
[INFO] [stdout] 468 |         &pwf_infra::project_store::SqliteProjectStore::new(pool.clone()),
[INFO] [stdout]     |          ^^^^^^^^^ use of unresolved module or unlinked crate `pwf_infra`
[INFO] [stdout]     |
[INFO] [stdout]     = help: if you wanted to use a crate named `pwf_infra`, use `cargo add pwf_infra` to add it to your `Cargo.toml`
[INFO] [stdout] 
[INFO] [stdout] 
[INFO] [stdout] error[E0433]: cannot find module or crate `pwf_infra` in this scope
[INFO] [stdout]    --> tests/task/add_task.rs:470:10
[INFO] [stdout]     |
[INFO] [stdout] 470 |         &pwf_infra::task_marker_section_store::SqliteTaskMarkerSectionStore::new(pool.clone()),
[INFO] [stdout]     |          ^^^^^^^^^ use of unresolved module or unlinked crate `pwf_infra`
[INFO] [stdout]     |
[INFO] [stdout]     = help: if you wanted to use a crate named `pwf_infra`, use `cargo add pwf_infra` to add it to your `Cargo.toml`
[INFO] [stdout] 
[INFO] [stdout] 
[INFO] [stdout] error[E0433]: cannot find module or crate `pwf_infra` in this scope
[INFO] [stdout]    --> tests/task/add_task.rs:477:10
[INFO] [stdout]     |
[INFO] [stdout] 477 |         &pwf_infra::project_store::SqliteProjectStore::new(pool.clone()),
[INFO] [stdout]     |          ^^^^^^^^^ use of unresolved module or unlinked crate `pwf_infra`
[INFO] [stdout]     |
[INFO] [stdout]     = help: if you wanted to use a crate named `pwf_infra`, use `cargo add pwf_infra` to add it to your `Cargo.toml`
[INFO] [stdout] 
[INFO] [stdout] 
[INFO] [stdout] error[E0433]: cannot find module or crate `pwf_infra` in this scope
[INFO] [stdout]    --> tests/task/add_task.rs:479:10
[INFO] [stdout]     |
[INFO] [stdout] 479 |         &pwf_infra::task_marker_section_store::SqliteTaskMarkerSectionStore::new(pool.clone()),
[INFO] [stdout]     |          ^^^^^^^^^ use of unresolved module or unlinked crate `pwf_infra`
[INFO] [stdout]     |
[INFO] [stdout]     = help: if you wanted to use a crate named `pwf_infra`, use `cargo add pwf_infra` to add it to your `Cargo.toml`
[INFO] [stdout] 
[INFO] [stdout] 
[INFO] [stdout] error[E0433]: cannot find module or crate `pwf_infra` in this scope
[INFO] [stdout]   --> tests/task/backlog_task.rs:31:10
[INFO] [stdout]    |
[INFO] [stdout] 31 |         &pwf_infra::project_store::SqliteProjectStore::new(pool.clone()),
[INFO] [stdout]    |          ^^^^^^^^^ use of unresolved module or unlinked crate `pwf_infra`
[INFO] [stdout]    |
[INFO] [stdout]    = help: if you wanted to use a crate named `pwf_infra`, use `cargo add pwf_infra` to add it to your `Cargo.toml`
[INFO] [stdout] 
[INFO] [stdout] 
[INFO] [stdout] error[E0433]: cannot find module or crate `pwf_infra` in this scope
[INFO] [stdout]   --> tests/task/backlog_task.rs:41:10
[INFO] [stdout]    |
[INFO] [stdout] 41 |         &pwf_infra::project_store::SqliteProjectStore::new(pool.clone()),
[INFO] [stdout]    |          ^^^^^^^^^ use of unresolved module or unlinked crate `pwf_infra`
[INFO] [stdout]    |
[INFO] [stdout]    = help: if you wanted to use a crate named `pwf_infra`, use `cargo add pwf_infra` to add it to your `Cargo.toml`
[INFO] [stdout] 
[INFO] [stdout] 
[INFO] [stdout] error[E0433]: cannot find module or crate `pwf_infra` in this scope
[INFO] [stdout]   --> tests/task/backlog_task.rs:54:10
[INFO] [stdout]    |
[INFO] [stdout] 54 |         &pwf_infra::project_store::SqliteProjectStore::new(pool.clone()),
[INFO] [stdout]    |          ^^^^^^^^^ use of unresolved module or unlinked crate `pwf_infra`
[INFO] [stdout]    |
[INFO] [stdout]    = help: if you wanted to use a crate named `pwf_infra`, use `cargo add pwf_infra` to add it to your `Cargo.toml`
[INFO] [stdout] 
[INFO] [stdout] 
[INFO] [stdout] error[E0433]: cannot find module or crate `pwf_infra` in this scope
[INFO] [stdout]   --> tests/task/backlog_task.rs:63:14
[INFO] [stdout]    |
[INFO] [stdout] 63 |             &pwf_infra::project_store::SqliteProjectStore::new(pool.clone())
[INFO] [stdout]    |              ^^^^^^^^^ use of unresolved module or unlinked crate `pwf_infra`
[INFO] [stdout]    |
[INFO] [stdout]    = help: if you wanted to use a crate named `pwf_infra`, use `cargo add pwf_infra` to add it to your `Cargo.toml`
[INFO] [stdout] 
[INFO] [stdout] 
[INFO] [stdout] error[E0433]: cannot find module or crate `pwf_infra` in this scope
[INFO] [stdout]   --> tests/task/backlog_task.rs:92:14
[INFO] [stdout]    |
[INFO] [stdout] 92 |             &pwf_infra::project_store::SqliteProjectStore::new(pool.clone()),
[INFO] [stdout]    |              ^^^^^^^^^ use of unresolved module or unlinked crate `pwf_infra`
[INFO] [stdout]    |
[INFO] [stdout]    = help: if you wanted to use a crate named `pwf_infra`, use `cargo add pwf_infra` to add it to your `Cargo.toml`
[INFO] [stdout] 
[INFO] [stdout] 
[INFO] [stdout] error[E0433]: cannot find module or crate `pwf_infra` in this scope
[INFO] [stdout]    --> tests/task/backlog_task.rs:104:18
[INFO] [stdout]     |
[INFO] [stdout] 104 |                 &pwf_infra::project_store::SqliteProjectStore::new(pool.clone())
[INFO] [stdout]     |                  ^^^^^^^^^ use of unresolved module or unlinked crate `pwf_infra`
[INFO] [stdout]     |
[INFO] [stdout]     = help: if you wanted to use a crate named `pwf_infra`, use `cargo add pwf_infra` to add it to your `Cargo.toml`
[INFO] [stdout] 
[INFO] [stdout] 
[INFO] [stdout] error[E0433]: cannot find module or crate `pwf_infra` in this scope
[INFO] [stdout]   --> tests/task/cancel_task.rs:42:10
[INFO] [stdout]    |
[INFO] [stdout] 42 |         &pwf_infra::project_store::SqliteProjectStore::new(pool.clone()),
[INFO] [stdout]    |          ^^^^^^^^^ use of unresolved module or unlinked crate `pwf_infra`
[INFO] [stdout]    |
[INFO] [stdout]    = help: if you wanted to use a crate named `pwf_infra`, use `cargo add pwf_infra` to add it to your `Cargo.toml`
[INFO] [stdout] 
[INFO] [stdout] 
[INFO] [stdout] error[E0433]: cannot find module or crate `pwf_infra` in this scope
[INFO] [stdout]   --> tests/task/cancel_task.rs:81:10
[INFO] [stdout]    |
[INFO] [stdout] 81 |         &pwf_infra::project_store::SqliteProjectStore::new(pool.clone()),
[INFO] [stdout]    |          ^^^^^^^^^ use of unresolved module or unlinked crate `pwf_infra`
[INFO] [stdout]    |
[INFO] [stdout]    = help: if you wanted to use a crate named `pwf_infra`, use `cargo add pwf_infra` to add it to your `Cargo.toml`
[INFO] [stdout] 
[INFO] [stdout] 
[INFO] [stdout] error[E0433]: cannot find module or crate `pwf_infra` in this scope
[INFO] [stdout]    --> tests/task/cancel_task.rs:114:10
[INFO] [stdout]     |
[INFO] [stdout] 114 |         &pwf_infra::project_store::SqliteProjectStore::new(pool.clone()),
[INFO] [stdout]     |          ^^^^^^^^^ use of unresolved module or unlinked crate `pwf_infra`
[INFO] [stdout]     |
[INFO] [stdout]     = help: if you wanted to use a crate named `pwf_infra`, use `cargo add pwf_infra` to add it to your `Cargo.toml`
[INFO] [stdout] 
[INFO] [stdout] 
[INFO] [stdout] error[E0433]: cannot find module or crate `pwf_infra` in this scope
[INFO] [stdout]   --> tests/task/clone_task.rs:36:10
[INFO] [stdout]    |
[INFO] [stdout] 36 |         &pwf_infra::project_store::SqliteProjectStore::new(pool.clone()),
[INFO] [stdout]    |          ^^^^^^^^^ use of unresolved module or unlinked crate `pwf_infra`
[INFO] [stdout]    |
[INFO] [stdout]    = help: if you wanted to use a crate named `pwf_infra`, use `cargo add pwf_infra` to add it to your `Cargo.toml`
[INFO] [stdout] 
[INFO] [stdout] 
[INFO] [stdout] error[E0433]: cannot find module or crate `pwf_infra` in this scope
[INFO] [stdout]   --> tests/task/clone_task.rs:38:10
[INFO] [stdout]    |
[INFO] [stdout] 38 |         &pwf_infra::task_marker_section_store::SqliteTaskMarkerSectionStore::new(pool.clone()),
[INFO] [stdout]    |          ^^^^^^^^^ use of unresolved module or unlinked crate `pwf_infra`
[INFO] [stdout]    |
[INFO] [stdout]    = help: if you wanted to use a crate named `pwf_infra`, use `cargo add pwf_infra` to add it to your `Cargo.toml`
[INFO] [stdout] 
[INFO] [stdout] 
[INFO] [stdout] error[E0433]: cannot find module or crate `pwf_infra` in this scope
[INFO] [stdout]   --> tests/task/clone_task.rs:45:10
[INFO] [stdout]    |
[INFO] [stdout] 45 |         &pwf_infra::project_store::SqliteProjectStore::new(pool.clone()),
[INFO] [stdout]    |          ^^^^^^^^^ use of unresolved module or unlinked crate `pwf_infra`
[INFO] [stdout]    |
[INFO] [stdout]    = help: if you wanted to use a crate named `pwf_infra`, use `cargo add pwf_infra` to add it to your `Cargo.toml`
[INFO] [stdout] 
[INFO] [stdout] 
[INFO] [stdout] error[E0433]: cannot find module or crate `pwf_infra` in this scope
[INFO] [stdout]   --> tests/task/clone_task.rs:69:10
[INFO] [stdout]    |
[INFO] [stdout] 69 |         &pwf_infra::project_store::SqliteProjectStore::new(pool.clone()),
[INFO] [stdout]    |          ^^^^^^^^^ use of unresolved module or unlinked crate `pwf_infra`
[INFO] [stdout]    |
[INFO] [stdout]    = help: if you wanted to use a crate named `pwf_infra`, use `cargo add pwf_infra` to add it to your `Cargo.toml`
[INFO] [stdout] 
[INFO] [stdout] 
[INFO] [stdout] error[E0433]: cannot find module or crate `pwf_infra` in this scope
[INFO] [stdout]   --> tests/task/clone_task.rs:71:10
[INFO] [stdout]    |
[INFO] [stdout] 71 |         &pwf_infra::task_marker_section_store::SqliteTaskMarkerSectionStore::new(pool.clone()),
[INFO] [stdout]    |          ^^^^^^^^^ use of unresolved module or unlinked crate `pwf_infra`
[INFO] [stdout]    |
[INFO] [stdout]    = help: if you wanted to use a crate named `pwf_infra`, use `cargo add pwf_infra` to add it to your `Cargo.toml`
[INFO] [stdout] 
[INFO] [stdout] 
[INFO] [stdout] error[E0433]: cannot find module or crate `pwf_infra` in this scope
[INFO] [stdout]   --> tests/task/complete_task.rs:55:10
[INFO] [stdout]    |
[INFO] [stdout] 55 |         &pwf_infra::project_store::SqliteProjectStore::new(pool.clone()),
[INFO] [stdout]    |          ^^^^^^^^^ use of unresolved module or unlinked crate `pwf_infra`
[INFO] [stdout]    |
[INFO] [stdout]    = help: if you wanted to use a crate named `pwf_infra`, use `cargo add pwf_infra` to add it to your `Cargo.toml`
[INFO] [stdout] 
[INFO] [stdout] 
[INFO] [stdout] error[E0433]: cannot find module or crate `pwf_infra` in this scope
[INFO] [stdout]   --> tests/task/complete_task.rs:87:10
[INFO] [stdout]    |
[INFO] [stdout] 87 |         &pwf_infra::project_store::SqliteProjectStore::new(pool.clone()),
[INFO] [stdout]    |          ^^^^^^^^^ use of unresolved module or unlinked crate `pwf_infra`
[INFO] [stdout]    |
[INFO] [stdout]    = help: if you wanted to use a crate named `pwf_infra`, use `cargo add pwf_infra` to add it to your `Cargo.toml`
[INFO] [stdout] 
[INFO] [stdout] 
[INFO] [stdout] error[E0433]: cannot find module or crate `pwf_infra` in this scope
[INFO] [stdout]    --> tests/task/complete_task.rs:119:10
[INFO] [stdout]     |
[INFO] [stdout] 119 |         &pwf_infra::project_store::SqliteProjectStore::new(pool.clone()),
[INFO] [stdout]     |          ^^^^^^^^^ use of unresolved module or unlinked crate `pwf_infra`
[INFO] [stdout]     |
[INFO] [stdout]     = help: if you wanted to use a crate named `pwf_infra`, use `cargo add pwf_infra` to add it to your `Cargo.toml`
[INFO] [stdout] 
[INFO] [stdout] 
[INFO] [stdout] error[E0433]: cannot find module or crate `pwf_infra` in this scope
[INFO] [stdout]    --> tests/task/complete_task.rs:148:10
[INFO] [stdout]     |
[INFO] [stdout] 148 |         &pwf_infra::project_store::SqliteProjectStore::new(pool.clone()),
[INFO] [stdout]     |          ^^^^^^^^^ use of unresolved module or unlinked crate `pwf_infra`
[INFO] [stdout]     |
[INFO] [stdout]     = help: if you wanted to use a crate named `pwf_infra`, use `cargo add pwf_infra` to add it to your `Cargo.toml`
[INFO] [stdout] 
[INFO] [stdout] 
[INFO] [stdout] error[E0433]: cannot find module or crate `pwf_infra` in this scope
[INFO] [stdout]    --> tests/task/complete_task.rs:182:10
[INFO] [stdout]     |
[INFO] [stdout] 182 |         &pwf_infra::project_store::SqliteProjectStore::new(pool.clone()),
[INFO] [stdout]     |          ^^^^^^^^^ use of unresolved module or unlinked crate `pwf_infra`
[INFO] [stdout]     |
[INFO] [stdout]     = help: if you wanted to use a crate named `pwf_infra`, use `cargo add pwf_infra` to add it to your `Cargo.toml`
[INFO] [stdout] 
[INFO] [stdout] 
[INFO] [stdout] error[E0433]: cannot find module or crate `pwf_infra` in this scope
[INFO] [stdout]    --> tests/task/complete_task.rs:207:10
[INFO] [stdout]     |
[INFO] [stdout] 207 |         &pwf_infra::project_store::SqliteProjectStore::new(pool.clone()),
[INFO] [stdout]     |          ^^^^^^^^^ use of unresolved module or unlinked crate `pwf_infra`
[INFO] [stdout]     |
[INFO] [stdout]     = help: if you wanted to use a crate named `pwf_infra`, use `cargo add pwf_infra` to add it to your `Cargo.toml`
[INFO] [stdout] 
[INFO] [stdout] 
[INFO] [stdout] error[E0433]: cannot find module or crate `pwf_infra` in this scope
[INFO] [stdout]   --> tests/task/edit_task.rs:74:10
[INFO] [stdout]    |
[INFO] [stdout] 74 |         &pwf_infra::project_store::SqliteProjectStore::new(pool.clone()),
[INFO] [stdout]    |          ^^^^^^^^^ use of unresolved module or unlinked crate `pwf_infra`
[INFO] [stdout]    |
[INFO] [stdout]    = help: if you wanted to use a crate named `pwf_infra`, use `cargo add pwf_infra` to add it to your `Cargo.toml`
[INFO] [stdout] 
[INFO] [stdout] 
[INFO] [stdout] error[E0433]: cannot find module or crate `pwf_infra` in this scope
[INFO] [stdout]   --> tests/task/edit_task.rs:75:10
[INFO] [stdout]    |
[INFO] [stdout] 75 |         &pwf_infra::task_marker_section_store::SqliteTaskMarkerSectionStore::new(pool.clone()),
[INFO] [stdout]    |          ^^^^^^^^^ use of unresolved module or unlinked crate `pwf_infra`
[INFO] [stdout]    |
[INFO] [stdout]    = help: if you wanted to use a crate named `pwf_infra`, use `cargo add pwf_infra` to add it to your `Cargo.toml`
[INFO] [stdout] 
[INFO] [stdout] 
[INFO] [stdout] error[E0433]: cannot find module or crate `pwf_infra` in this scope
[INFO] [stdout]   --> tests/task/get_task.rs:22:10
[INFO] [stdout]    |
[INFO] [stdout] 22 |         &pwf_infra::project_store::SqliteProjectStore::new(pool.clone()),
[INFO] [stdout]    |          ^^^^^^^^^ use of unresolved module or unlinked crate `pwf_infra`
[INFO] [stdout]    |
[INFO] [stdout]    = help: if you wanted to use a crate named `pwf_infra`, use `cargo add pwf_infra` to add it to your `Cargo.toml`
[INFO] [stdout] 
[INFO] [stdout] 
[INFO] [stdout] error[E0433]: cannot find module or crate `pwf_infra` in this scope
[INFO] [stdout]   --> tests/task/get_task.rs:70:18
[INFO] [stdout]    |
[INFO] [stdout] 70 |                 &pwf_infra::project_store::SqliteProjectStore::new(pool.clone())
[INFO] [stdout]    |                  ^^^^^^^^^ use of unresolved module or unlinked crate `pwf_infra`
[INFO] [stdout]    |
[INFO] [stdout]    = help: if you wanted to use a crate named `pwf_infra`, use `cargo add pwf_infra` to add it to your `Cargo.toml`
[INFO] [stdout] 
[INFO] [stdout] 
[INFO] [stdout] error[E0433]: cannot find module or crate `pwf_infra` in this scope
[INFO] [stdout]   --> tests/task/get_task.rs:79:14
[INFO] [stdout]    |
[INFO] [stdout] 79 |             &pwf_infra::project_store::SqliteProjectStore::new(pool.clone()),
[INFO] [stdout]    |              ^^^^^^^^^ use of unresolved module or unlinked crate `pwf_infra`
[INFO] [stdout]    |
[INFO] [stdout]    = help: if you wanted to use a crate named `pwf_infra`, use `cargo add pwf_infra` to add it to your `Cargo.toml`
[INFO] [stdout] 
[INFO] [stdout] 
[INFO] [stdout] error[E0433]: cannot find module or crate `pwf_infra` in this scope
[INFO] [stdout]   --> tests/task/get_task_dag.rs:45:10
[INFO] [stdout]    |
[INFO] [stdout] 45 |         &pwf_infra::project_store::SqliteProjectStore::new(pool.clone()),
[INFO] [stdout]    |          ^^^^^^^^^ use of unresolved module or unlinked crate `pwf_infra`
[INFO] [stdout]    |
[INFO] [stdout]    = help: if you wanted to use a crate named `pwf_infra`, use `cargo add pwf_infra` to add it to your `Cargo.toml`
[INFO] [stdout] 
[INFO] [stdout] 
[INFO] [stdout] error[E0433]: cannot find module or crate `pwf_infra` in this scope
[INFO] [stdout]    --> tests/task/get_task_dag.rs:115:14
[INFO] [stdout]     |
[INFO] [stdout] 115 |             &pwf_infra::project_store::SqliteProjectStore::new(pool.clone()),
[INFO] [stdout]     |              ^^^^^^^^^ use of unresolved module or unlinked crate `pwf_infra`
[INFO] [stdout]     |
[INFO] [stdout]     = help: if you wanted to use a crate named `pwf_infra`, use `cargo add pwf_infra` to add it to your `Cargo.toml`
[INFO] [stdout] 
[INFO] [stdout] 
[INFO] [stdout] error[E0433]: cannot find module or crate `pwf_infra` in this scope
[INFO] [stdout]    --> tests/task/get_task_dag.rs:174:10
[INFO] [stdout]     |
[INFO] [stdout] 174 |         &pwf_infra::project_store::SqliteProjectStore::new(pool.clone()),
[INFO] [stdout]     |          ^^^^^^^^^ use of unresolved module or unlinked crate `pwf_infra`
[INFO] [stdout]     |
[INFO] [stdout]     = help: if you wanted to use a crate named `pwf_infra`, use `cargo add pwf_infra` to add it to your `Cargo.toml`
[INFO] [stdout] 
[INFO] [stdout] 
[INFO] [stdout] error[E0433]: cannot find module or crate `pwf_infra` in this scope
[INFO] [stdout]    --> tests/task/get_task_dag.rs:220:10
[INFO] [stdout]     |
[INFO] [stdout] 220 |         &pwf_infra::project_store::SqliteProjectStore::new(pool.clone()),
[INFO] [stdout]     |          ^^^^^^^^^ use of unresolved module or unlinked crate `pwf_infra`
[INFO] [stdout]     |
[INFO] [stdout]     = help: if you wanted to use a crate named `pwf_infra`, use `cargo add pwf_infra` to add it to your `Cargo.toml`
[INFO] [stdout] 
[INFO] [stdout] 
[INFO] [stdout] error[E0433]: cannot find module or crate `pwf_infra` in this scope
[INFO] [stdout]    --> tests/task/get_task_dag.rs:259:10
[INFO] [stdout]     |
[INFO] [stdout] 259 |         &pwf_infra::project_store::SqliteProjectStore::new(pool.clone()),
[INFO] [stdout]     |          ^^^^^^^^^ use of unresolved module or unlinked crate `pwf_infra`
[INFO] [stdout]     |
[INFO] [stdout]     = help: if you wanted to use a crate named `pwf_infra`, use `cargo add pwf_infra` to add it to your `Cargo.toml`
[INFO] [stdout] 
[INFO] [stdout] 
[INFO] [stdout] error[E0433]: cannot find module or crate `pwf_infra` in this scope
[INFO] [stdout]    --> tests/task/get_task_dag.rs:302:10
[INFO] [stdout]     |
[INFO] [stdout] 302 |         &pwf_infra::project_store::SqliteProjectStore::new(pool.clone()),
[INFO] [stdout]     |          ^^^^^^^^^ use of unresolved module or unlinked crate `pwf_infra`
[INFO] [stdout]     |
[INFO] [stdout]     = help: if you wanted to use a crate named `pwf_infra`, use `cargo add pwf_infra` to add it to your `Cargo.toml`
[INFO] [stdout] 
[INFO] [stdout] 
[INFO] [stdout] error[E0433]: cannot find module or crate `pwf_infra` in this scope
[INFO] [stdout]    --> tests/task/get_task_dag.rs:342:10
[INFO] [stdout]     |
[INFO] [stdout] 342 |         &pwf_infra::project_store::SqliteProjectStore::new(pool.clone()),
[INFO] [stdout]     |          ^^^^^^^^^ use of unresolved module or unlinked crate `pwf_infra`
[INFO] [stdout]     |
[INFO] [stdout]     = help: if you wanted to use a crate named `pwf_infra`, use `cargo add pwf_infra` to add it to your `Cargo.toml`
[INFO] [stdout] 
[INFO] [stdout] 
[INFO] [stdout] error[E0433]: cannot find module or crate `pwf_infra` in this scope
[INFO] [stdout]    --> tests/task/get_task_dag.rs:380:10
[INFO] [stdout]     |
[INFO] [stdout] 380 |         &pwf_infra::project_store::SqliteProjectStore::new(pool.clone()),
[INFO] [stdout]     |          ^^^^^^^^^ use of unresolved module or unlinked crate `pwf_infra`
[INFO] [stdout]     |
[INFO] [stdout]     = help: if you wanted to use a crate named `pwf_infra`, use `cargo add pwf_infra` to add it to your `Cargo.toml`
[INFO] [stdout] 
[INFO] [stdout] 
[INFO] [stdout] error[E0433]: cannot find module or crate `pwf_infra` in this scope
[INFO] [stdout]    --> tests/task/get_task_dag.rs:405:10
[INFO] [stdout]     |
[INFO] [stdout] 405 |         &pwf_infra::project_store::SqliteProjectStore::new(pool.clone()),
[INFO] [stdout]     |          ^^^^^^^^^ use of unresolved module or unlinked crate `pwf_infra`
[INFO] [stdout]     |
[INFO] [stdout]     = help: if you wanted to use a crate named `pwf_infra`, use `cargo add pwf_infra` to add it to your `Cargo.toml`
[INFO] [stdout] 
[INFO] [stdout] 
[INFO] [stdout] error[E0433]: cannot find module or crate `pwf_infra` in this scope
[INFO] [stdout]    --> tests/task/get_task_dag.rs:437:10
[INFO] [stdout]     |
[INFO] [stdout] 437 |         &pwf_infra::project_store::SqliteProjectStore::new(pool.clone()),
[INFO] [stdout]     |          ^^^^^^^^^ use of unresolved module or unlinked crate `pwf_infra`
[INFO] [stdout]     |
[INFO] [stdout]     = help: if you wanted to use a crate named `pwf_infra`, use `cargo add pwf_infra` to add it to your `Cargo.toml`
[INFO] [stdout] 
[INFO] [stdout] 
[INFO] [stdout] error[E0433]: cannot find module or crate `pwf_infra` in this scope
[INFO] [stdout]    --> tests/task/get_task_dag.rs:474:10
[INFO] [stdout]     |
[INFO] [stdout] 474 |         &pwf_infra::project_store::SqliteProjectStore::new(pool.clone()),
[INFO] [stdout]     |          ^^^^^^^^^ use of unresolved module or unlinked crate `pwf_infra`
[INFO] [stdout]     |
[INFO] [stdout]     = help: if you wanted to use a crate named `pwf_infra`, use `cargo add pwf_infra` to add it to your `Cargo.toml`
[INFO] [stdout] 
[INFO] [stdout] 
[INFO] [stdout] error[E0433]: cannot find module or crate `pwf_infra` in this scope
[INFO] [stdout]   --> tests/task/get_task_record.rs:23:10
[INFO] [stdout]    |
[INFO] [stdout] 23 |         &pwf_infra::project_store::SqliteProjectStore::new(pool.clone()),
[INFO] [stdout]    |          ^^^^^^^^^ use of unresolved module or unlinked crate `pwf_infra`
[INFO] [stdout]    |
[INFO] [stdout]    = help: if you wanted to use a crate named `pwf_infra`, use `cargo add pwf_infra` to add it to your `Cargo.toml`
[INFO] [stdout] 
[INFO] [stdout] 
[INFO] [stdout] error[E0433]: cannot find module or crate `pwf_infra` in this scope
[INFO] [stdout]   --> tests/task/get_task_record.rs:37:10
[INFO] [stdout]    |
[INFO] [stdout] 37 |         &pwf_infra::project_store::SqliteProjectStore::new(pool.clone()),
[INFO] [stdout]    |          ^^^^^^^^^ use of unresolved module or unlinked crate `pwf_infra`
[INFO] [stdout]    |
[INFO] [stdout]    = help: if you wanted to use a crate named `pwf_infra`, use `cargo add pwf_infra` to add it to your `Cargo.toml`
[INFO] [stdout] 
[INFO] [stdout] 
[INFO] [stdout] error[E0433]: cannot find module or crate `pwf_infra` in this scope
[INFO] [stdout]   --> tests/task/get_task_record.rs:54:14
[INFO] [stdout]    |
[INFO] [stdout] 54 |             &pwf_infra::project_store::SqliteProjectStore::new(pool.clone()),
[INFO] [stdout]    |              ^^^^^^^^^ use of unresolved module or unlinked crate `pwf_infra`
[INFO] [stdout]    |
[INFO] [stdout]    = help: if you wanted to use a crate named `pwf_infra`, use `cargo add pwf_infra` to add it to your `Cargo.toml`
[INFO] [stdout] 
[INFO] [stdout] 
[INFO] [stdout] error[E0433]: cannot find module or crate `pwf_infra` in this scope
[INFO] [stdout]    --> tests/task/list_tasks.rs:138:10
[INFO] [stdout]     |
[INFO] [stdout] 138 |         &pwf_infra::project_store::SqliteProjectStore::new(pool.clone()),
[INFO] [stdout]     |          ^^^^^^^^^ use of unresolved module or unlinked crate `pwf_infra`
[INFO] [stdout]     |
[INFO] [stdout]     = help: if you wanted to use a crate named `pwf_infra`, use `cargo add pwf_infra` to add it to your `Cargo.toml`
[INFO] [stdout] 
[INFO] [stdout] 
[INFO] [stdout] error[E0433]: cannot find module or crate `pwf_infra` in this scope
[INFO] [stdout]    --> tests/task/list_tasks.rs:196:10
[INFO] [stdout]     |
[INFO] [stdout] 196 |         &pwf_infra::project_store::SqliteProjectStore::new(pool.clone()),
[INFO] [stdout]     |          ^^^^^^^^^ use of unresolved module or unlinked crate `pwf_infra`
[INFO] [stdout]     |
[INFO] [stdout]     = help: if you wanted to use a crate named `pwf_infra`, use `cargo add pwf_infra` to add it to your `Cargo.toml`
[INFO] [stdout] 
[INFO] [stdout] 
[INFO] [stdout] error[E0433]: cannot find module or crate `pwf_infra` in this scope
[INFO] [stdout]     --> tests/task/list_tasks.rs:1054:10
[INFO] [stdout]      |
[INFO] [stdout] 1054 |         &pwf_infra::project_store::SqliteProjectStore::new(pool.clone()),
[INFO] [stdout]      |          ^^^^^^^^^ use of unresolved module or unlinked crate `pwf_infra`
[INFO] [stdout]      |
[INFO] [stdout]      = help: if you wanted to use a crate named `pwf_infra`, use `cargo add pwf_infra` to add it to your `Cargo.toml`
[INFO] [stdout] 
[INFO] [stdout] 
[INFO] [stdout] error[E0433]: cannot find module or crate `pwf_infra` in this scope
[INFO] [stdout]     --> tests/task/list_tasks.rs:1066:10
[INFO] [stdout]      |
[INFO] [stdout] 1066 |         &pwf_infra::project_store::SqliteProjectStore::new(pool.clone()),
[INFO] [stdout]      |          ^^^^^^^^^ use of unresolved module or unlinked crate `pwf_infra`
[INFO] [stdout]      |
[INFO] [stdout]      = help: if you wanted to use a crate named `pwf_infra`, use `cargo add pwf_infra` to add it to your `Cargo.toml`
[INFO] [stdout] 
[INFO] [stdout] 
[INFO] [stdout] error[E0433]: cannot find module or crate `pwf_infra` in this scope
[INFO] [stdout]    --> tests/task/remove_task.rs:100:15
[INFO] [stdout]     |
[INFO] [stdout] 100 |     projects: pwf_infra::project_store::SqliteProjectStore,
[INFO] [stdout]     |               ^^^^^^^^^ use of unresolved module or unlinked crate `pwf_infra`
[INFO] [stdout]     |
[INFO] [stdout]     = help: if you wanted to use a crate named `pwf_infra`, use `cargo add pwf_infra` to add it to your `Cargo.toml`
[INFO] [stdout] 
[INFO] [stdout] 
[INFO] [stdout] error[E0433]: cannot find module or crate `pwf_infra` in this scope
[INFO] [stdout]    --> tests/task/remove_task.rs:138:20
[INFO] [stdout]     |
[INFO] [stdout] 138 |     let projects = pwf_infra::project_store::SqliteProjectStore::new(pool.clone());
[INFO] [stdout]     |                    ^^^^^^^^^ use of unresolved module or unlinked crate `pwf_infra`
[INFO] [stdout]     |
[INFO] [stdout]     = help: if you wanted to use a crate named `pwf_infra`, use `cargo add pwf_infra` to add it to your `Cargo.toml`
[INFO] [stdout] 
[INFO] [stdout] 
[INFO] [stdout] error[E0433]: cannot find module or crate `pwf_infra` in this scope
[INFO] [stdout]    --> tests/task/remove_task.rs:161:10
[INFO] [stdout]     |
[INFO] [stdout] 161 |         &pwf_infra::project_store::SqliteProjectStore::new(pool.clone()),
[INFO] [stdout]     |          ^^^^^^^^^ use of unresolved module or unlinked crate `pwf_infra`
[INFO] [stdout]     |
[INFO] [stdout]     = help: if you wanted to use a crate named `pwf_infra`, use `cargo add pwf_infra` to add it to your `Cargo.toml`
[INFO] [stdout] 
[INFO] [stdout] 
[INFO] [stdout] error[E0433]: cannot find module or crate `pwf_infra` in this scope
[INFO] [stdout]    --> tests/task/remove_task.rs:184:10
[INFO] [stdout]     |
[INFO] [stdout] 184 |         &pwf_infra::project_store::SqliteProjectStore::new(pool.clone()),
[INFO] [stdout]     |          ^^^^^^^^^ use of unresolved module or unlinked crate `pwf_infra`
[INFO] [stdout]     |
[INFO] [stdout]     = help: if you wanted to use a crate named `pwf_infra`, use `cargo add pwf_infra` to add it to your `Cargo.toml`
[INFO] [stdout] 
[INFO] [stdout] 
[INFO] [stdout] error[E0433]: cannot find module or crate `pwf_infra` in this scope
[INFO] [stdout]    --> tests/task/remove_task.rs:228:10
[INFO] [stdout]     |
[INFO] [stdout] 228 |         &pwf_infra::project_store::SqliteProjectStore::new(pool.clone()),
[INFO] [stdout]     |          ^^^^^^^^^ use of unresolved module or unlinked crate `pwf_infra`
[INFO] [stdout]     |
[INFO] [stdout]     = help: if you wanted to use a crate named `pwf_infra`, use `cargo add pwf_infra` to add it to your `Cargo.toml`
[INFO] [stdout] 
[INFO] [stdout] 
[INFO] [stdout] error[E0433]: cannot find module or crate `pwf_infra` in this scope
[INFO] [stdout]    --> tests/task/remove_task.rs:260:10
[INFO] [stdout]     |
[INFO] [stdout] 260 |         &pwf_infra::project_store::SqliteProjectStore::new(pool.clone()),
[INFO] [stdout]     |          ^^^^^^^^^ use of unresolved module or unlinked crate `pwf_infra`
[INFO] [stdout]     |
[INFO] [stdout]     = help: if you wanted to use a crate named `pwf_infra`, use `cargo add pwf_infra` to add it to your `Cargo.toml`
[INFO] [stdout] 
[INFO] [stdout] 
[INFO] [stdout] error[E0433]: cannot find module or crate `pwf_infra` in this scope
[INFO] [stdout]    --> tests/task/remove_task.rs:279:14
[INFO] [stdout]     |
[INFO] [stdout] 279 |             &pwf_infra::project_store::SqliteProjectStore::new(pool.clone()),
[INFO] [stdout]     |              ^^^^^^^^^ use of unresolved module or unlinked crate `pwf_infra`
[INFO] [stdout]     |
[INFO] [stdout]     = help: if you wanted to use a crate named `pwf_infra`, use `cargo add pwf_infra` to add it to your `Cargo.toml`
[INFO] [stdout] 
[INFO] [stdout] 
[INFO] [stdout] error[E0433]: cannot find module or crate `pwf_infra` in this scope
[INFO] [stdout]    --> tests/task/remove_task.rs:298:10
[INFO] [stdout]     |
[INFO] [stdout] 298 |         &pwf_infra::project_store::SqliteProjectStore::new(pool.clone()),
[INFO] [stdout]     |          ^^^^^^^^^ use of unresolved module or unlinked crate `pwf_infra`
[INFO] [stdout]     |
[INFO] [stdout]     = help: if you wanted to use a crate named `pwf_infra`, use `cargo add pwf_infra` to add it to your `Cargo.toml`
[INFO] [stdout] 
[INFO] [stdout] 
[INFO] [stdout] error[E0433]: cannot find module or crate `pwf_infra` in this scope
[INFO] [stdout]    --> tests/task/remove_task.rs:318:10
[INFO] [stdout]     |
[INFO] [stdout] 318 |         &pwf_infra::project_store::SqliteProjectStore::new(pool.clone()),
[INFO] [stdout]     |          ^^^^^^^^^ use of unresolved module or unlinked crate `pwf_infra`
[INFO] [stdout]     |
[INFO] [stdout]     = help: if you wanted to use a crate named `pwf_infra`, use `cargo add pwf_infra` to add it to your `Cargo.toml`
[INFO] [stdout] 
[INFO] [stdout] 
[INFO] [stdout] error[E0433]: cannot find module or crate `pwf_infra` in this scope
[INFO] [stdout]    --> tests/task/remove_task.rs:343:14
[INFO] [stdout]     |
[INFO] [stdout] 343 |             &pwf_infra::project_store::SqliteProjectStore::new(pool.clone()),
[INFO] [stdout]     |              ^^^^^^^^^ use of unresolved module or unlinked crate `pwf_infra`
[INFO] [stdout]     |
[INFO] [stdout]     = help: if you wanted to use a crate named `pwf_infra`, use `cargo add pwf_infra` to add it to your `Cargo.toml`
[INFO] [stdout] 
[INFO] [stdout] 
[INFO] [stdout] error[E0433]: cannot find module or crate `pwf_infra` in this scope
[INFO] [stdout]    --> tests/task/remove_task.rs:360:14
[INFO] [stdout]     |
[INFO] [stdout] 360 |             &pwf_infra::project_store::SqliteProjectStore::new(pool.clone()),
[INFO] [stdout]     |              ^^^^^^^^^ use of unresolved module or unlinked crate `pwf_infra`
[INFO] [stdout]     |
[INFO] [stdout]     = help: if you wanted to use a crate named `pwf_infra`, use `cargo add pwf_infra` to add it to your `Cargo.toml`
[INFO] [stdout] 
[INFO] [stdout] 
[INFO] [stdout] error[E0433]: cannot find module or crate `pwf_infra` in this scope
[INFO] [stdout]    --> tests/task/remove_task.rs:383:10
[INFO] [stdout]     |
[INFO] [stdout] 383 |         &pwf_infra::project_store::SqliteProjectStore::new(pool.clone()),
[INFO] [stdout]     |          ^^^^^^^^^ use of unresolved module or unlinked crate `pwf_infra`
[INFO] [stdout]     |
[INFO] [stdout]     = help: if you wanted to use a crate named `pwf_infra`, use `cargo add pwf_infra` to add it to your `Cargo.toml`
[INFO] [stdout] 
[INFO] [stdout] 
[INFO] [stdout] error[E0433]: cannot find module or crate `pwf_infra` in this scope
[INFO] [stdout]    --> tests/task/remove_task.rs:402:10
[INFO] [stdout]     |
[INFO] [stdout] 402 |         &pwf_infra::project_store::SqliteProjectStore::new(pool.clone()),
[INFO] [stdout]     |          ^^^^^^^^^ use of unresolved module or unlinked crate `pwf_infra`
[INFO] [stdout]     |
[INFO] [stdout]     = help: if you wanted to use a crate named `pwf_infra`, use `cargo add pwf_infra` to add it to your `Cargo.toml`
[INFO] [stdout] 
[INFO] [stdout] 
[INFO] [stdout] error[E0433]: cannot find module or crate `pwf_infra` in this scope
[INFO] [stdout]    --> tests/task/session/dispatch_confirmed_session.rs:121:10
[INFO] [stdout]     |
[INFO] [stdout] 121 |         &pwf_infra::project_store::SqliteProjectStore::new(pool.clone()),
[INFO] [stdout]     |          ^^^^^^^^^ use of unresolved module or unlinked crate `pwf_infra`
[INFO] [stdout]     |
[INFO] [stdout]     = help: if you wanted to use a crate named `pwf_infra`, use `cargo add pwf_infra` to add it to your `Cargo.toml`
[INFO] [stdout] 
[INFO] [stdout] 
[INFO] [stdout] error[E0433]: cannot find module or crate `pwf_infra` in this scope
[INFO] [stdout]   --> tests/task/session/plan_session.rs:78:10
[INFO] [stdout]    |
[INFO] [stdout] 78 |         &pwf_infra::project_store::SqliteProjectStore::new(pool.clone()),
[INFO] [stdout]    |          ^^^^^^^^^ use of unresolved module or unlinked crate `pwf_infra`
[INFO] [stdout]    |
[INFO] [stdout]    = help: if you wanted to use a crate named `pwf_infra`, use `cargo add pwf_infra` to add it to your `Cargo.toml`
[INFO] [stdout] 
[INFO] [stdout] 
[INFO] [stdout] error[E0433]: cannot find module or crate `pwf_infra` in this scope
[INFO] [stdout]    --> tests/task/session/plan_session.rs:137:10
[INFO] [stdout]     |
[INFO] [stdout] 137 |         &pwf_infra::project_store::SqliteProjectStore::new(pool.clone()),
[INFO] [stdout]     |          ^^^^^^^^^ use of unresolved module or unlinked crate `pwf_infra`
[INFO] [stdout]     |
[INFO] [stdout]     = help: if you wanted to use a crate named `pwf_infra`, use `cargo add pwf_infra` to add it to your `Cargo.toml`
[INFO] [stdout] 
[INFO] [stdout] 
[INFO] [stdout] error[E0433]: cannot find module or crate `pwf_infra` in this scope
[INFO] [stdout]    --> tests/task/session/plan_session.rs:270:14
[INFO] [stdout]     |
[INFO] [stdout] 270 |             &pwf_infra::project_store::SqliteProjectStore::new(pool.clone()),
[INFO] [stdout]     |              ^^^^^^^^^ use of unresolved module or unlinked crate `pwf_infra`
[INFO] [stdout]     |
[INFO] [stdout]     = help: if you wanted to use a crate named `pwf_infra`, use `cargo add pwf_infra` to add it to your `Cargo.toml`
[INFO] [stdout] 
[INFO] [stdout] 
[INFO] [stdout] error[E0433]: cannot find module or crate `pwf_infra` in this scope
[INFO] [stdout]    --> tests/task/session/plan_session.rs:312:10
[INFO] [stdout]     |
[INFO] [stdout] 312 |         &pwf_infra::project_store::SqliteProjectStore::new(pool.clone()),
[INFO] [stdout]     |          ^^^^^^^^^ use of unresolved module or unlinked crate `pwf_infra`
[INFO] [stdout]     |
[INFO] [stdout]     = help: if you wanted to use a crate named `pwf_infra`, use `cargo add pwf_infra` to add it to your `Cargo.toml`
[INFO] [stdout] 
[INFO] [stdout] 
[INFO] [stdout] For more information about this error, try `rustc --explain E0433`.
[INFO] [stdout] 
[INFO] [stderr] error: could not compile `pwf-application` (test "application") due to 148 previous errors
[INFO] running `Command { std: "docker" "inspect" "8d3a72c77024c23f236882f7aca16bd7bd437415fb7f4b4b75d40a0b19fd8ec6", kill_on_drop: false }`
[INFO] running `Command { std: "docker" "rm" "-f" "8d3a72c77024c23f236882f7aca16bd7bd437415fb7f4b4b75d40a0b19fd8ec6", kill_on_drop: false }`
[INFO] [stdout] 8d3a72c77024c23f236882f7aca16bd7bd437415fb7f4b4b75d40a0b19fd8ec6
