[INFO] fetching crate purrdf-xsd 3.0.1...
[INFO] testing purrdf-xsd-3.0.1 against 1.100.0-beta.1 for beta-1.100-2
[INFO] extracting crate purrdf-xsd 3.0.1 into /workspace/builds/worker-0-tc2/source
[INFO] started tweaking crates.io crate purrdf-xsd 3.0.1
[INFO] removed 0 missing tests
[INFO] finished tweaking crates.io crate purrdf-xsd 3.0.1
[INFO] tweaked toml for crates.io crate purrdf-xsd 3.0.1 written to /workspace/builds/worker-0-tc2/source/Cargo.toml
[INFO] validating manifest of crates.io crate purrdf-xsd 3.0.1 on toolchain 1.100.0-beta.1
[INFO] running `Command { std: CARGO_HOME="/workspace/cargo-home" RUSTUP_HOME="/workspace/rustup-home" "/workspace/cargo-home/bin/cargo" "+1.100.0-beta.1" "metadata" "--manifest-path" "Cargo.toml" "--no-deps", kill_on_drop: false }`
[INFO] crate crates.io crate purrdf-xsd 3.0.1 already has a lockfile, it will not be regenerated
[INFO] running `Command { std: CARGO_HOME="/workspace/cargo-home" RUSTUP_HOME="/workspace/rustup-home" "/workspace/cargo-home/bin/cargo" "+1.100.0-beta.1" "fetch" "--manifest-path" "Cargo.toml", kill_on_drop: false }`
[INFO] running `Command { std: "docker" "create" "-v" "/var/lib/crater-agent-workspace/builds/worker-0-tc2/source:/opt/rustwide/workdir:ro,Z" "-v" "/var/lib/crater-agent-workspace/builds/worker-0-tc2/target:/opt/rustwide/target:rw,Z" "-v" "/var/lib/crater-agent-workspace/cargo-home:/opt/rustwide/cargo-home:ro,Z" "-v" "/var/lib/crater-agent-workspace/rustup-home:/opt/rustwide/rustup-home:ro,Z" "-m" "1610612736" "--network" "none" "ghcr.io/rust-lang/crates-build-env/linux@sha256:3111399a4047eeb3a02b7a90e478d715f38a8c6669b5c4b49d30a17385265909" "sleep" "infinity", kill_on_drop: false }`
[INFO] [stdout] f142da4b417153eb6a7e08200c4616ea8be98c08ad6c07915f99aeb457d3920a
[INFO] running `Command { std: "docker" "start" "f142da4b417153eb6a7e08200c4616ea8be98c08ad6c07915f99aeb457d3920a", kill_on_drop: false }`
[INFO] running `Command { std: "docker" "inspect" "f142da4b417153eb6a7e08200c4616ea8be98c08ad6c07915f99aeb457d3920a", kill_on_drop: false }`
[INFO] running `Command { std: "docker" "exec" "-e" "SOURCE_DIR=/opt/rustwide/workdir" "-e" "CARGO_HOME=/opt/rustwide/cargo-home" "-e" "RUSTUP_HOME=/opt/rustwide/rustup-home" "-e" "CARGO_TARGET_DIR=/opt/rustwide/target" "-w" "/opt/rustwide/workdir" "--user" "0:0" "f142da4b417153eb6a7e08200c4616ea8be98c08ad6c07915f99aeb457d3920a" "/opt/rustwide/cargo-home/bin/cargo" "+1.100.0-beta.1" "metadata" "--no-deps" "--format-version=1", kill_on_drop: false }`
[INFO] running `Command { std: "docker" "inspect" "f142da4b417153eb6a7e08200c4616ea8be98c08ad6c07915f99aeb457d3920a", kill_on_drop: false }`
[INFO] running `Command { std: "docker" "exec" "-e" "SOURCE_DIR=/opt/rustwide/workdir" "-e" "CARGO_HOME=/opt/rustwide/cargo-home" "-e" "RUSTUP_HOME=/opt/rustwide/rustup-home" "-e" "CARGO_TARGET_DIR=/opt/rustwide/target" "-e" "CARGO_INCREMENTAL=0" "-e" "RUST_BACKTRACE=full" "-e" "RUSTFLAGS=--cap-lints=warn" "-e" "RUSTDOCFLAGS=--cap-lints=warn" "-w" "/opt/rustwide/workdir" "--user" "0:0" "f142da4b417153eb6a7e08200c4616ea8be98c08ad6c07915f99aeb457d3920a" "/opt/rustwide/cargo-home/bin/cargo" "+1.100.0-beta.1" "build" "--frozen" "--message-format=json", kill_on_drop: false }`
[INFO] [stderr]    Compiling purrdf-hash v3.0.1
[INFO] [stderr]    Compiling purrdf-lex v3.0.1
[INFO] [stderr]    Compiling purrdf-xsd v3.0.1 (/opt/rustwide/workdir)
[INFO] [stderr]     Finished `dev` profile [unoptimized + debuginfo] target(s) in 13.68s
[INFO] running `Command { std: "docker" "inspect" "f142da4b417153eb6a7e08200c4616ea8be98c08ad6c07915f99aeb457d3920a", kill_on_drop: false }`
[INFO] running `Command { std: "docker" "exec" "-e" "SOURCE_DIR=/opt/rustwide/workdir" "-e" "CARGO_HOME=/opt/rustwide/cargo-home" "-e" "RUSTUP_HOME=/opt/rustwide/rustup-home" "-e" "CARGO_TARGET_DIR=/opt/rustwide/target" "-e" "CARGO_INCREMENTAL=0" "-e" "RUST_BACKTRACE=full" "-e" "RUSTFLAGS=--cap-lints=warn" "-e" "RUSTDOCFLAGS=--cap-lints=warn" "-w" "/opt/rustwide/workdir" "--user" "0:0" "f142da4b417153eb6a7e08200c4616ea8be98c08ad6c07915f99aeb457d3920a" "/opt/rustwide/cargo-home/bin/cargo" "+1.100.0-beta.1" "test" "--frozen" "--no-run" "--message-format=json", kill_on_drop: false }`
[INFO] [stderr]    Compiling purrdf-xsd v3.0.1 (/opt/rustwide/workdir)
[INFO] [stdout] error[E0433]: cannot find module or crate `purrdf_testkit` in this scope
[INFO] [stdout]    --> tests/value_space.rs:325:9
[INFO] [stdout]     |
[INFO] [stdout] 325 |     use purrdf_testkit::prop::prelude::*;
[INFO] [stdout]     |         ^^^^^^^^^^^^^^ use of unresolved module or unlinked crate `purrdf_testkit`
[INFO] [stdout]     |
[INFO] [stdout]     = help: if you wanted to use a crate named `purrdf_testkit`, use `cargo add purrdf_testkit` to add it to your `Cargo.toml`
[INFO] [stdout] 
[INFO] [stdout] 
[INFO] [stdout] error: cannot find macro `prop_test` in this scope
[INFO] [stdout]    --> tests/value_space.rs:327:5
[INFO] [stdout]     |
[INFO] [stdout] 327 |     prop_test! {
[INFO] [stdout]     |     ^^^^^^^^^
[INFO] [stdout] 
[INFO] [stdout] 
[INFO] [stdout] warning: unused import: `super::*`
[INFO] [stdout]    --> tests/value_space.rs:324:9
[INFO] [stdout]     |
[INFO] [stdout] 324 |     use super::*;
[INFO] [stdout]     |         ^^^^^^^^
[INFO] [stdout]     |
[INFO] [stdout]     = note: `#[warn(unused_imports)]` (part of `#[warn(unused)]`) on by default
[INFO] [stdout] 
[INFO] [stdout] 
[INFO] [stdout] error[E0433]: cannot find module or crate `purrdf_testkit` in this scope
[INFO] [stdout]    --> tests/data_range.rs:683:9
[INFO] [stdout]     |
[INFO] [stdout] 683 |     use purrdf_testkit::prop::prelude::*;
[INFO] [stdout]     |         ^^^^^^^^^^^^^^ use of unresolved module or unlinked crate `purrdf_testkit`
[INFO] [stdout]     |
[INFO] [stdout]     = help: if you wanted to use a crate named `purrdf_testkit`, use `cargo add purrdf_testkit` to add it to your `Cargo.toml`
[INFO] [stdout] 
[INFO] [stdout] 
[INFO] [stdout] error: cannot find macro `prop_oneof` in this scope
[INFO] [stdout]    --> tests/data_range.rs:707:20
[INFO] [stdout]     |
[INFO] [stdout] 707 |         let leaf = prop_oneof![
[INFO] [stdout]     |                    ^^^^^^^^^^
[INFO] [stdout] 
[INFO] [stdout] 
[INFO] [stdout] error: cannot find macro `prop_oneof` in this scope
[INFO] [stdout]    --> tests/data_range.rs:730:13
[INFO] [stdout]     |
[INFO] [stdout] 730 |             prop_oneof![
[INFO] [stdout]     |             ^^^^^^^^^^
[INFO] [stdout] 
[INFO] [stdout] 
[INFO] [stdout] error: cannot find macro `prop_assert_ne` in this scope
[INFO] [stdout]    --> tests/data_range.rs:758:25
[INFO] [stdout]     |
[INFO] [stdout] 758 |                         prop_assert_ne!(held, Known::Yes, "{:?} holds {:?}", range, value);
[INFO] [stdout]     |                         ^^^^^^^^^^^^^^
[INFO] [stdout] 
[INFO] [stdout] 
[INFO] [stdout] error: cannot find macro `prop_assert_ne` in this scope
[INFO] [stdout]    --> tests/data_range.rs:761:25
[INFO] [stdout]     |
[INFO] [stdout] 761 |                         prop_assert_ne!(
[INFO] [stdout]     |                         ^^^^^^^^^^^^^^
[INFO] [stdout] 
[INFO] [stdout] 
[INFO] [stdout] error[E0433]: cannot find module or crate `prop` in this scope
[INFO] [stdout]    --> tests/data_range.rs:744:22
[INFO] [stdout]     |
[INFO] [stdout] 744 |         let runner = prop::Runner::new(
[INFO] [stdout]     |                      ^^^^ use of unresolved module or unlinked crate `prop`
[INFO] [stdout]     |
[INFO] [stdout]     = help: if you wanted to use a crate named `prop`, use `cargo add prop` to add it to your `Cargo.toml`
[INFO] [stdout] 
[INFO] [stdout] 
[INFO] [stdout] error[E0405]: cannot find trait `Strategy` in this scope
[INFO] [stdout]    --> tests/data_range.rs:706:25
[INFO] [stdout]     |
[INFO] [stdout] 706 |     fn ranges() -> impl Strategy<Value = DataRange> {
[INFO] [stdout]     |                         ^^^^^^^^ not found in this scope
[INFO] [stdout] 
[INFO] [stdout] 
[INFO] [stderr] error: could not compile `purrdf-xsd` (test "data_range") due to 8 previous errors; 1 warning emitted
[INFO] [stdout] warning: unused import: `Facet`
[INFO] [stdout]    --> tests/data_range.rs:682:28
[INFO] [stdout]     |
[INFO] [stdout] 682 |     use super::{DataRange, Facet, Known, Satisfiability, contains, satisfiability, v};
[INFO] [stdout]     |                            ^^^^^
[INFO] [stdout]     |
[INFO] [stdout]     = note: `#[warn(unused_imports)]` (part of `#[warn(unused)]`) on by default
[INFO] [stdout] 
[INFO] [stdout] 
[INFO] [stderr] warning: build failed, waiting for other jobs to finish...
[INFO] [stdout] error[E0433]: cannot find type `Config` in this scope
[INFO] [stdout]    --> tests/data_range.rs:745:13
[INFO] [stdout]     |
[INFO] [stdout] 745 |             Config::with_cases(1024),
[INFO] [stdout]     |             ^^^^^^ use of undeclared type `Config`
[INFO] [stdout] 
[INFO] [stdout] 
[INFO] [stdout] Some errors have detailed explanations: E0405, E0433.
[INFO] [stdout] 
[INFO] [stdout] For more information about an error, try `rustc --explain E0405`.
[INFO] [stdout] 
[INFO] [stdout] For more information about this error, try `rustc --explain E0433`.
[INFO] [stdout] 
[INFO] [stderr] error: could not compile `purrdf-xsd` (test "value_space") due to 2 previous errors; 1 warning emitted
[INFO] [stdout] error[E0433]: cannot find module or crate `purrdf_testkit` in this scope
[INFO] [stdout]    --> src/bigint.rs:926:9
[INFO] [stdout]     |
[INFO] [stdout] 926 |     use purrdf_testkit::rng::splitmix64_next as splitmix64;
[INFO] [stdout]     |         ^^^^^^^^^^^^^^ use of unresolved module or unlinked crate `purrdf_testkit`
[INFO] [stdout]     |
[INFO] [stdout]     = help: if you wanted to use a crate named `purrdf_testkit`, use `cargo add purrdf_testkit` to add it to your `Cargo.toml`
[INFO] [stdout] 
[INFO] [stdout] 
[INFO] [stdout] error[E0433]: cannot find module or crate `purrdf_testkit` in this scope
[INFO] [stdout]    --> src/decimal_float.rs:247:9
[INFO] [stdout]     |
[INFO] [stdout] 247 |     use purrdf_testkit::rng::splitmix64_next as splitmix64;
[INFO] [stdout]     |         ^^^^^^^^^^^^^^ use of unresolved module or unlinked crate `purrdf_testkit`
[INFO] [stdout]     |
[INFO] [stdout]     = help: if you wanted to use a crate named `purrdf_testkit`, use `cargo add purrdf_testkit` to add it to your `Cargo.toml`
[INFO] [stdout] 
[INFO] [stdout] 
[INFO] [stdout] error[E0433]: cannot find module or crate `purrdf_testkit` in this scope
[INFO] [stdout]   --> src/ieee/tests.rs:10:5
[INFO] [stdout]    |
[INFO] [stdout] 10 | use purrdf_testkit::rng::SplitMix64;
[INFO] [stdout]    |     ^^^^^^^^^^^^^^ use of unresolved module or unlinked crate `purrdf_testkit`
[INFO] [stdout]    |
[INFO] [stdout]    = help: if you wanted to use a crate named `purrdf_testkit`, use `cargo add purrdf_testkit` to add it to your `Cargo.toml`
[INFO] [stdout] 
[INFO] [stdout] 
[INFO] [stdout] error[E0433]: cannot find module or crate `purrdf_testkit` in this scope
[INFO] [stdout]    --> src/simple.rs:219:9
[INFO] [stdout]     |
[INFO] [stdout] 219 |     use purrdf_testkit::rng::SplitMix64;
[INFO] [stdout]     |         ^^^^^^^^^^^^^^ use of unresolved module or unlinked crate `purrdf_testkit`
[INFO] [stdout]     |
[INFO] [stdout]     = help: if you wanted to use a crate named `purrdf_testkit`, use `cargo add purrdf_testkit` to add it to your `Cargo.toml`
[INFO] [stdout] 
[INFO] [stdout] 
[INFO] [stdout] error[E0433]: cannot find module or crate `purrdf_testkit` in this scope
[INFO] [stdout]     --> src/numeric.rs:2822:27
[INFO] [stdout]      |
[INFO] [stdout] 2822 |         let mut next = || purrdf_testkit::rng::splitmix64_next(&mut state);
[INFO] [stdout]      |                           ^^^^^^^^^^^^^^ use of unresolved module or unlinked crate `purrdf_testkit`
[INFO] [stdout]      |
[INFO] [stdout]      = help: if you wanted to use a crate named `purrdf_testkit`, use `cargo add purrdf_testkit` to add it to your `Cargo.toml`
[INFO] [stdout] 
[INFO] [stdout] 
[INFO] [stdout] error[E0433]: cannot find module or crate `purrdf_testkit` in this scope
[INFO] [stdout]   --> tests/frozen_vectors.rs:13:5
[INFO] [stdout]    |
[INFO] [stdout] 13 | use purrdf_testkit::vectors::{VectorFile, decode_str};
[INFO] [stdout]    |     ^^^^^^^^^^^^^^ use of unresolved module or unlinked crate `purrdf_testkit`
[INFO] [stdout]    |
[INFO] [stdout]    = help: if you wanted to use a crate named `purrdf_testkit`, use `cargo add purrdf_testkit` to add it to your `Cargo.toml`
[INFO] [stdout] 
[INFO] [stdout] 
[INFO] [stdout] For more information about this error, try `rustc --explain E0433`.
[INFO] [stdout] 
[INFO] [stderr] error: could not compile `purrdf-xsd` (test "frozen_vectors") due to 1 previous error
[INFO] [stdout] For more information about this error, try `rustc --explain E0433`.
[INFO] [stdout] 
[INFO] [stderr] error: could not compile `purrdf-xsd` (lib test) due to 5 previous errors
[INFO] running `Command { std: "docker" "inspect" "f142da4b417153eb6a7e08200c4616ea8be98c08ad6c07915f99aeb457d3920a", kill_on_drop: false }`
[INFO] running `Command { std: "docker" "rm" "-f" "f142da4b417153eb6a7e08200c4616ea8be98c08ad6c07915f99aeb457d3920a", kill_on_drop: false }`
[INFO] [stdout] f142da4b417153eb6a7e08200c4616ea8be98c08ad6c07915f99aeb457d3920a
