[INFO] fetching crate purrdf-text 3.0.1...
[INFO] testing purrdf-text-3.0.1 against 1.100.0-beta.1 for beta-1.100-2
[INFO] extracting crate purrdf-text 3.0.1 into /workspace/builds/worker-0-tc2/source
[INFO] started tweaking crates.io crate purrdf-text 3.0.1
[INFO] removed 0 missing tests
[INFO] finished tweaking crates.io crate purrdf-text 3.0.1
[INFO] tweaked toml for crates.io crate purrdf-text 3.0.1 written to /workspace/builds/worker-0-tc2/source/Cargo.toml
[INFO] validating manifest of crates.io crate purrdf-text 3.0.1 on toolchain 1.100.0-beta.1
[INFO] running `Command { std: CARGO_HOME="/workspace/cargo-home" RUSTUP_HOME="/workspace/rustup-home" "/workspace/cargo-home/bin/cargo" "+1.100.0-beta.1" "metadata" "--manifest-path" "Cargo.toml" "--no-deps", kill_on_drop: false }`
[INFO] crate crates.io crate purrdf-text 3.0.1 already has a lockfile, it will not be regenerated
[INFO] running `Command { std: CARGO_HOME="/workspace/cargo-home" RUSTUP_HOME="/workspace/rustup-home" "/workspace/cargo-home/bin/cargo" "+1.100.0-beta.1" "fetch" "--manifest-path" "Cargo.toml", kill_on_drop: false }`
[INFO] [stderr]     Blocking waiting for file lock on package cache
[INFO] running `Command { std: "docker" "create" "-v" "/var/lib/crater-agent-workspace/builds/worker-0-tc2/source:/opt/rustwide/workdir:ro,Z" "-v" "/var/lib/crater-agent-workspace/builds/worker-0-tc2/target:/opt/rustwide/target:rw,Z" "-v" "/var/lib/crater-agent-workspace/cargo-home:/opt/rustwide/cargo-home:ro,Z" "-v" "/var/lib/crater-agent-workspace/rustup-home:/opt/rustwide/rustup-home:ro,Z" "-m" "1610612736" "--network" "none" "ghcr.io/rust-lang/crates-build-env/linux@sha256:3111399a4047eeb3a02b7a90e478d715f38a8c6669b5c4b49d30a17385265909" "sleep" "infinity", kill_on_drop: false }`
[INFO] [stdout] 7ab2646bacec90828e38f06c5b3b6738a5629e251178f17c4a6a605750229b4d
[INFO] running `Command { std: "docker" "start" "7ab2646bacec90828e38f06c5b3b6738a5629e251178f17c4a6a605750229b4d", kill_on_drop: false }`
[INFO] running `Command { std: "docker" "inspect" "7ab2646bacec90828e38f06c5b3b6738a5629e251178f17c4a6a605750229b4d", kill_on_drop: false }`
[INFO] running `Command { std: "docker" "exec" "-e" "SOURCE_DIR=/opt/rustwide/workdir" "-e" "CARGO_HOME=/opt/rustwide/cargo-home" "-e" "RUSTUP_HOME=/opt/rustwide/rustup-home" "-e" "CARGO_TARGET_DIR=/opt/rustwide/target" "-w" "/opt/rustwide/workdir" "--user" "0:0" "7ab2646bacec90828e38f06c5b3b6738a5629e251178f17c4a6a605750229b4d" "/opt/rustwide/cargo-home/bin/cargo" "+1.100.0-beta.1" "metadata" "--no-deps" "--format-version=1", kill_on_drop: false }`
[INFO] running `Command { std: "docker" "inspect" "7ab2646bacec90828e38f06c5b3b6738a5629e251178f17c4a6a605750229b4d", kill_on_drop: false }`
[INFO] running `Command { std: "docker" "exec" "-e" "SOURCE_DIR=/opt/rustwide/workdir" "-e" "CARGO_HOME=/opt/rustwide/cargo-home" "-e" "RUSTUP_HOME=/opt/rustwide/rustup-home" "-e" "CARGO_TARGET_DIR=/opt/rustwide/target" "-e" "CARGO_INCREMENTAL=0" "-e" "RUST_BACKTRACE=full" "-e" "RUSTFLAGS=--cap-lints=warn" "-e" "RUSTDOCFLAGS=--cap-lints=warn" "-w" "/opt/rustwide/workdir" "--user" "0:0" "7ab2646bacec90828e38f06c5b3b6738a5629e251178f17c4a6a605750229b4d" "/opt/rustwide/cargo-home/bin/cargo" "+1.100.0-beta.1" "build" "--frozen" "--message-format=json", kill_on_drop: false }`
[INFO] [stderr]    Compiling purrdf-hash v3.0.1
[INFO] [stderr]    Compiling hybrid-array v0.4.15
[INFO] [stderr]    Compiling crossbeam-utils v0.8.21
[INFO] [stderr]    Compiling purrdf-events v3.0.1
[INFO] [stderr]    Compiling const-oid v0.10.2
[INFO] [stderr]    Compiling libc v0.2.186
[INFO] [stderr]    Compiling rayon-core v1.13.0
[INFO] [stderr]    Compiling purrdf-core v3.0.1
[INFO] [stderr]    Compiling getrandom v0.3.4
[INFO] [stderr]    Compiling either v1.16.0
[INFO] [stderr]    Compiling regex-automata v0.4.14
[INFO] [stderr]    Compiling crypto-common v0.2.2
[INFO] [stderr]    Compiling block-buffer v0.12.1
[INFO] [stderr]    Compiling crossbeam-epoch v0.9.18
[INFO] [stderr]    Compiling crossbeam-deque v0.8.6
[INFO] [stderr]    Compiling purrdf-stack v3.0.1
[INFO] [stderr]    Compiling digest v0.11.3
[INFO] [stderr]    Compiling rayon v1.12.0
[INFO] [stderr]    Compiling sha2 v0.11.0
[INFO] [stderr]    Compiling regex v1.12.4
[INFO] [stderr]    Compiling purrdf-lex v3.0.1
[INFO] [stderr]    Compiling purrdf-deflate v3.0.1
[INFO] [stderr]    Compiling purrdf-iri v3.0.1
[INFO] [stderr]    Compiling purrdf-xsd v3.0.1
[INFO] [stderr]    Compiling purrdf-cdt v3.0.1
[INFO] [stderr]    Compiling purrdf-sparql-algebra v3.0.1
[INFO] [stderr]    Compiling purrdf-sparql-results v3.0.1
[INFO] [stderr]    Compiling purrdf-sparql-eval v3.0.1
[INFO] [stderr]    Compiling purrdf-text v3.0.1 (/opt/rustwide/workdir)
[INFO] [stderr]     Finished `dev` profile [unoptimized + debuginfo] target(s) in 1m 08s
[INFO] running `Command { std: "docker" "inspect" "7ab2646bacec90828e38f06c5b3b6738a5629e251178f17c4a6a605750229b4d", kill_on_drop: false }`
[INFO] running `Command { std: "docker" "exec" "-e" "SOURCE_DIR=/opt/rustwide/workdir" "-e" "CARGO_HOME=/opt/rustwide/cargo-home" "-e" "RUSTUP_HOME=/opt/rustwide/rustup-home" "-e" "CARGO_TARGET_DIR=/opt/rustwide/target" "-e" "CARGO_INCREMENTAL=0" "-e" "RUST_BACKTRACE=full" "-e" "RUSTFLAGS=--cap-lints=warn" "-e" "RUSTDOCFLAGS=--cap-lints=warn" "-w" "/opt/rustwide/workdir" "--user" "0:0" "7ab2646bacec90828e38f06c5b3b6738a5629e251178f17c4a6a605750229b4d" "/opt/rustwide/cargo-home/bin/cargo" "+1.100.0-beta.1" "test" "--frozen" "--no-run" "--message-format=json", kill_on_drop: false }`
[INFO] [stderr]    Compiling purrdf-text v3.0.1 (/opt/rustwide/workdir)
[INFO] [stdout] error[E0433]: cannot find module or crate `purrdf_testkit` in this scope
[INFO] [stdout]    --> tests/wasm_determinism.rs:221:1
[INFO] [stdout]     |
[INFO] [stdout] 221 | purrdf_testkit::harness_main!(
[INFO] [stdout]     | ^^^^^^^^^^^^^^ use of unresolved module or unlinked crate `purrdf_testkit`
[INFO] [stdout] 
[INFO] [stdout] 
[INFO] [stdout] error[E0433]: cannot find module or crate `purrdf_testkit` in this scope
[INFO] [stdout]   --> tests/unicode_conformance.rs:16:5
[INFO] [stdout]    |
[INFO] [stdout] 16 | use purrdf_testkit::ucd::{code_point as hex, scalar, sequence, unicode_data};
[INFO] [stdout]    |     ^^^^^^^^^^^^^^ use of unresolved module or unlinked crate `purrdf_testkit`
[INFO] [stdout]    |
[INFO] [stdout] help: there is a crate or module with a similar name
[INFO] [stdout]    |
[INFO] [stdout] 16 - use purrdf_testkit::ucd::{code_point as hex, scalar, sequence, unicode_data};
[INFO] [stdout] 16 + use purrdf_text::ucd::{code_point as hex, scalar, sequence, unicode_data};
[INFO] [stdout]    |
[INFO] [stdout] 
[INFO] [stdout] 
[INFO] [stdout] error[E0601]: `main` function not found in crate `wasm_determinism`
[INFO] [stdout]    --> tests/wasm_determinism.rs:225:3
[INFO] [stdout]     |
[INFO] [stdout] 225 | );
[INFO] [stdout]     |   ^ consider adding a `main` function to `tests/wasm_determinism.rs`
[INFO] [stdout] 
[INFO] [stdout] 
[INFO] [stdout] error[E0433]: cannot find module or crate `purrdf_testkit` in this scope
[INFO] [stdout]  --> tests/support/unicode_inputs.rs:7:5
[INFO] [stdout]   |
[INFO] [stdout] 7 | use purrdf_testkit::rng::Xoshiro256;
[INFO] [stdout]   |     ^^^^^^^^^^^^^^ use of unresolved module or unlinked crate `purrdf_testkit`
[INFO] [stdout]   |
[INFO] [stdout] help: there is a crate or module with a similar name
[INFO] [stdout]   |
[INFO] [stdout] 7 - use purrdf_testkit::rng::Xoshiro256;
[INFO] [stdout] 7 + use purrdf_text::rng::Xoshiro256;
[INFO] [stdout]   |
[INFO] [stdout] 
[INFO] [stdout] 
[INFO] [stdout] error[E0433]: cannot find module or crate `purrdf_testkit` in this scope
[INFO] [stdout]   --> tests/unicode_differential.rs:23:5
[INFO] [stdout]    |
[INFO] [stdout] 23 | use purrdf_testkit::ucd::code_point as hex;
[INFO] [stdout]    |     ^^^^^^^^^^^^^^ use of unresolved module or unlinked crate `purrdf_testkit`
[INFO] [stdout]    |
[INFO] [stdout] help: there is a crate or module with a similar name
[INFO] [stdout]    |
[INFO] [stdout] 23 - use purrdf_testkit::ucd::code_point as hex;
[INFO] [stdout] 23 + use purrdf_text::ucd::code_point as hex;
[INFO] [stdout]    |
[INFO] [stdout] 
[INFO] [stdout] 
[INFO] [stdout] error[E0433]: cannot find module or crate `purrdf_testkit` in this scope
[INFO] [stdout]   --> tests/unicode_differential.rs:28:5
[INFO] [stdout]    |
[INFO] [stdout] 28 | use purrdf_testkit::rng::Xoshiro256;
[INFO] [stdout]    |     ^^^^^^^^^^^^^^ use of unresolved module or unlinked crate `purrdf_testkit`
[INFO] [stdout]    |
[INFO] [stdout] help: there is a crate or module with a similar name
[INFO] [stdout]    |
[INFO] [stdout] 28 - use purrdf_testkit::rng::Xoshiro256;
[INFO] [stdout] 28 + use purrdf_text::rng::Xoshiro256;
[INFO] [stdout]    |
[INFO] [stdout] 
[INFO] [stdout] 
[INFO] [stdout] error[E0433]: cannot find module or crate `purrdf_testkit` in this scope
[INFO] [stdout]   --> tests/unicode_differential.rs:29:5
[INFO] [stdout]    |
[INFO] [stdout] 29 | use purrdf_testkit::vectors::{VectorFile, decode_str, encode_str};
[INFO] [stdout]    |     ^^^^^^^^^^^^^^ use of unresolved module or unlinked crate `purrdf_testkit`
[INFO] [stdout]    |
[INFO] [stdout] help: there is a crate or module with a similar name
[INFO] [stdout]    |
[INFO] [stdout] 29 - use purrdf_testkit::vectors::{VectorFile, decode_str, encode_str};
[INFO] [stdout] 29 + use purrdf_text::vectors::{VectorFile, decode_str, encode_str};
[INFO] [stdout]    |
[INFO] [stdout] 
[INFO] [stdout] 
[INFO] [stdout] error[E0433]: cannot find module or crate `purrdf_testkit` in this scope
[INFO] [stdout]    --> src/term_bytes.rs:174:9
[INFO] [stdout]     |
[INFO] [stdout] 174 |     use purrdf_testkit::prop::prelude::*;
[INFO] [stdout]     |         ^^^^^^^^^^^^^^ use of unresolved module or unlinked crate `purrdf_testkit`
[INFO] [stdout]     |
[INFO] [stdout]     = help: if you wanted to use a crate named `purrdf_testkit`, use `cargo add purrdf_testkit` to add it to your `Cargo.toml`
[INFO] [stdout] 
[INFO] [stdout] 
[INFO] [stdout] error[E0433]: cannot find module or crate `purrdf_testkit` in this scope
[INFO] [stdout]   --> tests/scoring.rs:14:5
[INFO] [stdout]    |
[INFO] [stdout] 14 | use purrdf_testkit::rng::{LCG64_MMIX_INCREMENT, lcg64_next};
[INFO] [stdout]    |     ^^^^^^^^^^^^^^ use of unresolved module or unlinked crate `purrdf_testkit`
[INFO] [stdout]    |
[INFO] [stdout] help: there is a crate or module with a similar name
[INFO] [stdout]    |
[INFO] [stdout] 14 - use purrdf_testkit::rng::{LCG64_MMIX_INCREMENT, lcg64_next};
[INFO] [stdout] 14 + use purrdf_text::rng::{LCG64_MMIX_INCREMENT, lcg64_next};
[INFO] [stdout]    |
[INFO] [stdout] 
[INFO] [stdout] 
[INFO] [stdout] Some errors have detailed explanations: E0433, E0601.
[INFO] [stdout] 
[INFO] [stdout] For more information about an error, try `rustc --explain E0433`.
[INFO] [stdout] 
[INFO] [stderr] error: could not compile `purrdf-text` (test "wasm_determinism") due to 2 previous errors
[INFO] [stderr] warning: build failed, waiting for other jobs to finish...
[INFO] [stdout] For more information about this error, try `rustc --explain E0433`.
[INFO] [stdout] 
[INFO] [stdout] error: cannot find macro `prop_oneof` in this scope
[INFO] [stdout]    --> src/term_bytes.rs:212:9
[INFO] [stdout]     |
[INFO] [stdout] 212 |         prop_oneof![
[INFO] [stdout]     |         ^^^^^^^^^^
[INFO] [stdout] 
[INFO] [stdout] 
[INFO] [stderr] error: could not compile `purrdf-text` (test "unicode_conformance") due to 1 previous error
[INFO] [stdout] error: cannot find macro `prop_test` in this scope
[INFO] [stdout]    --> src/term_bytes.rs:251:5
[INFO] [stdout]     |
[INFO] [stdout] 251 |     prop_test! {
[INFO] [stdout]     |     ^^^^^^^^^
[INFO] [stdout] 
[INFO] [stdout] 
[INFO] [stdout] error: cannot find macro `prop_test` in this scope
[INFO] [stdout]    --> src/term_bytes.rs:432:5
[INFO] [stdout]     |
[INFO] [stdout] 432 |     prop_test! {
[INFO] [stdout]     |     ^^^^^^^^^
[INFO] [stdout] 
[INFO] [stdout] 
[INFO] [stdout] error[E0405]: cannot find trait `Strategy` in this scope
[INFO] [stdout]    --> src/term_bytes.rs:211:28
[INFO] [stdout]     |
[INFO] [stdout] 211 |     fn leaf_term() -> impl Strategy<Value = TermValue> {
[INFO] [stdout]     |                            ^^^^^^^^ not found in this scope
[INFO] [stdout] 
[INFO] [stdout] 
[INFO] [stdout] error[E0405]: cannot find trait `Strategy` in this scope
[INFO] [stdout]    --> src/term_bytes.rs:241:27
[INFO] [stdout]     |
[INFO] [stdout] 241 |     fn any_term() -> impl Strategy<Value = TermValue> {
[INFO] [stdout]     |                           ^^^^^^^^ not found in this scope
[INFO] [stdout] 
[INFO] [stdout] 
[INFO] [stdout] Some errors have detailed explanations: E0405, E0433.
[INFO] [stdout] 
[INFO] [stdout] For more information about an error, try `rustc --explain E0405`.
[INFO] [stdout] 
[INFO] [stdout] For more information about this error, try `rustc --explain E0433`.
[INFO] [stdout] 
[INFO] [stderr] error: could not compile `purrdf-text` (test "unicode_differential") due to 4 previous errors
[INFO] [stderr] error: could not compile `purrdf-text` (lib test) due to 6 previous errors
[INFO] [stdout] For more information about this error, try `rustc --explain E0433`.
[INFO] [stdout] 
[INFO] [stderr] error: could not compile `purrdf-text` (test "scoring") due to 1 previous error
[INFO] [stdout] error: linking with `cc` failed: exit status: 1
[INFO] [stdout]   |
[INFO] [stdout]   = note:  "cc" "-m64" "/opt/rustwide/target/debug/build/purrdf-text/6e033e9bc2b4d00a/out/rustcPl5guM/symbols.o" "<4 object files omitted>" "-Wl,--as-needed" "-Wl,-Bstatic" "<sysroot>/lib/rustlib/x86_64-unknown-linux-gnu/lib/{libtest-*,libgetopts-*,librustc_std_workspace_std-*}.rlib" "/opt/rustwide/target/debug/build/purrdf-text/c6e2df35c6fb2c98/out/libpurrdf_text-c6e2df35c6fb2c98.rlib" "/opt/rustwide/target/debug/build/purrdf-sparql-eval/a13bf0185b7e7c38/out/libpurrdf_sparql_eval-a13bf0185b7e7c38.rlib" "/opt/rustwide/target/debug/build/purrdf-stack/541411c6fdae4d33/out/libpurrdf_stack-541411c6fdae4d33.rlib" "/opt/rustwide/target/debug/build/getrandom/4a620aea7c55d024/out/libgetrandom-4a620aea7c55d024.rlib" "/opt/rustwide/target/debug/build/libc/612664c2206eec43/out/liblibc-612664c2206eec43.rlib" "/opt/rustwide/target/debug/build/purrdf-sparql-results/6480be1365eeed21/out/libpurrdf_sparql_results-6480be1365eeed21.rlib" "/opt/rustwide/target/debug/build/rayon/e450c92a5ef0b60a/out/librayon-e450c92a5ef0b60a.rlib" "/opt/rustwide/target/debug/build/rayon-core/e986c1d1845fe6c3/out/librayon_core-e986c1d1845fe6c3.rlib" "/opt/rustwide/target/debug/build/crossbeam-deque/e71c6317821167fb/out/libcrossbeam_deque-e71c6317821167fb.rlib" "/opt/rustwide/target/debug/build/crossbeam-epoch/5fdcd5978a9f0010/out/libcrossbeam_epoch-5fdcd5978a9f0010.rlib" "/opt/rustwide/target/debug/build/crossbeam-utils/f696a08ab1e94e7a/out/libcrossbeam_utils-f696a08ab1e94e7a.rlib" "/opt/rustwide/target/debug/build/either/a2cfdb2fff2f34c0/out/libeither-a2cfdb2fff2f34c0.rlib" "/opt/rustwide/target/debug/build/purrdf-sparql-algebra/a3716e1862e3c3b4/out/libpurrdf_sparql_algebra-a3716e1862e3c3b4.rlib" "/opt/rustwide/target/debug/build/purrdf-core/e10cc406f9ad46e1/out/libpurrdf_core-e10cc406f9ad46e1.rlib" "/opt/rustwide/target/debug/build/regex/da94b2d9edd1ada0/out/libregex-da94b2d9edd1ada0.rlib" "/opt/rustwide/target/debug/build/regex-automata/928e54974af6bbac/out/libregex_automata-928e54974af6bbac.rlib" "/opt/rustwide/target/debug/build/regex-syntax/801391c65a42f645/out/libregex_syntax-801391c65a42f645.rlib" "/opt/rustwide/target/debug/build/purrdf-deflate/dd4077ab4735fd30/out/libpurrdf_deflate-dd4077ab4735fd30.rlib" "/opt/rustwide/target/debug/build/hashbrown/d7214d631586fd51/out/libhashbrown-d7214d631586fd51.rlib" "/opt/rustwide/target/debug/build/sha2/4e0bde6955827526/out/libsha2-4e0bde6955827526.rlib" "/opt/rustwide/target/debug/build/cpufeatures/6c1f78f4142e3013/out/libcpufeatures-6c1f78f4142e3013.rlib" "/opt/rustwide/target/debug/build/cfg-if/83060ec5685761ae/out/libcfg_if-83060ec5685761ae.rlib" "/opt/rustwide/target/debug/build/digest/7db9ed5d7179df9e/out/libdigest-7db9ed5d7179df9e.rlib" "/opt/rustwide/target/debug/build/const-oid/58507ca40e062d76/out/libconst_oid-58507ca40e062d76.rlib" "/opt/rustwide/target/debug/build/crypto-common/0700e0c7e42473ad/out/libcrypto_common-0700e0c7e42473ad.rlib" "/opt/rustwide/target/debug/build/block-buffer/c51ef3ba17219c40/out/libblock_buffer-c51ef3ba17219c40.rlib" "/opt/rustwide/target/debug/build/hybrid-array/36235c981c84acf3/out/libhybrid_array-36235c981c84acf3.rlib" "/opt/rustwide/target/debug/build/typenum/8cba24ab4904c632/out/libtypenum-8cba24ab4904c632.rlib" "/opt/rustwide/target/debug/build/purrdf-cdt/a3e51fd0a83d589e/out/libpurrdf_cdt-a3e51fd0a83d589e.rlib" "/opt/rustwide/target/debug/build/purrdf-events/c52c2bc19da76eeb/out/libpurrdf_events-c52c2bc19da76eeb.rlib" "/opt/rustwide/target/debug/build/purrdf-xsd/c8dfaad2b3fe0668/out/libpurrdf_xsd-c8dfaad2b3fe0668.rlib" "/opt/rustwide/target/debug/build/purrdf-iri/f239cf9e7054a58b/out/libpurrdf_iri-f239cf9e7054a58b.rlib" "/opt/rustwide/target/debug/build/purrdf-lex/b715051b9eed38a7/out/libpurrdf_lex-b715051b9eed38a7.rlib" "/opt/rustwide/target/debug/build/purrdf-hash/95b0f3f9197788e5/out/libpurrdf_hash-95b0f3f9197788e5.rlib" "<sysroot>/lib/rustlib/x86_64-unknown-linux-gnu/lib/{libstd-*,libpanic_unwind-*,libobject-*,libmemchr-*,libaddr2line-*,libgimli-*,libcfg_if-*,librustc_demangle-*,libstd_detect-*,libhashbrown-*,librustc_std_workspace_alloc-*,libminiz_oxide-*,libadler2-*,libunwind-*,liblibc-*,librustc_std_workspace_core-*,liballoc-*,libcore-*,libcompiler_builtins-*}.rlib" "-Wl,-Bdynamic" "-lgcc_s" "-lutil" "-lrt" "-lpthread" "-lm" "-ldl" "-lc" "-L" "/opt/rustwide/target/debug/build/purrdf-text/6e033e9bc2b4d00a/out/rustcPl5guM/raw-dylibs" "-B<sysroot>/lib/rustlib/x86_64-unknown-linux-gnu/bin/gcc-ld" "-fuse-ld=lld" "-Wl,--eh-frame-hdr" "-Wl,-z,noexecstack" "-L" "<sysroot>/lib/rustlib/x86_64-unknown-linux-gnu/lib" "-o" "/opt/rustwide/target/debug/build/purrdf-text/6e033e9bc2b4d00a/out/phrase_composition-6e033e9bc2b4d00a" "-Wl,--gc-sections" "-pie" "-Wl,-z,relro,-z,now" "-nodefaultlibs"
[INFO] [stdout]   = note: some arguments are omitted. use `--verbose` to show all linker arguments
[INFO] [stdout]   = note: collect2: fatal error: ld terminated with signal 9 [Killed]
[INFO] [stdout]           compilation terminated.
[INFO] [stdout]           
[INFO] [stdout] 
[INFO] [stdout] 
[INFO] [stderr] error: could not compile `purrdf-text` (test "phrase_composition") due to 1 previous error
[INFO] [stdout] error: linking with `cc` failed: exit status: 1
[INFO] [stdout]   |
[INFO] [stdout]   = note:  "cc" "-m64" "/opt/rustwide/target/debug/build/purrdf-text/f2df458d15c5a090/out/rustctaNNbW/symbols.o" "<5 object files omitted>" "-Wl,--as-needed" "-Wl,-Bstatic" "<sysroot>/lib/rustlib/x86_64-unknown-linux-gnu/lib/{libtest-*,libgetopts-*,librustc_std_workspace_std-*}.rlib" "/opt/rustwide/target/debug/build/purrdf-text/c6e2df35c6fb2c98/out/libpurrdf_text-c6e2df35c6fb2c98.rlib" "/opt/rustwide/target/debug/build/purrdf-sparql-eval/a13bf0185b7e7c38/out/libpurrdf_sparql_eval-a13bf0185b7e7c38.rlib" "/opt/rustwide/target/debug/build/purrdf-stack/541411c6fdae4d33/out/libpurrdf_stack-541411c6fdae4d33.rlib" "/opt/rustwide/target/debug/build/getrandom/4a620aea7c55d024/out/libgetrandom-4a620aea7c55d024.rlib" "/opt/rustwide/target/debug/build/libc/612664c2206eec43/out/liblibc-612664c2206eec43.rlib" "/opt/rustwide/target/debug/build/purrdf-sparql-results/6480be1365eeed21/out/libpurrdf_sparql_results-6480be1365eeed21.rlib" "/opt/rustwide/target/debug/build/rayon/e450c92a5ef0b60a/out/librayon-e450c92a5ef0b60a.rlib" "/opt/rustwide/target/debug/build/rayon-core/e986c1d1845fe6c3/out/librayon_core-e986c1d1845fe6c3.rlib" "/opt/rustwide/target/debug/build/crossbeam-deque/e71c6317821167fb/out/libcrossbeam_deque-e71c6317821167fb.rlib" "/opt/rustwide/target/debug/build/crossbeam-epoch/5fdcd5978a9f0010/out/libcrossbeam_epoch-5fdcd5978a9f0010.rlib" "/opt/rustwide/target/debug/build/crossbeam-utils/f696a08ab1e94e7a/out/libcrossbeam_utils-f696a08ab1e94e7a.rlib" "/opt/rustwide/target/debug/build/either/a2cfdb2fff2f34c0/out/libeither-a2cfdb2fff2f34c0.rlib" "/opt/rustwide/target/debug/build/purrdf-sparql-algebra/a3716e1862e3c3b4/out/libpurrdf_sparql_algebra-a3716e1862e3c3b4.rlib" "/opt/rustwide/target/debug/build/purrdf-core/e10cc406f9ad46e1/out/libpurrdf_core-e10cc406f9ad46e1.rlib" "/opt/rustwide/target/debug/build/regex/da94b2d9edd1ada0/out/libregex-da94b2d9edd1ada0.rlib" "/opt/rustwide/target/debug/build/regex-automata/928e54974af6bbac/out/libregex_automata-928e54974af6bbac.rlib" "/opt/rustwide/target/debug/build/regex-syntax/801391c65a42f645/out/libregex_syntax-801391c65a42f645.rlib" "/opt/rustwide/target/debug/build/purrdf-deflate/dd4077ab4735fd30/out/libpurrdf_deflate-dd4077ab4735fd30.rlib" "/opt/rustwide/target/debug/build/hashbrown/d7214d631586fd51/out/libhashbrown-d7214d631586fd51.rlib" "/opt/rustwide/target/debug/build/sha2/4e0bde6955827526/out/libsha2-4e0bde6955827526.rlib" "/opt/rustwide/target/debug/build/cpufeatures/6c1f78f4142e3013/out/libcpufeatures-6c1f78f4142e3013.rlib" "/opt/rustwide/target/debug/build/cfg-if/83060ec5685761ae/out/libcfg_if-83060ec5685761ae.rlib" "/opt/rustwide/target/debug/build/digest/7db9ed5d7179df9e/out/libdigest-7db9ed5d7179df9e.rlib" "/opt/rustwide/target/debug/build/const-oid/58507ca40e062d76/out/libconst_oid-58507ca40e062d76.rlib" "/opt/rustwide/target/debug/build/crypto-common/0700e0c7e42473ad/out/libcrypto_common-0700e0c7e42473ad.rlib" "/opt/rustwide/target/debug/build/block-buffer/c51ef3ba17219c40/out/libblock_buffer-c51ef3ba17219c40.rlib" "/opt/rustwide/target/debug/build/hybrid-array/36235c981c84acf3/out/libhybrid_array-36235c981c84acf3.rlib" "/opt/rustwide/target/debug/build/typenum/8cba24ab4904c632/out/libtypenum-8cba24ab4904c632.rlib" "/opt/rustwide/target/debug/build/purrdf-cdt/a3e51fd0a83d589e/out/libpurrdf_cdt-a3e51fd0a83d589e.rlib" "/opt/rustwide/target/debug/build/purrdf-events/c52c2bc19da76eeb/out/libpurrdf_events-c52c2bc19da76eeb.rlib" "/opt/rustwide/target/debug/build/purrdf-xsd/c8dfaad2b3fe0668/out/libpurrdf_xsd-c8dfaad2b3fe0668.rlib" "/opt/rustwide/target/debug/build/purrdf-iri/f239cf9e7054a58b/out/libpurrdf_iri-f239cf9e7054a58b.rlib" "/opt/rustwide/target/debug/build/purrdf-lex/b715051b9eed38a7/out/libpurrdf_lex-b715051b9eed38a7.rlib" "/opt/rustwide/target/debug/build/purrdf-hash/95b0f3f9197788e5/out/libpurrdf_hash-95b0f3f9197788e5.rlib" "<sysroot>/lib/rustlib/x86_64-unknown-linux-gnu/lib/{libstd-*,libpanic_unwind-*,libobject-*,libmemchr-*,libaddr2line-*,libgimli-*,libcfg_if-*,librustc_demangle-*,libstd_detect-*,libhashbrown-*,librustc_std_workspace_alloc-*,libminiz_oxide-*,libadler2-*,libunwind-*,liblibc-*,librustc_std_workspace_core-*,liballoc-*,libcore-*,libcompiler_builtins-*}.rlib" "-Wl,-Bdynamic" "-lgcc_s" "-lutil" "-lrt" "-lpthread" "-lm" "-ldl" "-lc" "-L" "/opt/rustwide/target/debug/build/purrdf-text/f2df458d15c5a090/out/rustctaNNbW/raw-dylibs" "-B<sysroot>/lib/rustlib/x86_64-unknown-linux-gnu/bin/gcc-ld" "-fuse-ld=lld" "-Wl,--eh-frame-hdr" "-Wl,-z,noexecstack" "-L" "<sysroot>/lib/rustlib/x86_64-unknown-linux-gnu/lib" "-o" "/opt/rustwide/target/debug/build/purrdf-text/f2df458d15c5a090/out/determinism-f2df458d15c5a090" "-Wl,--gc-sections" "-pie" "-Wl,-z,relro,-z,now" "-nodefaultlibs"
[INFO] [stdout]   = note: some arguments are omitted. use `--verbose` to show all linker arguments
[INFO] [stdout]   = note: collect2: fatal error: ld terminated with signal 9 [Killed]
[INFO] [stdout]           compilation terminated.
[INFO] [stdout]           
[INFO] [stdout] 
[INFO] [stdout] 
[INFO] [stderr] error: could not compile `purrdf-text` (test "determinism") due to 1 previous error
[INFO] [stdout] error: linking with `cc` failed: exit status: 1
[INFO] [stdout]   |
[INFO] [stdout]   = note:  "cc" "-m64" "/opt/rustwide/target/debug/build/purrdf-text/3620e9b81de22d0b/out/rustclt0vGA/symbols.o" "<2 object files omitted>" "-Wl,--as-needed" "-Wl,-Bstatic" "<sysroot>/lib/rustlib/x86_64-unknown-linux-gnu/lib/{libtest-*,libgetopts-*,librustc_std_workspace_std-*}.rlib" "/opt/rustwide/target/debug/build/purrdf-text/c6e2df35c6fb2c98/out/libpurrdf_text-c6e2df35c6fb2c98.rlib" "/opt/rustwide/target/debug/build/purrdf-sparql-eval/a13bf0185b7e7c38/out/libpurrdf_sparql_eval-a13bf0185b7e7c38.rlib" "/opt/rustwide/target/debug/build/purrdf-stack/541411c6fdae4d33/out/libpurrdf_stack-541411c6fdae4d33.rlib" "/opt/rustwide/target/debug/build/getrandom/4a620aea7c55d024/out/libgetrandom-4a620aea7c55d024.rlib" "/opt/rustwide/target/debug/build/libc/612664c2206eec43/out/liblibc-612664c2206eec43.rlib" "/opt/rustwide/target/debug/build/purrdf-sparql-results/6480be1365eeed21/out/libpurrdf_sparql_results-6480be1365eeed21.rlib" "/opt/rustwide/target/debug/build/rayon/e450c92a5ef0b60a/out/librayon-e450c92a5ef0b60a.rlib" "/opt/rustwide/target/debug/build/rayon-core/e986c1d1845fe6c3/out/librayon_core-e986c1d1845fe6c3.rlib" "/opt/rustwide/target/debug/build/crossbeam-deque/e71c6317821167fb/out/libcrossbeam_deque-e71c6317821167fb.rlib" "/opt/rustwide/target/debug/build/crossbeam-epoch/5fdcd5978a9f0010/out/libcrossbeam_epoch-5fdcd5978a9f0010.rlib" "/opt/rustwide/target/debug/build/crossbeam-utils/f696a08ab1e94e7a/out/libcrossbeam_utils-f696a08ab1e94e7a.rlib" "/opt/rustwide/target/debug/build/either/a2cfdb2fff2f34c0/out/libeither-a2cfdb2fff2f34c0.rlib" "/opt/rustwide/target/debug/build/purrdf-sparql-algebra/a3716e1862e3c3b4/out/libpurrdf_sparql_algebra-a3716e1862e3c3b4.rlib" "/opt/rustwide/target/debug/build/purrdf-core/e10cc406f9ad46e1/out/libpurrdf_core-e10cc406f9ad46e1.rlib" "/opt/rustwide/target/debug/build/regex/da94b2d9edd1ada0/out/libregex-da94b2d9edd1ada0.rlib" "/opt/rustwide/target/debug/build/regex-automata/928e54974af6bbac/out/libregex_automata-928e54974af6bbac.rlib" "/opt/rustwide/target/debug/build/regex-syntax/801391c65a42f645/out/libregex_syntax-801391c65a42f645.rlib" "/opt/rustwide/target/debug/build/purrdf-deflate/dd4077ab4735fd30/out/libpurrdf_deflate-dd4077ab4735fd30.rlib" "/opt/rustwide/target/debug/build/hashbrown/d7214d631586fd51/out/libhashbrown-d7214d631586fd51.rlib" "/opt/rustwide/target/debug/build/sha2/4e0bde6955827526/out/libsha2-4e0bde6955827526.rlib" "/opt/rustwide/target/debug/build/cpufeatures/6c1f78f4142e3013/out/libcpufeatures-6c1f78f4142e3013.rlib" "/opt/rustwide/target/debug/build/cfg-if/83060ec5685761ae/out/libcfg_if-83060ec5685761ae.rlib" "/opt/rustwide/target/debug/build/digest/7db9ed5d7179df9e/out/libdigest-7db9ed5d7179df9e.rlib" "/opt/rustwide/target/debug/build/const-oid/58507ca40e062d76/out/libconst_oid-58507ca40e062d76.rlib" "/opt/rustwide/target/debug/build/crypto-common/0700e0c7e42473ad/out/libcrypto_common-0700e0c7e42473ad.rlib" "/opt/rustwide/target/debug/build/block-buffer/c51ef3ba17219c40/out/libblock_buffer-c51ef3ba17219c40.rlib" "/opt/rustwide/target/debug/build/hybrid-array/36235c981c84acf3/out/libhybrid_array-36235c981c84acf3.rlib" "/opt/rustwide/target/debug/build/typenum/8cba24ab4904c632/out/libtypenum-8cba24ab4904c632.rlib" "/opt/rustwide/target/debug/build/purrdf-cdt/a3e51fd0a83d589e/out/libpurrdf_cdt-a3e51fd0a83d589e.rlib" "/opt/rustwide/target/debug/build/purrdf-events/c52c2bc19da76eeb/out/libpurrdf_events-c52c2bc19da76eeb.rlib" "/opt/rustwide/target/debug/build/purrdf-iri/f239cf9e7054a58b/out/libpurrdf_iri-f239cf9e7054a58b.rlib" "/opt/rustwide/target/debug/build/purrdf-xsd/c8dfaad2b3fe0668/out/libpurrdf_xsd-c8dfaad2b3fe0668.rlib" "/opt/rustwide/target/debug/build/purrdf-lex/b715051b9eed38a7/out/libpurrdf_lex-b715051b9eed38a7.rlib" "/opt/rustwide/target/debug/build/purrdf-hash/95b0f3f9197788e5/out/libpurrdf_hash-95b0f3f9197788e5.rlib" "<sysroot>/lib/rustlib/x86_64-unknown-linux-gnu/lib/{libstd-*,libpanic_unwind-*,libobject-*,libmemchr-*,libaddr2line-*,libgimli-*,libcfg_if-*,librustc_demangle-*,libstd_detect-*,libhashbrown-*,librustc_std_workspace_alloc-*,libminiz_oxide-*,libadler2-*,libunwind-*,liblibc-*,librustc_std_workspace_core-*,liballoc-*,libcore-*,libcompiler_builtins-*}.rlib" "-Wl,-Bdynamic" "-lgcc_s" "-lutil" "-lrt" "-lpthread" "-lm" "-ldl" "-lc" "-L" "/opt/rustwide/target/debug/build/purrdf-text/3620e9b81de22d0b/out/rustclt0vGA/raw-dylibs" "-B<sysroot>/lib/rustlib/x86_64-unknown-linux-gnu/bin/gcc-ld" "-fuse-ld=lld" "-Wl,--eh-frame-hdr" "-Wl,-z,noexecstack" "-L" "<sysroot>/lib/rustlib/x86_64-unknown-linux-gnu/lib" "-o" "/opt/rustwide/target/debug/build/purrdf-text/3620e9b81de22d0b/out/fixed_point-3620e9b81de22d0b" "-Wl,--gc-sections" "-pie" "-Wl,-z,relro,-z,now" "-nodefaultlibs"
[INFO] [stdout]   = note: some arguments are omitted. use `--verbose` to show all linker arguments
[INFO] [stdout]   = note: collect2: fatal error: ld terminated with signal 9 [Killed]
[INFO] [stdout]           compilation terminated.
[INFO] [stdout]           
[INFO] [stdout] 
[INFO] [stdout] 
[INFO] [stdout] error: linking with `cc` failed: exit status: 1
[INFO] [stdout]   |
[INFO] [stdout]   = note:  "cc" "-m64" "/opt/rustwide/target/debug/build/purrdf-text/aa76758d3af2635a/out/rustcU3ydsz/symbols.o" "<3 object files omitted>" "-Wl,--as-needed" "-Wl,-Bstatic" "<sysroot>/lib/rustlib/x86_64-unknown-linux-gnu/lib/{libtest-*,libgetopts-*,librustc_std_workspace_std-*}.rlib" "/opt/rustwide/target/debug/build/purrdf-text/c6e2df35c6fb2c98/out/libpurrdf_text-c6e2df35c6fb2c98.rlib" "/opt/rustwide/target/debug/build/purrdf-sparql-eval/a13bf0185b7e7c38/out/libpurrdf_sparql_eval-a13bf0185b7e7c38.rlib" "/opt/rustwide/target/debug/build/purrdf-stack/541411c6fdae4d33/out/libpurrdf_stack-541411c6fdae4d33.rlib" "/opt/rustwide/target/debug/build/getrandom/4a620aea7c55d024/out/libgetrandom-4a620aea7c55d024.rlib" "/opt/rustwide/target/debug/build/libc/612664c2206eec43/out/liblibc-612664c2206eec43.rlib" "/opt/rustwide/target/debug/build/purrdf-sparql-results/6480be1365eeed21/out/libpurrdf_sparql_results-6480be1365eeed21.rlib" "/opt/rustwide/target/debug/build/rayon/e450c92a5ef0b60a/out/librayon-e450c92a5ef0b60a.rlib" "/opt/rustwide/target/debug/build/rayon-core/e986c1d1845fe6c3/out/librayon_core-e986c1d1845fe6c3.rlib" "/opt/rustwide/target/debug/build/crossbeam-deque/e71c6317821167fb/out/libcrossbeam_deque-e71c6317821167fb.rlib" "/opt/rustwide/target/debug/build/crossbeam-epoch/5fdcd5978a9f0010/out/libcrossbeam_epoch-5fdcd5978a9f0010.rlib" "/opt/rustwide/target/debug/build/crossbeam-utils/f696a08ab1e94e7a/out/libcrossbeam_utils-f696a08ab1e94e7a.rlib" "/opt/rustwide/target/debug/build/either/a2cfdb2fff2f34c0/out/libeither-a2cfdb2fff2f34c0.rlib" "/opt/rustwide/target/debug/build/purrdf-sparql-algebra/a3716e1862e3c3b4/out/libpurrdf_sparql_algebra-a3716e1862e3c3b4.rlib" "/opt/rustwide/target/debug/build/purrdf-core/e10cc406f9ad46e1/out/libpurrdf_core-e10cc406f9ad46e1.rlib" "/opt/rustwide/target/debug/build/regex/da94b2d9edd1ada0/out/libregex-da94b2d9edd1ada0.rlib" "/opt/rustwide/target/debug/build/regex-automata/928e54974af6bbac/out/libregex_automata-928e54974af6bbac.rlib" "/opt/rustwide/target/debug/build/regex-syntax/801391c65a42f645/out/libregex_syntax-801391c65a42f645.rlib" "/opt/rustwide/target/debug/build/purrdf-deflate/dd4077ab4735fd30/out/libpurrdf_deflate-dd4077ab4735fd30.rlib" "/opt/rustwide/target/debug/build/hashbrown/d7214d631586fd51/out/libhashbrown-d7214d631586fd51.rlib" "/opt/rustwide/target/debug/build/sha2/4e0bde6955827526/out/libsha2-4e0bde6955827526.rlib" "/opt/rustwide/target/debug/build/cpufeatures/6c1f78f4142e3013/out/libcpufeatures-6c1f78f4142e3013.rlib" "/opt/rustwide/target/debug/build/cfg-if/83060ec5685761ae/out/libcfg_if-83060ec5685761ae.rlib" "/opt/rustwide/target/debug/build/digest/7db9ed5d7179df9e/out/libdigest-7db9ed5d7179df9e.rlib" "/opt/rustwide/target/debug/build/const-oid/58507ca40e062d76/out/libconst_oid-58507ca40e062d76.rlib" "/opt/rustwide/target/debug/build/crypto-common/0700e0c7e42473ad/out/libcrypto_common-0700e0c7e42473ad.rlib" "/opt/rustwide/target/debug/build/block-buffer/c51ef3ba17219c40/out/libblock_buffer-c51ef3ba17219c40.rlib" "/opt/rustwide/target/debug/build/hybrid-array/36235c981c84acf3/out/libhybrid_array-36235c981c84acf3.rlib" "/opt/rustwide/target/debug/build/typenum/8cba24ab4904c632/out/libtypenum-8cba24ab4904c632.rlib" "/opt/rustwide/target/debug/build/purrdf-cdt/a3e51fd0a83d589e/out/libpurrdf_cdt-a3e51fd0a83d589e.rlib" "/opt/rustwide/target/debug/build/purrdf-events/c52c2bc19da76eeb/out/libpurrdf_events-c52c2bc19da76eeb.rlib" "/opt/rustwide/target/debug/build/purrdf-iri/f239cf9e7054a58b/out/libpurrdf_iri-f239cf9e7054a58b.rlib" "/opt/rustwide/target/debug/build/purrdf-xsd/c8dfaad2b3fe0668/out/libpurrdf_xsd-c8dfaad2b3fe0668.rlib" "/opt/rustwide/target/debug/build/purrdf-lex/b715051b9eed38a7/out/libpurrdf_lex-b715051b9eed38a7.rlib" "/opt/rustwide/target/debug/build/purrdf-hash/95b0f3f9197788e5/out/libpurrdf_hash-95b0f3f9197788e5.rlib" "<sysroot>/lib/rustlib/x86_64-unknown-linux-gnu/lib/{libstd-*,libpanic_unwind-*,libobject-*,libmemchr-*,libaddr2line-*,libgimli-*,libcfg_if-*,librustc_demangle-*,libstd_detect-*,libhashbrown-*,librustc_std_workspace_alloc-*,libminiz_oxide-*,libadler2-*,libunwind-*,liblibc-*,librustc_std_workspace_core-*,liballoc-*,libcore-*,libcompiler_builtins-*}.rlib" "-Wl,-Bdynamic" "-lgcc_s" "-lutil" "-lrt" "-lpthread" "-lm" "-ldl" "-lc" "-L" "/opt/rustwide/target/debug/build/purrdf-text/aa76758d3af2635a/out/rustcU3ydsz/raw-dylibs" "-B<sysroot>/lib/rustlib/x86_64-unknown-linux-gnu/bin/gcc-ld" "-fuse-ld=lld" "-Wl,--eh-frame-hdr" "-Wl,-z,noexecstack" "-L" "<sysroot>/lib/rustlib/x86_64-unknown-linux-gnu/lib" "-o" "/opt/rustwide/target/debug/build/purrdf-text/aa76758d3af2635a/out/analysis-aa76758d3af2635a" "-Wl,--gc-sections" "-pie" "-Wl,-z,relro,-z,now" "-nodefaultlibs"
[INFO] [stdout]   = note: some arguments are omitted. use `--verbose` to show all linker arguments
[INFO] [stdout]   = note: collect2: fatal error: ld terminated with signal 9 [Killed]
[INFO] [stdout]           compilation terminated.
[INFO] [stdout]           
[INFO] [stdout] 
[INFO] [stdout] 
[INFO] [stderr] error: could not compile `purrdf-text` (test "fixed_point") due to 1 previous error
[INFO] [stderr] error: could not compile `purrdf-text` (test "analysis") due to 1 previous error
[INFO] running `Command { std: "docker" "inspect" "7ab2646bacec90828e38f06c5b3b6738a5629e251178f17c4a6a605750229b4d", kill_on_drop: false }`
[INFO] running `Command { std: "docker" "rm" "-f" "7ab2646bacec90828e38f06c5b3b6738a5629e251178f17c4a6a605750229b4d", kill_on_drop: false }`
[INFO] [stdout] 7ab2646bacec90828e38f06c5b3b6738a5629e251178f17c4a6a605750229b4d
