[INFO] fetching crate purrdf-core 3.0.1...
[INFO] testing purrdf-core-3.0.1 against 1.99.0-beta.8 for beta-1.100-2
[INFO] extracting crate purrdf-core 3.0.1 into /workspace/builds/worker-5-tc1/source
[INFO] started tweaking crates.io crate purrdf-core 3.0.1
[INFO] removed 0 missing examples
[INFO] removed 0 missing tests
[INFO] finished tweaking crates.io crate purrdf-core 3.0.1
[INFO] tweaked toml for crates.io crate purrdf-core 3.0.1 written to /workspace/builds/worker-5-tc1/source/Cargo.toml
[INFO] validating manifest of crates.io crate purrdf-core 3.0.1 on toolchain 1.99.0-beta.8
[INFO] running `Command { std: CARGO_HOME="/workspace/cargo-home" RUSTUP_HOME="/workspace/rustup-home" "/workspace/cargo-home/bin/cargo" "+1.99.0-beta.8" "metadata" "--manifest-path" "Cargo.toml" "--no-deps", kill_on_drop: false }`
[INFO] crate crates.io crate purrdf-core 3.0.1 already has a lockfile, it will not be regenerated
[INFO] running `Command { std: CARGO_HOME="/workspace/cargo-home" RUSTUP_HOME="/workspace/rustup-home" "/workspace/cargo-home/bin/cargo" "+1.99.0-beta.8" "fetch" "--manifest-path" "Cargo.toml", kill_on_drop: false }`
[INFO] [stderr]     Updating crates.io index
[INFO] [stderr]  Downloading crates ...
[INFO] [stderr]   Downloaded purrdf-hash v3.0.1
[INFO] [stderr]   Downloaded purrdf-stack v3.0.1
[INFO] [stderr]   Downloaded purrdf-events v3.0.1
[INFO] [stderr]   Downloaded purrdf-deflate v3.0.1
[INFO] [stderr]   Downloaded purrdf-cdt v3.0.1
[INFO] [stderr]   Downloaded purrdf-iri v3.0.1
[INFO] [stderr]   Downloaded purrdf-lex v3.0.1
[INFO] [stderr]   Downloaded purrdf-xsd v3.0.1
[INFO] running `Command { std: "docker" "create" "-v" "/var/lib/crater-agent-workspace/builds/worker-5-tc1/source:/opt/rustwide/workdir:ro,Z" "-v" "/var/lib/crater-agent-workspace/builds/worker-5-tc1/target:/opt/rustwide/target:rw,Z" "-v" "/var/lib/crater-agent-workspace/cargo-home:/opt/rustwide/cargo-home:ro,Z" "-v" "/var/lib/crater-agent-workspace/rustup-home:/opt/rustwide/rustup-home:ro,Z" "-m" "1610612736" "--network" "none" "ghcr.io/rust-lang/crates-build-env/linux@sha256:3111399a4047eeb3a02b7a90e478d715f38a8c6669b5c4b49d30a17385265909" "sleep" "infinity", kill_on_drop: false }`
[INFO] [stdout] 7fc427186f889523439aa803e27c51cf21c71fb62985a08766e945b1440ee9d9
[INFO] running `Command { std: "docker" "start" "7fc427186f889523439aa803e27c51cf21c71fb62985a08766e945b1440ee9d9", kill_on_drop: false }`
[INFO] running `Command { std: "docker" "inspect" "7fc427186f889523439aa803e27c51cf21c71fb62985a08766e945b1440ee9d9", kill_on_drop: false }`
[INFO] running `Command { std: "docker" "exec" "-e" "SOURCE_DIR=/opt/rustwide/workdir" "-e" "CARGO_HOME=/opt/rustwide/cargo-home" "-e" "RUSTUP_HOME=/opt/rustwide/rustup-home" "-e" "CARGO_TARGET_DIR=/opt/rustwide/target" "-w" "/opt/rustwide/workdir" "--user" "0:0" "7fc427186f889523439aa803e27c51cf21c71fb62985a08766e945b1440ee9d9" "/opt/rustwide/cargo-home/bin/cargo" "+1.99.0-beta.8" "metadata" "--no-deps" "--format-version=1", kill_on_drop: false }`
[INFO] running `Command { std: "docker" "inspect" "7fc427186f889523439aa803e27c51cf21c71fb62985a08766e945b1440ee9d9", kill_on_drop: false }`
[INFO] running `Command { std: "docker" "exec" "-e" "SOURCE_DIR=/opt/rustwide/workdir" "-e" "CARGO_HOME=/opt/rustwide/cargo-home" "-e" "RUSTUP_HOME=/opt/rustwide/rustup-home" "-e" "CARGO_TARGET_DIR=/opt/rustwide/target" "-e" "CARGO_INCREMENTAL=0" "-e" "RUST_BACKTRACE=full" "-e" "RUSTFLAGS=--cap-lints=warn" "-e" "RUSTDOCFLAGS=--cap-lints=warn" "-w" "/opt/rustwide/workdir" "--user" "0:0" "7fc427186f889523439aa803e27c51cf21c71fb62985a08766e945b1440ee9d9" "/opt/rustwide/cargo-home/bin/cargo" "+1.99.0-beta.8" "build" "--frozen" "--message-format=json", kill_on_drop: false }`
[INFO] [stderr]    Compiling purrdf-hash v3.0.1
[INFO] [stderr]    Compiling hybrid-array v0.4.15
[INFO] [stderr]    Compiling purrdf-core v3.0.1 (/opt/rustwide/workdir)
[INFO] [stderr]    Compiling purrdf-events v3.0.1
[INFO] [stderr]    Compiling regex-automata v0.4.14
[INFO] [stderr]    Compiling block-buffer v0.12.1
[INFO] [stderr]    Compiling crypto-common v0.2.2
[INFO] [stderr]    Compiling digest v0.11.3
[INFO] [stderr]    Compiling sha2 v0.11.0
[INFO] [stderr]    Compiling regex v1.12.4
[INFO] [stderr]    Compiling purrdf-lex v3.0.1
[INFO] [stderr]    Compiling purrdf-deflate v3.0.1
[INFO] [stderr]    Compiling purrdf-iri v3.0.1
[INFO] [stderr]    Compiling purrdf-xsd v3.0.1
[INFO] [stderr]    Compiling purrdf-cdt v3.0.1
[INFO] [stderr]     Finished `dev` profile [unoptimized + debuginfo] target(s) in 1m 03s
[INFO] running `Command { std: "docker" "inspect" "7fc427186f889523439aa803e27c51cf21c71fb62985a08766e945b1440ee9d9", kill_on_drop: false }`
[INFO] running `Command { std: "docker" "exec" "-e" "SOURCE_DIR=/opt/rustwide/workdir" "-e" "CARGO_HOME=/opt/rustwide/cargo-home" "-e" "RUSTUP_HOME=/opt/rustwide/rustup-home" "-e" "CARGO_TARGET_DIR=/opt/rustwide/target" "-e" "CARGO_INCREMENTAL=0" "-e" "RUST_BACKTRACE=full" "-e" "RUSTFLAGS=--cap-lints=warn" "-e" "RUSTDOCFLAGS=--cap-lints=warn" "-w" "/opt/rustwide/workdir" "--user" "0:0" "7fc427186f889523439aa803e27c51cf21c71fb62985a08766e945b1440ee9d9" "/opt/rustwide/cargo-home/bin/cargo" "+1.99.0-beta.8" "test" "--frozen" "--no-run" "--message-format=json", kill_on_drop: false }`
[INFO] [stderr]    Compiling purrdf-stack v3.0.1
[INFO] [stderr]    Compiling purrdf-core v3.0.1 (/opt/rustwide/workdir)
[INFO] [stdout] error[E0433]: cannot find module or crate `purrdf_testkit` in this scope
[INFO] [stdout]    --> tests/segmented.rs:533:1
[INFO] [stdout]     |
[INFO] [stdout] 533 | purrdf_testkit::harness_main!(
[INFO] [stdout]     | ^^^^^^^^^^^^^^ use of unresolved module or unlinked crate `purrdf_testkit`
[INFO] [stdout] 
[INFO] [stdout] 
[INFO] [stdout] error[E0433]: cannot find module or crate `purrdf_testkit` in this scope
[INFO] [stdout]   --> tests/csv_differential.rs:73:5
[INFO] [stdout]    |
[INFO] [stdout] 73 | use purrdf_testkit::vectors::{VectorFile, decode_bytes, encode_bytes, sha256_hex};
[INFO] [stdout]    |     ^^^^^^^^^^^^^^ use of unresolved module or unlinked crate `purrdf_testkit`
[INFO] [stdout]    |
[INFO] [stdout]    = help: if you wanted to use a crate named `purrdf_testkit`, use `cargo add purrdf_testkit` to add it to your `Cargo.toml`
[INFO] [stdout] 
[INFO] [stdout] 
[INFO] [stdout] error[E0433]: cannot find module or crate `purrdf_testkit` in this scope
[INFO] [stdout]    --> tests/purremb_adversarial.rs:239:21
[INFO] [stdout]     |
[INFO] [stdout] 239 |             *byte = purrdf_testkit::rng::xorshift64_next(&mut state) as u8;
[INFO] [stdout]     |                     ^^^^^^^^^^^^^^ use of unresolved module or unlinked crate `purrdf_testkit`
[INFO] [stdout]     |
[INFO] [stdout]     = help: if you wanted to use a crate named `purrdf_testkit`, use `cargo add purrdf_testkit` to add it to your `Cargo.toml`
[INFO] [stdout] 
[INFO] [stdout] 
[INFO] [stdout] error[E0433]: cannot find module or crate `purrdf_testkit` in this scope
[INFO] [stdout]    --> tests/csv_differential.rs:749:25
[INFO] [stdout]     |
[INFO] [stdout] 749 |             let state = purrdf_testkit::rng::lcg64_next(&mut lcg, 1);
[INFO] [stdout]     |                         ^^^^^^^^^^^^^^ use of unresolved module or unlinked crate `purrdf_testkit`
[INFO] [stdout]     |
[INFO] [stdout]     = help: if you wanted to use a crate named `purrdf_testkit`, use `cargo add purrdf_testkit` to add it to your `Cargo.toml`
[INFO] [stdout] 
[INFO] [stdout] 
[INFO] [stdout] error[E0433]: cannot find module or crate `purrdf_alloc_probe` in this scope
[INFO] [stdout]    --> examples/segmented_fixture.rs:135:22
[INFO] [stdout]     |
[INFO] [stdout] 135 |         let window = purrdf_alloc_probe::WholeProcessWindow::open();
[INFO] [stdout]     |                      ^^^^^^^^^^^^^^^^^^ use of unresolved module or unlinked crate `purrdf_alloc_probe`
[INFO] [stdout]     |
[INFO] [stdout]     = help: if you wanted to use a crate named `purrdf_alloc_probe`, use `cargo add purrdf_alloc_probe` to add it to your `Cargo.toml`
[INFO] [stdout] 
[INFO] [stdout] 
[INFO] [stdout] error[E0433]: cannot find module or crate `purrdf_alloc_probe` in this scope
[INFO] [stdout]    --> tests/segmented.rs:454:18
[INFO] [stdout]     |
[INFO] [stdout] 454 |     let window = purrdf_alloc_probe::CurrentThreadWindow::open();
[INFO] [stdout]     |                  ^^^^^^^^^^^^^^^^^^ use of unresolved module or unlinked crate `purrdf_alloc_probe`
[INFO] [stdout]     |
[INFO] [stdout]     = help: if you wanted to use a crate named `purrdf_alloc_probe`, use `cargo add purrdf_alloc_probe` to add it to your `Cargo.toml`
[INFO] [stdout] 
[INFO] [stdout] 
[INFO] [stdout] error[E0601]: `main` function not found in crate `segmented`
[INFO] [stdout]    --> tests/segmented.rs:546:3
[INFO] [stdout]     |
[INFO] [stdout] 546 | );
[INFO] [stdout]     |   ^ consider adding a `main` function to `tests/segmented.rs`
[INFO] [stdout] 
[INFO] [stdout] 
[INFO] [stdout] error[E0433]: cannot find module or crate `purrdf_alloc_probe` in this scope
[INFO] [stdout]  --> tests/segmented.rs:9:56
[INFO] [stdout]   |
[INFO] [stdout] 9 | static GLOBAL: purrdf_alloc_probe::CountingAllocator = purrdf_alloc_probe::CountingAllocator;
[INFO] [stdout]   |                                                        ^^^^^^^^^^^^^^^^^^ use of unresolved module or unlinked crate `purrdf_alloc_probe`
[INFO] [stdout]   |
[INFO] [stdout]   = help: if you wanted to use a crate named `purrdf_alloc_probe`, use `cargo add purrdf_alloc_probe` to add it to your `Cargo.toml`
[INFO] [stdout] 
[INFO] [stdout] 
[INFO] [stdout] For more information about this error, try `rustc --explain E0433`.
[INFO] [stdout] 
[INFO] [stderr] error: could not compile `purrdf-core` (test "purremb_adversarial") due to 1 previous error
[INFO] [stderr] warning: build failed, waiting for other jobs to finish...
[INFO] [stdout] error[E0433]: cannot find module or crate `purrdf_alloc_probe` in this scope
[INFO] [stdout]    --> examples/segmented_fixture.rs:187:56
[INFO] [stdout]     |
[INFO] [stdout] 187 | static GLOBAL: purrdf_alloc_probe::CountingAllocator = purrdf_alloc_probe::CountingAllocator;
[INFO] [stdout]     |                                                        ^^^^^^^^^^^^^^^^^^ use of unresolved module or unlinked crate `purrdf_alloc_probe`
[INFO] [stdout]     |
[INFO] [stdout]     = help: if you wanted to use a crate named `purrdf_alloc_probe`, use `cargo add purrdf_alloc_probe` to add it to your `Cargo.toml`
[INFO] [stdout] 
[INFO] [stdout] 
[INFO] [stdout] error[E0433]: cannot find module or crate `purrdf_alloc_probe` in this scope
[INFO] [stdout]    --> examples/segmented_fixture.rs:187:16
[INFO] [stdout]     |
[INFO] [stdout] 187 | static GLOBAL: purrdf_alloc_probe::CountingAllocator = purrdf_alloc_probe::CountingAllocator;
[INFO] [stdout]     |                ^^^^^^^^^^^^^^^^^^ use of unresolved module or unlinked crate `purrdf_alloc_probe`
[INFO] [stdout]     |
[INFO] [stdout]     = help: if you wanted to use a crate named `purrdf_alloc_probe`, use `cargo add purrdf_alloc_probe` to add it to your `Cargo.toml`
[INFO] [stdout] 
[INFO] [stdout] 
[INFO] [stdout] For more information about this error, try `rustc --explain E0433`.
[INFO] [stdout] 
[INFO] [stderr] error: could not compile `purrdf-core` (example "segmented_fixture") due to 3 previous errors
[INFO] [stdout] For more information about this error, try `rustc --explain E0433`.
[INFO] [stdout] 
[INFO] [stderr] error: could not compile `purrdf-core` (test "csv_differential") due to 2 previous errors
[INFO] [stdout] error[E0433]: cannot find module or crate `purrdf_alloc_probe` in this scope
[INFO] [stdout]  --> tests/segmented.rs:9:16
[INFO] [stdout]   |
[INFO] [stdout] 9 | static GLOBAL: purrdf_alloc_probe::CountingAllocator = purrdf_alloc_probe::CountingAllocator;
[INFO] [stdout]   |                ^^^^^^^^^^^^^^^^^^ use of unresolved module or unlinked crate `purrdf_alloc_probe`
[INFO] [stdout]   |
[INFO] [stdout]   = help: if you wanted to use a crate named `purrdf_alloc_probe`, use `cargo add purrdf_alloc_probe` to add it to your `Cargo.toml`
[INFO] [stdout] 
[INFO] [stdout] 
[INFO] [stdout] Some errors have detailed explanations: E0433, E0601.
[INFO] [stdout] 
[INFO] [stdout] For more information about an error, try `rustc --explain E0433`.
[INFO] [stdout] 
[INFO] [stderr] error: could not compile `purrdf-core` (test "segmented") due to 5 previous errors
[INFO] running `Command { std: "docker" "inspect" "7fc427186f889523439aa803e27c51cf21c71fb62985a08766e945b1440ee9d9", kill_on_drop: false }`
[INFO] running `Command { std: "docker" "rm" "-f" "7fc427186f889523439aa803e27c51cf21c71fb62985a08766e945b1440ee9d9", kill_on_drop: false }`
[INFO] [stdout] 7fc427186f889523439aa803e27c51cf21c71fb62985a08766e945b1440ee9d9
