[INFO] fetching crate purrdf-cdt 3.0.1...
[INFO] testing purrdf-cdt-3.0.1 against 1.99.0-beta.8 for beta-1.100-2
[INFO] extracting crate purrdf-cdt 3.0.1 into /workspace/builds/worker-0-tc1/source
[INFO] started tweaking crates.io crate purrdf-cdt 3.0.1
[INFO] removed 0 missing tests
[INFO] finished tweaking crates.io crate purrdf-cdt 3.0.1
[INFO] tweaked toml for crates.io crate purrdf-cdt 3.0.1 written to /workspace/builds/worker-0-tc1/source/Cargo.toml
[INFO] validating manifest of crates.io crate purrdf-cdt 3.0.1 on toolchain 1.99.0-beta.8
[INFO] running `Command { std: CARGO_HOME="/workspace/cargo-home" RUSTUP_HOME="/workspace/rustup-home" "/workspace/cargo-home/bin/cargo" "+1.99.0-beta.8" "metadata" "--manifest-path" "Cargo.toml" "--no-deps", kill_on_drop: false }`
[INFO] crate crates.io crate purrdf-cdt 3.0.1 already has a lockfile, it will not be regenerated
[INFO] running `Command { std: CARGO_HOME="/workspace/cargo-home" RUSTUP_HOME="/workspace/rustup-home" "/workspace/cargo-home/bin/cargo" "+1.99.0-beta.8" "fetch" "--manifest-path" "Cargo.toml", kill_on_drop: false }`
[INFO] [stderr]     Updating crates.io index
[INFO] [stderr]  Downloading crates ...
[INFO] [stderr]   Downloaded purrdf-stack v3.0.1
[INFO] [stderr]   Downloaded purrdf-hash v3.0.1
[INFO] [stderr]   Downloaded purrdf-events v3.0.1
[INFO] [stderr]   Downloaded purrdf-iri v3.0.1
[INFO] [stderr]   Downloaded purrdf-lex v3.0.1
[INFO] [stderr]   Downloaded purrdf-xsd v3.0.1
[INFO] running `Command { std: "docker" "create" "-v" "/var/lib/crater-agent-workspace/builds/worker-0-tc1/source:/opt/rustwide/workdir:ro,Z" "-v" "/var/lib/crater-agent-workspace/builds/worker-0-tc1/target:/opt/rustwide/target:rw,Z" "-v" "/var/lib/crater-agent-workspace/cargo-home:/opt/rustwide/cargo-home:ro,Z" "-v" "/var/lib/crater-agent-workspace/rustup-home:/opt/rustwide/rustup-home:ro,Z" "-m" "1610612736" "--network" "none" "ghcr.io/rust-lang/crates-build-env/linux@sha256:3111399a4047eeb3a02b7a90e478d715f38a8c6669b5c4b49d30a17385265909" "sleep" "infinity", kill_on_drop: false }`
[INFO] [stdout] c9a84894eaf765d33bf44cc8d4153d02ef82b6458b34f0a9c540e3e7942a824d
[INFO] running `Command { std: "docker" "start" "c9a84894eaf765d33bf44cc8d4153d02ef82b6458b34f0a9c540e3e7942a824d", kill_on_drop: false }`
[INFO] running `Command { std: "docker" "inspect" "c9a84894eaf765d33bf44cc8d4153d02ef82b6458b34f0a9c540e3e7942a824d", kill_on_drop: false }`
[INFO] running `Command { std: "docker" "exec" "-e" "SOURCE_DIR=/opt/rustwide/workdir" "-e" "CARGO_HOME=/opt/rustwide/cargo-home" "-e" "RUSTUP_HOME=/opt/rustwide/rustup-home" "-e" "CARGO_TARGET_DIR=/opt/rustwide/target" "-w" "/opt/rustwide/workdir" "--user" "0:0" "c9a84894eaf765d33bf44cc8d4153d02ef82b6458b34f0a9c540e3e7942a824d" "/opt/rustwide/cargo-home/bin/cargo" "+1.99.0-beta.8" "metadata" "--no-deps" "--format-version=1", kill_on_drop: false }`
[INFO] running `Command { std: "docker" "inspect" "c9a84894eaf765d33bf44cc8d4153d02ef82b6458b34f0a9c540e3e7942a824d", kill_on_drop: false }`
[INFO] running `Command { std: "docker" "exec" "-e" "SOURCE_DIR=/opt/rustwide/workdir" "-e" "CARGO_HOME=/opt/rustwide/cargo-home" "-e" "RUSTUP_HOME=/opt/rustwide/rustup-home" "-e" "CARGO_TARGET_DIR=/opt/rustwide/target" "-e" "CARGO_INCREMENTAL=0" "-e" "RUST_BACKTRACE=full" "-e" "RUSTFLAGS=--cap-lints=warn" "-e" "RUSTDOCFLAGS=--cap-lints=warn" "-w" "/opt/rustwide/workdir" "--user" "0:0" "c9a84894eaf765d33bf44cc8d4153d02ef82b6458b34f0a9c540e3e7942a824d" "/opt/rustwide/cargo-home/bin/cargo" "+1.99.0-beta.8" "build" "--frozen" "--message-format=json", kill_on_drop: false }`
[INFO] [stderr]    Compiling purrdf-hash v3.0.1
[INFO] [stderr]    Compiling purrdf-events v3.0.1
[INFO] [stderr]    Compiling purrdf-lex v3.0.1
[INFO] [stderr]    Compiling purrdf-iri v3.0.1
[INFO] [stderr]    Compiling purrdf-xsd v3.0.1
[INFO] [stderr]    Compiling purrdf-cdt v3.0.1 (/opt/rustwide/workdir)
[INFO] [stderr]     Finished `dev` profile [unoptimized + debuginfo] target(s) in 13.66s
[INFO] running `Command { std: "docker" "inspect" "c9a84894eaf765d33bf44cc8d4153d02ef82b6458b34f0a9c540e3e7942a824d", kill_on_drop: false }`
[INFO] running `Command { std: "docker" "exec" "-e" "SOURCE_DIR=/opt/rustwide/workdir" "-e" "CARGO_HOME=/opt/rustwide/cargo-home" "-e" "RUSTUP_HOME=/opt/rustwide/rustup-home" "-e" "CARGO_TARGET_DIR=/opt/rustwide/target" "-e" "CARGO_INCREMENTAL=0" "-e" "RUST_BACKTRACE=full" "-e" "RUSTFLAGS=--cap-lints=warn" "-e" "RUSTDOCFLAGS=--cap-lints=warn" "-w" "/opt/rustwide/workdir" "--user" "0:0" "c9a84894eaf765d33bf44cc8d4153d02ef82b6458b34f0a9c540e3e7942a824d" "/opt/rustwide/cargo-home/bin/cargo" "+1.99.0-beta.8" "test" "--frozen" "--no-run" "--message-format=json", kill_on_drop: false }`
[INFO] [stderr]    Compiling libc v0.2.186
[INFO] [stderr]    Compiling purrdf-stack v3.0.1
[INFO] [stderr]    Compiling purrdf-cdt v3.0.1 (/opt/rustwide/workdir)
[INFO] [stdout] error[E0433]: cannot find module or crate `purrdf_testkit` in this scope
[INFO] [stdout]   --> tests/byte_determinism.rs:22:5
[INFO] [stdout]    |
[INFO] [stdout] 22 | use purrdf_testkit::prop::prelude::*;
[INFO] [stdout]    |     ^^^^^^^^^^^^^^ use of unresolved module or unlinked crate `purrdf_testkit`
[INFO] [stdout]    |
[INFO] [stdout]    = help: if you wanted to use a crate named `purrdf_testkit`, use `cargo add purrdf_testkit` to add it to your `Cargo.toml`
[INFO] [stdout] 
[INFO] [stdout] 
[INFO] [stdout] error: cannot find macro `prop_oneof` in this scope
[INFO] [stdout]    --> tests/byte_determinism.rs:122:5
[INFO] [stdout]     |
[INFO] [stdout] 122 |     prop_oneof![
[INFO] [stdout]     |     ^^^^^^^^^^
[INFO] [stdout] 
[INFO] [stdout] 
[INFO] [stdout] error: cannot find macro `prop_oneof` in this scope
[INFO] [stdout]    --> tests/byte_determinism.rs:138:5
[INFO] [stdout]     |
[INFO] [stdout] 138 |     prop_oneof![
[INFO] [stdout]     |     ^^^^^^^^^^
[INFO] [stdout] 
[INFO] [stdout] 
[INFO] [stdout] error: cannot find macro `prop_oneof` in this scope
[INFO] [stdout]    --> tests/byte_determinism.rs:182:13
[INFO] [stdout]     |
[INFO] [stdout] 182 |             prop_oneof![
[INFO] [stdout]     |             ^^^^^^^^^^
[INFO] [stdout] 
[INFO] [stdout] 
[INFO] [stdout] error: cannot find macro `prop_oneof` in this scope
[INFO] [stdout]    --> tests/byte_determinism.rs:203:5
[INFO] [stdout]     |
[INFO] [stdout] 203 |     prop_oneof![
[INFO] [stdout]     |     ^^^^^^^^^^
[INFO] [stdout] 
[INFO] [stdout] 
[INFO] [stdout] error: cannot find macro `prop_test` in this scope
[INFO] [stdout]    --> tests/byte_determinism.rs:215:1
[INFO] [stdout]     |
[INFO] [stdout] 215 | prop_test! {
[INFO] [stdout]     | ^^^^^^^^^
[INFO] [stdout] 
[INFO] [stdout] 
[INFO] [stdout] error[E0433]: cannot find module or crate `prop` in this scope
[INFO] [stdout]    --> tests/byte_determinism.rs:167:5
[INFO] [stdout]     |
[INFO] [stdout] 167 |     prop::collection::vec((key_strategy(), term), 0..4).prop_filter_map(
[INFO] [stdout]     |     ^^^^ use of unresolved module or unlinked crate `prop`
[INFO] [stdout]     |
[INFO] [stdout]     = help: if you wanted to use a crate named `prop`, use `cargo add prop` to add it to your `Cargo.toml`
[INFO] [stdout] 
[INFO] [stdout] 
[INFO] [stdout] error[E0405]: cannot find trait `Strategy` in this scope
[INFO] [stdout]    --> tests/byte_determinism.rs:121:27
[INFO] [stdout]     |
[INFO] [stdout] 121 | fn key_strategy() -> impl Strategy<Value = CdtKey> {
[INFO] [stdout]     |                           ^^^^^^^^ not found in this scope
[INFO] [stdout] 
[INFO] [stdout] 
[INFO] [stdout] error[E0405]: cannot find trait `Strategy` in this scope
[INFO] [stdout]    --> tests/byte_determinism.rs:137:33
[INFO] [stdout]     |
[INFO] [stdout] 137 | fn leaf_term_strategy() -> impl Strategy<Value = CdtTerm> {
[INFO] [stdout]     |                                 ^^^^^^^^ not found in this scope
[INFO] [stdout] 
[INFO] [stdout] 
[INFO] [stdout] error[E0425]: cannot find type `BoxedStrategy` in this scope
[INFO] [stdout]    --> tests/byte_determinism.rs:166:27
[INFO] [stdout]     |
[INFO] [stdout] 166 | fn entries_strategy(term: BoxedStrategy<CdtTerm>) -> impl Strategy<Value = Vec<CdtEntry>> {
[INFO] [stdout]     |                           ^^^^^^^^^^^^^ not found in this scope
[INFO] [stdout] 
[INFO] [stdout] 
[INFO] [stdout] error[E0405]: cannot find trait `Strategy` in this scope
[INFO] [stdout]    --> tests/byte_determinism.rs:166:59
[INFO] [stdout]     |
[INFO] [stdout] 166 | fn entries_strategy(term: BoxedStrategy<CdtTerm>) -> impl Strategy<Value = Vec<CdtEntry>> {
[INFO] [stdout]     |                                                           ^^^^^^^^ not found in this scope
[INFO] [stdout] 
[INFO] [stdout] 
[INFO] [stdout] error[E0425]: cannot find type `BoxedStrategy` in this scope
[INFO] [stdout]    --> tests/byte_determinism.rs:179:23
[INFO] [stdout]     |
[INFO] [stdout] 179 | fn term_strategy() -> BoxedStrategy<CdtTerm> {
[INFO] [stdout]     |                       ^^^^^^^^^^^^^ not found in this scope
[INFO] [stdout] 
[INFO] [stdout] 
[INFO] [stdout] error[E0405]: cannot find trait `Strategy` in this scope
[INFO] [stdout]    --> tests/byte_determinism.rs:202:29
[INFO] [stdout]     |
[INFO] [stdout] 202 | fn value_strategy() -> impl Strategy<Value = CdtValue> {
[INFO] [stdout]     |                             ^^^^^^^^ not found in this scope
[INFO] [stdout] 
[INFO] [stdout] 
[INFO] [stdout] warning: unused import: `TextDirection`
[INFO] [stdout]   --> tests/byte_determinism.rs:19:67
[INFO] [stdout]    |
[INFO] [stdout] 19 |     CdtDatatype, CdtEntry, CdtKey, CdtLiteral, CdtTerm, CdtValue, TextDirection, XSD_INTEGER,
[INFO] [stdout]    |                                                                   ^^^^^^^^^^^^^
[INFO] [stdout]    |
[INFO] [stdout]    = note: `#[warn(unused_imports)]` (part of `#[warn(unused)]`) on by default
[INFO] [stdout] 
[INFO] [stdout] 
[INFO] [stdout] Some errors have detailed explanations: E0405, E0425, E0433.
[INFO] [stdout] 
[INFO] [stdout] For more information about an error, try `rustc --explain E0405`.
[INFO] [stdout] 
[INFO] [stderr] error: could not compile `purrdf-cdt` (test "byte_determinism") due to 13 previous errors; 1 warning emitted
[INFO] [stderr] warning: build failed, waiting for other jobs to finish...
[INFO] running `Command { std: "docker" "inspect" "c9a84894eaf765d33bf44cc8d4153d02ef82b6458b34f0a9c540e3e7942a824d", kill_on_drop: false }`
[INFO] running `Command { std: "docker" "rm" "-f" "c9a84894eaf765d33bf44cc8d4153d02ef82b6458b34f0a9c540e3e7942a824d", kill_on_drop: false }`
[INFO] [stdout] c9a84894eaf765d33bf44cc8d4153d02ef82b6458b34f0a9c540e3e7942a824d
