[INFO] fetching crate punkt 1.0.5...
[INFO] testing punkt-1.0.5 against 1.100.0-beta.1 for beta-1.100-2
[INFO] extracting crate punkt 1.0.5 into /workspace/builds/worker-1-tc2/source
[INFO] started tweaking crates.io crate punkt 1.0.5
[INFO] finished tweaking crates.io crate punkt 1.0.5
[INFO] tweaked toml for crates.io crate punkt 1.0.5 written to /workspace/builds/worker-1-tc2/source/Cargo.toml
[INFO] validating manifest of crates.io crate punkt 1.0.5 on toolchain 1.100.0-beta.1
[INFO] running `Command { std: CARGO_HOME="/workspace/cargo-home" RUSTUP_HOME="/workspace/rustup-home" "/workspace/cargo-home/bin/cargo" "+1.100.0-beta.1" "metadata" "--manifest-path" "Cargo.toml" "--no-deps", kill_on_drop: false }`
[INFO] running `Command { std: CARGO_HOME="/workspace/cargo-home" RUSTUP_HOME="/workspace/rustup-home" "/workspace/cargo-home/bin/cargo" "+1.100.0-beta.1" "generate-lockfile" "--manifest-path" "Cargo.toml", kill_on_drop: false }`
[INFO] [stderr]     Blocking waiting for file lock on package cache
[INFO] [stderr]     Updating crates.io index
[INFO] [stderr]     Blocking waiting for file lock on package cache
[INFO] [stderr]      Locking 43 packages to highest compatible versions
[INFO] [stderr]       Adding num v0.1.43 (available: v0.4.3)
[INFO] [stderr]       Adding phf v0.7.24 (available: v0.14.0)
[INFO] [stderr]       Adding walkdir v0.1.8 (available: v2.5.0)
[INFO] running `Command { std: CARGO_HOME="/workspace/cargo-home" RUSTUP_HOME="/workspace/rustup-home" "/workspace/cargo-home/bin/cargo" "+1.100.0-beta.1" "fetch" "--manifest-path" "Cargo.toml", kill_on_drop: false }`
[INFO] [stderr] warning: Cargo.toml: `package.edition` is unspecified, defaulting to `2015` while the latest is `2024`
[INFO] [stderr] warning: `punkt` (manifest) generated 1 warning
[INFO] running `Command { std: "docker" "create" "-v" "/var/lib/crater-agent-workspace/builds/worker-1-tc2/source:/opt/rustwide/workdir:ro,Z" "-v" "/var/lib/crater-agent-workspace/builds/worker-1-tc2/target:/opt/rustwide/target:rw,Z" "-v" "/var/lib/crater-agent-workspace/cargo-home:/opt/rustwide/cargo-home:ro,Z" "-v" "/var/lib/crater-agent-workspace/rustup-home:/opt/rustwide/rustup-home:ro,Z" "-m" "1610612736" "--network" "none" "ghcr.io/rust-lang/crates-build-env/linux@sha256:3111399a4047eeb3a02b7a90e478d715f38a8c6669b5c4b49d30a17385265909" "sleep" "infinity", kill_on_drop: false }`
[INFO] [stdout] 6b4fa9cc2deda0b24de65e1ac520cb6cfb49b95d5f201dacd7b30a44f9c68b56
[INFO] running `Command { std: "docker" "start" "6b4fa9cc2deda0b24de65e1ac520cb6cfb49b95d5f201dacd7b30a44f9c68b56", kill_on_drop: false }`
[INFO] running `Command { std: "docker" "inspect" "6b4fa9cc2deda0b24de65e1ac520cb6cfb49b95d5f201dacd7b30a44f9c68b56", kill_on_drop: false }`
[INFO] running `Command { std: "docker" "exec" "-e" "SOURCE_DIR=/opt/rustwide/workdir" "-e" "CARGO_HOME=/opt/rustwide/cargo-home" "-e" "RUSTUP_HOME=/opt/rustwide/rustup-home" "-e" "CARGO_TARGET_DIR=/opt/rustwide/target" "-w" "/opt/rustwide/workdir" "--user" "0:0" "6b4fa9cc2deda0b24de65e1ac520cb6cfb49b95d5f201dacd7b30a44f9c68b56" "/opt/rustwide/cargo-home/bin/cargo" "+1.100.0-beta.1" "metadata" "--no-deps" "--format-version=1", kill_on_drop: false }`
[INFO] running `Command { std: "docker" "inspect" "6b4fa9cc2deda0b24de65e1ac520cb6cfb49b95d5f201dacd7b30a44f9c68b56", kill_on_drop: false }`
[INFO] running `Command { std: "docker" "exec" "-e" "SOURCE_DIR=/opt/rustwide/workdir" "-e" "CARGO_HOME=/opt/rustwide/cargo-home" "-e" "RUSTUP_HOME=/opt/rustwide/rustup-home" "-e" "CARGO_TARGET_DIR=/opt/rustwide/target" "-e" "CARGO_INCREMENTAL=0" "-e" "RUST_BACKTRACE=full" "-e" "RUSTFLAGS=--cap-lints=warn" "-e" "RUSTDOCFLAGS=--cap-lints=warn" "-w" "/opt/rustwide/workdir" "--user" "0:0" "6b4fa9cc2deda0b24de65e1ac520cb6cfb49b95d5f201dacd7b30a44f9c68b56" "/opt/rustwide/cargo-home/bin/cargo" "+1.100.0-beta.1" "build" "--frozen" "--message-format=json", kill_on_drop: false }`
[INFO] [stderr] warning: Cargo.toml: `package.edition` is unspecified, defaulting to `2015` while the latest is `2024`
[INFO] [stderr] warning: `punkt` (manifest) generated 1 warning
[INFO] [stderr]    Compiling autocfg v0.1.8
[INFO] [stderr]    Compiling rand_core v0.4.3
[INFO] [stderr]    Compiling libc v0.2.190
[INFO] [stderr]    Compiling proc-macro2 v0.4.30
[INFO] [stderr]    Compiling unicode-xid v0.1.0
[INFO] [stderr]    Compiling num-bigint v0.1.45
[INFO] [stderr]    Compiling rustc-serialize v0.3.25
[INFO] [stderr]    Compiling siphasher v0.2.3
[INFO] [stderr]    Compiling syn v0.15.44
[INFO] [stderr]    Compiling num-rational v0.1.43
[INFO] [stderr]    Compiling num-complex v0.1.44
[INFO] [stderr]    Compiling rust-freqdist v0.1.5
[INFO] [stderr]    Compiling num-integer v0.1.47
[INFO] [stderr]    Compiling rand_chacha v0.1.1
[INFO] [stderr]    Compiling rand_pcg v0.1.2
[INFO] [stderr]    Compiling rand v0.6.5
[INFO] [stderr]    Compiling phf_shared v0.7.24
[INFO] [stderr]    Compiling rand_core v0.3.2
[INFO] [stderr]    Compiling rand_jitter v0.1.4
[INFO] [stderr]    Compiling num-iter v0.1.46
[INFO] [stderr]    Compiling rand_xorshift v0.1.1
[INFO] [stderr]    Compiling rand_isaac v0.1.1
[INFO] [stderr]    Compiling rand_hc v0.1.0
[INFO] [stderr]    Compiling quote v0.6.13
[INFO] [stderr]    Compiling rand_os v0.1.3
[INFO] [stderr]    Compiling rand v0.4.6
[INFO] [stderr]    Compiling phf_generator v0.7.24
[INFO] [stderr]    Compiling num v0.1.43
[INFO] [stderr]    Compiling phf_macros v0.7.24
[INFO] [stderr]    Compiling phf v0.7.24
[INFO] [stderr]    Compiling punkt v1.0.5 (/opt/rustwide/workdir)
[INFO] [stdout] error[E0658]: use of unstable library feature `test`: `bench` is a part of custom test frameworks which are unstable
[INFO] [stdout]    --> src/trainer.rs:774:7
[INFO] [stdout]     |
[INFO] [stdout] 772 |   macro_rules! bench_trainer(
[INFO] [stdout] 773 |     ($name:ident, $doc:expr) => (
[INFO] [stdout] 774 |       #[bench] fn $name(b: &mut ::test::Bencher) {
[INFO] [stdout]     |         ^^^^^
[INFO] [stdout] ...
[INFO] [stdout] 785 | / bench_trainer!(
[INFO] [stdout] 786 | |   bench_trainer_short,
[INFO] [stdout] 787 | |   include_str!("../test/raw/sigma-wiki.txt")
[INFO] [stdout] 788 | | );
[INFO] [stdout]     | |_- in this macro invocation
[INFO] [stdout]     |
[INFO] [stdout]     = note: see issue #50297 <https://github.com/rust-lang/rust/issues/50297> for more information
[INFO] [stdout] 
[INFO] [stdout] 
[INFO] [stdout] error[E0658]: use of unstable library feature `test`: `bench` is a part of custom test frameworks which are unstable
[INFO] [stdout]    --> src/trainer.rs:774:7
[INFO] [stdout]     |
[INFO] [stdout] 772 |   macro_rules! bench_trainer(
[INFO] [stdout] 773 |     ($name:ident, $doc:expr) => (
[INFO] [stdout] 774 |       #[bench] fn $name(b: &mut ::test::Bencher) {
[INFO] [stdout]     |         ^^^^^
[INFO] [stdout] ...
[INFO] [stdout] 790 | / bench_trainer!(
[INFO] [stdout] 791 | |   bench_trainer_medium,
[INFO] [stdout] 792 | |   include_str!("../test/raw/npr-article-01.txt")
[INFO] [stdout] 793 | | );
[INFO] [stdout]     | |_- in this macro invocation
[INFO] [stdout]     |
[INFO] [stdout]     = note: see issue #50297 <https://github.com/rust-lang/rust/issues/50297> for more information
[INFO] [stdout] 
[INFO] [stdout] 
[INFO] [stdout] error[E0658]: use of unstable library feature `test`: `bench` is a part of custom test frameworks which are unstable
[INFO] [stdout]    --> src/trainer.rs:774:7
[INFO] [stdout]     |
[INFO] [stdout] 772 |   macro_rules! bench_trainer(
[INFO] [stdout] 773 |     ($name:ident, $doc:expr) => (
[INFO] [stdout] 774 |       #[bench] fn $name(b: &mut ::test::Bencher) {
[INFO] [stdout]     |         ^^^^^
[INFO] [stdout] ...
[INFO] [stdout] 795 | / bench_trainer!(
[INFO] [stdout] 796 | |   bench_trainer_long,
[INFO] [stdout] 797 | |   include_str!("../test/raw/the-sayings-of-confucius.txt")
[INFO] [stdout] 798 | | );
[INFO] [stdout]     | |_- in this macro invocation
[INFO] [stdout]     |
[INFO] [stdout]     = note: see issue #50297 <https://github.com/rust-lang/rust/issues/50297> for more information
[INFO] [stdout] 
[INFO] [stdout] 
[INFO] [stdout] error[E0658]: use of unstable library feature `test`: `bench` is a part of custom test frameworks which are unstable
[INFO] [stdout]    --> src/trainer.rs:774:7
[INFO] [stdout]     |
[INFO] [stdout] 772 |   macro_rules! bench_trainer(
[INFO] [stdout] 773 |     ($name:ident, $doc:expr) => (
[INFO] [stdout] 774 |       #[bench] fn $name(b: &mut ::test::Bencher) {
[INFO] [stdout]     |         ^^^^^
[INFO] [stdout] ...
[INFO] [stdout] 800 | / bench_trainer!(
[INFO] [stdout] 801 | |   bench_trainer_very_long,
[INFO] [stdout] 802 | |   include_str!("../test/raw/pride-and-prejudice.txt")
[INFO] [stdout] 803 | | );
[INFO] [stdout]     | |_- in this macro invocation
[INFO] [stdout]     |
[INFO] [stdout]     = note: see issue #50297 <https://github.com/rust-lang/rust/issues/50297> for more information
[INFO] [stdout] 
[INFO] [stdout] 
[INFO] [stdout] error[E0658]: use of unstable library feature `test`: `bench` is a part of custom test frameworks which are unstable
[INFO] [stdout]    --> src/tokenizer.rs:722:7
[INFO] [stdout]     |
[INFO] [stdout] 720 |   macro_rules! bench_word_tokenizer(
[INFO] [stdout] 721 |     ($name:ident, $doc:expr) => (
[INFO] [stdout] 722 |       #[bench] fn $name(b: &mut ::test::Bencher) {
[INFO] [stdout]     |         ^^^^^
[INFO] [stdout] ...
[INFO] [stdout] 731 | / bench_word_tokenizer!(
[INFO] [stdout] 732 | |   word_tokenizer_bench_short,
[INFO] [stdout] 733 | |   include_str!("../test/raw/sigma-wiki.txt")
[INFO] [stdout] 734 | | );
[INFO] [stdout]     | |_- in this macro invocation
[INFO] [stdout]     |
[INFO] [stdout]     = note: see issue #50297 <https://github.com/rust-lang/rust/issues/50297> for more information
[INFO] [stdout] 
[INFO] [stdout] 
[INFO] [stdout] error[E0658]: use of unstable library feature `test`: `bench` is a part of custom test frameworks which are unstable
[INFO] [stdout]    --> src/tokenizer.rs:722:7
[INFO] [stdout]     |
[INFO] [stdout] 720 |   macro_rules! bench_word_tokenizer(
[INFO] [stdout] 721 |     ($name:ident, $doc:expr) => (
[INFO] [stdout] 722 |       #[bench] fn $name(b: &mut ::test::Bencher) {
[INFO] [stdout]     |         ^^^^^
[INFO] [stdout] ...
[INFO] [stdout] 736 | / bench_word_tokenizer!(
[INFO] [stdout] 737 | |   word_tokenizer_bench_medium,
[INFO] [stdout] 738 | |   include_str!("../test/raw/npr-article-01.txt")
[INFO] [stdout] 739 | | );
[INFO] [stdout]     | |_- in this macro invocation
[INFO] [stdout]     |
[INFO] [stdout]     = note: see issue #50297 <https://github.com/rust-lang/rust/issues/50297> for more information
[INFO] [stdout] 
[INFO] [stdout] 
[INFO] [stdout] error[E0658]: use of unstable library feature `test`: `bench` is a part of custom test frameworks which are unstable
[INFO] [stdout]    --> src/tokenizer.rs:722:7
[INFO] [stdout]     |
[INFO] [stdout] 720 |   macro_rules! bench_word_tokenizer(
[INFO] [stdout] 721 |     ($name:ident, $doc:expr) => (
[INFO] [stdout] 722 |       #[bench] fn $name(b: &mut ::test::Bencher) {
[INFO] [stdout]     |         ^^^^^
[INFO] [stdout] ...
[INFO] [stdout] 741 | / bench_word_tokenizer!(
[INFO] [stdout] 742 | |   word_tokenizer_bench_long,
[INFO] [stdout] 743 | |   include_str!("../test/raw/the-sayings-of-confucius.txt")
[INFO] [stdout] 744 | | );
[INFO] [stdout]     | |_- in this macro invocation
[INFO] [stdout]     |
[INFO] [stdout]     = note: see issue #50297 <https://github.com/rust-lang/rust/issues/50297> for more information
[INFO] [stdout] 
[INFO] [stdout] 
[INFO] [stdout] error[E0658]: use of unstable library feature `test`: `bench` is a part of custom test frameworks which are unstable
[INFO] [stdout]    --> src/tokenizer.rs:722:7
[INFO] [stdout]     |
[INFO] [stdout] 720 |   macro_rules! bench_word_tokenizer(
[INFO] [stdout] 721 |     ($name:ident, $doc:expr) => (
[INFO] [stdout] 722 |       #[bench] fn $name(b: &mut ::test::Bencher) {
[INFO] [stdout]     |         ^^^^^
[INFO] [stdout] ...
[INFO] [stdout] 746 | / bench_word_tokenizer!(
[INFO] [stdout] 747 | |   word_tokenizer_bench_very_long,
[INFO] [stdout] 748 | |   include_str!("../test/raw/pride-and-prejudice.txt")
[INFO] [stdout] 749 | | );
[INFO] [stdout]     | |_- in this macro invocation
[INFO] [stdout]     |
[INFO] [stdout]     = note: see issue #50297 <https://github.com/rust-lang/rust/issues/50297> for more information
[INFO] [stdout] 
[INFO] [stdout] 
[INFO] [stdout] error[E0658]: use of unstable library feature `test`: `bench` is a part of custom test frameworks which are unstable
[INFO] [stdout]    --> src/tokenizer.rs:753:7
[INFO] [stdout]     |
[INFO] [stdout] 751 |   macro_rules! bench_sentence_tokenizer(
[INFO] [stdout] 752 |     ($name:ident, $doc:expr) => (
[INFO] [stdout] 753 |       #[bench] fn $name(b: &mut ::test::Bencher) {
[INFO] [stdout]     |         ^^^^^
[INFO] [stdout] ...
[INFO] [stdout] 769 | / bench_sentence_tokenizer!(
[INFO] [stdout] 770 | |   bench_sentence_tokenizer_train_on_document_short,
[INFO] [stdout] 771 | |   include_str!("../test/raw/sigma-wiki.txt")
[INFO] [stdout] 772 | | );
[INFO] [stdout]     | |_- in this macro invocation
[INFO] [stdout]     |
[INFO] [stdout]     = note: see issue #50297 <https://github.com/rust-lang/rust/issues/50297> for more information
[INFO] [stdout] 
[INFO] [stdout] 
[INFO] [stdout] error[E0658]: use of unstable library feature `test`: `bench` is a part of custom test frameworks which are unstable
[INFO] [stdout]    --> src/tokenizer.rs:753:7
[INFO] [stdout]     |
[INFO] [stdout] 751 |   macro_rules! bench_sentence_tokenizer(
[INFO] [stdout] 752 |     ($name:ident, $doc:expr) => (
[INFO] [stdout] 753 |       #[bench] fn $name(b: &mut ::test::Bencher) {
[INFO] [stdout]     |         ^^^^^
[INFO] [stdout] ...
[INFO] [stdout] 774 | / bench_sentence_tokenizer!(
[INFO] [stdout] 775 | |   bench_sentence_tokenizer_train_on_document_medium,
[INFO] [stdout] 776 | |   include_str!("../test/raw/npr-article-01.txt")
[INFO] [stdout] 777 | | );
[INFO] [stdout]     | |_- in this macro invocation
[INFO] [stdout]     |
[INFO] [stdout]     = note: see issue #50297 <https://github.com/rust-lang/rust/issues/50297> for more information
[INFO] [stdout] 
[INFO] [stdout] 
[INFO] [stdout] error[E0658]: use of unstable library feature `test`: `bench` is a part of custom test frameworks which are unstable
[INFO] [stdout]    --> src/tokenizer.rs:753:7
[INFO] [stdout]     |
[INFO] [stdout] 751 |   macro_rules! bench_sentence_tokenizer(
[INFO] [stdout] 752 |     ($name:ident, $doc:expr) => (
[INFO] [stdout] 753 |       #[bench] fn $name(b: &mut ::test::Bencher) {
[INFO] [stdout]     |         ^^^^^
[INFO] [stdout] ...
[INFO] [stdout] 779 | / bench_sentence_tokenizer!(
[INFO] [stdout] 780 | |   bench_sentence_tokenizer_train_on_document_long,
[INFO] [stdout] 781 | |   include_str!("../test/raw/pride-and-prejudice.txt")
[INFO] [stdout] 782 | | );
[INFO] [stdout]     | |_- in this macro invocation
[INFO] [stdout]     |
[INFO] [stdout]     = note: see issue #50297 <https://github.com/rust-lang/rust/issues/50297> for more information
[INFO] [stdout] 
[INFO] [stdout] 
[INFO] [stdout] error[E0554]: `#![feature]` may not be used on the beta release channel
[INFO] [stdout]    --> src/lib.rs:141:1
[INFO] [stdout]     |
[INFO] [stdout] 141 | #![feature(proc_macro_hygiene)]
[INFO] [stdout]     | ^^^^^^^^^^^^^^^^^^^^^^^^^^^^^^^
[INFO] [stdout] 
[INFO] [stdout] 
[INFO] [stdout] Some errors have detailed explanations: E0554, E0658.
[INFO] [stdout] 
[INFO] [stdout] For more information about an error, try `rustc --explain E0554`.
[INFO] [stdout] 
[INFO] [stderr] error: could not compile `punkt` (lib) due to 12 previous errors
[INFO] running `Command { std: "docker" "inspect" "6b4fa9cc2deda0b24de65e1ac520cb6cfb49b95d5f201dacd7b30a44f9c68b56", kill_on_drop: false }`
[INFO] running `Command { std: "docker" "rm" "-f" "6b4fa9cc2deda0b24de65e1ac520cb6cfb49b95d5f201dacd7b30a44f9c68b56", kill_on_drop: false }`
[INFO] [stdout] 6b4fa9cc2deda0b24de65e1ac520cb6cfb49b95d5f201dacd7b30a44f9c68b56
