[INFO] fetching crate pron 0.1.1...
[INFO] testing pron-0.1.1 against 1.100.0-beta.1 for beta-1.100-2
[INFO] extracting crate pron 0.1.1 into /workspace/builds/worker-4-tc2/source
[INFO] started tweaking crates.io crate pron 0.1.1
[INFO] removed 0 missing tests
[INFO] finished tweaking crates.io crate pron 0.1.1
[INFO] tweaked toml for crates.io crate pron 0.1.1 written to /workspace/builds/worker-4-tc2/source/Cargo.toml
[INFO] validating manifest of crates.io crate pron 0.1.1 on toolchain 1.100.0-beta.1
[INFO] running `Command { std: CARGO_HOME="/workspace/cargo-home" RUSTUP_HOME="/workspace/rustup-home" "/workspace/cargo-home/bin/cargo" "+1.100.0-beta.1" "metadata" "--manifest-path" "Cargo.toml" "--no-deps", kill_on_drop: false }`
[INFO] crate crates.io crate pron 0.1.1 already has a lockfile, it will not be regenerated
[INFO] running `Command { std: CARGO_HOME="/workspace/cargo-home" RUSTUP_HOME="/workspace/rustup-home" "/workspace/cargo-home/bin/cargo" "+1.100.0-beta.1" "fetch" "--manifest-path" "Cargo.toml", kill_on_drop: false }`
[INFO] running `Command { std: "docker" "create" "-v" "/var/lib/crater-agent-workspace/builds/worker-4-tc2/source:/opt/rustwide/workdir:ro,Z" "-v" "/var/lib/crater-agent-workspace/builds/worker-4-tc2/target:/opt/rustwide/target:rw,Z" "-v" "/var/lib/crater-agent-workspace/cargo-home:/opt/rustwide/cargo-home:ro,Z" "-v" "/var/lib/crater-agent-workspace/rustup-home:/opt/rustwide/rustup-home:ro,Z" "-m" "1610612736" "--network" "none" "ghcr.io/rust-lang/crates-build-env/linux@sha256:3111399a4047eeb3a02b7a90e478d715f38a8c6669b5c4b49d30a17385265909" "sleep" "infinity", kill_on_drop: false }`
[INFO] [stdout] 97d947b19ebf8d757e7b23583ce36287903a03345788137ee093436059792d8c
[INFO] running `Command { std: "docker" "start" "97d947b19ebf8d757e7b23583ce36287903a03345788137ee093436059792d8c", kill_on_drop: false }`
[INFO] running `Command { std: "docker" "inspect" "97d947b19ebf8d757e7b23583ce36287903a03345788137ee093436059792d8c", kill_on_drop: false }`
[INFO] running `Command { std: "docker" "exec" "-e" "SOURCE_DIR=/opt/rustwide/workdir" "-e" "CARGO_HOME=/opt/rustwide/cargo-home" "-e" "RUSTUP_HOME=/opt/rustwide/rustup-home" "-e" "CARGO_TARGET_DIR=/opt/rustwide/target" "-w" "/opt/rustwide/workdir" "--user" "0:0" "97d947b19ebf8d757e7b23583ce36287903a03345788137ee093436059792d8c" "/opt/rustwide/cargo-home/bin/cargo" "+1.100.0-beta.1" "metadata" "--no-deps" "--format-version=1", kill_on_drop: false }`
[INFO] running `Command { std: "docker" "inspect" "97d947b19ebf8d757e7b23583ce36287903a03345788137ee093436059792d8c", kill_on_drop: false }`
[INFO] running `Command { std: "docker" "exec" "-e" "SOURCE_DIR=/opt/rustwide/workdir" "-e" "CARGO_HOME=/opt/rustwide/cargo-home" "-e" "RUSTUP_HOME=/opt/rustwide/rustup-home" "-e" "CARGO_TARGET_DIR=/opt/rustwide/target" "-e" "CARGO_INCREMENTAL=0" "-e" "RUST_BACKTRACE=full" "-e" "RUSTFLAGS=--cap-lints=warn" "-e" "RUSTDOCFLAGS=--cap-lints=warn" "-w" "/opt/rustwide/workdir" "--user" "0:0" "97d947b19ebf8d757e7b23583ce36287903a03345788137ee093436059792d8c" "/opt/rustwide/cargo-home/bin/cargo" "+1.100.0-beta.1" "build" "--frozen" "--message-format=json", kill_on_drop: false }`
[INFO] [stderr]    Compiling libc v0.2.186
[INFO] [stderr]    Compiling signal-hook v0.3.18
[INFO] [stderr]    Compiling errno v0.3.14
[INFO] [stderr]    Compiling signal-hook-registry v1.4.8
[INFO] [stderr]    Compiling pron v0.1.1 (/opt/rustwide/workdir)
[INFO] [stderr]     Finished `dev` profile [unoptimized + debuginfo] target(s) in 3.41s
[INFO] running `Command { std: "docker" "inspect" "97d947b19ebf8d757e7b23583ce36287903a03345788137ee093436059792d8c", kill_on_drop: false }`
[INFO] running `Command { std: "docker" "exec" "-e" "SOURCE_DIR=/opt/rustwide/workdir" "-e" "CARGO_HOME=/opt/rustwide/cargo-home" "-e" "RUSTUP_HOME=/opt/rustwide/rustup-home" "-e" "CARGO_TARGET_DIR=/opt/rustwide/target" "-e" "CARGO_INCREMENTAL=0" "-e" "RUST_BACKTRACE=full" "-e" "RUSTFLAGS=--cap-lints=warn" "-e" "RUSTDOCFLAGS=--cap-lints=warn" "-w" "/opt/rustwide/workdir" "--user" "0:0" "97d947b19ebf8d757e7b23583ce36287903a03345788137ee093436059792d8c" "/opt/rustwide/cargo-home/bin/cargo" "+1.100.0-beta.1" "test" "--frozen" "--no-run" "--message-format=json", kill_on_drop: false }`
[INFO] [stderr]    Compiling bitflags v2.13.0
[INFO] [stderr]    Compiling fastrand v2.4.1
[INFO] [stderr]    Compiling getrandom v0.4.3
[INFO] [stderr]    Compiling rustix v1.1.4
[INFO] [stderr]    Compiling tempfile v3.27.0
[INFO] [stderr]    Compiling pron v0.1.1 (/opt/rustwide/workdir)
[INFO] [stdout] error[E0433]: cannot find `in_memory` in `filesystem`
[INFO] [stdout]   --> tests/port_filesystem.rs:62:56
[INFO] [stdout]    |
[INFO] [stdout] 62 |         let fs = pron::application::ports::filesystem::in_memory::InMemoryFilesystem::default();
[INFO] [stdout]    |                                                        ^^^^^^^^^ could not find `in_memory` in `filesystem`
[INFO] [stdout]    |
[INFO] [stdout] note: found an item that was configured out
[INFO] [stdout]   --> src/application/ports/filesystem.rs:8:9
[INFO] [stdout]    |
[INFO] [stdout]  7 | #[cfg(any(test, feature = "test-support"))]
[INFO] [stdout]    |          -------------------------------- the item is gated here
[INFO] [stdout]  8 | pub mod in_memory {
[INFO] [stdout]    |         ^^^^^^^^^
[INFO] [stdout] 
[INFO] [stdout] 
[INFO] [stdout] error[E0433]: cannot find `in_memory` in `filesystem`
[INFO] [stdout]   --> tests/port_filesystem.rs:63:64
[INFO] [stdout]    |
[INFO] [stdout] 63 |         let read = |fs: &pron::application::ports::filesystem::in_memory::InMemoryFilesystem| {
[INFO] [stdout]    |                                                                ^^^^^^^^^ could not find `in_memory` in `filesystem`
[INFO] [stdout]    |
[INFO] [stdout] note: found an item that was configured out
[INFO] [stdout]   --> src/application/ports/filesystem.rs:8:9
[INFO] [stdout]    |
[INFO] [stdout]  7 | #[cfg(any(test, feature = "test-support"))]
[INFO] [stdout]    |          -------------------------------- the item is gated here
[INFO] [stdout]  8 | pub mod in_memory {
[INFO] [stdout]    |         ^^^^^^^^^
[INFO] [stdout] 
[INFO] [stdout] 
[INFO] [stdout] error[E0433]: cannot find `in_memory` in `process_control`
[INFO] [stdout]   --> tests/port_process_control.rs:46:48
[INFO] [stdout]    |
[INFO] [stdout] 46 |     pron::application::ports::process_control::in_memory::InMemoryProcessControl::with_pid(4242),
[INFO] [stdout]    |                                                ^^^^^^^^^ could not find `in_memory` in `process_control`
[INFO] [stdout]    |
[INFO] [stdout] note: found an item that was configured out
[INFO] [stdout]   --> src/application/ports/process_control.rs:7:9
[INFO] [stdout]    |
[INFO] [stdout]  6 | #[cfg(any(test, feature = "test-support"))]
[INFO] [stdout]    |          -------------------------------- the item is gated here
[INFO] [stdout]  7 | pub mod in_memory {
[INFO] [stdout]    |         ^^^^^^^^^
[INFO] [stdout] 
[INFO] [stdout] 
[INFO] [stdout] error[E0433]: cannot find `in_memory` in `filesystem`
[INFO] [stdout]   --> tests/port_filesystem.rs:69:47
[INFO] [stdout]    |
[INFO] [stdout] 69 |         pron::application::ports::filesystem::in_memory::InMemoryFilesystem::with_read_error(
[INFO] [stdout]    |                                               ^^^^^^^^^ could not find `in_memory` in `filesystem`
[INFO] [stdout]    |
[INFO] [stdout] note: found an item that was configured out
[INFO] [stdout]   --> src/application/ports/filesystem.rs:8:9
[INFO] [stdout]    |
[INFO] [stdout]  7 | #[cfg(any(test, feature = "test-support"))]
[INFO] [stdout]    |          -------------------------------- the item is gated here
[INFO] [stdout]  8 | pub mod in_memory {
[INFO] [stdout]    |         ^^^^^^^^^
[INFO] [stdout] 
[INFO] [stdout] 
[INFO] [stdout] error[E0433]: cannot find `in_memory` in `clock`
[INFO] [stdout]   --> tests/port_clock.rs:31:61
[INFO] [stdout]    |
[INFO] [stdout] 31 | clock_contract!(in_memory, pron::application::ports::clock::in_memory::InMemoryClock::with(30, 14, 15, 7, 2));
[INFO] [stdout]    |                                                             ^^^^^^^^^ could not find `in_memory` in `clock`
[INFO] [stdout]    |
[INFO] [stdout] note: found an item that was configured out
[INFO] [stdout]   --> src/application/ports/clock.rs:14:9
[INFO] [stdout]    |
[INFO] [stdout] 13 | #[cfg(any(test, feature = "test-support"))]
[INFO] [stdout]    |          -------------------------------- the item is gated here
[INFO] [stdout] 14 | pub mod in_memory {
[INFO] [stdout]    |         ^^^^^^^^^
[INFO] [stdout] 
[INFO] [stdout] 
[INFO] [stdout] error[E0433]: cannot find `in_memory` in `process_runner`
[INFO] [stdout]   --> tests/port_process_runner.rs:53:47
[INFO] [stdout]    |
[INFO] [stdout] 53 |     pron::application::ports::process_runner::in_memory::InMemoryProcessRunner::with_output(
[INFO] [stdout]    |                                               ^^^^^^^^^ could not find `in_memory` in `process_runner`
[INFO] [stdout]    |
[INFO] [stdout] note: found an item that was configured out
[INFO] [stdout]   --> src/application/ports/process_runner.rs:12:9
[INFO] [stdout]    |
[INFO] [stdout] 11 | #[cfg(any(test, feature = "test-support"))]
[INFO] [stdout]    |          -------------------------------- the item is gated here
[INFO] [stdout] 12 | pub mod in_memory {
[INFO] [stdout]    |         ^^^^^^^^^
[INFO] [stdout] 
[INFO] [stdout] 
[INFO] [stdout] For more information about this error, try `rustc --explain E0433`.
[INFO] [stdout] 
[INFO] [stdout] error[E0433]: cannot find `in_memory` in `logger`
[INFO] [stdout]    --> tests/port_logger.rs:120:56
[INFO] [stdout]     |
[INFO] [stdout] 120 |         let logger = pron::application::ports::logger::in_memory::InMemoryLogger::default();
[INFO] [stdout]     |                                                        ^^^^^^^^^ could not find `in_memory` in `logger`
[INFO] [stdout]     |
[INFO] [stdout] note: found an item that was configured out
[INFO] [stdout]    --> src/application/ports/logger.rs:24:9
[INFO] [stdout]     |
[INFO] [stdout]  23 | #[cfg(any(test, feature = "test-support"))]
[INFO] [stdout]     |          -------------------------------- the item is gated here
[INFO] [stdout]  24 | pub mod in_memory {
[INFO] [stdout]     |         ^^^^^^^^^
[INFO] [stdout] 
[INFO] [stdout] 
[INFO] [stdout] error[E0433]: cannot find `in_memory` in `process_control`
[INFO] [stdout]   --> tests/port_process_control.rs:51:61
[INFO] [stdout]    |
[INFO] [stdout] 51 |         let pc = pron::application::ports::process_control::in_memory::InMemoryProcessControl::with_live_pron(pid);
[INFO] [stdout]    |                                                             ^^^^^^^^^ could not find `in_memory` in `process_control`
[INFO] [stdout]    |
[INFO] [stdout] note: found an item that was configured out
[INFO] [stdout]   --> src/application/ports/process_control.rs:7:9
[INFO] [stdout]    |
[INFO] [stdout]  6 | #[cfg(any(test, feature = "test-support"))]
[INFO] [stdout]    |          -------------------------------- the item is gated here
[INFO] [stdout]  7 | pub mod in_memory {
[INFO] [stdout]    |         ^^^^^^^^^
[INFO] [stdout] 
[INFO] [stdout] 
[INFO] [stderr] error: could not compile `pron` (test "port_filesystem") due to 3 previous errors
[INFO] [stderr] warning: build failed, waiting for other jobs to finish...
[INFO] [stdout] For more information about this error, try `rustc --explain E0433`.
[INFO] [stdout] 
[INFO] [stderr] error: could not compile `pron` (test "port_clock") due to 1 previous error
[INFO] [stderr] error: could not compile `pron` (test "port_process_control") due to 2 previous errors
[INFO] [stdout] For more information about this error, try `rustc --explain E0433`.
[INFO] [stdout] 
[INFO] [stdout] For more information about this error, try `rustc --explain E0433`.
[INFO] [stdout] 
[INFO] [stderr] error: could not compile `pron` (test "port_process_runner") due to 1 previous error
[INFO] [stdout] For more information about this error, try `rustc --explain E0433`.
[INFO] [stdout] 
[INFO] [stderr] error: could not compile `pron` (test "port_logger") due to 1 previous error
[INFO] running `Command { std: "docker" "inspect" "97d947b19ebf8d757e7b23583ce36287903a03345788137ee093436059792d8c", kill_on_drop: false }`
[INFO] running `Command { std: "docker" "rm" "-f" "97d947b19ebf8d757e7b23583ce36287903a03345788137ee093436059792d8c", kill_on_drop: false }`
[INFO] [stdout] 97d947b19ebf8d757e7b23583ce36287903a03345788137ee093436059792d8c
