[INFO] fetching crate pqc-fips 0.0.3...
[INFO] testing pqc-fips-0.0.3 against 1.100.0-beta.1 for beta-1.100-2
[INFO] extracting crate pqc-fips 0.0.3 into /workspace/builds/worker-5-tc2/source
[INFO] started tweaking crates.io crate pqc-fips 0.0.3
[INFO] removed 0 missing tests
[INFO] finished tweaking crates.io crate pqc-fips 0.0.3
[INFO] tweaked toml for crates.io crate pqc-fips 0.0.3 written to /workspace/builds/worker-5-tc2/source/Cargo.toml
[INFO] validating manifest of crates.io crate pqc-fips 0.0.3 on toolchain 1.100.0-beta.1
[INFO] running `Command { std: CARGO_HOME="/workspace/cargo-home" RUSTUP_HOME="/workspace/rustup-home" "/workspace/cargo-home/bin/cargo" "+1.100.0-beta.1" "metadata" "--manifest-path" "Cargo.toml" "--no-deps", kill_on_drop: false }`
[INFO] crate crates.io crate pqc-fips 0.0.3 already has a lockfile, it will not be regenerated
[INFO] running `Command { std: CARGO_HOME="/workspace/cargo-home" RUSTUP_HOME="/workspace/rustup-home" "/workspace/cargo-home/bin/cargo" "+1.100.0-beta.1" "fetch" "--manifest-path" "Cargo.toml", kill_on_drop: false }`
[INFO] running `Command { std: "docker" "create" "-v" "/var/lib/crater-agent-workspace/builds/worker-5-tc2/source:/opt/rustwide/workdir:ro,Z" "-v" "/var/lib/crater-agent-workspace/builds/worker-5-tc2/target:/opt/rustwide/target:rw,Z" "-v" "/var/lib/crater-agent-workspace/cargo-home:/opt/rustwide/cargo-home:ro,Z" "-v" "/var/lib/crater-agent-workspace/rustup-home:/opt/rustwide/rustup-home:ro,Z" "-m" "1610612736" "--network" "none" "ghcr.io/rust-lang/crates-build-env/linux@sha256:3111399a4047eeb3a02b7a90e478d715f38a8c6669b5c4b49d30a17385265909" "sleep" "infinity", kill_on_drop: false }`
[INFO] [stdout] bdd64fe3748dd5a8e87db6e0423c9d4a33e7408bd19d3b01f569f37a1b8fc68a
[INFO] running `Command { std: "docker" "start" "bdd64fe3748dd5a8e87db6e0423c9d4a33e7408bd19d3b01f569f37a1b8fc68a", kill_on_drop: false }`
[INFO] running `Command { std: "docker" "inspect" "bdd64fe3748dd5a8e87db6e0423c9d4a33e7408bd19d3b01f569f37a1b8fc68a", kill_on_drop: false }`
[INFO] running `Command { std: "docker" "exec" "-e" "SOURCE_DIR=/opt/rustwide/workdir" "-e" "CARGO_HOME=/opt/rustwide/cargo-home" "-e" "RUSTUP_HOME=/opt/rustwide/rustup-home" "-e" "CARGO_TARGET_DIR=/opt/rustwide/target" "-w" "/opt/rustwide/workdir" "--user" "0:0" "bdd64fe3748dd5a8e87db6e0423c9d4a33e7408bd19d3b01f569f37a1b8fc68a" "/opt/rustwide/cargo-home/bin/cargo" "+1.100.0-beta.1" "metadata" "--no-deps" "--format-version=1", kill_on_drop: false }`
[INFO] running `Command { std: "docker" "inspect" "bdd64fe3748dd5a8e87db6e0423c9d4a33e7408bd19d3b01f569f37a1b8fc68a", kill_on_drop: false }`
[INFO] running `Command { std: "docker" "exec" "-e" "SOURCE_DIR=/opt/rustwide/workdir" "-e" "CARGO_HOME=/opt/rustwide/cargo-home" "-e" "RUSTUP_HOME=/opt/rustwide/rustup-home" "-e" "CARGO_TARGET_DIR=/opt/rustwide/target" "-e" "CARGO_INCREMENTAL=0" "-e" "RUST_BACKTRACE=full" "-e" "RUSTFLAGS=--cap-lints=warn" "-e" "RUSTDOCFLAGS=--cap-lints=warn" "-w" "/opt/rustwide/workdir" "--user" "0:0" "bdd64fe3748dd5a8e87db6e0423c9d4a33e7408bd19d3b01f569f37a1b8fc68a" "/opt/rustwide/cargo-home/bin/cargo" "+1.100.0-beta.1" "build" "--frozen" "--message-format=json", kill_on_drop: false }`
[INFO] [stderr]    Compiling libc v0.2.177
[INFO] [stderr]    Compiling hax-lib v0.3.5
[INFO] [stderr]    Compiling zerocopy v0.8.27
[INFO] [stderr]    Compiling libcrux-intrinsics v0.0.4
[INFO] [stderr]    Compiling rand_core v0.9.3
[INFO] [stderr]    Compiling libcrux-sha3 v0.0.4
[INFO] [stderr]    Compiling libcrux-ml-kem v0.0.4
[INFO] [stderr]    Compiling libcrux-ml-dsa v0.0.4
[INFO] [stderr]    Compiling keccak v0.1.5
[INFO] [stderr]    Compiling syn v2.0.110
[INFO] [stderr]    Compiling rand v0.9.2
[INFO] [stderr]    Compiling sha3 v0.10.8
[INFO] [stderr]    Compiling libcrux-platform v0.0.2
[INFO] [stderr]    Compiling getrandom v0.2.16
[INFO] [stderr]    Compiling rand_core v0.6.4
[INFO] [stderr]    Compiling ppv-lite86 v0.2.21
[INFO] [stderr]    Compiling rand_chacha v0.3.1
[INFO] [stderr]    Compiling rand v0.8.5
[INFO] [stderr]    Compiling hax-lib-macros v0.3.5
[INFO] [stderr]    Compiling libcrux-macros v0.0.3
[INFO] [stderr]    Compiling zeroize_derive v1.4.2
[INFO] [stderr]    Compiling zeroize v1.8.2
[INFO] [stderr]    Compiling libcrux-secrets v0.0.4
[INFO] [stderr]    Compiling libcrux-traits v0.0.4
[INFO] [stderr]    Compiling pqc-fips v0.0.3 (/opt/rustwide/workdir)
[INFO] [stderr]     Finished `dev` profile [unoptimized + debuginfo] target(s) in 11.46s
[INFO] running `Command { std: "docker" "inspect" "bdd64fe3748dd5a8e87db6e0423c9d4a33e7408bd19d3b01f569f37a1b8fc68a", kill_on_drop: false }`
[INFO] running `Command { std: "docker" "exec" "-e" "SOURCE_DIR=/opt/rustwide/workdir" "-e" "CARGO_HOME=/opt/rustwide/cargo-home" "-e" "RUSTUP_HOME=/opt/rustwide/rustup-home" "-e" "CARGO_TARGET_DIR=/opt/rustwide/target" "-e" "CARGO_INCREMENTAL=0" "-e" "RUST_BACKTRACE=full" "-e" "RUSTFLAGS=--cap-lints=warn" "-e" "RUSTDOCFLAGS=--cap-lints=warn" "-w" "/opt/rustwide/workdir" "--user" "0:0" "bdd64fe3748dd5a8e87db6e0423c9d4a33e7408bd19d3b01f569f37a1b8fc68a" "/opt/rustwide/cargo-home/bin/cargo" "+1.100.0-beta.1" "test" "--frozen" "--no-run" "--message-format=json", kill_on_drop: false }`
[INFO] [stderr]    Compiling zerocopy v0.8.27
[INFO] [stderr]    Compiling crossbeam-utils v0.8.21
[INFO] [stderr]    Compiling rustix v1.1.2
[INFO] [stderr]    Compiling num-traits v0.2.19
[INFO] [stderr]    Compiling getrandom v0.3.4
[INFO] [stderr]    Compiling zerocopy-derive v0.8.27
[INFO] [stderr]    Compiling serde_derive v1.0.228
[INFO] [stderr]    Compiling fastrand v2.3.0
[INFO] [stderr]    Compiling clap_lex v0.7.6
[INFO] [stderr]    Compiling serde_json v1.0.145
[INFO] [stderr]    Compiling regex-automata v0.4.13
[INFO] [stderr]    Compiling itertools v0.10.5
[INFO] [stderr]    Compiling wait-timeout v0.2.1
[INFO] [stderr]    Compiling bit-vec v0.8.0
[INFO] [stderr]    Compiling quick-error v1.2.3
[INFO] [stderr]    Compiling sha3 v0.10.8
[INFO] [stderr]    Compiling clap_builder v4.5.52
[INFO] [stderr]    Compiling bit-set v0.8.0
[INFO] [stderr]    Compiling rand_core v0.9.3
[INFO] [stderr]    Compiling is-terminal v0.4.17
[INFO] [stderr]    Compiling unarray v0.1.4
[INFO] [stderr]    Compiling rand v0.9.2
[INFO] [stderr]    Compiling rand_xorshift v0.4.0
[INFO] [stderr]    Compiling crossbeam-epoch v0.9.18
[INFO] [stderr]    Compiling crossbeam-deque v0.8.6
[INFO] [stderr]    Compiling plotters v0.3.7
[INFO] [stderr]    Compiling rayon-core v1.13.0
[INFO] [stderr]    Compiling libcrux-traits v0.0.4
[INFO] [stderr]    Compiling libcrux-sha3 v0.0.4
[INFO] [stderr]    Compiling criterion-plot v0.5.0
[INFO] [stderr]    Compiling rayon v1.11.0
[INFO] [stderr]    Compiling clap v4.5.52
[INFO] [stderr]    Compiling libcrux-ml-dsa v0.0.4
[INFO] [stderr]    Compiling libcrux-ml-kem v0.0.4
[INFO] [stderr]    Compiling regex v1.12.2
[INFO] [stderr]    Compiling serde v1.0.228
[INFO] [stderr]    Compiling ppv-lite86 v0.2.21
[INFO] [stderr]    Compiling half v2.7.1
[INFO] [stderr]    Compiling tempfile v3.23.0
[INFO] [stderr]    Compiling rusty-fork v0.3.1
[INFO] [stderr]    Compiling tinytemplate v1.2.1
[INFO] [stderr]    Compiling ciborium-ll v0.2.2
[INFO] [stderr]    Compiling rand_chacha v0.3.1
[INFO] [stderr]    Compiling rand_chacha v0.9.0
[INFO] [stderr]    Compiling ciborium v0.2.2
[INFO] [stderr]    Compiling proptest v1.9.0
[INFO] [stderr]    Compiling rand v0.8.5
[INFO] [stderr]    Compiling criterion v0.5.1
[INFO] [stderr]    Compiling pqc-fips v0.0.3 (/opt/rustwide/workdir)
[INFO] [stdout] error[E0433]: cannot find module or crate `pqc_combo` in this scope
[INFO] [stdout]  --> tests/cast_tests.rs:6:5
[INFO] [stdout]   |
[INFO] [stdout] 6 | use pqc_combo::cast::*;
[INFO] [stdout]   |     ^^^^^^^^^ use of unresolved module or unlinked crate `pqc_combo`
[INFO] [stdout]   |
[INFO] [stdout]   = help: if you wanted to use a crate named `pqc_combo`, use `cargo add pqc_combo` to add it to your `Cargo.toml`
[INFO] [stdout] 
[INFO] [stdout] 
[INFO] [stdout] error[E0432]: unresolved import `pqc_combo`
[INFO] [stdout]  --> tests/integration.rs:9:9
[INFO] [stdout]   |
[INFO] [stdout] 9 |     use pqc_combo::*;
[INFO] [stdout]   |         ^^^^^^^^^ use of unresolved module or unlinked crate `pqc_combo`
[INFO] [stdout]   |
[INFO] [stdout]   = help: if you wanted to use a crate named `pqc_combo`, use `cargo add pqc_combo` to add it to your `Cargo.toml`
[INFO] [stdout] 
[INFO] [stdout] 
[INFO] [stdout] error[E0432]: unresolved import `pqc_combo`
[INFO] [stdout]  --> tests/cast_tests.rs:7:5
[INFO] [stdout]   |
[INFO] [stdout] 7 | use pqc_combo::PqcError;
[INFO] [stdout]   |     ^^^^^^^^^ use of unresolved module or unlinked crate `pqc_combo`
[INFO] [stdout]   |
[INFO] [stdout]   = help: if you wanted to use a crate named `pqc_combo`, use `cargo add pqc_combo` to add it to your `Cargo.toml`
[INFO] [stdout] 
[INFO] [stdout] 
[INFO] [stdout] error[E0432]: unresolved import `pqc_combo`
[INFO] [stdout]    --> tests/cast_tests.rs:110:9
[INFO] [stdout]     |
[INFO] [stdout] 110 |     use pqc_combo::*;
[INFO] [stdout]     |         ^^^^^^^^^ use of unresolved module or unlinked crate `pqc_combo`
[INFO] [stdout]     |
[INFO] [stdout]     = help: if you wanted to use a crate named `pqc_combo`, use `cargo add pqc_combo` to add it to your `Cargo.toml`
[INFO] [stdout] 
[INFO] [stdout] 
[INFO] [stdout] error[E0433]: cannot find module or crate `pqc_combo` in this scope
[INFO] [stdout]   --> tests/fips_140_3.rs:11:5
[INFO] [stdout]    |
[INFO] [stdout] 11 | use pqc_combo::pct::{kyber_pct, dilithium_pct};
[INFO] [stdout]    |     ^^^^^^^^^ use of unresolved module or unlinked crate `pqc_combo`
[INFO] [stdout]    |
[INFO] [stdout]    = help: if you wanted to use a crate named `pqc_combo`, use `cargo add pqc_combo` to add it to your `Cargo.toml`
[INFO] [stdout] 
[INFO] [stdout] 
[INFO] [stdout] error[E0432]: unresolved import `pqc_combo`
[INFO] [stdout]   --> tests/fips_140_3.rs:10:5
[INFO] [stdout]    |
[INFO] [stdout] 10 | use pqc_combo::*;
[INFO] [stdout]    |     ^^^^^^^^^ use of unresolved module or unlinked crate `pqc_combo`
[INFO] [stdout]    |
[INFO] [stdout]    = help: if you wanted to use a crate named `pqc_combo`, use `cargo add pqc_combo` to add it to your `Cargo.toml`
[INFO] [stdout] 
[INFO] [stdout] 
[INFO] [stdout] error[E0432]: unresolved import `pqc_combo`
[INFO] [stdout]  --> tests/cross_validation.rs:8:5
[INFO] [stdout]   |
[INFO] [stdout] 8 | use pqc_combo::*;
[INFO] [stdout]   |     ^^^^^^^^^ use of unresolved module or unlinked crate `pqc_combo`
[INFO] [stdout]   |
[INFO] [stdout]   = help: if you wanted to use a crate named `pqc_combo`, use `cargo add pqc_combo` to add it to your `Cargo.toml`
[INFO] [stdout] 
[INFO] [stdout] 
[INFO] [stdout] error[E0432]: unresolved import `pqc_combo`
[INFO] [stdout]  --> tests/property_tests.rs:2:5
[INFO] [stdout]   |
[INFO] [stdout] 2 | use pqc_combo::*;
[INFO] [stdout]   |     ^^^^^^^^^ use of unresolved module or unlinked crate `pqc_combo`
[INFO] [stdout]   |
[INFO] [stdout]   = help: if you wanted to use a crate named `pqc_combo`, use `cargo add pqc_combo` to add it to your `Cargo.toml`
[INFO] [stdout] 
[INFO] [stdout] 
[INFO] [stdout] For more information about this error, try `rustc --explain E0432`.
[INFO] [stdout] 
[INFO] [stderr] error: could not compile `pqc-fips` (test "integration") due to 1 previous error
[INFO] [stderr] warning: build failed, waiting for other jobs to finish...
[INFO] [stdout] Some errors have detailed explanations: E0432, E0433.
[INFO] [stdout] 
[INFO] [stdout] For more information about an error, try `rustc --explain E0432`.
[INFO] [stdout] 
[INFO] [stderr] error: could not compile `pqc-fips` (test "cast_tests") due to 3 previous errors
[INFO] [stdout] Some errors have detailed explanations: E0432, E0433.
[INFO] [stdout] 
[INFO] [stdout] For more information about an error, try `rustc --explain E0432`.
[INFO] [stdout] 
[INFO] [stderr] error: could not compile `pqc-fips` (test "fips_140_3") due to 2 previous errors
[INFO] [stdout] For more information about this error, try `rustc --explain E0432`.
[INFO] [stdout] 
[INFO] [stderr] error: could not compile `pqc-fips` (test "property_tests") due to 1 previous error
[INFO] [stdout] warning: unused import: `super::*`
[INFO] [stdout]   --> tests/cross_validation.rs:12:9
[INFO] [stdout]    |
[INFO] [stdout] 12 |     use super::*;
[INFO] [stdout]    |         ^^^^^^^^
[INFO] [stdout]    |
[INFO] [stdout]    = note: `#[warn(unused_imports)]` (part of `#[warn(unused)]`) on by default
[INFO] [stdout] 
[INFO] [stdout] 
[INFO] [stdout] warning: unused import: `super::*`
[INFO] [stdout]   --> tests/cross_validation.rs:90:9
[INFO] [stdout]    |
[INFO] [stdout] 90 |     use super::*;
[INFO] [stdout]    |         ^^^^^^^^
[INFO] [stdout] 
[INFO] [stdout] 
[INFO] [stdout] warning: unused import: `super::*`
[INFO] [stdout]    --> tests/cross_validation.rs:168:9
[INFO] [stdout]     |
[INFO] [stdout] 168 |     use super::*;
[INFO] [stdout]     |         ^^^^^^^^
[INFO] [stdout] 
[INFO] [stdout] 
[INFO] [stdout] warning: unused import: `super::*`
[INFO] [stdout]    --> tests/cross_validation.rs:262:9
[INFO] [stdout]     |
[INFO] [stdout] 262 |     use super::*;
[INFO] [stdout]     |         ^^^^^^^^
[INFO] [stdout] 
[INFO] [stdout] 
[INFO] [stdout] warning: unused import: `super::*`
[INFO] [stdout]    --> tests/cross_validation.rs:294:9
[INFO] [stdout]     |
[INFO] [stdout] 294 |     use super::*;
[INFO] [stdout]     |         ^^^^^^^^
[INFO] [stdout] 
[INFO] [stdout] 
[INFO] [stdout] For more information about this error, try `rustc --explain E0432`.
[INFO] [stdout] 
[INFO] [stderr] error: could not compile `pqc-fips` (test "cross_validation") due to 1 previous error; 5 warnings emitted
[INFO] running `Command { std: "docker" "inspect" "bdd64fe3748dd5a8e87db6e0423c9d4a33e7408bd19d3b01f569f37a1b8fc68a", kill_on_drop: false }`
[INFO] running `Command { std: "docker" "rm" "-f" "bdd64fe3748dd5a8e87db6e0423c9d4a33e7408bd19d3b01f569f37a1b8fc68a", kill_on_drop: false }`
[INFO] [stdout] bdd64fe3748dd5a8e87db6e0423c9d4a33e7408bd19d3b01f569f37a1b8fc68a
