[INFO] fetching crate oxistore-columnar 0.3.0...
[INFO] testing oxistore-columnar-0.3.0 against 1.99.0-beta.8 for beta-1.100-2
[INFO] extracting crate oxistore-columnar 0.3.0 into /workspace/builds/worker-0-tc1/source
[INFO] started tweaking crates.io crate oxistore-columnar 0.3.0
[INFO] removed 0 missing examples
[INFO] removed 0 missing tests
[INFO] finished tweaking crates.io crate oxistore-columnar 0.3.0
[INFO] tweaked toml for crates.io crate oxistore-columnar 0.3.0 written to /workspace/builds/worker-0-tc1/source/Cargo.toml
[INFO] validating manifest of crates.io crate oxistore-columnar 0.3.0 on toolchain 1.99.0-beta.8
[INFO] running `Command { std: CARGO_HOME="/workspace/cargo-home" RUSTUP_HOME="/workspace/rustup-home" "/workspace/cargo-home/bin/cargo" "+1.99.0-beta.8" "metadata" "--manifest-path" "Cargo.toml" "--no-deps", kill_on_drop: false }`
[INFO] crate crates.io crate oxistore-columnar 0.3.0 already has a lockfile, it will not be regenerated
[INFO] running `Command { std: CARGO_HOME="/workspace/cargo-home" RUSTUP_HOME="/workspace/rustup-home" "/workspace/cargo-home/bin/cargo" "+1.99.0-beta.8" "fetch" "--manifest-path" "Cargo.toml", kill_on_drop: false }`
[INFO] [stderr]     Updating crates.io index
[INFO] [stderr]  Downloading crates ...
[INFO] [stderr]   Downloaded parquet-variant-json v59.1.0
[INFO] [stderr]   Downloaded arrow v59.1.0
[INFO] [stderr]   Downloaded flatbuffers v25.12.19
[INFO] [stderr]   Downloaded arrow-string v59.1.0
[INFO] [stderr]   Downloaded arrow-csv v59.1.0
[INFO] [stderr]   Downloaded arrow-arith v59.1.0
[INFO] [stderr]   Downloaded arrow-data v59.1.0
[INFO] [stderr]   Downloaded arrow-row v59.1.0
[INFO] [stderr]   Downloaded parquet-variant v59.1.0
[INFO] [stderr]   Downloaded arrow-schema v59.1.0
[INFO] [stderr]   Downloaded arrow-ord v59.1.0
[INFO] [stderr]   Downloaded arrow-json v59.1.0
[INFO] [stderr]   Downloaded arrow-ipc v59.1.0
[INFO] [stderr]   Downloaded parquet-variant-compute v59.1.0
[INFO] [stderr]   Downloaded arrow-select v59.1.0
[INFO] [stderr]   Downloaded arrow-buffer v59.1.0
[INFO] [stderr]   Downloaded arrow-cast v59.1.0
[INFO] [stderr]   Downloaded arrow-array v59.1.0
[INFO] [stderr]   Downloaded parquet v59.1.0
[INFO] running `Command { std: "docker" "create" "-v" "/var/lib/crater-agent-workspace/builds/worker-0-tc1/source:/opt/rustwide/workdir:ro,Z" "-v" "/var/lib/crater-agent-workspace/builds/worker-0-tc1/target:/opt/rustwide/target:rw,Z" "-v" "/var/lib/crater-agent-workspace/cargo-home:/opt/rustwide/cargo-home:ro,Z" "-v" "/var/lib/crater-agent-workspace/rustup-home:/opt/rustwide/rustup-home:ro,Z" "-m" "1610612736" "--network" "none" "ghcr.io/rust-lang/crates-build-env/linux@sha256:3111399a4047eeb3a02b7a90e478d715f38a8c6669b5c4b49d30a17385265909" "sleep" "infinity", kill_on_drop: false }`
[INFO] [stdout] 22a692cffa720c9ba57a5beb6ac10a470d65902c6069ccc00b4ff593f786f201
[INFO] running `Command { std: "docker" "start" "22a692cffa720c9ba57a5beb6ac10a470d65902c6069ccc00b4ff593f786f201", kill_on_drop: false }`
[INFO] running `Command { std: "docker" "inspect" "22a692cffa720c9ba57a5beb6ac10a470d65902c6069ccc00b4ff593f786f201", kill_on_drop: false }`
[INFO] running `Command { std: "docker" "exec" "-e" "SOURCE_DIR=/opt/rustwide/workdir" "-e" "CARGO_HOME=/opt/rustwide/cargo-home" "-e" "RUSTUP_HOME=/opt/rustwide/rustup-home" "-e" "CARGO_TARGET_DIR=/opt/rustwide/target" "-w" "/opt/rustwide/workdir" "--user" "0:0" "22a692cffa720c9ba57a5beb6ac10a470d65902c6069ccc00b4ff593f786f201" "/opt/rustwide/cargo-home/bin/cargo" "+1.99.0-beta.8" "metadata" "--no-deps" "--format-version=1", kill_on_drop: false }`
[INFO] running `Command { std: "docker" "inspect" "22a692cffa720c9ba57a5beb6ac10a470d65902c6069ccc00b4ff593f786f201", kill_on_drop: false }`
[INFO] running `Command { std: "docker" "exec" "-e" "SOURCE_DIR=/opt/rustwide/workdir" "-e" "CARGO_HOME=/opt/rustwide/cargo-home" "-e" "RUSTUP_HOME=/opt/rustwide/rustup-home" "-e" "CARGO_TARGET_DIR=/opt/rustwide/target" "-e" "CARGO_INCREMENTAL=0" "-e" "RUST_BACKTRACE=full" "-e" "RUSTFLAGS=--cap-lints=warn" "-e" "RUSTDOCFLAGS=--cap-lints=warn" "-w" "/opt/rustwide/workdir" "--user" "0:0" "22a692cffa720c9ba57a5beb6ac10a470d65902c6069ccc00b4ff593f786f201" "/opt/rustwide/cargo-home/bin/cargo" "+1.99.0-beta.8" "build" "--frozen" "--message-format=json", kill_on_drop: false }`
[INFO] [stderr]    Compiling num-traits v0.2.19
[INFO] [stderr]    Compiling libc v0.2.189
[INFO] [stderr]    Compiling zerocopy v0.8.55
[INFO] [stderr]    Compiling serde_core v1.0.229
[INFO] [stderr]    Compiling once_cell v1.21.4
[INFO] [stderr]    Compiling ahash v0.8.12
[INFO] [stderr]    Compiling lexical-util v1.0.7
[INFO] [stderr]    Compiling simdutf8 v0.1.5
[INFO] [stderr]    Compiling syn v2.0.119
[INFO] [stderr]    Compiling flatbuffers v25.12.19
[INFO] [stderr]    Compiling seq-macro v0.3.6
[INFO] [stderr]    Compiling twox-hash v2.1.3
[INFO] [stderr]    Compiling lexical-write-integer v1.0.6
[INFO] [stderr]    Compiling lexical-parse-integer v1.0.6
[INFO] [stderr]    Compiling lexical-write-float v1.0.6
[INFO] [stderr]    Compiling lexical-parse-float v1.0.6
[INFO] [stderr]    Compiling lexical-core v1.0.6
[INFO] [stderr]    Compiling getrandom v0.3.4
[INFO] [stderr]    Compiling getrandom v0.4.3
[INFO] [stderr]    Compiling uuid v1.24.0
[INFO] [stderr]    Compiling num-integer v0.1.46
[INFO] [stderr]    Compiling chrono v0.4.45
[INFO] [stderr]    Compiling num-complex v0.4.6
[INFO] [stderr]    Compiling atoi v2.0.0
[INFO] [stderr]    Compiling num-bigint v0.4.8
[INFO] [stderr]    Compiling zerocopy-derive v0.8.55
[INFO] [stderr]    Compiling serde_json v1.0.151
[INFO] [stderr]    Compiling csv v1.4.0
[INFO] [stderr]    Compiling arrow-schema v59.1.0
[INFO] [stderr]    Compiling half v2.7.1
[INFO] [stderr]    Compiling arrow-buffer v59.1.0
[INFO] [stderr]    Compiling arrow-data v59.1.0
[INFO] [stderr]    Compiling arrow-array v59.1.0
[INFO] [stderr]    Compiling arrow-select v59.1.0
[INFO] [stderr]    Compiling arrow-arith v59.1.0
[INFO] [stderr]    Compiling arrow-row v59.1.0
[INFO] [stderr]    Compiling arrow-ord v59.1.0
[INFO] [stderr]    Compiling arrow-string v59.1.0
[INFO] [stderr]    Compiling arrow-ipc v59.1.0
[INFO] [stderr]    Compiling arrow-cast v59.1.0
[INFO] [stderr]    Compiling arrow-json v59.1.0
[INFO] [stderr]    Compiling arrow-csv v59.1.0
[INFO] [stderr]    Compiling arrow v59.1.0
[INFO] [stderr]    Compiling parquet-variant v59.1.0
[INFO] [stderr]    Compiling parquet-variant-json v59.1.0
[INFO] [stderr]    Compiling parquet-variant-compute v59.1.0
[INFO] [stderr]    Compiling parquet v59.1.0
[INFO] [stderr]    Compiling oxistore-columnar v0.3.0 (/opt/rustwide/workdir)
[INFO] [stderr]     Finished `dev` profile [unoptimized + debuginfo] target(s) in 1m 08s
[INFO] running `Command { std: "docker" "inspect" "22a692cffa720c9ba57a5beb6ac10a470d65902c6069ccc00b4ff593f786f201", kill_on_drop: false }`
[INFO] running `Command { std: "docker" "exec" "-e" "SOURCE_DIR=/opt/rustwide/workdir" "-e" "CARGO_HOME=/opt/rustwide/cargo-home" "-e" "RUSTUP_HOME=/opt/rustwide/rustup-home" "-e" "CARGO_TARGET_DIR=/opt/rustwide/target" "-e" "CARGO_INCREMENTAL=0" "-e" "RUST_BACKTRACE=full" "-e" "RUSTFLAGS=--cap-lints=warn" "-e" "RUSTDOCFLAGS=--cap-lints=warn" "-w" "/opt/rustwide/workdir" "--user" "0:0" "22a692cffa720c9ba57a5beb6ac10a470d65902c6069ccc00b4ff593f786f201" "/opt/rustwide/cargo-home/bin/cargo" "+1.99.0-beta.8" "test" "--frozen" "--no-run" "--message-format=json", kill_on_drop: false }`
[INFO] [stderr]    Compiling serde_core v1.0.229
[INFO] [stderr]    Compiling once_cell v1.21.4
[INFO] [stderr]    Compiling bitflags v2.13.1
[INFO] [stderr]    Compiling regex-automata v0.4.18
[INFO] [stderr]    Compiling num-integer v0.1.46
[INFO] [stderr]    Compiling chrono v0.4.45
[INFO] [stderr]    Compiling num-complex v0.4.6
[INFO] [stderr]    Compiling atoi v2.0.0
[INFO] [stderr]    Compiling crossbeam-epoch v0.9.20
[INFO] [stderr]    Compiling syn v3.0.3
[INFO] [stderr]    Compiling uuid v1.24.0
[INFO] [stderr]    Compiling crossbeam-deque v0.8.7
[INFO] [stderr]    Compiling half v2.7.1
[INFO] [stderr]    Compiling alloca v0.4.0
[INFO] [stderr]    Compiling plotters-backend v0.3.7
[INFO] [stderr]    Compiling fastrand v2.5.0
[INFO] [stderr]    Compiling flatbuffers v25.12.19
[INFO] [stderr]    Compiling rustix v1.1.4
[INFO] [stderr]    Compiling clap_lex v1.1.0
[INFO] [stderr]    Compiling ahash v0.8.12
[INFO] [stderr]    Compiling ciborium-io v0.2.2
[INFO] [stderr]    Compiling ciborium-ll v0.2.2
[INFO] [stderr]    Compiling clap_builder v4.6.5
[INFO] [stderr]    Compiling itertools v0.13.0
[INFO] [stderr]    Compiling plotters-svg v0.3.7
[INFO] [stderr]    Compiling ppv-lite86 v0.2.21
[INFO] [stderr]    Compiling wait-timeout v0.2.1
[INFO] [stderr]    Compiling cast v0.3.0
[INFO] [stderr]    Compiling bit-vec v0.8.0
[INFO] [stderr]    Compiling same-file v1.0.6
[INFO] [stderr]    Compiling rand_chacha v0.9.0
[INFO] [stderr]    Compiling plotters v0.3.7
[INFO] [stderr]    Compiling num-bigint v0.4.8
[INFO] [stderr]    Compiling rayon-core v1.13.0
[INFO] [stderr]    Compiling walkdir v2.5.0
[INFO] [stderr]    Compiling rand v0.9.5
[INFO] [stderr]    Compiling rand_xorshift v0.4.0
[INFO] [stderr]    Compiling bit-set v0.8.0
[INFO] [stderr]    Compiling page_size v0.6.0
[INFO] [stderr]    Compiling oorandom v11.1.5
[INFO] [stderr]    Compiling unarray v0.1.4
[INFO] [stderr]    Compiling anes v0.1.6
[INFO] [stderr]    Compiling rayon v1.12.0
[INFO] [stderr]    Compiling serde_derive v1.0.229
[INFO] [stderr]    Compiling arrow-buffer v59.1.0
[INFO] [stderr]    Compiling criterion-plot v0.8.2
[INFO] [stderr]    Compiling tempfile v3.27.0
[INFO] [stderr]    Compiling regex v1.13.1
[INFO] [stderr]    Compiling rusty-fork v0.3.1
[INFO] [stderr]    Compiling serde_json v1.0.151
[INFO] [stderr]    Compiling csv v1.4.0
[INFO] [stderr]    Compiling proptest v1.11.0
[INFO] [stderr]    Compiling clap v4.6.5
[INFO] [stderr]    Compiling arrow-schema v59.1.0
[INFO] [stderr]    Compiling serde v1.0.229
[INFO] [stderr]    Compiling arrow-data v59.1.0
[INFO] [stderr]    Compiling ciborium v0.2.2
[INFO] [stderr]    Compiling tinytemplate v1.2.1
[INFO] [stderr]    Compiling arrow-array v59.1.0
[INFO] [stderr]    Compiling criterion v0.8.2
[INFO] [stderr]    Compiling arrow-select v59.1.0
[INFO] [stderr]    Compiling arrow-arith v59.1.0
[INFO] [stderr]    Compiling arrow-row v59.1.0
[INFO] [stderr]    Compiling arrow-ord v59.1.0
[INFO] [stderr]    Compiling arrow-string v59.1.0
[INFO] [stderr]    Compiling arrow-ipc v59.1.0
[INFO] [stderr]    Compiling arrow-cast v59.1.0
[INFO] [stderr]    Compiling arrow-csv v59.1.0
[INFO] [stderr]    Compiling arrow-json v59.1.0
[INFO] [stderr]    Compiling arrow v59.1.0
[INFO] [stderr]    Compiling parquet-variant v59.1.0
[INFO] [stderr]    Compiling parquet-variant-json v59.1.0
[INFO] [stderr]    Compiling parquet-variant-compute v59.1.0
[INFO] [stderr]    Compiling parquet v59.1.0
[INFO] [stderr]    Compiling oxistore-columnar v0.3.0 (/opt/rustwide/workdir)
[INFO] [stderr] error: could not compile `oxistore-columnar` (test "new_features")
[INFO] [stderr] 
[INFO] [stderr] Caused by:
[INFO] [stderr]   process didn't exit successfully: `/opt/rustwide/rustup-home/toolchains/1.99.0-beta.8-x86_64-unknown-linux-gnu/bin/rustc --crate-name new_features --edition=2021 tests/new_features.rs --error-format=json --json=diagnostic-rendered-ansi,artifacts,future-incompat --emit=dep-info,link -C embed-bitcode=no -C debuginfo=2 --test --cfg 'feature="default"' --check-cfg 'cfg(docsrs,test)' --check-cfg 'cfg(feature, values("columnar", "compress", "default"))' -C metadata=deefbc7c8c66d969 -C extra-filename=-504c7c752be8edbf --out-dir /opt/rustwide/target/debug/deps -L dependency=/opt/rustwide/target/debug/deps --extern arrow=/opt/rustwide/target/debug/deps/libarrow-f63901323c983930.rlib --extern bytes=/opt/rustwide/target/debug/deps/libbytes-5f66263ae3d5daa8.rlib --extern criterion=/opt/rustwide/target/debug/deps/libcriterion-bb480eab01221f85.rlib --extern oxistore_columnar=/opt/rustwide/target/debug/deps/liboxistore_columnar-ee13e30929493368.rlib --extern parquet=/opt/rustwide/target/debug/deps/libparquet-b5329daeafc260a8.rlib --extern proptest=/opt/rustwide/target/debug/deps/libproptest-0eafae93a0bfa4ce.rlib --cap-lints=warn -L native=/opt/rustwide/target/debug/build/alloca-75e6c9006bce31c1/out` (signal: 9, SIGKILL: kill)
[INFO] [stderr] warning: build failed, waiting for other jobs to finish...
[INFO] [stderr] error: could not compile `oxistore-columnar` (test "proptest_roundtrip")
[INFO] [stderr] 
[INFO] [stderr] Caused by:
[INFO] [stderr]   process didn't exit successfully: `/opt/rustwide/rustup-home/toolchains/1.99.0-beta.8-x86_64-unknown-linux-gnu/bin/rustc --crate-name proptest_roundtrip --edition=2021 tests/proptest_roundtrip.rs --error-format=json --json=diagnostic-rendered-ansi,artifacts,future-incompat --emit=dep-info,link -C embed-bitcode=no -C debuginfo=2 --test --cfg 'feature="default"' --check-cfg 'cfg(docsrs,test)' --check-cfg 'cfg(feature, values("columnar", "compress", "default"))' -C metadata=8f6f65552ba8fc50 -C extra-filename=-48fc22da4ba6db71 --out-dir /opt/rustwide/target/debug/deps -L dependency=/opt/rustwide/target/debug/deps --extern arrow=/opt/rustwide/target/debug/deps/libarrow-f63901323c983930.rlib --extern bytes=/opt/rustwide/target/debug/deps/libbytes-5f66263ae3d5daa8.rlib --extern criterion=/opt/rustwide/target/debug/deps/libcriterion-bb480eab01221f85.rlib --extern oxistore_columnar=/opt/rustwide/target/debug/deps/liboxistore_columnar-ee13e30929493368.rlib --extern parquet=/opt/rustwide/target/debug/deps/libparquet-b5329daeafc260a8.rlib --extern proptest=/opt/rustwide/target/debug/deps/libproptest-0eafae93a0bfa4ce.rlib --cap-lints=warn -L native=/opt/rustwide/target/debug/build/alloca-75e6c9006bce31c1/out` (signal: 9, SIGKILL: kill)
[INFO] [stdout] error: linking with `cc` failed: exit status: 1
[INFO] [stdout]   |
[INFO] [stdout]   = note:  "cc" "-m64" "/opt/rustwide/target/debug/deps/rustc8Fa1oY/symbols.o" "<3 object files omitted>" "-Wl,--as-needed" "-Wl,-Bstatic" "<sysroot>/lib/rustlib/x86_64-unknown-linux-gnu/lib/{libtest-*,libgetopts-*,librustc_std_workspace_std-*}.rlib" "/opt/rustwide/target/debug/deps/{liboxistore_columnar-ee13e30929493368,libparquet-b5329daeafc260a8,libparquet_variant_compute-c92c1b574016af14,libparquet_variant_json-e2d13526a2237b4d,libparquet_variant-bdf97f29254a4824,libuuid-668300c37256f4af,libgetrandom-6feb49a1110d2dab,libtwox_hash-05a5a179a433acf0,libarrow-f63901323c983930,libarrow_row-21aa819246acb13c,libarrow_json-db7f81014d76b62a,libsimdutf8-0b1b63a7b11d4058,libindexmap-b92bb9c25241b995,libequivalent-6a754676e6af62ae,libarrow_ipc-ec280b5457d7f7cb,libflatbuffers-e9571fc612e736d1,libbitflags-7039d3929d603d58,libarrow_csv-b4a03567d1c69d9d,libcsv-e8aa3cc5efe9d90d,libcsv_core-b0fda6c0ccde7103,libarrow_string-3936b8fa1043d2a2,libregex-43607174c8cd7dee,libregex_automata-694fce47bc798ac9,libaho_corasick-d1ae79b76a6f7869,libregex_syntax-801391c65a42f645,libarrow_cast-12b67c7489227db3,libatoi-1f54cff899acc2c3,libryu-1f4f40e4352371e5,libbase64-32787b0325ea6df8,liblexical_core-f05491c3a50edaa0,liblexical_write_float-712757527daa16ab,liblexical_write_integer-2f3589da0b9f210c,liblexical_parse_float-3c29d03419db7c6a,liblexical_parse_integer-4fcfb19c13bfbc18,liblexical_util-801879279684047a,libarrow_arith-5feeb8506a7eb063,libarrow_ord-2f3de3ace6005670,libarrow_select-4c76c3b94a5dccf4,libarrow_array-319c16f4d7eaca83,libahash-da0afa3fad05bb43,libgetrandom-1e62ef079fef2f0f,liblibc-32464e1b8391e223,libonce_cell-9d045526a262399f,libhashbrown-d7214d631586fd51,libnum_complex-ec4f7d6dfeb20d34,libchrono-255fb964aa158e7f,libiana_time_zone-bcd81aefedc374a6,libarrow_data-aa16df566e5a8631,libarrow_schema-30ca858ead9c8de0,libserde_json-389fd1bf70ae4bc4,libmemchr-a932478bde794617,libitoa-5de11b3b23bfe572,libzmij-2ca2f302097868c6,libserde_core-bdb9e4838d3479fd,libarrow_buffer-506cf0f4cab37365,libbytes-5f66263ae3d5daa8,libhalf-c2524bef0983d7dc,libcfg_if-83060ec5685761ae,libzerocopy-f878fc003d02af40,libnum_bigint-e9bbd7c6be805eb4,libnum_integer-e2fa663b540871f8,libnum_traits-68e0d171d32a4dd9}.rlib" "<sysroot>/lib/rustlib/x86_64-unknown-linux-gnu/lib/{libstd-*,libpanic_unwind-*,libobject-*,libmemchr-*,libaddr2line-*,libgimli-*,libcfg_if-*,librustc_demangle-*,libstd_detect-*,libhashbrown-*,librustc_std_workspace_alloc-*,libminiz_oxide-*,libadler2-*,libunwind-*,liblibc-*,librustc_std_workspace_core-*,liballoc-*,libcore-*,libcompiler_builtins-*}.rlib" "-Wl,-Bdynamic" "-lgcc_s" "-lutil" "-lrt" "-lpthread" "-lm" "-ldl" "-lc" "-L" "/opt/rustwide/target/debug/deps/rustc8Fa1oY/raw-dylibs" "-B<sysroot>/lib/rustlib/x86_64-unknown-linux-gnu/bin/gcc-ld" "-fuse-ld=lld" "-Wl,--eh-frame-hdr" "-Wl,-z,noexecstack" "-L" "/opt/rustwide/target/debug/build/alloca-75e6c9006bce31c1/out" "-L" "<sysroot>/lib/rustlib/x86_64-unknown-linux-gnu/lib" "-o" "/opt/rustwide/target/debug/deps/advanced_columnar-783cb75e8c068395" "-Wl,--gc-sections" "-pie" "-Wl,-z,relro,-z,now" "-nodefaultlibs"
[INFO] [stdout]   = note: some arguments are omitted. use `--verbose` to show all linker arguments
[INFO] [stdout]   = note: collect2: fatal error: ld terminated with signal 9 [Killed]
[INFO] [stdout]           compilation terminated.
[INFO] [stdout]           
[INFO] [stdout] 
[INFO] [stdout] 
[INFO] [stderr] error: could not compile `oxistore-columnar` (test "advanced_columnar") due to 1 previous error
[INFO] [stdout] error: linking with `cc` failed: exit status: 1
[INFO] [stdout]   |
[INFO] [stdout]   = note:  "cc" "-m64" "/opt/rustwide/target/debug/deps/rustcysFLQX/symbols.o" "<2 object files omitted>" "-Wl,--as-needed" "-Wl,-Bstatic" "<sysroot>/lib/rustlib/x86_64-unknown-linux-gnu/lib/{libtest-*,libgetopts-*,librustc_std_workspace_std-*}.rlib" "/opt/rustwide/target/debug/deps/{liboxistore_columnar-ee13e30929493368,libparquet-b5329daeafc260a8,libparquet_variant_compute-c92c1b574016af14,libparquet_variant_json-e2d13526a2237b4d,libparquet_variant-bdf97f29254a4824,libuuid-668300c37256f4af,libgetrandom-6feb49a1110d2dab,libtwox_hash-05a5a179a433acf0,libarrow-f63901323c983930,libarrow_row-21aa819246acb13c,libarrow_json-db7f81014d76b62a,libsimdutf8-0b1b63a7b11d4058,libindexmap-b92bb9c25241b995,libequivalent-6a754676e6af62ae,libarrow_ipc-ec280b5457d7f7cb,libflatbuffers-e9571fc612e736d1,libbitflags-7039d3929d603d58,libarrow_csv-b4a03567d1c69d9d,libcsv-e8aa3cc5efe9d90d,libcsv_core-b0fda6c0ccde7103,libarrow_string-3936b8fa1043d2a2,libregex-43607174c8cd7dee,libregex_automata-694fce47bc798ac9,libaho_corasick-d1ae79b76a6f7869,libregex_syntax-801391c65a42f645,libarrow_cast-12b67c7489227db3,libatoi-1f54cff899acc2c3,libryu-1f4f40e4352371e5,libbase64-32787b0325ea6df8,liblexical_core-f05491c3a50edaa0,liblexical_write_float-712757527daa16ab,liblexical_write_integer-2f3589da0b9f210c,liblexical_parse_float-3c29d03419db7c6a,liblexical_parse_integer-4fcfb19c13bfbc18,liblexical_util-801879279684047a,libarrow_arith-5feeb8506a7eb063,libarrow_ord-2f3de3ace6005670,libarrow_select-4c76c3b94a5dccf4,libarrow_array-319c16f4d7eaca83,libahash-da0afa3fad05bb43,libgetrandom-1e62ef079fef2f0f,liblibc-32464e1b8391e223,libonce_cell-9d045526a262399f,libhashbrown-d7214d631586fd51,libnum_complex-ec4f7d6dfeb20d34,libchrono-255fb964aa158e7f,libiana_time_zone-bcd81aefedc374a6,libarrow_data-aa16df566e5a8631,libarrow_schema-30ca858ead9c8de0,libserde_json-389fd1bf70ae4bc4,libmemchr-a932478bde794617,libitoa-5de11b3b23bfe572,libzmij-2ca2f302097868c6,libserde_core-bdb9e4838d3479fd,libarrow_buffer-506cf0f4cab37365,libbytes-5f66263ae3d5daa8,libhalf-c2524bef0983d7dc,libcfg_if-83060ec5685761ae,libzerocopy-f878fc003d02af40,libnum_bigint-e9bbd7c6be805eb4,libnum_integer-e2fa663b540871f8,libnum_traits-68e0d171d32a4dd9}.rlib" "<sysroot>/lib/rustlib/x86_64-unknown-linux-gnu/lib/{libstd-*,libpanic_unwind-*,libobject-*,libmemchr-*,libaddr2line-*,libgimli-*,libcfg_if-*,librustc_demangle-*,libstd_detect-*,libhashbrown-*,librustc_std_workspace_alloc-*,libminiz_oxide-*,libadler2-*,libunwind-*,liblibc-*,librustc_std_workspace_core-*,liballoc-*,libcore-*,libcompiler_builtins-*}.rlib" "-Wl,-Bdynamic" "-lgcc_s" "-lutil" "-lrt" "-lpthread" "-lm" "-ldl" "-lc" "-L" "/opt/rustwide/target/debug/deps/rustcysFLQX/raw-dylibs" "-B<sysroot>/lib/rustlib/x86_64-unknown-linux-gnu/bin/gcc-ld" "-fuse-ld=lld" "-Wl,--eh-frame-hdr" "-Wl,-z,noexecstack" "-L" "/opt/rustwide/target/debug/build/alloca-75e6c9006bce31c1/out" "-L" "<sysroot>/lib/rustlib/x86_64-unknown-linux-gnu/lib" "-o" "/opt/rustwide/target/debug/deps/external_parquet-55fab8deca8affa6" "-Wl,--gc-sections" "-pie" "-Wl,-z,relro,-z,now" "-nodefaultlibs"
[INFO] [stdout]   = note: some arguments are omitted. use `--verbose` to show all linker arguments
[INFO] [stdout]   = note: collect2: fatal error: ld terminated with signal 9 [Killed]
[INFO] [stdout]           compilation terminated.
[INFO] [stdout]           
[INFO] [stdout] 
[INFO] [stdout] 
[INFO] [stderr] error: could not compile `oxistore-columnar` (test "external_parquet") due to 1 previous error
[INFO] [stdout] error: linking with `cc` failed: exit status: 1
[INFO] [stdout]   |
[INFO] [stdout]   = note:  "cc" "-m64" "/opt/rustwide/target/debug/deps/rustceiVw4O/symbols.o" "<2 object files omitted>" "-Wl,--as-needed" "-Wl,-Bstatic" "<sysroot>/lib/rustlib/x86_64-unknown-linux-gnu/lib/{libtest-*,libgetopts-*,librustc_std_workspace_std-*}.rlib" "/opt/rustwide/target/debug/deps/{libparquet-b5329daeafc260a8,libparquet_variant_compute-c92c1b574016af14,libparquet_variant_json-e2d13526a2237b4d,libparquet_variant-bdf97f29254a4824,libuuid-668300c37256f4af,libgetrandom-6feb49a1110d2dab,libtwox_hash-05a5a179a433acf0,libarrow-f63901323c983930,libarrow_row-21aa819246acb13c,libarrow_json-db7f81014d76b62a,libsimdutf8-0b1b63a7b11d4058,libindexmap-b92bb9c25241b995,libequivalent-6a754676e6af62ae,libarrow_ipc-ec280b5457d7f7cb,libflatbuffers-e9571fc612e736d1,libbitflags-7039d3929d603d58,libarrow_csv-b4a03567d1c69d9d,libcsv-e8aa3cc5efe9d90d,libcsv_core-b0fda6c0ccde7103,libarrow_string-3936b8fa1043d2a2,libregex-43607174c8cd7dee,libregex_automata-694fce47bc798ac9,libaho_corasick-d1ae79b76a6f7869,libregex_syntax-801391c65a42f645,libarrow_cast-12b67c7489227db3,libatoi-1f54cff899acc2c3,libryu-1f4f40e4352371e5,libbase64-32787b0325ea6df8,liblexical_core-f05491c3a50edaa0,liblexical_write_float-712757527daa16ab,liblexical_write_integer-2f3589da0b9f210c,liblexical_parse_float-3c29d03419db7c6a,liblexical_parse_integer-4fcfb19c13bfbc18,liblexical_util-801879279684047a,libarrow_arith-5feeb8506a7eb063,libarrow_ord-2f3de3ace6005670,libarrow_select-4c76c3b94a5dccf4,libarrow_array-319c16f4d7eaca83,libahash-da0afa3fad05bb43,libgetrandom-1e62ef079fef2f0f,liblibc-32464e1b8391e223,libonce_cell-9d045526a262399f,libhashbrown-d7214d631586fd51,libnum_complex-ec4f7d6dfeb20d34,libchrono-255fb964aa158e7f,libiana_time_zone-bcd81aefedc374a6,libarrow_data-aa16df566e5a8631,libarrow_schema-30ca858ead9c8de0,libserde_json-389fd1bf70ae4bc4,libmemchr-a932478bde794617,libitoa-5de11b3b23bfe572,libzmij-2ca2f302097868c6,libserde_core-bdb9e4838d3479fd,libarrow_buffer-506cf0f4cab37365,libbytes-5f66263ae3d5daa8,libhalf-c2524bef0983d7dc,libcfg_if-83060ec5685761ae,libzerocopy-f878fc003d02af40,libnum_bigint-e9bbd7c6be805eb4,libnum_integer-e2fa663b540871f8,libnum_traits-68e0d171d32a4dd9}.rlib" "<sysroot>/lib/rustlib/x86_64-unknown-linux-gnu/lib/{libstd-*,libpanic_unwind-*,libobject-*,libmemchr-*,libaddr2line-*,libgimli-*,libcfg_if-*,librustc_demangle-*,libstd_detect-*,libhashbrown-*,librustc_std_workspace_alloc-*,libminiz_oxide-*,libadler2-*,libunwind-*,liblibc-*,librustc_std_workspace_core-*,liballoc-*,libcore-*,libcompiler_builtins-*}.rlib" "-Wl,-Bdynamic" "-lgcc_s" "-lutil" "-lrt" "-lpthread" "-lm" "-ldl" "-lc" "-L" "/opt/rustwide/target/debug/deps/rustceiVw4O/raw-dylibs" "-B<sysroot>/lib/rustlib/x86_64-unknown-linux-gnu/bin/gcc-ld" "-fuse-ld=lld" "-Wl,--eh-frame-hdr" "-Wl,-z,noexecstack" "-L" "/opt/rustwide/target/debug/build/alloca-75e6c9006bce31c1/out" "-L" "<sysroot>/lib/rustlib/x86_64-unknown-linux-gnu/lib" "-o" "/opt/rustwide/target/debug/deps/oxistore_columnar-5da1ef74c95ed7ad" "-Wl,--gc-sections" "-pie" "-Wl,-z,relro,-z,now" "-nodefaultlibs"
[INFO] [stdout]   = note: some arguments are omitted. use `--verbose` to show all linker arguments
[INFO] [stdout]   = note: collect2: fatal error: ld terminated with signal 9 [Killed]
[INFO] [stdout]           compilation terminated.
[INFO] [stdout]           
[INFO] [stdout] 
[INFO] [stdout] 
[INFO] [stderr] error: could not compile `oxistore-columnar` (lib test) due to 1 previous error
[INFO] [stdout] error: linking with `cc` failed: exit status: 1
[INFO] [stdout]   |
[INFO] [stdout]   = note:  "cc" "-m64" "/opt/rustwide/target/debug/deps/rustcWGXV1u/symbols.o" "<2 object files omitted>" "-Wl,--as-needed" "-Wl,-Bstatic" "<sysroot>/lib/rustlib/x86_64-unknown-linux-gnu/lib/{libtest-*,libgetopts-*,librustc_std_workspace_std-*}.rlib" "/opt/rustwide/target/debug/deps/{liboxistore_columnar-ee13e30929493368,libparquet-b5329daeafc260a8,libparquet_variant_compute-c92c1b574016af14,libparquet_variant_json-e2d13526a2237b4d,libparquet_variant-bdf97f29254a4824,libuuid-668300c37256f4af,libgetrandom-6feb49a1110d2dab,libtwox_hash-05a5a179a433acf0,libarrow-f63901323c983930,libarrow_row-21aa819246acb13c,libarrow_json-db7f81014d76b62a,libsimdutf8-0b1b63a7b11d4058,libindexmap-b92bb9c25241b995,libequivalent-6a754676e6af62ae,libarrow_ipc-ec280b5457d7f7cb,libflatbuffers-e9571fc612e736d1,libbitflags-7039d3929d603d58,libarrow_csv-b4a03567d1c69d9d,libcsv-e8aa3cc5efe9d90d,libcsv_core-b0fda6c0ccde7103,libarrow_string-3936b8fa1043d2a2,libregex-43607174c8cd7dee,libregex_automata-694fce47bc798ac9,libaho_corasick-d1ae79b76a6f7869,libregex_syntax-801391c65a42f645,libarrow_cast-12b67c7489227db3,libatoi-1f54cff899acc2c3,libryu-1f4f40e4352371e5,libbase64-32787b0325ea6df8,liblexical_core-f05491c3a50edaa0,liblexical_write_float-712757527daa16ab,liblexical_write_integer-2f3589da0b9f210c,liblexical_parse_float-3c29d03419db7c6a,liblexical_parse_integer-4fcfb19c13bfbc18,liblexical_util-801879279684047a,libarrow_arith-5feeb8506a7eb063,libarrow_ord-2f3de3ace6005670,libarrow_select-4c76c3b94a5dccf4,libarrow_array-319c16f4d7eaca83,libahash-da0afa3fad05bb43,libgetrandom-1e62ef079fef2f0f,liblibc-32464e1b8391e223,libonce_cell-9d045526a262399f,libhashbrown-d7214d631586fd51,libnum_complex-ec4f7d6dfeb20d34,libchrono-255fb964aa158e7f,libiana_time_zone-bcd81aefedc374a6,libarrow_data-aa16df566e5a8631,libarrow_schema-30ca858ead9c8de0,libserde_json-389fd1bf70ae4bc4,libmemchr-a932478bde794617,libitoa-5de11b3b23bfe572,libzmij-2ca2f302097868c6,libserde_core-bdb9e4838d3479fd,libarrow_buffer-506cf0f4cab37365,libbytes-5f66263ae3d5daa8,libhalf-c2524bef0983d7dc,libcfg_if-83060ec5685761ae,libzerocopy-f878fc003d02af40,libnum_bigint-e9bbd7c6be805eb4,libnum_integer-e2fa663b540871f8,libnum_traits-68e0d171d32a4dd9}.rlib" "<sysroot>/lib/rustlib/x86_64-unknown-linux-gnu/lib/{libstd-*,libpanic_unwind-*,libobject-*,libmemchr-*,libaddr2line-*,libgimli-*,libcfg_if-*,librustc_demangle-*,libstd_detect-*,libhashbrown-*,librustc_std_workspace_alloc-*,libminiz_oxide-*,libadler2-*,libunwind-*,liblibc-*,librustc_std_workspace_core-*,liballoc-*,libcore-*,libcompiler_builtins-*}.rlib" "-Wl,-Bdynamic" "-lgcc_s" "-lutil" "-lrt" "-lpthread" "-lm" "-ldl" "-lc" "-L" "/opt/rustwide/target/debug/deps/rustcWGXV1u/raw-dylibs" "-B<sysroot>/lib/rustlib/x86_64-unknown-linux-gnu/bin/gcc-ld" "-fuse-ld=lld" "-Wl,--eh-frame-hdr" "-Wl,-z,noexecstack" "-L" "/opt/rustwide/target/debug/build/alloca-75e6c9006bce31c1/out" "-L" "<sysroot>/lib/rustlib/x86_64-unknown-linux-gnu/lib" "-o" "/opt/rustwide/target/debug/deps/complex_arrow_types-3dc4e55a16ce8601" "-Wl,--gc-sections" "-pie" "-Wl,-z,relro,-z,now" "-nodefaultlibs"
[INFO] [stdout]   = note: some arguments are omitted. use `--verbose` to show all linker arguments
[INFO] [stdout]   = note: collect2: fatal error: ld terminated with signal 9 [Killed]
[INFO] [stdout]           compilation terminated.
[INFO] [stdout]           
[INFO] [stdout] 
[INFO] [stdout] 
[INFO] [stderr] error: could not compile `oxistore-columnar` (test "complex_arrow_types") due to 1 previous error
[ERROR] error running command: no output for 300 seconds
[INFO] running `Command { std: "docker" "inspect" "22a692cffa720c9ba57a5beb6ac10a470d65902c6069ccc00b4ff593f786f201", kill_on_drop: false }`
[INFO] running `Command { std: "docker" "rm" "-f" "22a692cffa720c9ba57a5beb6ac10a470d65902c6069ccc00b4ff593f786f201", kill_on_drop: false }`
[INFO] [stdout] 22a692cffa720c9ba57a5beb6ac10a470d65902c6069ccc00b4ff593f786f201
