[INFO] fetching crate mdbook-arborium 0.1.0...
[INFO] testing mdbook-arborium-0.1.0 against 1.100.0-beta.1 for beta-1.100-2
[INFO] extracting crate mdbook-arborium 0.1.0 into /workspace/builds/worker-4-tc2/source
[INFO] started tweaking crates.io crate mdbook-arborium 0.1.0
[INFO] finished tweaking crates.io crate mdbook-arborium 0.1.0
[INFO] tweaked toml for crates.io crate mdbook-arborium 0.1.0 written to /workspace/builds/worker-4-tc2/source/Cargo.toml
[INFO] validating manifest of crates.io crate mdbook-arborium 0.1.0 on toolchain 1.100.0-beta.1
[INFO] running `Command { std: CARGO_HOME="/workspace/cargo-home" RUSTUP_HOME="/workspace/rustup-home" "/workspace/cargo-home/bin/cargo" "+1.100.0-beta.1" "metadata" "--manifest-path" "Cargo.toml" "--no-deps", kill_on_drop: false }`
[INFO] crate crates.io crate mdbook-arborium 0.1.0 already has a lockfile, it will not be regenerated
[INFO] running `Command { std: CARGO_HOME="/workspace/cargo-home" RUSTUP_HOME="/workspace/rustup-home" "/workspace/cargo-home/bin/cargo" "+1.100.0-beta.1" "fetch" "--manifest-path" "Cargo.toml", kill_on_drop: false }`
[INFO] running `Command { std: "docker" "create" "-v" "/var/lib/crater-agent-workspace/builds/worker-4-tc2/source:/opt/rustwide/workdir:ro,Z" "-v" "/var/lib/crater-agent-workspace/builds/worker-4-tc2/target:/opt/rustwide/target:rw,Z" "-v" "/var/lib/crater-agent-workspace/cargo-home:/opt/rustwide/cargo-home:ro,Z" "-v" "/var/lib/crater-agent-workspace/rustup-home:/opt/rustwide/rustup-home:ro,Z" "-m" "1610612736" "--network" "none" "ghcr.io/rust-lang/crates-build-env/linux@sha256:3111399a4047eeb3a02b7a90e478d715f38a8c6669b5c4b49d30a17385265909" "sleep" "infinity", kill_on_drop: false }`
[INFO] [stdout] 2a837409c65897393a5dedd47de5e75128c99c184f1f5043ab35dcb4e00ba681
[INFO] running `Command { std: "docker" "start" "2a837409c65897393a5dedd47de5e75128c99c184f1f5043ab35dcb4e00ba681", kill_on_drop: false }`
[INFO] running `Command { std: "docker" "inspect" "2a837409c65897393a5dedd47de5e75128c99c184f1f5043ab35dcb4e00ba681", kill_on_drop: false }`
[INFO] running `Command { std: "docker" "exec" "-e" "SOURCE_DIR=/opt/rustwide/workdir" "-e" "CARGO_HOME=/opt/rustwide/cargo-home" "-e" "RUSTUP_HOME=/opt/rustwide/rustup-home" "-e" "CARGO_TARGET_DIR=/opt/rustwide/target" "-w" "/opt/rustwide/workdir" "--user" "0:0" "2a837409c65897393a5dedd47de5e75128c99c184f1f5043ab35dcb4e00ba681" "/opt/rustwide/cargo-home/bin/cargo" "+1.100.0-beta.1" "metadata" "--no-deps" "--format-version=1", kill_on_drop: false }`
[INFO] running `Command { std: "docker" "inspect" "2a837409c65897393a5dedd47de5e75128c99c184f1f5043ab35dcb4e00ba681", kill_on_drop: false }`
[INFO] running `Command { std: "docker" "exec" "-e" "SOURCE_DIR=/opt/rustwide/workdir" "-e" "CARGO_HOME=/opt/rustwide/cargo-home" "-e" "RUSTUP_HOME=/opt/rustwide/rustup-home" "-e" "CARGO_TARGET_DIR=/opt/rustwide/target" "-e" "CARGO_INCREMENTAL=0" "-e" "RUST_BACKTRACE=full" "-e" "RUSTFLAGS=--cap-lints=warn" "-e" "RUSTDOCFLAGS=--cap-lints=warn" "-w" "/opt/rustwide/workdir" "--user" "0:0" "2a837409c65897393a5dedd47de5e75128c99c184f1f5043ab35dcb4e00ba681" "/opt/rustwide/cargo-home/bin/cargo" "+1.100.0-beta.1" "build" "--frozen" "--message-format=json", kill_on_drop: false }`
[INFO] [stderr]    Compiling cc v1.2.56
[INFO] [stderr]    Compiling tree-sitter-language v0.1.7
[INFO] [stderr]    Compiling proc-macro2 v1.0.106
[INFO] [stderr]    Compiling quote v1.0.44
[INFO] [stderr]    Compiling memchr v2.8.0
[INFO] [stderr]    Compiling serde_core v1.0.228
[INFO] [stderr]    Compiling regex-syntax v0.8.11
[INFO] [stderr]    Compiling zmij v1.0.21
[INFO] [stderr]    Compiling anyhow v1.0.104
[INFO] [stderr]    Compiling winnow v1.0.4
[INFO] [stderr]    Compiling serde v1.0.228
[INFO] [stderr]    Compiling toml_writer v1.1.2+spec-1.1.0
[INFO] [stderr]    Compiling tracing-core v0.1.36
[INFO] [stderr]    Compiling streaming-iterator v0.1.9
[INFO] [stderr]    Compiling itoa v1.0.17
[INFO] [stderr]    Compiling pulldown-cmark v0.13.4
[INFO] [stderr]    Compiling pulldown-cmark-escape v0.11.0
[INFO] [stderr]    Compiling bitflags v2.11.0
[INFO] [stderr]    Compiling unicase v2.9.0
[INFO] [stderr]    Compiling arborium v2.18.1
[INFO] [stderr]    Compiling arborium-theme v2.18.1
[INFO] [stderr]    Compiling thiserror v2.0.20
[INFO] [stderr]    Compiling semver v1.0.28
[INFO] [stderr]    Compiling toml_parser v1.1.3+spec-1.1.0
[INFO] [stderr]    Compiling syn v2.0.117
[INFO] [stderr]    Compiling syn v3.0.4
[INFO] [stderr]    Compiling aho-corasick v1.1.4
[INFO] [stderr]    Compiling arborium-jsdoc v2.18.1
[INFO] [stderr]    Compiling arborium-javascript v2.18.1
[INFO] [stderr]    Compiling arborium-css v2.18.1
[INFO] [stderr]    Compiling arborium-c v2.18.1
[INFO] [stderr]    Compiling arborium-html v2.18.1
[INFO] [stderr]    Compiling arborium-scss v2.18.1
[INFO] [stderr]    Compiling arborium-typescript v2.18.1
[INFO] [stderr]    Compiling arborium-tree-sitter v2.18.1
[INFO] [stderr]    Compiling arborium-cpp v2.18.1
[INFO] [stderr]    Compiling arborium-yaml v2.18.1
[INFO] [stderr]    Compiling arborium-toml v2.18.1
[INFO] [stderr]    Compiling regex-automata v0.4.18
[INFO] [stderr]    Compiling arborium-elixir v2.18.1
[INFO] [stderr]    Compiling arborium-julia v2.18.1
[INFO] [stderr]    Compiling toml_datetime v1.1.1+spec-1.1.0
[INFO] [stderr]    Compiling serde_spanned v1.1.1
[INFO] [stderr]    Compiling arborium-r v2.18.1
[INFO] [stderr]    Compiling arborium-caddy v2.18.1
[INFO] [stderr]    Compiling arborium-bash v2.18.1
[INFO] [stderr]    Compiling arborium-dart v2.18.1
[INFO] [stderr]    Compiling arborium-idris v2.18.1
[INFO] [stderr]    Compiling arborium-swift v2.18.1
[INFO] [stderr]    Compiling arborium-textproto v2.18.1
[INFO] [stderr]    Compiling arborium-gitattributes v2.18.1
[INFO] [stderr]    Compiling arborium-lean v2.18.1
[INFO] [stderr]    Compiling arborium-commonlisp v2.18.1
[INFO] [stderr]    Compiling arborium-cmake v2.18.1
[INFO] [stderr]    Compiling arborium-awk v2.18.1
[INFO] [stderr]    Compiling arborium-elisp v2.18.1
[INFO] [stderr]    Compiling arborium-json v2.18.1
[INFO] [stderr]    Compiling arborium-query v2.18.1
[INFO] [stderr]    Compiling arborium-c-sharp v2.18.1
[INFO] [stderr]    Compiling arborium-d v2.18.1
[INFO] [stderr]    Compiling arborium-solidity v2.18.1
[INFO] [stderr]    Compiling arborium-sparql v2.18.1
[INFO] [stderr]    Compiling arborium-nix v2.18.1
[INFO] [stderr]    Compiling arborium-sql v2.18.1
[INFO] [stderr]    Compiling arborium-fsharp v2.18.1
[INFO] [stderr]    Compiling arborium-perl v2.18.1
[INFO] [stderr]    Compiling arborium-kotlin v2.18.1
[INFO] [stderr]    Compiling arborium-php v2.18.1
[INFO] [stderr]    Compiling arborium-ssh-config v2.18.1
[INFO] [stderr]    Compiling arborium-postscript v2.18.1
[INFO] [stderr]    Compiling arborium-clojure v2.18.1
[INFO] [stderr]    Compiling arborium-asm v2.18.1
[INFO] [stderr]    Compiling arborium-powershell v2.18.1
[INFO] [stderr]    Compiling arborium-prolog v2.18.1
[INFO] [stderr]    Compiling arborium-starlark v2.18.1
[INFO] [stderr]    Compiling arborium-styx v2.18.1
[INFO] [stderr]    Compiling arborium-dot v2.18.1
[INFO] [stderr]    Compiling arborium-hcl v2.18.1
[INFO] [stderr]    Compiling arborium-jq v2.18.1
[INFO] [stderr]    Compiling arborium-python v2.18.1
[INFO] [stderr]    Compiling arborium-odin v2.18.1
[INFO] [stderr]    Compiling arborium-glsl v2.18.1
[INFO] [stderr]    Compiling arborium-yuri v2.18.1
[INFO] [stderr]    Compiling arborium-zig v2.18.1
[INFO] [stderr]    Compiling arborium-ada v2.18.1
[INFO] [stderr]    Compiling arborium-zsh v2.18.1
[INFO] [stderr]    Compiling arborium-ninja v2.18.1
[INFO] [stderr]    Compiling arborium-typst v2.18.1
[INFO] [stderr]    Compiling arborium-fish v2.18.1
[INFO] [stderr]    Compiling arborium-uiua v2.18.1
[INFO] [stderr]    Compiling arborium-kdl v2.18.1
[INFO] [stderr]    Compiling arborium-vb v2.18.1
[INFO] [stderr]    Compiling arborium-rescript v2.18.1
[INFO] [stderr]    Compiling arborium-cedarschema v2.18.1
[INFO] [stderr]    Compiling arborium-asciidoc v2.18.1
[INFO] [stderr]    Compiling arborium-verilog v2.18.1
[INFO] [stderr]    Compiling arborium-vue v2.18.1
[INFO] [stderr]    Compiling arborium-markdown v2.18.1
[INFO] [stderr]    Compiling arborium-vhdl v2.18.1
[INFO] [stderr]    Compiling arborium-dockerfile v2.18.1
[INFO] [stderr]    Compiling arborium-go v2.18.1
[INFO] [stderr]    Compiling arborium-haskell v2.18.1
[INFO] [stderr]    Compiling arborium-vim v2.18.1
[INFO] [stderr]    Compiling arborium-graphql v2.18.1
[INFO] [stderr]    Compiling arborium-jinja2 v2.18.1
[INFO] [stderr]    Compiling arborium-proto v2.18.1
[INFO] [stderr]    Compiling arborium-batch v2.18.1
[INFO] [stderr]    Compiling arborium-ocaml v2.18.1
[INFO] [stderr]    Compiling arborium-svelte v2.18.1
[INFO] [stderr]    Compiling arborium-nginx v2.18.1
[INFO] [stderr]    Compiling arborium-wit v2.18.1
[INFO] [stderr]    Compiling arborium-erlang v2.18.1
[INFO] [stderr]    Compiling arborium-x86asm v2.18.1
[INFO] [stderr]    Compiling arborium-kconfig v2.18.1
[INFO] [stderr]    Compiling arborium-xml v2.18.1
[INFO] [stderr]    Compiling arborium-rego v2.18.1
[INFO] [stderr]    Compiling arborium-cedar v2.18.1
[INFO] [stderr]    Compiling arborium-agda v2.18.1
[INFO] [stderr]    Compiling arborium-diff v2.18.1
[INFO] [stderr]    Compiling arborium-groovy v2.18.1
[INFO] [stderr]    Compiling arborium-java v2.18.1
[INFO] [stderr]    Compiling arborium-tsx v2.18.1
[INFO] [stderr]    Compiling arborium-objc v2.18.1
[INFO] [stderr]    Compiling arborium-make v2.18.1
[INFO] [stderr]    Compiling arborium-ron v2.18.1
[INFO] [stderr]    Compiling arborium-hlsl v2.18.1
[INFO] [stderr]    Compiling arborium-ruby v2.18.1
[INFO] [stderr]    Compiling arborium-meson v2.18.1
[INFO] [stderr]    Compiling arborium-rust v2.18.1
[INFO] [stderr]    Compiling arborium-elm v2.18.1
[INFO] [stderr]    Compiling arborium-scala v2.18.1
[INFO] [stderr]    Compiling arborium-just v2.18.1
[INFO] [stderr]    Compiling arborium-scheme v2.18.1
[INFO] [stderr]    Compiling arborium-regex v2.18.1
[INFO] [stderr]    Compiling regex v1.13.1
[INFO] [stderr]    Compiling arborium-thrift v2.18.1
[INFO] [stderr]    Compiling arborium-capnp v2.18.1
[INFO] [stderr]    Compiling arborium-tlaplus v2.18.1
[INFO] [stderr]    Compiling arborium-devicetree v2.18.1
[INFO] [stderr]    Compiling arborium-ini v2.18.1
[INFO] [stderr]    Compiling arborium-gleam v2.18.1
[INFO] [stderr]    Compiling arborium-lua v2.18.1
[INFO] [stderr]    Compiling arborium-cobol v2.18.1
[INFO] [stderr]    Compiling arborium-matlab v2.18.1
[INFO] [stderr]    Compiling tracing-attributes v0.1.31
[INFO] [stderr]    Compiling serde_derive v1.0.228
[INFO] [stderr]    Compiling tracing v0.1.44
[INFO] [stderr] warning: arborium-scala@2.18.1: cc: fatal error: Killed signal terminated program cc1
[INFO] [stderr] warning: arborium-scala@2.18.1: compilation terminated.
[INFO] [stderr] error: failed to run custom build command for `arborium-scala v2.18.1`
[INFO] [stderr] note: To improve backtraces for build dependencies, set the CARGO_PROFILE_DEV_BUILD_OVERRIDE_DEBUG=true environment variable to enable debug information generation.
[INFO] [stderr] 
[INFO] [stderr] Caused by:
[INFO] [stderr]   process didn't exit successfully: `/opt/rustwide/target/debug/build/arborium-scala/1a565b09019d30d7/out/build_script_build` (exit status: 1)
[INFO] [stderr]   --- stdout
[INFO] [stderr]   cargo:rerun-if-changed=/opt/rustwide/cargo-home/registry/src/index.crates.io-1949cf8c6b5b557f/arborium-scala-2.18.1/grammar/src/parser.c
[INFO] [stderr]   cargo:rerun-if-changed=/opt/rustwide/cargo-home/registry/src/index.crates.io-1949cf8c6b5b557f/arborium-scala-2.18.1/grammar/scanner.c
[INFO] [stderr]   OUT_DIR = Some(/opt/rustwide/target/debug/build/arborium-scala/0fa03c8b80fa6a93/out)
[INFO] [stderr]   TARGET = Some(x86_64-unknown-linux-gnu)
[INFO] [stderr]   CARGO_ENCODED_RUSTFLAGS = Some(--cap-lints=warn)
[INFO] [stderr]   HOST = Some(x86_64-unknown-linux-gnu)
[INFO] [stderr]   cargo:rerun-if-env-changed=CC_x86_64-unknown-linux-gnu
[INFO] [stderr]   CC_x86_64-unknown-linux-gnu = None
[INFO] [stderr]   cargo:rerun-if-env-changed=CC_x86_64_unknown_linux_gnu
[INFO] [stderr]   CC_x86_64_unknown_linux_gnu = None
[INFO] [stderr]   cargo:rerun-if-env-changed=HOST_CC
[INFO] [stderr]   HOST_CC = None
[INFO] [stderr]   cargo:rerun-if-env-changed=CC
[INFO] [stderr]   CC = None
[INFO] [stderr]   cargo:rerun-if-env-changed=CC_ENABLE_DEBUG_OUTPUT
[INFO] [stderr]   RUSTC_WRAPPER = None
[INFO] [stderr]   cargo:rerun-if-env-changed=CRATE_CC_NO_DEFAULTS
[INFO] [stderr]   CRATE_CC_NO_DEFAULTS = None
[INFO] [stderr]   DEBUG = Some(true)
[INFO] [stderr]   CARGO_CFG_TARGET_FEATURE = Some(fxsr,sse,sse2)
[INFO] [stderr]   cargo:rerun-if-env-changed=CFLAGS
[INFO] [stderr]   CFLAGS = None
[INFO] [stderr]   cargo:rerun-if-env-changed=HOST_CFLAGS
[INFO] [stderr]   HOST_CFLAGS = None
[INFO] [stderr]   cargo:rerun-if-env-changed=CFLAGS_x86_64_unknown_linux_gnu
[INFO] [stderr]   CFLAGS_x86_64_unknown_linux_gnu = None
[INFO] [stderr]   cargo:rerun-if-env-changed=CFLAGS_x86_64-unknown-linux-gnu
[INFO] [stderr]   CFLAGS_x86_64-unknown-linux-gnu = None
[INFO] [stderr]   OUT_DIR = Some(/opt/rustwide/target/debug/build/arborium-scala/0fa03c8b80fa6a93/out)
[INFO] [stderr]   cargo:rerun-if-env-changed=CC_ENABLE_DEBUG_OUTPUT
[INFO] [stderr]   cargo:rerun-if-env-changed=CRATE_CC_NO_DEFAULTS
[INFO] [stderr]   CRATE_CC_NO_DEFAULTS = None
[INFO] [stderr]   TARGET = Some(x86_64-unknown-linux-gnu)
[INFO] [stderr]   CARGO_CFG_TARGET_FEATURE = Some(fxsr,sse,sse2)
[INFO] [stderr]   HOST = Some(x86_64-unknown-linux-gnu)
[INFO] [stderr]   cargo:rerun-if-env-changed=CFLAGS
[INFO] [stderr]   CFLAGS = None
[INFO] [stderr]   cargo:rerun-if-env-changed=HOST_CFLAGS
[INFO] [stderr]   HOST_CFLAGS = None
[INFO] [stderr]   cargo:rerun-if-env-changed=CFLAGS_x86_64_unknown_linux_gnu
[INFO] [stderr]   CFLAGS_x86_64_unknown_linux_gnu = None
[INFO] [stderr]   cargo:rerun-if-env-changed=CFLAGS_x86_64-unknown-linux-gnu
[INFO] [stderr]   CFLAGS_x86_64-unknown-linux-gnu = None
[INFO] [stderr]   OUT_DIR = Some(/opt/rustwide/target/debug/build/arborium-scala/0fa03c8b80fa6a93/out)
[INFO] [stderr]   cargo:rerun-if-env-changed=CC_ENABLE_DEBUG_OUTPUT
[INFO] [stderr]   cargo:rerun-if-env-changed=CRATE_CC_NO_DEFAULTS
[INFO] [stderr]   CRATE_CC_NO_DEFAULTS = None
[INFO] [stderr]   TARGET = Some(x86_64-unknown-linux-gnu)
[INFO] [stderr]   CARGO_CFG_TARGET_FEATURE = Some(fxsr,sse,sse2)
[INFO] [stderr]   HOST = Some(x86_64-unknown-linux-gnu)
[INFO] [stderr]   cargo:rerun-if-env-changed=CFLAGS
[INFO] [stderr]   CFLAGS = None
[INFO] [stderr]   cargo:rerun-if-env-changed=HOST_CFLAGS
[INFO] [stderr]   HOST_CFLAGS = None
[INFO] [stderr]   cargo:rerun-if-env-changed=CFLAGS_x86_64_unknown_linux_gnu
[INFO] [stderr]   CFLAGS_x86_64_unknown_linux_gnu = None
[INFO] [stderr]   cargo:rerun-if-env-changed=CFLAGS_x86_64-unknown-linux-gnu
[INFO] [stderr]   CFLAGS_x86_64-unknown-linux-gnu = None
[INFO] [stderr]   OUT_DIR = Some(/opt/rustwide/target/debug/build/arborium-scala/0fa03c8b80fa6a93/out)
[INFO] [stderr]   cargo:rerun-if-env-changed=CC_ENABLE_DEBUG_OUTPUT
[INFO] [stderr]   cargo:rerun-if-env-changed=CRATE_CC_NO_DEFAULTS
[INFO] [stderr]   CRATE_CC_NO_DEFAULTS = None
[INFO] [stderr]   TARGET = Some(x86_64-unknown-linux-gnu)
[INFO] [stderr]   CARGO_CFG_TARGET_FEATURE = Some(fxsr,sse,sse2)
[INFO] [stderr]   HOST = Some(x86_64-unknown-linux-gnu)
[INFO] [stderr]   cargo:rerun-if-env-changed=CFLAGS
[INFO] [stderr]   CFLAGS = None
[INFO] [stderr]   cargo:rerun-if-env-changed=HOST_CFLAGS
[INFO] [stderr]   HOST_CFLAGS = None
[INFO] [stderr]   cargo:rerun-if-env-changed=CFLAGS_x86_64_unknown_linux_gnu
[INFO] [stderr]   CFLAGS_x86_64_unknown_linux_gnu = None
[INFO] [stderr]   cargo:rerun-if-env-changed=CFLAGS_x86_64-unknown-linux-gnu
[INFO] [stderr]   CFLAGS_x86_64-unknown-linux-gnu = None
[INFO] [stderr]   cargo:warning=cc: fatal error: Killed signal terminated program cc1
[INFO] [stderr]   cargo:warning=compilation terminated.
[INFO] [stderr] 
[INFO] [stderr]   --- stderr
[INFO] [stderr] 
[INFO] [stderr] 
[INFO] [stderr]   error occurred in cc-rs: command did not execute successfully (status code exit status: 1): LC_ALL="C" "cc" "-Os" "-ffunction-sections" "-fdata-sections" "-fPIC" "-g" "-gdwarf-4" "-fno-omit-frame-pointer" "-m64" "-I" "/opt/rustwide/cargo-home/registry/src/index.crates.io-1949cf8c6b5b557f/arborium-scala-2.18.1/grammar/src" "-I" "/opt/rustwide/cargo-home/registry/src/index.crates.io-1949cf8c6b5b557f/arborium-scala-2.18.1/grammar" "-I" "/opt/rustwide/cargo-home/registry/src/index.crates.io-1949cf8c6b5b557f/arborium-scala-2.18.1/grammar/src/tree_sitter" "-w" "-Wno-unused-parameter" "-Wno-unused-but-set-variable" "-Wno-trigraphs" "-o" "/opt/rustwide/target/debug/build/arborium-scala/0fa03c8b80fa6a93/out/fc2ccab8182abc6a-parser.o" "-c" "/opt/rustwide/cargo-home/registry/src/index.crates.io-1949cf8c6b5b557f/arborium-scala-2.18.1/grammar/src/parser.c"
[INFO] [stderr] 
[INFO] [stderr] 
[INFO] [stderr] warning: build failed, waiting for other jobs to finish...
[INFO] [stderr] warning: arborium-cobol@2.18.1: cc: fatal error: Killed signal terminated program cc1
[INFO] [stderr] warning: arborium-cobol@2.18.1: compilation terminated.
[INFO] [stderr] error: failed to run custom build command for `arborium-cobol v2.18.1`
[INFO] [stderr] note: To improve backtraces for build dependencies, set the CARGO_PROFILE_DEV_BUILD_OVERRIDE_DEBUG=true environment variable to enable debug information generation.
[INFO] [stderr] 
[INFO] [stderr] Caused by:
[INFO] [stderr]   process didn't exit successfully: `/opt/rustwide/target/debug/build/arborium-cobol/d9694a8a07de4a5b/out/build_script_build` (exit status: 1)
[INFO] [stderr]   --- stdout
[INFO] [stderr]   cargo:rerun-if-changed=/opt/rustwide/cargo-home/registry/src/index.crates.io-1949cf8c6b5b557f/arborium-cobol-2.18.1/grammar/src/parser.c
[INFO] [stderr]   cargo:rerun-if-changed=/opt/rustwide/cargo-home/registry/src/index.crates.io-1949cf8c6b5b557f/arborium-cobol-2.18.1/grammar/scanner.c
[INFO] [stderr]   OUT_DIR = Some(/opt/rustwide/target/debug/build/arborium-cobol/6cb388f189a748a1/out)
[INFO] [stderr]   TARGET = Some(x86_64-unknown-linux-gnu)
[INFO] [stderr]   CARGO_ENCODED_RUSTFLAGS = Some(--cap-lints=warn)
[INFO] [stderr]   HOST = Some(x86_64-unknown-linux-gnu)
[INFO] [stderr]   cargo:rerun-if-env-changed=CC_x86_64-unknown-linux-gnu
[INFO] [stderr]   CC_x86_64-unknown-linux-gnu = None
[INFO] [stderr]   cargo:rerun-if-env-changed=CC_x86_64_unknown_linux_gnu
[INFO] [stderr]   CC_x86_64_unknown_linux_gnu = None
[INFO] [stderr]   cargo:rerun-if-env-changed=HOST_CC
[INFO] [stderr]   HOST_CC = None
[INFO] [stderr]   cargo:rerun-if-env-changed=CC
[INFO] [stderr]   CC = None
[INFO] [stderr]   cargo:rerun-if-env-changed=CC_ENABLE_DEBUG_OUTPUT
[INFO] [stderr]   RUSTC_WRAPPER = None
[INFO] [stderr]   cargo:rerun-if-env-changed=CRATE_CC_NO_DEFAULTS
[INFO] [stderr]   CRATE_CC_NO_DEFAULTS = None
[INFO] [stderr]   DEBUG = Some(true)
[INFO] [stderr]   CARGO_CFG_TARGET_FEATURE = Some(fxsr,sse,sse2)
[INFO] [stderr]   cargo:rerun-if-env-changed=CFLAGS
[INFO] [stderr]   CFLAGS = None
[INFO] [stderr]   cargo:rerun-if-env-changed=HOST_CFLAGS
[INFO] [stderr]   HOST_CFLAGS = None
[INFO] [stderr]   cargo:rerun-if-env-changed=CFLAGS_x86_64_unknown_linux_gnu
[INFO] [stderr]   CFLAGS_x86_64_unknown_linux_gnu = None
[INFO] [stderr]   cargo:rerun-if-env-changed=CFLAGS_x86_64-unknown-linux-gnu
[INFO] [stderr]   CFLAGS_x86_64-unknown-linux-gnu = None
[INFO] [stderr]   OUT_DIR = Some(/opt/rustwide/target/debug/build/arborium-cobol/6cb388f189a748a1/out)
[INFO] [stderr]   cargo:rerun-if-env-changed=CC_ENABLE_DEBUG_OUTPUT
[INFO] [stderr]   cargo:rerun-if-env-changed=CRATE_CC_NO_DEFAULTS
[INFO] [stderr]   CRATE_CC_NO_DEFAULTS = None
[INFO] [stderr]   TARGET = Some(x86_64-unknown-linux-gnu)
[INFO] [stderr]   CARGO_CFG_TARGET_FEATURE = Some(fxsr,sse,sse2)
[INFO] [stderr]   HOST = Some(x86_64-unknown-linux-gnu)
[INFO] [stderr]   cargo:rerun-if-env-changed=CFLAGS
[INFO] [stderr]   CFLAGS = None
[INFO] [stderr]   cargo:rerun-if-env-changed=HOST_CFLAGS
[INFO] [stderr]   HOST_CFLAGS = None
[INFO] [stderr]   cargo:rerun-if-env-changed=CFLAGS_x86_64_unknown_linux_gnu
[INFO] [stderr]   CFLAGS_x86_64_unknown_linux_gnu = None
[INFO] [stderr]   cargo:rerun-if-env-changed=CFLAGS_x86_64-unknown-linux-gnu
[INFO] [stderr]   CFLAGS_x86_64-unknown-linux-gnu = None
[INFO] [stderr]   OUT_DIR = Some(/opt/rustwide/target/debug/build/arborium-cobol/6cb388f189a748a1/out)
[INFO] [stderr]   cargo:rerun-if-env-changed=CC_ENABLE_DEBUG_OUTPUT
[INFO] [stderr]   cargo:rerun-if-env-changed=CRATE_CC_NO_DEFAULTS
[INFO] [stderr]   CRATE_CC_NO_DEFAULTS = None
[INFO] [stderr]   TARGET = Some(x86_64-unknown-linux-gnu)
[INFO] [stderr]   CARGO_CFG_TARGET_FEATURE = Some(fxsr,sse,sse2)
[INFO] [stderr]   HOST = Some(x86_64-unknown-linux-gnu)
[INFO] [stderr]   cargo:rerun-if-env-changed=CFLAGS
[INFO] [stderr]   CFLAGS = None
[INFO] [stderr]   cargo:rerun-if-env-changed=HOST_CFLAGS
[INFO] [stderr]   HOST_CFLAGS = None
[INFO] [stderr]   cargo:rerun-if-env-changed=CFLAGS_x86_64_unknown_linux_gnu
[INFO] [stderr]   CFLAGS_x86_64_unknown_linux_gnu = None
[INFO] [stderr]   cargo:rerun-if-env-changed=CFLAGS_x86_64-unknown-linux-gnu
[INFO] [stderr]   CFLAGS_x86_64-unknown-linux-gnu = None
[INFO] [stderr]   OUT_DIR = Some(/opt/rustwide/target/debug/build/arborium-cobol/6cb388f189a748a1/out)
[INFO] [stderr]   cargo:rerun-if-env-changed=CC_ENABLE_DEBUG_OUTPUT
[INFO] [stderr]   cargo:rerun-if-env-changed=CRATE_CC_NO_DEFAULTS
[INFO] [stderr]   CRATE_CC_NO_DEFAULTS = None
[INFO] [stderr]   TARGET = Some(x86_64-unknown-linux-gnu)
[INFO] [stderr]   CARGO_CFG_TARGET_FEATURE = Some(fxsr,sse,sse2)
[INFO] [stderr]   HOST = Some(x86_64-unknown-linux-gnu)
[INFO] [stderr]   cargo:rerun-if-env-changed=CFLAGS
[INFO] [stderr]   CFLAGS = None
[INFO] [stderr]   cargo:rerun-if-env-changed=HOST_CFLAGS
[INFO] [stderr]   HOST_CFLAGS = None
[INFO] [stderr]   cargo:rerun-if-env-changed=CFLAGS_x86_64_unknown_linux_gnu
[INFO] [stderr]   CFLAGS_x86_64_unknown_linux_gnu = None
[INFO] [stderr]   cargo:rerun-if-env-changed=CFLAGS_x86_64-unknown-linux-gnu
[INFO] [stderr]   CFLAGS_x86_64-unknown-linux-gnu = None
[INFO] [stderr]   cargo:warning=cc: fatal error: Killed signal terminated program cc1
[INFO] [stderr]   cargo:warning=compilation terminated.
[INFO] [stderr] 
[INFO] [stderr]   --- stderr
[INFO] [stderr] 
[INFO] [stderr] 
[INFO] [stderr]   error occurred in cc-rs: command did not execute successfully (status code exit status: 1): LC_ALL="C" "cc" "-Os" "-ffunction-sections" "-fdata-sections" "-fPIC" "-g" "-gdwarf-4" "-fno-omit-frame-pointer" "-m64" "-I" "/opt/rustwide/cargo-home/registry/src/index.crates.io-1949cf8c6b5b557f/arborium-cobol-2.18.1/grammar/src" "-I" "/opt/rustwide/cargo-home/registry/src/index.crates.io-1949cf8c6b5b557f/arborium-cobol-2.18.1/grammar" "-I" "/opt/rustwide/cargo-home/registry/src/index.crates.io-1949cf8c6b5b557f/arborium-cobol-2.18.1/grammar/src/tree_sitter" "-w" "-Wno-unused-parameter" "-Wno-unused-but-set-variable" "-Wno-trigraphs" "-o" "/opt/rustwide/target/debug/build/arborium-cobol/6cb388f189a748a1/out/fc2ccab8182abc6a-parser.o" "-c" "/opt/rustwide/cargo-home/registry/src/index.crates.io-1949cf8c6b5b557f/arborium-cobol-2.18.1/grammar/src/parser.c"
[INFO] [stderr] 
[INFO] [stderr] 
[INFO] running `Command { std: "docker" "inspect" "2a837409c65897393a5dedd47de5e75128c99c184f1f5043ab35dcb4e00ba681", kill_on_drop: false }`
[INFO] running `Command { std: "docker" "rm" "-f" "2a837409c65897393a5dedd47de5e75128c99c184f1f5043ab35dcb4e00ba681", kill_on_drop: false }`
[INFO] [stdout] 2a837409c65897393a5dedd47de5e75128c99c184f1f5043ab35dcb4e00ba681
