[INFO] fetching crate degenbot-db 0.6.0-alpha.13...
[INFO] testing degenbot-db-0.6.0-alpha.13 against 1.99.0-beta.8 for beta-1.100-2
[INFO] extracting crate degenbot-db 0.6.0-alpha.13 into /workspace/builds/worker-5-tc1/source
[INFO] started tweaking crates.io crate degenbot-db 0.6.0-alpha.13
[INFO] removed 0 missing tests
[INFO] finished tweaking crates.io crate degenbot-db 0.6.0-alpha.13
[INFO] tweaked toml for crates.io crate degenbot-db 0.6.0-alpha.13 written to /workspace/builds/worker-5-tc1/source/Cargo.toml
[INFO] validating manifest of crates.io crate degenbot-db 0.6.0-alpha.13 on toolchain 1.99.0-beta.8
[INFO] running `Command { std: CARGO_HOME="/workspace/cargo-home" RUSTUP_HOME="/workspace/rustup-home" "/workspace/cargo-home/bin/cargo" "+1.99.0-beta.8" "metadata" "--manifest-path" "Cargo.toml" "--no-deps", kill_on_drop: false }`
[INFO] crate crates.io crate degenbot-db 0.6.0-alpha.13 already has a lockfile, it will not be regenerated
[INFO] running `Command { std: CARGO_HOME="/workspace/cargo-home" RUSTUP_HOME="/workspace/rustup-home" "/workspace/cargo-home/bin/cargo" "+1.99.0-beta.8" "fetch" "--manifest-path" "Cargo.toml", kill_on_drop: false }`
[INFO] [stderr]     Updating crates.io index
[INFO] [stderr]     Blocking waiting for file lock on package cache
[INFO] [stderr]  Downloading crates ...
[INFO] [stderr]   Downloaded toml v1.1.6+spec-1.1.0
[INFO] [stderr]   Downloaded hashlink v0.12.2
[INFO] [stderr]   Downloaded yoke-derive v0.8.3
[INFO] [stderr]   Downloaded enum-ordinalize v4.4.2
[INFO] [stderr]   Downloaded keccak-asm v0.1.8
[INFO] [stderr]   Downloaded parity-scale-codec-derive v3.7.5
[INFO] [stderr]   Downloaded enum-ordinalize-derive v4.4.2
[INFO] [stderr]   Downloaded ark-serialize-derive v0.6.0
[INFO] [stderr]   Downloaded fixed-cache v0.1.10
[INFO] [stderr]   Downloaded alloy-rlp v0.3.16
[INFO] [stderr]   Downloaded alloy-rlp-derive v0.3.16
[INFO] [stderr]   Downloaded ark-ff-asm v0.6.0
[INFO] [stderr]   Downloaded ark-ff-macros v0.6.0
[INFO] [stderr]   Downloaded ark-std v0.6.0
[INFO] [stderr]   Downloaded degenbot-pathfinding v0.6.0-alpha.13
[INFO] [stderr]   Downloaded hex-conservative v0.2.3
[INFO] [stderr]   Downloaded ark-serialize v0.6.0
[INFO] [stderr]   Downloaded nybbles v0.4.8
[INFO] [stderr]   Downloaded konst_macro_rules v0.2.19
[INFO] [stderr]   Downloaded alloy-transport-http v2.5.0
[INFO] [stderr]   Downloaded degenbot-core v0.6.0-alpha.13
[INFO] [stderr]   Downloaded serde_with_macros v3.23.0
[INFO] [stderr]   Downloaded bitcoin-consensus-encoding v1.2.0
[INFO] [stderr]   Downloaded macro-string v0.2.0
[INFO] [stderr]   Downloaded hex-conservative v1.3.0
[INFO] [stderr]   Downloaded proc-macro-error-attr3 v3.0.1
[INFO] [stderr]   Downloaded alloy-tx-macros v2.5.0
[INFO] [stderr]   Downloaded jiff-tzdb v0.1.8
[INFO] [stderr]   Downloaded hyper-rustls v0.27.10
[INFO] [stderr]   Downloaded alloy v2.5.0
[INFO] [stderr]   Downloaded parity-scale-codec v3.7.5
[INFO] [stderr]   Downloaded alloy-sol-macro v1.7.3
[INFO] [stderr]   Downloaded jiff-tzdb-platform v0.1.3
[INFO] [stderr]   Downloaded alloy-eip7702 v0.6.3
[INFO] [stderr]   Downloaded alloy-signer v2.5.0
[INFO] [stderr]   Downloaded alloy-eip2930 v0.2.4
[INFO] [stderr]   Downloaded alloy-trie v0.9.7
[INFO] [stderr]   Downloaded alloy-eip8141 v0.1.1
[INFO] [stderr]   Downloaded alloy-consensus-any v2.5.0
[INFO] [stderr]   Downloaded alloy-sol-macro-input v1.7.3
[INFO] [stderr]   Downloaded alloy-rpc-types v2.5.0
[INFO] [stderr]   Downloaded lru v0.18.5
[INFO] [stderr]   Downloaded wasmtimer v0.4.3
[INFO] [stderr]   Downloaded alloy-rpc-types-any v2.5.0
[INFO] [stderr]   Downloaded alloy-json-rpc v2.5.0
[INFO] [stderr]   Downloaded alloy-json-abi v1.7.3
[INFO] [stderr]   Downloaded konst v0.2.20
[INFO] [stderr]   Downloaded proc-macro-error3 v3.0.1
[INFO] [stderr]   Downloaded borsh-derive v1.8.1
[INFO] [stderr]   Downloaded toml_edit v0.25.15+spec-1.1.0
[INFO] [stderr]   Downloaded alloy-signer-local v2.5.0
[INFO] [stderr]   Downloaded alloy-eip7928 v0.4.11
[INFO] [stderr]   Downloaded const_format v0.2.36
[INFO] [stderr]   Downloaded alloy-sol-macro-expander v1.7.3
[INFO] [stderr]   Downloaded alloy-network-primitives v2.5.0
[INFO] [stderr]   Downloaded alloy-transport v2.5.0
[INFO] [stderr]   Downloaded secp256k1 v0.31.1
[INFO] [stderr]   Downloaded alloy-sol-type-parser v1.7.3
[INFO] [stderr]   Downloaded alloy-network v2.5.0
[INFO] [stderr]   Downloaded alloy-serde v2.5.0
[INFO] [stderr]   Downloaded alloy-ens v2.5.0
[INFO] [stderr]   Downloaded alloy-rpc-client v2.5.0
[INFO] [stderr]   Downloaded alloy-contract v2.5.0
[INFO] [stderr]   Downloaded syn-solidity v1.7.3
[INFO] [stderr]   Downloaded alloy-core v1.7.3
[INFO] [stderr]   Downloaded ark-ff v0.6.0
[INFO] [stderr]   Downloaded alloy-chains v0.2.39
[INFO] [stderr]   Downloaded alloy-sol-types v1.7.3
[INFO] [stderr]   Downloaded alloy-dyn-abi v1.7.3
[INFO] [stderr]   Downloaded degenbot-config v0.6.0-alpha.13
[INFO] [stderr]   Downloaded rand v0.10.3
[INFO] [stderr]   Downloaded pest v2.9.2
[INFO] [stderr]   Downloaded ruint v1.20.1
[INFO] [stderr]   Downloaded zerocopy-derive v0.8.58
[INFO] [stderr]   Downloaded alloy-rpc-types-eth v2.5.0
[INFO] [stderr]   Downloaded degenbot-math v0.6.0-alpha.13
[INFO] [stderr]   Downloaded alloy-consensus v2.5.0
[INFO] [stderr]   Downloaded alloy-primitives v1.7.3
[INFO] [stderr]   Downloaded serde_with v3.23.0
[INFO] [stderr]   Downloaded bitvec v1.1.1
[INFO] [stderr]   Downloaded alloy-provider v2.5.0
[INFO] [stderr]   Downloaded zerocopy v0.8.58
[INFO] [stderr]   Downloaded alloy-genesis v2.5.0
[INFO] [stderr]   Downloaded blst v0.3.17
[INFO] [stderr]   Downloaded sha3-asm v0.1.8
[INFO] [stderr]   Downloaded alloy-eips v2.5.0
[INFO] [stderr]   Downloaded c-kzg v2.1.8
[INFO] [stderr]   Downloaded secp256k1-sys v0.11.0
[INFO] running `Command { std: "docker" "create" "-v" "/var/lib/crater-agent-workspace/builds/worker-5-tc1/source:/opt/rustwide/workdir:ro,Z" "-v" "/var/lib/crater-agent-workspace/builds/worker-5-tc1/target:/opt/rustwide/target:rw,Z" "-v" "/var/lib/crater-agent-workspace/cargo-home:/opt/rustwide/cargo-home:ro,Z" "-v" "/var/lib/crater-agent-workspace/rustup-home:/opt/rustwide/rustup-home:ro,Z" "-m" "1610612736" "--network" "none" "ghcr.io/rust-lang/crates-build-env/linux@sha256:3111399a4047eeb3a02b7a90e478d715f38a8c6669b5c4b49d30a17385265909" "sleep" "infinity", kill_on_drop: false }`
[INFO] [stdout] 85fc85b05627c0747dad3f38b62a2001b2a452b57644651a499b65674b8c413b
[INFO] running `Command { std: "docker" "start" "85fc85b05627c0747dad3f38b62a2001b2a452b57644651a499b65674b8c413b", kill_on_drop: false }`
[INFO] running `Command { std: "docker" "inspect" "85fc85b05627c0747dad3f38b62a2001b2a452b57644651a499b65674b8c413b", kill_on_drop: false }`
[INFO] running `Command { std: "docker" "exec" "-e" "SOURCE_DIR=/opt/rustwide/workdir" "-e" "CARGO_HOME=/opt/rustwide/cargo-home" "-e" "RUSTUP_HOME=/opt/rustwide/rustup-home" "-e" "CARGO_TARGET_DIR=/opt/rustwide/target" "-w" "/opt/rustwide/workdir" "--user" "0:0" "85fc85b05627c0747dad3f38b62a2001b2a452b57644651a499b65674b8c413b" "/opt/rustwide/cargo-home/bin/cargo" "+1.99.0-beta.8" "metadata" "--no-deps" "--format-version=1", kill_on_drop: false }`
[INFO] running `Command { std: "docker" "inspect" "85fc85b05627c0747dad3f38b62a2001b2a452b57644651a499b65674b8c413b", kill_on_drop: false }`
[INFO] running `Command { std: "docker" "exec" "-e" "SOURCE_DIR=/opt/rustwide/workdir" "-e" "CARGO_HOME=/opt/rustwide/cargo-home" "-e" "RUSTUP_HOME=/opt/rustwide/rustup-home" "-e" "CARGO_TARGET_DIR=/opt/rustwide/target" "-e" "CARGO_INCREMENTAL=0" "-e" "RUST_BACKTRACE=full" "-e" "RUSTFLAGS=--cap-lints=warn" "-e" "RUSTDOCFLAGS=--cap-lints=warn" "-w" "/opt/rustwide/workdir" "--user" "0:0" "85fc85b05627c0747dad3f38b62a2001b2a452b57644651a499b65674b8c413b" "/opt/rustwide/cargo-home/bin/cargo" "+1.99.0-beta.8" "build" "--frozen" "--message-format=json", kill_on_drop: false }`
[INFO] [stderr]    Compiling typenum v1.20.1
[INFO] [stderr]    Compiling subtle v2.6.1
[INFO] [stderr]    Compiling generic-array v0.14.9
[INFO] [stderr]    Compiling convert_case v0.10.0
[INFO] [stderr]    Compiling ruint-macro v1.2.1
[INFO] [stderr]    Compiling unicode-xid v0.2.6
[INFO] [stderr]    Compiling foldhash v0.2.0
[INFO] [stderr]    Compiling keccak v0.2.2
[INFO] [stderr]    Compiling der v0.7.10
[INFO] [stderr]    Compiling arrayvec v0.7.8
[INFO] [stderr]    Compiling syn v3.0.6
[INFO] [stderr]    Compiling syn v2.0.119
[INFO] [stderr]    Compiling getrandom v0.2.17
[INFO] [stderr]    Compiling serde_core v1.0.229
[INFO] [stderr]    Compiling const-hex v1.19.3
[INFO] [stderr]    Compiling serde v1.0.229
[INFO] [stderr]    Compiling dunce v1.0.5
[INFO] [stderr]    Compiling thiserror v2.0.21
[INFO] [stderr]    Compiling jobserver v0.1.35
[INFO] [stderr]    Compiling find-msvc-tools v0.1.13
[INFO] [stderr]    Compiling hashbrown v0.17.1
[INFO] [stderr]    Compiling serde_json v1.0.151
[INFO] [stderr]    Compiling winnow v1.0.4
[INFO] [stderr]    Compiling rand_core v0.6.4
[INFO] [stderr]    Compiling memchr v2.8.3
[INFO] [stderr]    Compiling proc-macro-error-attr3 v3.0.1
[INFO] [stderr]    Compiling ff v0.13.1
[INFO] [stderr]    Compiling cc v1.4.7
[INFO] [stderr]    Compiling fs_extra v1.3.0
[INFO] [stderr]    Compiling group v0.13.0
[INFO] [stderr]    Compiling mio v1.2.3
[INFO] [stderr]    Compiling futures-channel v0.3.34
[INFO] [stderr]    Compiling aws-lc-rs v1.18.1
[INFO] [stderr]    Compiling futures-io v0.3.34
[INFO] [stderr]    Compiling rustls v0.23.45
[INFO] [stderr]    Compiling form_urlencoded v1.2.2
[INFO] [stderr]    Compiling ipnet v2.12.2
[INFO] [stderr]    Compiling openssl-probe v0.2.1
[INFO] [stderr]    Compiling bitflags v2.13.2
[INFO] [stderr]    Compiling futures-utils-wasm v0.1.0
[INFO] [stderr]    Compiling indexmap v2.14.2
[INFO] [stderr]    Compiling rustls-native-certs v0.8.4
[INFO] [stderr]    Compiling zerocopy v0.8.58
[INFO] [stderr]    Compiling base64 v0.23.1
[INFO] [stderr]    Compiling phf_shared v0.14.0
[INFO] [stderr]    Compiling hybrid-array v0.4.15
[INFO] [stderr]    Compiling spki v0.7.3
[INFO] [stderr]    Compiling phf v0.14.0
[INFO] [stderr]    Compiling hashbrown v0.14.5
[INFO] [stderr]    Compiling lru v0.18.5
[INFO] [stderr]    Compiling toml_datetime v1.1.1+spec-1.1.0
[INFO] [stderr]    Compiling toml_writer v1.1.2+spec-1.1.0
[INFO] [stderr]    Compiling block-buffer v0.12.1
[INFO] [stderr]    Compiling crypto-common v0.2.2
[INFO] [stderr]    Compiling cmake v0.1.58
[INFO] [stderr]    Compiling serde_spanned v1.1.1
[INFO] [stderr]    Compiling toml_parser v1.1.3+spec-1.1.0
[INFO] [stderr]    Compiling hashlink v0.12.2
[INFO] [stderr]    Compiling degenbot-pathfinding v0.6.0-alpha.13
[INFO] [stderr]    Compiling block-buffer v0.10.4
[INFO] [stderr]    Compiling crypto-common v0.1.6
[INFO] [stderr]    Compiling sec1 v0.7.3
[INFO] [stderr]    Compiling crypto-bigint v0.5.5
[INFO] [stderr]    Compiling digest v0.10.7
[INFO] [stderr]    Compiling aws-lc-sys v0.45.0
[INFO] [stderr]    Compiling libsqlite3-sys v0.38.2
[INFO] [stderr]    Compiling hmac v0.12.1
[INFO] [stderr]    Compiling signature v2.2.0
[INFO] [stderr]    Compiling sha2 v0.10.9
[INFO] [stderr]    Compiling rfc6979 v0.4.0
[INFO] [stderr]    Compiling toml v1.1.6+spec-1.1.0
[INFO] [stderr]    Compiling toml_edit v0.25.15+spec-1.1.0
[INFO] [stderr]    Compiling digest v0.11.3
[INFO] [stderr]    Compiling sha3 v0.11.0
[INFO] [stderr]    Compiling ruint v1.20.1
[INFO] [stderr]    Compiling degenbot-config v0.6.0-alpha.13
[INFO] [stderr]    Compiling elliptic-curve v0.13.8
[INFO] [stderr]    Compiling ecdsa v0.16.9
[INFO] [stderr]    Compiling synstructure v0.14.0
[INFO] [stderr]    Compiling darling_core v0.24.1
[INFO] [stderr]    Compiling k256 v0.13.4
[INFO] [stderr]    Compiling serde_derive v1.0.229
[INFO] [stderr]    Compiling thiserror-impl v2.0.21
[INFO] [stderr]    Compiling zerovec-derive v0.11.6
[INFO] [stderr]    Compiling displaydoc v0.2.7
[INFO] [stderr]    Compiling tokio-macros v2.7.2
[INFO] [stderr]    Compiling futures-macro v0.3.34
[INFO] [stderr]    Compiling async-trait v0.1.92
[INFO] [stderr]    Compiling zerofrom-derive v0.1.8
[INFO] [stderr]    Compiling yoke-derive v0.8.3
[INFO] [stderr]    Compiling macro-string v0.2.0
[INFO] [stderr]    Compiling syn-solidity v1.7.3
[INFO] [stderr]    Compiling proc-macro-error3 v3.0.1
[INFO] [stderr]    Compiling futures-util v0.3.34
[INFO] [stderr]    Compiling zerofrom v0.1.8
[INFO] [stderr]    Compiling yoke v0.8.3
[INFO] [stderr]    Compiling derive_more-impl v2.1.1
[INFO] [stderr]    Compiling alloy-rlp-derive v0.3.16
[INFO] [stderr]    Compiling tracing-attributes v0.1.31
[INFO] [stderr]    Compiling zerovec v0.11.8
[INFO] [stderr]    Compiling auto_impl v1.3.0
[INFO] [stderr]    Compiling zerotrie v0.2.5
[INFO] [stderr]    Compiling num_enum_derive v0.7.6
[INFO] [stderr]    Compiling pin-project-internal v1.1.13
[INFO] [stderr]    Compiling async-stream-impl v0.3.6
[INFO] [stderr]    Compiling ppv-lite86 v0.2.21
[INFO] [stderr]    Compiling async-stream v0.3.6
[INFO] [stderr]    Compiling tinystr v0.8.4
[INFO] [stderr]    Compiling potential_utf v0.1.6
[INFO] [stderr]    Compiling tracing v0.1.44
[INFO] [stderr]    Compiling rand_chacha v0.3.1
[INFO] [stderr]    Compiling icu_collections v2.3.0
[INFO] [stderr]    Compiling num_enum v0.7.6
[INFO] [stderr]    Compiling icu_locale_core v2.3.0
[INFO] [stderr]    Compiling pin-project v1.1.13
[INFO] [stderr]    Compiling rand v0.8.8
[INFO] [stderr]    Compiling darling_macro v0.24.1
[INFO] [stderr]    Compiling darling v0.24.1
[INFO] [stderr]    Compiling serde_with_macros v3.23.0
[INFO] [stderr]    Compiling bytes v1.12.1
[INFO] [stderr]    Compiling smallvec v1.16.1
[INFO] [stderr]    Compiling alloy-sol-type-parser v1.7.3
[INFO] [stderr]    Compiling either v1.18.0
[INFO] [stderr]    Compiling darling_core v0.23.0
[INFO] [stderr]    Compiling icu_provider v2.3.1
[INFO] [stderr]    Compiling serde_with v3.23.0
[INFO] [stderr]    Compiling itertools v0.14.0
[INFO] [stderr]    Compiling alloy-rlp v0.3.16
[INFO] [stderr]    Compiling http v1.5.0
[INFO] [stderr]    Compiling tokio v1.53.1
[INFO] [stderr]    Compiling icu_normalizer v2.3.0
[INFO] [stderr]    Compiling icu_properties v2.3.0
[INFO] [stderr]    Compiling parking_lot_core v0.9.12
[INFO] [stderr]    Compiling futures-executor v0.3.34
[INFO] [stderr]    Compiling parking_lot v0.12.5
[INFO] [stderr]    Compiling futures v0.3.34
[INFO] [stderr]    Compiling dashmap v6.2.1
[INFO] [stderr]    Compiling nybbles v0.4.8
[INFO] [stderr]    Compiling http-body v1.1.0
[INFO] [stderr]    Compiling http-body-util v0.1.5
[INFO] [stderr]    Compiling derive_more v2.1.1
[INFO] [stderr]    Compiling alloy-primitives v1.7.3
[INFO] [stderr]    Compiling idna_adapter v1.2.2
[INFO] [stderr]    Compiling idna v1.1.0
[INFO] [stderr]    Compiling url v2.5.8
[INFO] [stderr]    Compiling darling_macro v0.23.0
[INFO] [stderr]    Compiling alloy-json-abi v1.7.3
[INFO] [stderr]    Compiling darling v0.23.0
[INFO] [stderr]    Compiling alloy-tx-macros v2.5.0
[INFO] [stderr]    Compiling alloy-eip7702 v0.6.3
[INFO] [stderr]    Compiling alloy-serde v2.5.0
[INFO] [stderr]    Compiling alloy-eip7928 v0.4.11
[INFO] [stderr]    Compiling alloy-eip2124 v0.2.0
[INFO] [stderr]    Compiling alloy-eip2930 v0.2.4
[INFO] [stderr]    Compiling alloy-eip8141 v0.1.1
[INFO] [stderr]    Compiling alloy-trie v0.9.7
[INFO] [stderr]    Compiling alloy-signer v2.5.0
[INFO] [stderr]    Compiling alloy-chains v0.2.39
[INFO] [stderr]    Compiling alloy-sol-macro-input v1.7.3
[INFO] [stderr]    Compiling alloy-eips v2.5.0
[INFO] [stderr]    Compiling alloy-sol-macro-expander v1.7.3
[INFO] [stderr]    Compiling rusqlite v0.40.2
[INFO] [stderr]    Compiling hyper v1.11.1
[INFO] [stderr]    Compiling tower v0.5.3
[INFO] [stderr]    Compiling tokio-util v0.7.19
[INFO] [stderr]    Compiling tokio-stream v0.1.19
[INFO] [stderr]    Compiling alloy-consensus v2.5.0
[INFO] [stderr]    Compiling tower-http v0.6.11
[INFO] [stderr]    Compiling hyper-util v0.1.20
[INFO] [stderr]    Compiling alloy-sol-macro v1.7.3
[INFO] [stderr]    Compiling alloy-sol-types v1.7.3
[INFO] [stderr]    Compiling alloy-network-primitives v2.5.0
[INFO] [stderr]    Compiling alloy-consensus-any v2.5.0
[INFO] [stderr]    Compiling alloy-json-rpc v2.5.0
[INFO] [stderr]    Compiling alloy-rpc-types-eth v2.5.0
[INFO] [stderr]    Compiling alloy-dyn-abi v1.7.3
[INFO] [stderr]    Compiling rustls-webpki v0.103.15
[INFO] [stderr]    Compiling alloy-transport v2.5.0
[INFO] [stderr]    Compiling alloy-core v1.7.3
[INFO] [stderr]    Compiling alloy-rpc-types-any v2.5.0
[INFO] [stderr]    Compiling alloy-rpc-types v2.5.0
[INFO] [stderr]    Compiling alloy-network v2.5.0
[INFO] [stderr]    Compiling alloy-signer-local v2.5.0
[INFO] [stderr]    Compiling tokio-rustls v0.26.5
[INFO] [stderr]    Compiling rustls-platform-verifier v0.7.0
[INFO] [stderr]    Compiling hyper-rustls v0.27.10
[INFO] [stderr]    Compiling reqwest v0.13.5
[INFO] [stderr]    Compiling alloy-transport-http v2.5.0
[INFO] [stderr]    Compiling alloy-rpc-client v2.5.0
[INFO] [stderr]    Compiling alloy-provider v2.5.0
[INFO] [stderr]    Compiling alloy-contract v2.5.0
[INFO] [stderr]    Compiling alloy v2.5.0
[INFO] [stderr]    Compiling degenbot-core v0.6.0-alpha.13
[INFO] [stderr]    Compiling degenbot-math v0.6.0-alpha.13
[INFO] [stderr]    Compiling degenbot-db v0.6.0-alpha.13 (/opt/rustwide/workdir)
[INFO] [stderr]     Finished `dev` profile [unoptimized + debuginfo] target(s) in 2m 28s
[INFO] running `Command { std: "docker" "inspect" "85fc85b05627c0747dad3f38b62a2001b2a452b57644651a499b65674b8c413b", kill_on_drop: false }`
[INFO] running `Command { std: "docker" "exec" "-e" "SOURCE_DIR=/opt/rustwide/workdir" "-e" "CARGO_HOME=/opt/rustwide/cargo-home" "-e" "RUSTUP_HOME=/opt/rustwide/rustup-home" "-e" "CARGO_TARGET_DIR=/opt/rustwide/target" "-e" "CARGO_INCREMENTAL=0" "-e" "RUST_BACKTRACE=full" "-e" "RUSTFLAGS=--cap-lints=warn" "-e" "RUSTDOCFLAGS=--cap-lints=warn" "-w" "/opt/rustwide/workdir" "--user" "0:0" "85fc85b05627c0747dad3f38b62a2001b2a452b57644651a499b65674b8c413b" "/opt/rustwide/cargo-home/bin/cargo" "+1.99.0-beta.8" "test" "--frozen" "--no-run" "--message-format=json", kill_on_drop: false }`
[INFO] [stderr]    Compiling either v1.18.0
[INFO] [stderr]    Compiling zerocopy v0.8.58
[INFO] [stderr]    Compiling zerocopy-derive v0.8.58
[INFO] [stderr]    Compiling bitflags v2.13.2
[INFO] [stderr]    Compiling alloca v0.4.0
[INFO] [stderr]    Compiling clap_lex v1.1.1
[INFO] [stderr]    Compiling rustix v1.1.5
[INFO] [stderr]    Compiling getrandom v0.4.3
[INFO] [stderr]    Compiling tinytemplate v1.2.1
[INFO] [stderr]    Compiling page_size v0.6.0
[INFO] [stderr]    Compiling fastrand v2.5.0
[INFO] [stderr]    Compiling alloy-eips v2.5.0
[INFO] [stderr]    Compiling itertools v0.14.0
[INFO] [stderr]    Compiling alloy-signer v2.5.0
[INFO] [stderr]    Compiling itertools v0.13.0
[INFO] [stderr]    Compiling clap_builder v4.6.7
[INFO] [stderr]    Compiling tower-http v0.6.11
[INFO] [stderr]    Compiling rusqlite v0.40.2
[INFO] [stderr]    Compiling reqwest v0.13.5
[INFO] [stderr]    Compiling alloy-consensus v2.5.0
[INFO] [stderr]    Compiling clap v4.6.7
[INFO] [stderr]    Compiling alloy-transport-http v2.5.0
[INFO] [stderr]    Compiling alloy-rpc-client v2.5.0
[INFO] [stderr]    Compiling tempfile v3.27.0
[INFO] [stderr]    Compiling criterion-plot v0.8.2
[INFO] [stderr]    Compiling alloy-network-primitives v2.5.0
[INFO] [stderr]    Compiling alloy-consensus-any v2.5.0
[INFO] [stderr]    Compiling alloy-rpc-types-eth v2.5.0
[INFO] [stderr]    Compiling ppv-lite86 v0.2.21
[INFO] [stderr]    Compiling half v2.7.1
[INFO] [stderr]    Compiling ciborium-ll v0.2.2
[INFO] [stderr]    Compiling rand_chacha v0.3.1
[INFO] [stderr]    Compiling ciborium v0.2.2
[INFO] [stderr]    Compiling rand v0.8.8
[INFO] [stderr]    Compiling criterion v0.8.2
[INFO] [stderr]    Compiling alloy-rpc-types-any v2.5.0
[INFO] [stderr]    Compiling alloy-rpc-types v2.5.0
[INFO] [stderr]    Compiling alloy-network v2.5.0
[INFO] [stderr]    Compiling alloy-provider v2.5.0
[INFO] [stderr]    Compiling alloy-signer-local v2.5.0
[INFO] [stderr]    Compiling alloy-contract v2.5.0
[INFO] [stderr]    Compiling alloy v2.5.0
[INFO] [stderr]    Compiling degenbot-core v0.6.0-alpha.13
[INFO] [stderr]    Compiling degenbot-math v0.6.0-alpha.13
[INFO] [stderr]    Compiling degenbot-db v0.6.0-alpha.13 (/opt/rustwide/workdir)
[INFO] [stderr] error: could not compile `degenbot-db` (lib test)
[INFO] [stderr] 
[INFO] [stderr] Caused by:
[INFO] [stderr]   process didn't exit successfully: `/opt/rustwide/rustup-home/toolchains/1.99.0-beta.8-x86_64-unknown-linux-gnu/bin/rustc --crate-name degenbot_db --edition=2021 src/lib.rs --error-format=json --json=diagnostic-rendered-ansi,artifacts,future-incompat --emit=dep-info,link -C embed-bitcode=no -C debuginfo=2 '--warn=clippy::suspicious' '--warn=clippy::style' '--warn=clippy::perf' '--warn=clippy::pedantic' '--warn=clippy::correctness' --deny=warnings '--deny=clippy::unwrap_used' '--deny=clippy::unimplemented' --deny=unexpected_cfgs '--deny=clippy::todo' '--deny=clippy::print_stdout' '--deny=clippy::print_stderr' '--deny=clippy::panic_in_result_fn' '--deny=clippy::panic' '--deny=clippy::expect_used' '--deny=clippy::exit' '--deny=clippy::dbg_macro' '--deny=clippy::await_holding_lock' '--deny=clippy::allow_attributes' --check-cfg 'cfg(coverage, values(none()))' --test --check-cfg 'cfg(docsrs,test)' --check-cfg 'cfg(feature, values())' -C metadata=d8541c192ecd41f9 -C extra-filename=-077291e8eda0b506 --out-dir /opt/rustwide/target/debug/deps -L dependency=/opt/rustwide/target/debug/deps --extern alloy=/opt/rustwide/target/debug/deps/liballoy-d7d0348acb23cbdc.rlib --extern criterion=/opt/rustwide/target/debug/deps/libcriterion-52bda7557dea5db8.rlib --extern degenbot_core=/opt/rustwide/target/debug/deps/libdegenbot_core-0e58799d800926db.rlib --extern degenbot_math=/opt/rustwide/target/debug/deps/libdegenbot_math-4af2c9e0b005e784.rlib --extern degenbot_pathfinding=/opt/rustwide/target/debug/deps/libdegenbot_pathfinding-9b315633965700b3.rlib --extern hashbrown=/opt/rustwide/target/debug/deps/libhashbrown-d8b07e732df27a81.rlib --extern parking_lot=/opt/rustwide/target/debug/deps/libparking_lot-b6787bd2ff3d5ffc.rlib --extern rusqlite=/opt/rustwide/target/debug/deps/librusqlite-988e81e897cad5ad.rlib --extern serde=/opt/rustwide/target/debug/deps/libserde-761aca9542de8426.rlib --extern serde_json=/opt/rustwide/target/debug/deps/libserde_json-43d6ed0eaee2c124.rlib --extern tempfile=/opt/rustwide/target/debug/deps/libtempfile-ed5b8b5e290c2b8b.rlib --extern thiserror=/opt/rustwide/target/debug/deps/libthiserror-104582db36521865.rlib --extern toml=/opt/rustwide/target/debug/deps/libtoml-7dbee71e5d70d937.rlib --extern tracing=/opt/rustwide/target/debug/deps/libtracing-d74435b557468342.rlib --cap-lints=warn -L native=/opt/rustwide/target/debug/build/aws-lc-sys-4cd9a804b8dc61ef/out -L native=/opt/rustwide/target/debug/build/alloca-6e868d0621d91f3a/out -L native=/opt/rustwide/target/debug/build/libsqlite3-sys-10f90e7b3eb1b950/out` (signal: 9, SIGKILL: kill)
[INFO] [stderr] warning: build failed, waiting for other jobs to finish...
[INFO] [stdout] error: linking with `cc` failed: exit status: 1
[INFO] [stdout]   |
[INFO] [stdout]   = note:  "cc" "-m64" "/opt/rustwide/target/debug/deps/rustcZ8YVtq/symbols.o" "<2 object files omitted>" "-Wl,--as-needed" "-Wl,-Bstatic" "<sysroot>/lib/rustlib/x86_64-unknown-linux-gnu/lib/{libtest-*,libgetopts-*,librustc_std_workspace_std-*}.rlib" "/opt/rustwide/target/debug/deps/{libtempfile-ed5b8b5e290c2b8b,libgetrandom-a613c9f3568b65d3,libfastrand-bab015aa83fcde07,librustix-1221baed404de2e3,liblinux_raw_sys-0b6cde911e9a3109,libdegenbot_db-4990dc5d2b0fa21f,libdegenbot_pathfinding-9b315633965700b3,libdegenbot_math-4af2c9e0b005e784,libdegenbot_core-0e58799d800926db,libdegenbot_config-28858d9407c24e50,libtoml-7dbee71e5d70d937,libserde_spanned-f4e826de47988a69,libtoml_edit-e11f1d4beec450f1,libtoml_parser-a90b95f6ea7450df,libindexmap-43796275c48b14e5,libtoml_writer-fd166c917f792fda,libtoml_datetime-dc0fb7b66d772ee8,librusqlite-988e81e897cad5ad,libhashlink-f735f7e3a6f16592,liblibsqlite3_sys-bd64710c507f9493,libfallible_streaming_iterator-4b12442690f53239,libfallible_iterator-6e888fb96d72e3e0,liballoy-d7d0348acb23cbdc,liballoy_signer_local-b424504e3cec9ec8,librand-7371ed2ff2b65645,librand_chacha-c7c296899593ca75,libppv_lite86-4be4318f6035dbe7,libzerocopy-a48f866f6ef38c06,liballoy_rpc_types-7290461a4d762ee3,liballoy_contract-506a7384b5021c07,liballoy_provider-ac6431b92cc90bf4,libdashmap-9ad1be754f4f32d3,libhashbrown-7535884dad52ee2f,libcrossbeam_utils-7ff32d1cfd9997e2,liblru-a14c74b6f7000734,libasync_stream-7c501b2f60ca6d43,liballoy_rpc_client-a9da4db9ed92c68d,libtokio_stream-93e38d5c94ea9cec,libtokio_util-52fb14a9a74f6817,libpin_project-62f0c87aad7d2d32,liballoy_chains-7e6fcee510ddeebe,libnum_enum-99b0bffd3b4e0eaa,libphf-43d35d8df220733e,libphf_shared-6c80d6cac06cefb4,libsiphasher-b16e808df37ae9fc,liballoy_transport_http-974a8d35a1c53fe0,liballoy_transport-51dcf4fc811cacf4,libparking_lot-b6787bd2ff3d5ffc,libparking_lot_core-fd9ccb6950c6f4fe,liblock_api-16d46fed645f7bff,libscopeguard-7ec2214574194454,libfutures-5c72ee313ece8535,libfutures_executor-3416405cdf580be1,libreqwest-ce5f4e2553460706,librustls_platform_verifier-23b1673495d8573b,librustls_native_certs-005aff849dc505f4,libopenssl_probe-6b1b371432012237,libbase64-cd0e3010b971e43f,libhyper_rustls-04012372866c95f4,libtokio_rustls-3625690789cb7a81,librustls-ec5cce5aa88488b4,libwebpki-fe433821b088ff2e,libuntrusted-b2f816886faf2178,libaws_lc_rs-d8d8fbe0e57e9730,libaws_lc_sys-8fe2e1c240737da9,librustls_pki_types-f9d0b31df971a573,libtower_http-d175518486a85e8b,libbitflags-d493ea957e921aab,libtower-6793a39f44f057fe,libtower_layer-d908dd771b239ecd,libhyper_util-9a38c143d5595f1e,libbase64-32787b0325ea6df8,libipnet-9dfae905f44e7daa,libtower_service-3fb88d28c2218805,libhyper-a9b997a913847c74,libwant-7a6260b9c50f1479,libtry_lock-8fa2f6971035be84,libhttparse-8c9b827b8f345444,libatomic_waker-06950c8c08d2b8fa,libfutures_util-bae520443b567caf,libfutures_io-2de19dd835d0513d,libslab-ed301aba3460fb05,libfutures_channel-e55265846f1ca713,libfutures_sink-690a515e9c61c93a,libfutures_task-06c0578367ad4cff,libhttp_body_util-ec70b03b82abb3b6,libhttp_body-61383e59d6b4e82b,liblog-22b5be7f6ba2d64a,liburl-c9ff15f7cec16b5b,libidna-2196e31b127ecc5f,libidna_adapter-d51286dc8d424dc4,libicu_properties-d7ca489c07ef4fa5,libicu_properties_data-3f856f5bc2063921,libicu_normalizer-c9b352c386d64610,libicu_normalizer_data-8b25f9eb7a72d68e,libicu_collections-7f13b24f636ef2ef,libutf8_iter-51566bbad89f3a68,libpotential_utf-c1d56cac19d8dd16,libicu_provider-6b6ffb46d86e2e43,libicu_locale_core-112e41a5665da764,libtinystr-f991c251e96ce4a1,liblitemap-abaddab7afb37065,libwriteable-36514dcf36d12676,libzerovec-1d9aaaf7bcbda666,libzerotrie-01c40d6c9c3ec7a8,libyoke-381caff13c730223,libstable_deref_trait-63cbf3f3d3f94e56,libzerofrom-9a7a1c35a45876b9,libform_urlencoded-98cc7da289c29f13,libpercent_encoding-fa055ecaa1e57cfa,libsync_wrapper-194362e0d6e4de4b,libfutures_core-97d9bb84a61d4536,libtokio-9a5eb95d6a7cbfcb,libsocket2-380ed4e5002278b4,libmio-f3f5c0f25170586f,liballoy_network-fce9d91dee9b8d33,liballoy_rpc_types_any-aa91fc7668de7399,liballoy_signer-47168f115d6acc4f,libfutures_utils_wasm-38ebf48fc9a287e3,liballoy_rpc_types_eth-96f43b31531f496a,liballoy_consensus_any-6ee437cb81d90f29,libitertools-fa4812f8ddfd1cb8,liballoy_network_primitives-a997e8abd6de2451,liballoy_json_rpc-3f5817d757311dab,libhttp-dc1e9ad9a7ce4970,liballoy_consensus-19b1d7d73fb63f29,liballoy_eips-b142486211aa2a08,libeither-7bad91b4907066fd,liballoy_serde-c94194b8d1bac553,libserde_json-43d6ed0eaee2c124,libmemchr-a932478bde794617,libzmij-2ca2f302097868c6,libserde_with-24e1ecf7079f761d,liballoy_eip8141-802d28168380f2c2,liballoy_eip7928-69a4424372a63cb4,liballoy_eip7702-f74491487bd65e51,liballoy_eip2930-2a2161137ac40023,liballoy_eip2124-681e45647f89a450,libcrc-c7d92037d8a82253,libcrc_catalog-229f3d571887ef81,liballoy_trie-0917fd8ee94af440,libthiserror-104582db36521865,libtracing-d74435b557468342,libpin_project_lite-0a15d51c77964692,libtracing_core-89b602bc4a7d7f8a,libnybbles-f48d39debf4210da,libsmallvec-fc8973e832c3ec24,libonce_cell-b5bdc597ed9676b3,liballoy_core-c3a4a9e91e4a9c77,liballoy_dyn_abi-4a1b47d937e73b72,liballoy_sol_types-efe66564385f6dee,liballoy_json_abi-1a1e2019171bd26f,liballoy_sol_type_parser-ea598a2ab5846583,libwinnow-bc6da96017845a00,liballoy_primitives-7465131d0e46fd3c,libitoa-5de11b3b23bfe572,libhashbrown-d8b07e732df27a81,libequivalent-6a754676e6af62ae,liballocator_api2-8d9c1e895dea53bd,libfoldhash-7d3cc043bdc3f46a,libconst_hex-10704dcc57256fc5,libderive_more-6e573e1d9b6128c9,libk256-fbec2916565ec4b9,libsha2-87ee38f78174df2b,libcpufeatures-e04321643d03190d,libecdsa-6538bc19eebe67da,librfc6979-48811aaa6b4c678b,libhmac-0dc9146c00f68e0f,libspki-d9d8ea95bd531ba5,libsignature-388aba37529c7a24,libdigest-ed3adfa82a55eae0,libblock_buffer-90538db0ac9cebf0,libcrypto_common-13594b634cba0ee8,libelliptic_curve-bf17e321f893d22c,libsec1-f7520f02bf0b696d,libder-843c110873236ade,libconst_oid-2aadc73a32842898,libcrypto_bigint-033aebabc8261221,libgeneric_array-a70fb0692cf09b43,libbase16ct-c4cc4b0550013254,libzeroize-37b2a6e0a2742c6a,libgroup-3ba589b97aaca601,libff-746e056ef4b08bc0,librand_core-3b5a1168572aa6a6,libgetrandom-dddf5036bd6d3b83,liblibc-32464e1b8391e223,libsubtle-cdc2b7d5fab71c70,libruint-635d38320efc59cd,liballoy_rlp-bc4089163536e4f2,libarrayvec-d5b59a8ee5f6407a,libbytes-2c44903c18b8bcc7,libserde-761aca9542de8426,libserde_core-3c8a23a2a3d3c65e,libsha3-45d8dd4cf8ef6ef4,libkeccak-6766ad4db34bcbc0,libcfg_if-5addb699396bfe5f,libdigest-a43a4936b7f2d50f,libcrypto_common-0700e0c7e42473ad,libblock_buffer-c51ef3ba17219c40,libhybrid_array-36235c981c84acf3,libtypenum-8cba24ab4904c632}.rlib" "<sysroot>/lib/rustlib/x86_64-unknown-linux-gnu/lib/{libstd-*,libpanic_unwind-*,libobject-*,libmemchr-*,libaddr2line-*,libgimli-*,libcfg_if-*,librustc_demangle-*,libstd_detect-*,libhashbrown-*,librustc_std_workspace_alloc-*,libminiz_oxide-*,libadler2-*,libunwind-*,liblibc-*,librustc_std_workspace_core-*,liballoc-*,libcore-*,libcompiler_builtins-*}.rlib" "-Wl,-Bdynamic" "-lgcc_s" "-lutil" "-lrt" "-lpthread" "-lm" "-ldl" "-lc" "-L" "/opt/rustwide/target/debug/deps/rustcZ8YVtq/raw-dylibs" "-B<sysroot>/lib/rustlib/x86_64-unknown-linux-gnu/bin/gcc-ld" "-fuse-ld=lld" "-Wl,--eh-frame-hdr" "-Wl,-z,noexecstack" "-L" "/opt/rustwide/target/debug/build/aws-lc-sys-4cd9a804b8dc61ef/out" "-L" "/opt/rustwide/target/debug/build/alloca-6e868d0621d91f3a/out" "-L" "/opt/rustwide/target/debug/build/libsqlite3-sys-10f90e7b3eb1b950/out" "-L" "<sysroot>/lib/rustlib/x86_64-unknown-linux-gnu/lib" "-o" "/opt/rustwide/target/debug/deps/open_bootstraps_database-d81c251ece530a46" "-Wl,--gc-sections" "-pie" "-Wl,-z,relro,-z,now" "-nodefaultlibs"
[INFO] [stdout]   = note: some arguments are omitted. use `--verbose` to show all linker arguments
[INFO] [stdout]   = note: collect2: fatal error: ld terminated with signal 9 [Killed]
[INFO] [stdout]           compilation terminated.
[INFO] [stdout]           
[INFO] [stdout] 
[INFO] [stdout] 
[INFO] [stderr] error: could not compile `degenbot-db` (test "open_bootstraps_database") due to 1 previous error
[INFO] [stdout] error: linking with `cc` failed: exit status: 1
[INFO] [stdout]   |
[INFO] [stdout]   = note:  "cc" "-m64" "/opt/rustwide/target/debug/deps/rustcjrT4YM/symbols.o" "<2 object files omitted>" "-Wl,--as-needed" "-Wl,-Bstatic" "<sysroot>/lib/rustlib/x86_64-unknown-linux-gnu/lib/{libtest-*,libgetopts-*,librustc_std_workspace_std-*}.rlib" "/opt/rustwide/target/debug/deps/{libdegenbot_db-4990dc5d2b0fa21f,libdegenbot_pathfinding-9b315633965700b3,libdegenbot_math-4af2c9e0b005e784,libdegenbot_core-0e58799d800926db,libdegenbot_config-28858d9407c24e50,libtoml-7dbee71e5d70d937,libserde_spanned-f4e826de47988a69,libtoml_edit-e11f1d4beec450f1,libtoml_parser-a90b95f6ea7450df,libindexmap-43796275c48b14e5,libtoml_writer-fd166c917f792fda,libtoml_datetime-dc0fb7b66d772ee8,librusqlite-988e81e897cad5ad,libhashlink-f735f7e3a6f16592,liblibsqlite3_sys-bd64710c507f9493,libfallible_streaming_iterator-4b12442690f53239,libfallible_iterator-6e888fb96d72e3e0,liballoy-d7d0348acb23cbdc,liballoy_signer_local-b424504e3cec9ec8,librand-7371ed2ff2b65645,librand_chacha-c7c296899593ca75,libppv_lite86-4be4318f6035dbe7,libzerocopy-a48f866f6ef38c06,liballoy_rpc_types-7290461a4d762ee3,liballoy_contract-506a7384b5021c07,liballoy_provider-ac6431b92cc90bf4,libdashmap-9ad1be754f4f32d3,libhashbrown-7535884dad52ee2f,libcrossbeam_utils-7ff32d1cfd9997e2,liblru-a14c74b6f7000734,libasync_stream-7c501b2f60ca6d43,liballoy_rpc_client-a9da4db9ed92c68d,libtokio_stream-93e38d5c94ea9cec,libtokio_util-52fb14a9a74f6817,libpin_project-62f0c87aad7d2d32,liballoy_chains-7e6fcee510ddeebe,libnum_enum-99b0bffd3b4e0eaa,libphf-43d35d8df220733e,libphf_shared-6c80d6cac06cefb4,libsiphasher-b16e808df37ae9fc,liballoy_transport_http-974a8d35a1c53fe0,liballoy_transport-51dcf4fc811cacf4,libparking_lot-b6787bd2ff3d5ffc,libparking_lot_core-fd9ccb6950c6f4fe,liblock_api-16d46fed645f7bff,libscopeguard-7ec2214574194454,libfutures-5c72ee313ece8535,libfutures_executor-3416405cdf580be1,libreqwest-ce5f4e2553460706,librustls_platform_verifier-23b1673495d8573b,librustls_native_certs-005aff849dc505f4,libopenssl_probe-6b1b371432012237,libbase64-cd0e3010b971e43f,libhyper_rustls-04012372866c95f4,libtokio_rustls-3625690789cb7a81,librustls-ec5cce5aa88488b4,libwebpki-fe433821b088ff2e,libuntrusted-b2f816886faf2178,libaws_lc_rs-d8d8fbe0e57e9730,libaws_lc_sys-8fe2e1c240737da9,librustls_pki_types-f9d0b31df971a573,libtower_http-d175518486a85e8b,libbitflags-d493ea957e921aab,libtower-6793a39f44f057fe,libtower_layer-d908dd771b239ecd,libhyper_util-9a38c143d5595f1e,libbase64-32787b0325ea6df8,libipnet-9dfae905f44e7daa,libtower_service-3fb88d28c2218805,libhyper-a9b997a913847c74,libwant-7a6260b9c50f1479,libtry_lock-8fa2f6971035be84,libhttparse-8c9b827b8f345444,libatomic_waker-06950c8c08d2b8fa,libfutures_util-bae520443b567caf,libfutures_io-2de19dd835d0513d,libslab-ed301aba3460fb05,libfutures_channel-e55265846f1ca713,libfutures_sink-690a515e9c61c93a,libfutures_task-06c0578367ad4cff,libhttp_body_util-ec70b03b82abb3b6,libhttp_body-61383e59d6b4e82b,liblog-22b5be7f6ba2d64a,liburl-c9ff15f7cec16b5b,libidna-2196e31b127ecc5f,libidna_adapter-d51286dc8d424dc4,libicu_properties-d7ca489c07ef4fa5,libicu_properties_data-3f856f5bc2063921,libicu_normalizer-c9b352c386d64610,libicu_normalizer_data-8b25f9eb7a72d68e,libicu_collections-7f13b24f636ef2ef,libutf8_iter-51566bbad89f3a68,libpotential_utf-c1d56cac19d8dd16,libicu_provider-6b6ffb46d86e2e43,libicu_locale_core-112e41a5665da764,libtinystr-f991c251e96ce4a1,liblitemap-abaddab7afb37065,libwriteable-36514dcf36d12676,libzerovec-1d9aaaf7bcbda666,libzerotrie-01c40d6c9c3ec7a8,libyoke-381caff13c730223,libstable_deref_trait-63cbf3f3d3f94e56,libzerofrom-9a7a1c35a45876b9,libform_urlencoded-98cc7da289c29f13,libpercent_encoding-fa055ecaa1e57cfa,libsync_wrapper-194362e0d6e4de4b,libfutures_core-97d9bb84a61d4536,libtokio-9a5eb95d6a7cbfcb,libsocket2-380ed4e5002278b4,libmio-f3f5c0f25170586f,liballoy_network-fce9d91dee9b8d33,liballoy_rpc_types_any-aa91fc7668de7399,liballoy_signer-47168f115d6acc4f,libfutures_utils_wasm-38ebf48fc9a287e3,liballoy_rpc_types_eth-96f43b31531f496a,liballoy_consensus_any-6ee437cb81d90f29,libitertools-fa4812f8ddfd1cb8,liballoy_network_primitives-a997e8abd6de2451,liballoy_json_rpc-3f5817d757311dab,libhttp-dc1e9ad9a7ce4970,liballoy_consensus-19b1d7d73fb63f29,liballoy_eips-b142486211aa2a08,libeither-7bad91b4907066fd,liballoy_serde-c94194b8d1bac553,libserde_json-43d6ed0eaee2c124,libmemchr-a932478bde794617,libzmij-2ca2f302097868c6,libserde_with-24e1ecf7079f761d,liballoy_eip8141-802d28168380f2c2,liballoy_eip7928-69a4424372a63cb4,liballoy_eip7702-f74491487bd65e51,liballoy_eip2930-2a2161137ac40023,liballoy_eip2124-681e45647f89a450,libcrc-c7d92037d8a82253,libcrc_catalog-229f3d571887ef81,liballoy_trie-0917fd8ee94af440,libthiserror-104582db36521865,libtracing-d74435b557468342,libpin_project_lite-0a15d51c77964692,libtracing_core-89b602bc4a7d7f8a,libnybbles-f48d39debf4210da,libsmallvec-fc8973e832c3ec24,libonce_cell-b5bdc597ed9676b3,liballoy_core-c3a4a9e91e4a9c77,liballoy_dyn_abi-4a1b47d937e73b72,liballoy_sol_types-efe66564385f6dee,liballoy_json_abi-1a1e2019171bd26f,liballoy_sol_type_parser-ea598a2ab5846583,libwinnow-bc6da96017845a00,liballoy_primitives-7465131d0e46fd3c,libitoa-5de11b3b23bfe572,libhashbrown-d8b07e732df27a81,libequivalent-6a754676e6af62ae,liballocator_api2-8d9c1e895dea53bd,libfoldhash-7d3cc043bdc3f46a,libconst_hex-10704dcc57256fc5,libderive_more-6e573e1d9b6128c9,libk256-fbec2916565ec4b9,libsha2-87ee38f78174df2b,libcpufeatures-e04321643d03190d,libecdsa-6538bc19eebe67da,librfc6979-48811aaa6b4c678b,libhmac-0dc9146c00f68e0f,libspki-d9d8ea95bd531ba5,libsignature-388aba37529c7a24,libdigest-ed3adfa82a55eae0,libblock_buffer-90538db0ac9cebf0,libcrypto_common-13594b634cba0ee8,libelliptic_curve-bf17e321f893d22c,libsec1-f7520f02bf0b696d,libder-843c110873236ade,libconst_oid-2aadc73a32842898,libcrypto_bigint-033aebabc8261221,libgeneric_array-a70fb0692cf09b43,libbase16ct-c4cc4b0550013254,libzeroize-37b2a6e0a2742c6a,libgroup-3ba589b97aaca601,libff-746e056ef4b08bc0,librand_core-3b5a1168572aa6a6,libgetrandom-dddf5036bd6d3b83,liblibc-32464e1b8391e223,libsubtle-cdc2b7d5fab71c70,libruint-635d38320efc59cd,liballoy_rlp-bc4089163536e4f2,libarrayvec-d5b59a8ee5f6407a,libbytes-2c44903c18b8bcc7,libserde-761aca9542de8426,libserde_core-3c8a23a2a3d3c65e,libsha3-45d8dd4cf8ef6ef4,libkeccak-6766ad4db34bcbc0,libcfg_if-5addb699396bfe5f,libdigest-a43a4936b7f2d50f,libcrypto_common-0700e0c7e42473ad,libblock_buffer-c51ef3ba17219c40,libhybrid_array-36235c981c84acf3,libtypenum-8cba24ab4904c632}.rlib" "<sysroot>/lib/rustlib/x86_64-unknown-linux-gnu/lib/{libstd-*,libpanic_unwind-*,libobject-*,libmemchr-*,libaddr2line-*,libgimli-*,libcfg_if-*,librustc_demangle-*,libstd_detect-*,libhashbrown-*,librustc_std_workspace_alloc-*,libminiz_oxide-*,libadler2-*,libunwind-*,liblibc-*,librustc_std_workspace_core-*,liballoc-*,libcore-*,libcompiler_builtins-*}.rlib" "-Wl,-Bdynamic" "-lgcc_s" "-lutil" "-lrt" "-lpthread" "-lm" "-ldl" "-lc" "-L" "/opt/rustwide/target/debug/deps/rustcjrT4YM/raw-dylibs" "-B<sysroot>/lib/rustlib/x86_64-unknown-linux-gnu/bin/gcc-ld" "-fuse-ld=lld" "-Wl,--eh-frame-hdr" "-Wl,-z,noexecstack" "-L" "/opt/rustwide/target/debug/build/aws-lc-sys-4cd9a804b8dc61ef/out" "-L" "/opt/rustwide/target/debug/build/alloca-6e868d0621d91f3a/out" "-L" "/opt/rustwide/target/debug/build/libsqlite3-sys-10f90e7b3eb1b950/out" "-L" "<sysroot>/lib/rustlib/x86_64-unknown-linux-gnu/lib" "-o" "/opt/rustwide/target/debug/deps/liquidity_update_block-d792d748f89b4eef" "-Wl,--gc-sections" "-pie" "-Wl,-z,relro,-z,now" "-nodefaultlibs"
[INFO] [stdout]   = note: some arguments are omitted. use `--verbose` to show all linker arguments
[INFO] [stdout]   = note: collect2: fatal error: ld terminated with signal 9 [Killed]
[INFO] [stdout]           compilation terminated.
[INFO] [stdout]           
[INFO] [stdout] 
[INFO] [stdout] 
[INFO] [stdout] error: linking with `cc` failed: exit status: 1
[INFO] [stdout]   |
[INFO] [stdout]   = note:  "cc" "-m64" "/opt/rustwide/target/debug/deps/rustcwwNOKZ/symbols.o" "<2 object files omitted>" "-Wl,--as-needed" "-Wl,-Bstatic" "<sysroot>/lib/rustlib/x86_64-unknown-linux-gnu/lib/{libtest-*,libgetopts-*,librustc_std_workspace_std-*}.rlib" "/opt/rustwide/target/debug/deps/{libdegenbot_db-4990dc5d2b0fa21f,libdegenbot_pathfinding-9b315633965700b3,libdegenbot_math-4af2c9e0b005e784,libdegenbot_core-0e58799d800926db,libdegenbot_config-28858d9407c24e50,libtoml-7dbee71e5d70d937,libserde_spanned-f4e826de47988a69,libtoml_edit-e11f1d4beec450f1,libtoml_parser-a90b95f6ea7450df,libindexmap-43796275c48b14e5,libtoml_writer-fd166c917f792fda,libtoml_datetime-dc0fb7b66d772ee8,librusqlite-988e81e897cad5ad,libhashlink-f735f7e3a6f16592,liblibsqlite3_sys-bd64710c507f9493,libfallible_streaming_iterator-4b12442690f53239,libfallible_iterator-6e888fb96d72e3e0,liballoy-d7d0348acb23cbdc,liballoy_signer_local-b424504e3cec9ec8,librand-7371ed2ff2b65645,librand_chacha-c7c296899593ca75,libppv_lite86-4be4318f6035dbe7,libzerocopy-a48f866f6ef38c06,liballoy_rpc_types-7290461a4d762ee3,liballoy_contract-506a7384b5021c07,liballoy_provider-ac6431b92cc90bf4,libdashmap-9ad1be754f4f32d3,libhashbrown-7535884dad52ee2f,libcrossbeam_utils-7ff32d1cfd9997e2,liblru-a14c74b6f7000734,libasync_stream-7c501b2f60ca6d43,liballoy_rpc_client-a9da4db9ed92c68d,libtokio_stream-93e38d5c94ea9cec,libtokio_util-52fb14a9a74f6817,libpin_project-62f0c87aad7d2d32,liballoy_chains-7e6fcee510ddeebe,libnum_enum-99b0bffd3b4e0eaa,libphf-43d35d8df220733e,libphf_shared-6c80d6cac06cefb4,libsiphasher-b16e808df37ae9fc,liballoy_transport_http-974a8d35a1c53fe0,liballoy_transport-51dcf4fc811cacf4,libparking_lot-b6787bd2ff3d5ffc,libparking_lot_core-fd9ccb6950c6f4fe,liblock_api-16d46fed645f7bff,libscopeguard-7ec2214574194454,libfutures-5c72ee313ece8535,libfutures_executor-3416405cdf580be1,libreqwest-ce5f4e2553460706,librustls_platform_verifier-23b1673495d8573b,librustls_native_certs-005aff849dc505f4,libopenssl_probe-6b1b371432012237,libbase64-cd0e3010b971e43f,libhyper_rustls-04012372866c95f4,libtokio_rustls-3625690789cb7a81,librustls-ec5cce5aa88488b4,libwebpki-fe433821b088ff2e,libuntrusted-b2f816886faf2178,libaws_lc_rs-d8d8fbe0e57e9730,libaws_lc_sys-8fe2e1c240737da9,librustls_pki_types-f9d0b31df971a573,libtower_http-d175518486a85e8b,libbitflags-d493ea957e921aab,libtower-6793a39f44f057fe,libtower_layer-d908dd771b239ecd,libhyper_util-9a38c143d5595f1e,libbase64-32787b0325ea6df8,libipnet-9dfae905f44e7daa,libtower_service-3fb88d28c2218805,libhyper-a9b997a913847c74,libwant-7a6260b9c50f1479,libtry_lock-8fa2f6971035be84,libhttparse-8c9b827b8f345444,libatomic_waker-06950c8c08d2b8fa,libfutures_util-bae520443b567caf,libfutures_io-2de19dd835d0513d,libslab-ed301aba3460fb05,libfutures_channel-e55265846f1ca713,libfutures_sink-690a515e9c61c93a,libfutures_task-06c0578367ad4cff,libhttp_body_util-ec70b03b82abb3b6,libhttp_body-61383e59d6b4e82b,liblog-22b5be7f6ba2d64a,liburl-c9ff15f7cec16b5b,libidna-2196e31b127ecc5f,libidna_adapter-d51286dc8d424dc4,libicu_properties-d7ca489c07ef4fa5,libicu_properties_data-3f856f5bc2063921,libicu_normalizer-c9b352c386d64610,libicu_normalizer_data-8b25f9eb7a72d68e,libicu_collections-7f13b24f636ef2ef,libutf8_iter-51566bbad89f3a68,libpotential_utf-c1d56cac19d8dd16,libicu_provider-6b6ffb46d86e2e43,libicu_locale_core-112e41a5665da764,libtinystr-f991c251e96ce4a1,liblitemap-abaddab7afb37065,libwriteable-36514dcf36d12676,libzerovec-1d9aaaf7bcbda666,libzerotrie-01c40d6c9c3ec7a8,libyoke-381caff13c730223,libstable_deref_trait-63cbf3f3d3f94e56,libzerofrom-9a7a1c35a45876b9,libform_urlencoded-98cc7da289c29f13,libpercent_encoding-fa055ecaa1e57cfa,libsync_wrapper-194362e0d6e4de4b,libfutures_core-97d9bb84a61d4536,libtokio-9a5eb95d6a7cbfcb,libsocket2-380ed4e5002278b4,libmio-f3f5c0f25170586f,liballoy_network-fce9d91dee9b8d33,liballoy_rpc_types_any-aa91fc7668de7399,liballoy_signer-47168f115d6acc4f,libfutures_utils_wasm-38ebf48fc9a287e3,liballoy_rpc_types_eth-96f43b31531f496a,liballoy_consensus_any-6ee437cb81d90f29,libitertools-fa4812f8ddfd1cb8,liballoy_network_primitives-a997e8abd6de2451,liballoy_json_rpc-3f5817d757311dab,libhttp-dc1e9ad9a7ce4970,liballoy_consensus-19b1d7d73fb63f29,liballoy_eips-b142486211aa2a08,libeither-7bad91b4907066fd,liballoy_serde-c94194b8d1bac553,libserde_json-43d6ed0eaee2c124,libmemchr-a932478bde794617,libzmij-2ca2f302097868c6,libserde_with-24e1ecf7079f761d,liballoy_eip8141-802d28168380f2c2,liballoy_eip7928-69a4424372a63cb4,liballoy_eip7702-f74491487bd65e51,liballoy_eip2930-2a2161137ac40023,liballoy_eip2124-681e45647f89a450,libcrc-c7d92037d8a82253,libcrc_catalog-229f3d571887ef81,liballoy_trie-0917fd8ee94af440,libthiserror-104582db36521865,libtracing-d74435b557468342,libpin_project_lite-0a15d51c77964692,libtracing_core-89b602bc4a7d7f8a,libnybbles-f48d39debf4210da,libsmallvec-fc8973e832c3ec24,libonce_cell-b5bdc597ed9676b3,liballoy_core-c3a4a9e91e4a9c77,liballoy_dyn_abi-4a1b47d937e73b72,liballoy_sol_types-efe66564385f6dee,liballoy_json_abi-1a1e2019171bd26f,liballoy_sol_type_parser-ea598a2ab5846583,libwinnow-bc6da96017845a00,liballoy_primitives-7465131d0e46fd3c,libitoa-5de11b3b23bfe572,libhashbrown-d8b07e732df27a81,libequivalent-6a754676e6af62ae,liballocator_api2-8d9c1e895dea53bd,libfoldhash-7d3cc043bdc3f46a,libconst_hex-10704dcc57256fc5,libderive_more-6e573e1d9b6128c9,libk256-fbec2916565ec4b9,libsha2-87ee38f78174df2b,libcpufeatures-e04321643d03190d,libecdsa-6538bc19eebe67da,librfc6979-48811aaa6b4c678b,libhmac-0dc9146c00f68e0f,libspki-d9d8ea95bd531ba5,libsignature-388aba37529c7a24,libdigest-ed3adfa82a55eae0,libblock_buffer-90538db0ac9cebf0,libcrypto_common-13594b634cba0ee8,libelliptic_curve-bf17e321f893d22c,libsec1-f7520f02bf0b696d,libder-843c110873236ade,libconst_oid-2aadc73a32842898,libcrypto_bigint-033aebabc8261221,libgeneric_array-a70fb0692cf09b43,libbase16ct-c4cc4b0550013254,libzeroize-37b2a6e0a2742c6a,libgroup-3ba589b97aaca601,libff-746e056ef4b08bc0,librand_core-3b5a1168572aa6a6,libgetrandom-dddf5036bd6d3b83,liblibc-32464e1b8391e223,libsubtle-cdc2b7d5fab71c70,libruint-635d38320efc59cd,liballoy_rlp-bc4089163536e4f2,libarrayvec-d5b59a8ee5f6407a,libbytes-2c44903c18b8bcc7,libserde-761aca9542de8426,libserde_core-3c8a23a2a3d3c65e,libsha3-45d8dd4cf8ef6ef4,libkeccak-6766ad4db34bcbc0,libcfg_if-5addb699396bfe5f,libdigest-a43a4936b7f2d50f,libcrypto_common-0700e0c7e42473ad,libblock_buffer-c51ef3ba17219c40,libhybrid_array-36235c981c84acf3,libtypenum-8cba24ab4904c632}.rlib" "<sysroot>/lib/rustlib/x86_64-unknown-linux-gnu/lib/{libstd-*,libpanic_unwind-*,libobject-*,libmemchr-*,libaddr2line-*,libgimli-*,libcfg_if-*,librustc_demangle-*,libstd_detect-*,libhashbrown-*,librustc_std_workspace_alloc-*,libminiz_oxide-*,libadler2-*,libunwind-*,liblibc-*,librustc_std_workspace_core-*,liballoc-*,libcore-*,libcompiler_builtins-*}.rlib" "-Wl,-Bdynamic" "-lgcc_s" "-lutil" "-lrt" "-lpthread" "-lm" "-ldl" "-lc" "-L" "/opt/rustwide/target/debug/deps/rustcwwNOKZ/raw-dylibs" "-B<sysroot>/lib/rustlib/x86_64-unknown-linux-gnu/bin/gcc-ld" "-fuse-ld=lld" "-Wl,--eh-frame-hdr" "-Wl,-z,noexecstack" "-L" "/opt/rustwide/target/debug/build/aws-lc-sys-4cd9a804b8dc61ef/out" "-L" "/opt/rustwide/target/debug/build/alloca-6e868d0621d91f3a/out" "-L" "/opt/rustwide/target/debug/build/libsqlite3-sys-10f90e7b3eb1b950/out" "-L" "<sysroot>/lib/rustlib/x86_64-unknown-linux-gnu/lib" "-o" "/opt/rustwide/target/debug/deps/discovery_parity-5e4dbbe377b7d492" "-Wl,--gc-sections" "-pie" "-Wl,-z,relro,-z,now" "-nodefaultlibs"
[INFO] [stdout]   = note: some arguments are omitted. use `--verbose` to show all linker arguments
[INFO] [stdout]   = note: collect2: fatal error: ld terminated with signal 9 [Killed]
[INFO] [stdout]           compilation terminated.
[INFO] [stdout]           
[INFO] [stdout] 
[INFO] [stdout] 
[INFO] [stdout] error: linking with `cc` failed: exit status: 1
[INFO] [stdout]   |
[INFO] [stdout]   = note:  "cc" "-m64" "/opt/rustwide/target/debug/deps/rustclhZcZy/symbols.o" "<2 object files omitted>" "-Wl,--as-needed" "-Wl,-Bstatic" "<sysroot>/lib/rustlib/x86_64-unknown-linux-gnu/lib/{libtest-*,libgetopts-*,librustc_std_workspace_std-*}.rlib" "/opt/rustwide/target/debug/deps/{libdegenbot_db-4990dc5d2b0fa21f,libdegenbot_pathfinding-9b315633965700b3,libdegenbot_math-4af2c9e0b005e784,libdegenbot_core-0e58799d800926db,libdegenbot_config-28858d9407c24e50,libtoml-7dbee71e5d70d937,libserde_spanned-f4e826de47988a69,libtoml_edit-e11f1d4beec450f1,libtoml_parser-a90b95f6ea7450df,libindexmap-43796275c48b14e5,libtoml_writer-fd166c917f792fda,libtoml_datetime-dc0fb7b66d772ee8,liballoy-d7d0348acb23cbdc,liballoy_signer_local-b424504e3cec9ec8,librand-7371ed2ff2b65645,librand_chacha-c7c296899593ca75,libppv_lite86-4be4318f6035dbe7,libzerocopy-a48f866f6ef38c06,liballoy_rpc_types-7290461a4d762ee3,liballoy_contract-506a7384b5021c07,liballoy_provider-ac6431b92cc90bf4,libdashmap-9ad1be754f4f32d3,libhashbrown-7535884dad52ee2f,libcrossbeam_utils-7ff32d1cfd9997e2,liblru-a14c74b6f7000734,libasync_stream-7c501b2f60ca6d43,liballoy_rpc_client-a9da4db9ed92c68d,libtokio_stream-93e38d5c94ea9cec,libtokio_util-52fb14a9a74f6817,libpin_project-62f0c87aad7d2d32,liballoy_chains-7e6fcee510ddeebe,libnum_enum-99b0bffd3b4e0eaa,libphf-43d35d8df220733e,libphf_shared-6c80d6cac06cefb4,libsiphasher-b16e808df37ae9fc,liballoy_transport_http-974a8d35a1c53fe0,liballoy_transport-51dcf4fc811cacf4,libparking_lot-b6787bd2ff3d5ffc,libparking_lot_core-fd9ccb6950c6f4fe,liblock_api-16d46fed645f7bff,libscopeguard-7ec2214574194454,libfutures-5c72ee313ece8535,libfutures_executor-3416405cdf580be1,libreqwest-ce5f4e2553460706,librustls_platform_verifier-23b1673495d8573b,librustls_native_certs-005aff849dc505f4,libopenssl_probe-6b1b371432012237,libbase64-cd0e3010b971e43f,libhyper_rustls-04012372866c95f4,libtokio_rustls-3625690789cb7a81,librustls-ec5cce5aa88488b4,libwebpki-fe433821b088ff2e,libuntrusted-b2f816886faf2178,libaws_lc_rs-d8d8fbe0e57e9730,libaws_lc_sys-8fe2e1c240737da9,librustls_pki_types-f9d0b31df971a573,libtower_http-d175518486a85e8b,libtower-6793a39f44f057fe,libtower_layer-d908dd771b239ecd,libhyper_util-9a38c143d5595f1e,libbase64-32787b0325ea6df8,libipnet-9dfae905f44e7daa,libtower_service-3fb88d28c2218805,libhyper-a9b997a913847c74,libwant-7a6260b9c50f1479,libtry_lock-8fa2f6971035be84,libhttparse-8c9b827b8f345444,libatomic_waker-06950c8c08d2b8fa,libfutures_util-bae520443b567caf,libfutures_io-2de19dd835d0513d,libslab-ed301aba3460fb05,libfutures_channel-e55265846f1ca713,libfutures_sink-690a515e9c61c93a,libfutures_task-06c0578367ad4cff,libhttp_body_util-ec70b03b82abb3b6,libhttp_body-61383e59d6b4e82b,liblog-22b5be7f6ba2d64a,liburl-c9ff15f7cec16b5b,libidna-2196e31b127ecc5f,libidna_adapter-d51286dc8d424dc4,libicu_properties-d7ca489c07ef4fa5,libicu_properties_data-3f856f5bc2063921,libicu_normalizer-c9b352c386d64610,libicu_normalizer_data-8b25f9eb7a72d68e,libicu_collections-7f13b24f636ef2ef,libutf8_iter-51566bbad89f3a68,libpotential_utf-c1d56cac19d8dd16,libicu_provider-6b6ffb46d86e2e43,libicu_locale_core-112e41a5665da764,libtinystr-f991c251e96ce4a1,liblitemap-abaddab7afb37065,libwriteable-36514dcf36d12676,libzerovec-1d9aaaf7bcbda666,libzerotrie-01c40d6c9c3ec7a8,libyoke-381caff13c730223,libstable_deref_trait-63cbf3f3d3f94e56,libzerofrom-9a7a1c35a45876b9,libform_urlencoded-98cc7da289c29f13,libpercent_encoding-fa055ecaa1e57cfa,libsync_wrapper-194362e0d6e4de4b,libfutures_core-97d9bb84a61d4536,libtokio-9a5eb95d6a7cbfcb,libsocket2-380ed4e5002278b4,libmio-f3f5c0f25170586f,liballoy_network-fce9d91dee9b8d33,liballoy_rpc_types_any-aa91fc7668de7399,liballoy_signer-47168f115d6acc4f,libfutures_utils_wasm-38ebf48fc9a287e3,liballoy_rpc_types_eth-96f43b31531f496a,liballoy_consensus_any-6ee437cb81d90f29,libitertools-fa4812f8ddfd1cb8,liballoy_network_primitives-a997e8abd6de2451,liballoy_json_rpc-3f5817d757311dab,libhttp-dc1e9ad9a7ce4970,liballoy_consensus-19b1d7d73fb63f29,liballoy_eips-b142486211aa2a08,libeither-7bad91b4907066fd,liballoy_serde-c94194b8d1bac553,libserde_json-43d6ed0eaee2c124,libmemchr-a932478bde794617,libzmij-2ca2f302097868c6,libserde_with-24e1ecf7079f761d,liballoy_eip8141-802d28168380f2c2,liballoy_eip7928-69a4424372a63cb4,liballoy_eip7702-f74491487bd65e51,liballoy_eip2930-2a2161137ac40023,liballoy_eip2124-681e45647f89a450,libcrc-c7d92037d8a82253,libcrc_catalog-229f3d571887ef81,liballoy_trie-0917fd8ee94af440,libthiserror-104582db36521865,libtracing-d74435b557468342,libpin_project_lite-0a15d51c77964692,libtracing_core-89b602bc4a7d7f8a,libnybbles-f48d39debf4210da,liballoy_core-c3a4a9e91e4a9c77,liballoy_dyn_abi-4a1b47d937e73b72,liballoy_sol_types-efe66564385f6dee,liballoy_json_abi-1a1e2019171bd26f,liballoy_sol_type_parser-ea598a2ab5846583,libwinnow-bc6da96017845a00,liballoy_primitives-7465131d0e46fd3c,libitoa-5de11b3b23bfe572,libconst_hex-10704dcc57256fc5,libderive_more-6e573e1d9b6128c9,libk256-fbec2916565ec4b9,libsha2-87ee38f78174df2b,libcpufeatures-e04321643d03190d,libecdsa-6538bc19eebe67da,librfc6979-48811aaa6b4c678b,libhmac-0dc9146c00f68e0f,libspki-d9d8ea95bd531ba5,libsignature-388aba37529c7a24,libdigest-ed3adfa82a55eae0,libblock_buffer-90538db0ac9cebf0,libcrypto_common-13594b634cba0ee8,libelliptic_curve-bf17e321f893d22c,libsec1-f7520f02bf0b696d,libder-843c110873236ade,libconst_oid-2aadc73a32842898,libcrypto_bigint-033aebabc8261221,libgeneric_array-a70fb0692cf09b43,libbase16ct-c4cc4b0550013254,libzeroize-37b2a6e0a2742c6a,libgroup-3ba589b97aaca601,libff-746e056ef4b08bc0,librand_core-3b5a1168572aa6a6,libgetrandom-dddf5036bd6d3b83,libsubtle-cdc2b7d5fab71c70,libruint-635d38320efc59cd,liballoy_rlp-bc4089163536e4f2,libarrayvec-d5b59a8ee5f6407a,libbytes-2c44903c18b8bcc7,libsha3-45d8dd4cf8ef6ef4,libkeccak-6766ad4db34bcbc0,libdigest-a43a4936b7f2d50f,libcrypto_common-0700e0c7e42473ad,libblock_buffer-c51ef3ba17219c40,libhybrid_array-36235c981c84acf3,libtypenum-8cba24ab4904c632,libtempfile-ed5b8b5e290c2b8b,libgetrandom-a613c9f3568b65d3,liblibc-32464e1b8391e223,libcfg_if-5addb699396bfe5f,libfastrand-bab015aa83fcde07,libonce_cell-b5bdc597ed9676b3,librustix-1221baed404de2e3,liblinux_raw_sys-0b6cde911e9a3109,librusqlite-988e81e897cad5ad,libbitflags-d493ea957e921aab,libsmallvec-fc8973e832c3ec24,libserde-761aca9542de8426,libhashlink-f735f7e3a6f16592,libhashbrown-d8b07e732df27a81,libequivalent-6a754676e6af62ae,libserde_core-3c8a23a2a3d3c65e,libfoldhash-7d3cc043bdc3f46a,liballocator_api2-8d9c1e895dea53bd,liblibsqlite3_sys-bd64710c507f9493,libfallible_streaming_iterator-4b12442690f53239,libfallible_iterator-6e888fb96d72e3e0}.rlib" "<sysroot>/lib/rustlib/x86_64-unknown-linux-gnu/lib/{libstd-*,libpanic_unwind-*,libobject-*,libmemchr-*,libaddr2line-*,libgimli-*,libcfg_if-*,librustc_demangle-*,libstd_detect-*,libhashbrown-*,librustc_std_workspace_alloc-*,libminiz_oxide-*,libadler2-*,libunwind-*,liblibc-*,librustc_std_workspace_core-*,liballoc-*,libcore-*,libcompiler_builtins-*}.rlib" "-Wl,-Bdynamic" "-lgcc_s" "-lutil" "-lrt" "-lpthread" "-lm" "-ldl" "-lc" "-L" "/opt/rustwide/target/debug/deps/rustclhZcZy/raw-dylibs" "-B<sysroot>/lib/rustlib/x86_64-unknown-linux-gnu/bin/gcc-ld" "-fuse-ld=lld" "-Wl,--eh-frame-hdr" "-Wl,-z,noexecstack" "-L" "/opt/rustwide/target/debug/build/aws-lc-sys-4cd9a804b8dc61ef/out" "-L" "/opt/rustwide/target/debug/build/alloca-6e868d0621d91f3a/out" "-L" "/opt/rustwide/target/debug/build/libsqlite3-sys-10f90e7b3eb1b950/out" "-L" "<sysroot>/lib/rustlib/x86_64-unknown-linux-gnu/lib" "-o" "/opt/rustwide/target/debug/deps/wal_snapshot_isolation-454bd50131a908e8" "-Wl,--gc-sections" "-pie" "-Wl,-z,relro,-z,now" "-nodefaultlibs"
[INFO] [stdout]   = note: some arguments are omitted. use `--verbose` to show all linker arguments
[INFO] [stdout]   = note: collect2: fatal error: ld terminated with signal 9 [Killed]
[INFO] [stdout]           compilation terminated.
[INFO] [stdout]           
[INFO] [stdout] 
[INFO] [stdout] 
[INFO] [stderr] error: could not compile `degenbot-db` (test "discovery_parity") due to 1 previous error
[INFO] [stderr] error: could not compile `degenbot-db` (test "liquidity_update_block") due to 1 previous error
[INFO] [stderr] error: could not compile `degenbot-db` (test "wal_snapshot_isolation") due to 1 previous error
[INFO] running `Command { std: "docker" "inspect" "85fc85b05627c0747dad3f38b62a2001b2a452b57644651a499b65674b8c413b", kill_on_drop: false }`
[INFO] running `Command { std: "docker" "rm" "-f" "85fc85b05627c0747dad3f38b62a2001b2a452b57644651a499b65674b8c413b", kill_on_drop: false }`
[INFO] [stdout] 85fc85b05627c0747dad3f38b62a2001b2a452b57644651a499b65674b8c413b
