[INFO] fetching crate colink 0.3.10...
[INFO] testing colink-0.3.10 against 1.99.0-beta.8 for beta-1.100-2
[INFO] extracting crate colink 0.3.10 into /workspace/builds/worker-1-tc1/source
[INFO] removed /workspace/builds/worker-1-tc1/source/.cargo/config.toml
[INFO] started tweaking crates.io crate colink 0.3.10
[INFO] removed 0 missing tests
[INFO] finished tweaking crates.io crate colink 0.3.10
[INFO] tweaked toml for crates.io crate colink 0.3.10 written to /workspace/builds/worker-1-tc1/source/Cargo.toml
[INFO] validating manifest of crates.io crate colink 0.3.10 on toolchain 1.99.0-beta.8
[INFO] running `Command { std: CARGO_HOME="/workspace/cargo-home" RUSTUP_HOME="/workspace/rustup-home" "/workspace/cargo-home/bin/cargo" "+1.99.0-beta.8" "metadata" "--manifest-path" "Cargo.toml" "--no-deps", kill_on_drop: false }`
[INFO] crate crates.io crate colink 0.3.10 already has a lockfile, it will not be regenerated
[INFO] running `Command { std: CARGO_HOME="/workspace/cargo-home" RUSTUP_HOME="/workspace/rustup-home" "/workspace/cargo-home/bin/cargo" "+1.99.0-beta.8" "fetch" "--manifest-path" "Cargo.toml", kill_on_drop: false }`
[INFO] [stderr]     Updating crates.io index
[INFO] [stderr]  Downloading crates ...
[INFO] [stderr]   Downloaded serde v1.0.164
[INFO] [stderr]   Downloaded serde_derive v1.0.164
[INFO] [stderr]   Downloaded itoa v1.0.6
[INFO] [stderr]   Downloaded which v4.4.0
[INFO] [stderr]   Downloaded quote v1.0.28
[INFO] [stderr]   Downloaded unicode-ident v1.0.9
[INFO] [stderr]   Downloaded log v0.4.19
[INFO] [stderr]   Downloaded hermit-abi v0.3.1
[INFO] [stderr]   Downloaded ryu v1.0.13
[INFO] [stderr]   Downloaded tracing-core v0.1.31
[INFO] [stderr]   Downloaded tonic-build v0.9.2
[INFO] [stderr]   Downloaded tempfile v3.6.0
[INFO] [stderr]   Downloaded proc-macro2 v1.0.63
[INFO] [stderr]   Downloaded tracing-attributes v0.1.26
[INFO] [stderr]   Downloaded windows-targets v0.48.0
[INFO] [stderr]   Downloaded prost-build v0.11.9
[INFO] [stderr]   Downloaded prost-types v0.11.9
[INFO] [stderr]   Downloaded anyhow v1.0.71
[INFO] [stderr]   Downloaded prettyplease v0.1.25
[INFO] [stderr]   Downloaded serde_json v1.0.99
[INFO] [stderr]   Downloaded aho-corasick v1.0.2
[INFO] [stderr]   Downloaded tokio-macros v2.1.0
[INFO] [stderr]   Downloaded socket2 v0.4.9
[INFO] [stderr]   Downloaded pin-project-internal v1.1.0
[INFO] [stderr]   Downloaded futures-macro v0.3.28
[INFO] [stderr]   Downloaded syn v2.0.22
[INFO] [stderr]   Downloaded regex v1.8.4
[INFO] [stderr]   Downloaded petgraph v0.6.3
[INFO] [stderr]   Downloaded tokio-util v0.7.8
[INFO] [stderr]   Downloaded mio v0.8.8
[INFO] [stderr]   Downloaded pin-project v1.1.0
[INFO] [stderr]   Downloaded regex-syntax v0.7.2
[INFO] [stderr]   Downloaded rustix v0.37.20
[INFO] [stderr]   Downloaded futures-util v0.3.28
[INFO] [stderr]   Downloaded tokio-stream v0.1.14
[INFO] [stderr]   Downloaded rustls-webpki v0.100.1
[INFO] [stderr]   Downloaded base64 v0.21.2
[INFO] [stderr]   Downloaded security-framework v2.9.1
[INFO] [stderr]   Downloaded security-framework-sys v2.9.0
[INFO] [stderr]   Downloaded libc v0.2.147
[INFO] [stderr]   Downloaded tokio v1.28.2
[INFO] [stderr]   Downloaded rustls v0.21.2
[INFO] [stderr]   Downloaded web-sys v0.3.64
[INFO] [stderr]   Downloaded async-trait v0.1.68
[INFO] [stderr]   Downloaded hyper v0.14.27
[INFO] [stderr]   Downloaded http v0.2.9
[INFO] [stderr]   Downloaded h2 v0.3.20
[INFO] [stderr]   Downloaded axum v0.6.18
[INFO] [stderr]   Downloaded rustversion v1.0.12
[INFO] [stderr]   Downloaded sha2 v0.10.7
[INFO] [stderr]   Downloaded cpufeatures v0.2.8
[INFO] [stderr]   Downloaded secp256k1 v0.27.0
[INFO] [stderr]   Downloaded reqwest v0.11.18
[INFO] [stderr]   Downloaded wasm-bindgen-futures v0.4.37
[INFO] [stderr]   Downloaded rdbc2 v0.2.2
[INFO] [stderr]   Downloaded serial_test v2.0.0
[INFO] [stderr]   Downloaded serial_test_derive v2.0.0
[INFO] [stderr]   Downloaded ipnet v2.8.0
[INFO] [stderr]   Downloaded redis v0.23.0
[INFO] [stderr]   Downloaded sqlparser v0.32.0
[INFO] [stderr]   Downloaded futures-executor v0.3.28
[INFO] [stderr]   Downloaded hyper-rustls v0.24.0
[INFO] [stderr]   Downloaded futures v0.3.28
[INFO] [stderr]   Downloaded rusqlite v0.29.0
[INFO] [stderr]   Downloaded hashlink v0.8.3
[INFO] [stderr]   Downloaded hashbrown v0.14.0
[INFO] [stderr]   Downloaded allocator-api2 v0.2.15
[INFO] [stderr]   Downloaded bitflags v2.3.3
[INFO] [stderr]   Downloaded postgres v0.19.5
[INFO] [stderr]   Downloaded tokio-postgres v0.7.8
[INFO] [stderr]   Downloaded socket2 v0.5.3
[INFO] [stderr]   Downloaded postgres-types v0.2.5
[INFO] [stderr]   Downloaded postgres-protocol v0.6.5
[INFO] [stderr]   Downloaded md-5 v0.10.5
[INFO] [stderr]   Downloaded siphasher v0.3.10
[INFO] [stderr]   Downloaded uuid v1.4.0
[INFO] [stderr]   Downloaded time-core v0.1.1
[INFO] [stderr]   Downloaded thiserror-impl v1.0.40
[INFO] [stderr]   Downloaded saturating v0.1.0
[INFO] [stderr]   Downloaded thiserror v1.0.40
[INFO] [stderr]   Downloaded subprocess v0.2.9
[INFO] [stderr]   Downloaded rend v0.4.0
[INFO] [stderr]   Downloaded borsh-derive v0.10.3
[INFO] [stderr]   Downloaded mysql_common v0.29.2
[INFO] [stderr]   Downloaded time v0.3.22
[INFO] [stderr]   Downloaded time-macros v0.2.9
[INFO] [stderr]   Downloaded rkyv_derive v0.7.42
[INFO] [stderr]   Downloaded bytecheck v0.6.11
[INFO] [stderr]   Downloaded rust_decimal v1.30.0
[INFO] [stderr]   Downloaded rkyv v0.7.42
[INFO] [stderr]   Downloaded bytecheck_derive v0.6.11
[INFO] [stderr]   Downloaded borsh v0.10.3
[INFO] [stderr]   Downloaded borsh-schema-derive-internal v0.10.3
[INFO] [stderr]   Downloaded borsh-derive-internal v0.10.3
[INFO] [stderr]   Downloaded lexical v6.1.1
[INFO] [stderr]   Downloaded encoding_rs v0.8.32
[INFO] [stderr]   Downloaded frunk_proc_macros v0.1.2
[INFO] [stderr]   Downloaded frunk_proc_macro_helpers v0.1.2
[INFO] [stderr]   Downloaded flate2 v1.0.26
[INFO] [stderr]   Downloaded cmake v0.1.50
[INFO] [stderr]   Downloaded bigdecimal v0.3.1
[INFO] [stderr]   Downloaded shlex v1.1.0
[INFO] [stderr]   Downloaded lru v0.8.1
[INFO] [stderr]   Downloaded io-enum v1.1.0
[INFO] [stderr]   Downloaded derive_utils v0.13.0
[INFO] [stderr]   Downloaded frunk_derives v0.4.2
[INFO] [stderr]   Downloaded named_pipe v0.4.1
[INFO] [stderr]   Downloaded frunk v0.4.2
[INFO] [stderr]   Downloaded frunk_core v0.4.2
[INFO] [stderr]   Downloaded miniz_oxide v0.7.1
[INFO] [stderr]   Downloaded clang-sys v1.6.1
[INFO] [stderr]   Downloaded mysql v23.0.1
[INFO] [stderr]   Downloaded openssl-sys v0.9.90
[INFO] [stderr]   Downloaded concurrent-queue v2.2.0
[INFO] [stderr]   Downloaded parking v2.1.0
[INFO] [stderr]   Downloaded secp256k1-sys v0.8.1
[INFO] [stderr]   Downloaded bindgen v0.59.2
[INFO] [stderr]   Downloaded openssl v0.10.55
[INFO] [stderr]   Downloaded bufstream v0.1.4
[INFO] [stderr]   Downloaded rcgen v0.10.0
[INFO] [stderr]   Downloaded yasna v0.5.2
[INFO] [stderr]   Downloaded polling v2.8.0
[INFO] [stderr]   Downloaded async-global-executor-trait v2.1.0
[INFO] [stderr]   Downloaded amq-protocol v7.1.2
[INFO] [stderr]   Downloaded atomic-waker v1.1.1
[INFO] [stderr]   Downloaded async-executor v1.5.1
[INFO] [stderr]   Downloaded async-reactor-trait v1.1.0
[INFO] [stderr]   Downloaded amq-protocol-uri v7.1.2
[INFO] [stderr]   Downloaded tcp-stream v0.26.0
[INFO] [stderr]   Downloaded async-io v1.13.0
[INFO] [stderr]   Downloaded async-task v4.4.0
[INFO] [stderr]   Downloaded p12 v0.6.3
[INFO] [stderr]   Downloaded clap v4.3.8
[INFO] [stderr]   Downloaded reactor-trait v1.1.0
[INFO] [stderr]   Downloaded pinky-swear v6.1.0
[INFO] [stderr]   Downloaded anstream v0.3.2
[INFO] [stderr]   Downloaded cookie-factory v0.3.2
[INFO] [stderr]   Downloaded blocking v1.3.1
[INFO] [stderr]   Downloaded amq-protocol-types v7.1.2
[INFO] [stderr]   Downloaded rc2 v0.8.1
[INFO] [stderr]   Downloaded flume v0.10.14
[INFO] [stderr]   Downloaded clap_derive v4.3.2
[INFO] [stderr]   Downloaded clap_lex v0.5.0
[INFO] [stderr]   Downloaded anstyle-parse v0.2.1
[INFO] [stderr]   Downloaded executor-trait v2.1.0
[INFO] [stderr]   Downloaded amq-protocol-tcp v7.1.2
[INFO] [stderr]   Downloaded des v0.8.1
[INFO] [stderr]   Downloaded async-lock v2.7.0
[INFO] [stderr]   Downloaded anstyle v1.0.1
[INFO] [stderr]   Downloaded is-terminal v0.4.7
[INFO] [stderr]   Downloaded anstyle-wincon v1.0.1
[INFO] [stderr]   Downloaded libz-sys v1.1.9
[INFO] [stderr]   Downloaded clap_builder v4.3.8
[INFO] [stderr]   Downloaded async-recursion v1.0.4
[INFO] [stderr]   Downloaded libsqlite3-sys v0.26.0
[INFO] [stderr]   Downloaded rustls-connector v0.18.1
[INFO] [stderr]   Downloaded lapin v2.2.1
[INFO] running `Command { std: "docker" "create" "-v" "/var/lib/crater-agent-workspace/builds/worker-1-tc1/source:/opt/rustwide/workdir:ro,Z" "-v" "/var/lib/crater-agent-workspace/builds/worker-1-tc1/target:/opt/rustwide/target:rw,Z" "-v" "/var/lib/crater-agent-workspace/cargo-home:/opt/rustwide/cargo-home:ro,Z" "-v" "/var/lib/crater-agent-workspace/rustup-home:/opt/rustwide/rustup-home:ro,Z" "-m" "1610612736" "--network" "none" "ghcr.io/rust-lang/crates-build-env/linux@sha256:3111399a4047eeb3a02b7a90e478d715f38a8c6669b5c4b49d30a17385265909" "sleep" "infinity", kill_on_drop: false }`
[INFO] [stdout] 9aca6227cc88b71f4526100c023906098e7f04e2a15de5645c310a9462f68ccd
[INFO] running `Command { std: "docker" "start" "9aca6227cc88b71f4526100c023906098e7f04e2a15de5645c310a9462f68ccd", kill_on_drop: false }`
[INFO] running `Command { std: "docker" "inspect" "9aca6227cc88b71f4526100c023906098e7f04e2a15de5645c310a9462f68ccd", kill_on_drop: false }`
[INFO] running `Command { std: "docker" "exec" "-e" "SOURCE_DIR=/opt/rustwide/workdir" "-e" "CARGO_HOME=/opt/rustwide/cargo-home" "-e" "RUSTUP_HOME=/opt/rustwide/rustup-home" "-e" "CARGO_TARGET_DIR=/opt/rustwide/target" "-w" "/opt/rustwide/workdir" "--user" "0:0" "9aca6227cc88b71f4526100c023906098e7f04e2a15de5645c310a9462f68ccd" "/opt/rustwide/cargo-home/bin/cargo" "+1.99.0-beta.8" "metadata" "--no-deps" "--format-version=1", kill_on_drop: false }`
[INFO] running `Command { std: "docker" "inspect" "9aca6227cc88b71f4526100c023906098e7f04e2a15de5645c310a9462f68ccd", kill_on_drop: false }`
[INFO] running `Command { std: "docker" "exec" "-e" "SOURCE_DIR=/opt/rustwide/workdir" "-e" "CARGO_HOME=/opt/rustwide/cargo-home" "-e" "RUSTUP_HOME=/opt/rustwide/rustup-home" "-e" "CARGO_TARGET_DIR=/opt/rustwide/target" "-e" "CARGO_INCREMENTAL=0" "-e" "RUST_BACKTRACE=full" "-e" "RUSTFLAGS=--cap-lints=warn" "-e" "RUSTDOCFLAGS=--cap-lints=warn" "-w" "/opt/rustwide/workdir" "--user" "0:0" "9aca6227cc88b71f4526100c023906098e7f04e2a15de5645c310a9462f68ccd" "/opt/rustwide/cargo-home/bin/cargo" "+1.99.0-beta.8" "build" "--frozen" "--message-format=json", kill_on_drop: false }`
[INFO] [stderr]    Compiling libc v0.2.147
[INFO] [stderr]    Compiling proc-macro2 v1.0.63
[INFO] [stderr]    Compiling quote v1.0.28
[INFO] [stderr]    Compiling unicode-ident v1.0.9
[INFO] [stderr]    Compiling once_cell v1.18.0
[INFO] [stderr]    Compiling futures-core v0.3.28
[INFO] [stderr]    Compiling cc v1.0.79
[INFO] [stderr]    Compiling itoa v1.0.6
[INFO] [stderr]    Compiling bytes v1.4.0
[INFO] [stderr]    Compiling log v0.4.19
[INFO] [stderr]    Compiling generic-array v0.14.7
[INFO] [stderr]    Compiling tokio v1.28.2
[INFO] [stderr]    Compiling slab v0.4.8
[INFO] [stderr]    Compiling futures-sink v0.3.28
[INFO] [stderr]    Compiling linux-raw-sys v0.3.8
[INFO] [stderr]    Compiling indexmap v1.9.3
[INFO] [stderr]    Compiling serde v1.0.164
[INFO] [stderr]    Compiling futures-task v0.3.28
[INFO] [stderr]    Compiling fastrand v1.9.0
[INFO] [stderr]    Compiling syn v1.0.109
[INFO] [stderr]    Compiling rustls v0.21.2
[INFO] [stderr]    Compiling futures-util v0.3.28
[INFO] [stderr]    Compiling tracing-core v0.1.31
[INFO] [stderr]    Compiling lazy_static v1.4.0
[INFO] [stderr]    Compiling io-lifetimes v1.0.11
[INFO] [stderr]    Compiling percent-encoding v2.3.0
[INFO] [stderr]    Compiling async-trait v0.1.68
[INFO] [stderr]    Compiling ryu v1.0.13
[INFO] [stderr]    Compiling crossbeam-utils v0.8.16
[INFO] [stderr]    Compiling either v1.8.1
[INFO] [stderr]    Compiling base64 v0.21.2
[INFO] [stderr]    Compiling rustix v0.37.20
[INFO] [stderr]    Compiling anyhow v1.0.71
[INFO] [stderr]    Compiling tinyvec_macros v0.1.1
[INFO] [stderr]    Compiling openssl-probe v0.1.5
[INFO] [stderr]    Compiling itertools v0.10.5
[INFO] [stderr]    Compiling tinyvec v1.6.0
[INFO] [stderr]    Compiling event-listener v2.5.3
[INFO] [stderr]    Compiling serde_json v1.0.99
[INFO] [stderr]    Compiling futures-io v0.3.28
[INFO] [stderr]    Compiling subtle v2.5.0
[INFO] [stderr]    Compiling rustls-pemfile v1.0.2
[INFO] [stderr]    Compiling http v0.2.9
[INFO] [stderr]    Compiling rustversion v1.0.12
[INFO] [stderr]    Compiling concurrent-queue v2.2.0
[INFO] [stderr]    Compiling form_urlencoded v1.2.0
[INFO] [stderr]    Compiling rustls-native-certs v0.6.3
[INFO] [stderr]    Compiling num-traits v0.2.15
[INFO] [stderr]    Compiling syn v2.0.22
[INFO] [stderr]    Compiling tower-service v0.3.2
[INFO] [stderr]    Compiling unicode-bidi v0.3.13
[INFO] [stderr]    Compiling time-core v0.1.1
[INFO] [stderr]    Compiling waker-fn v1.1.0
[INFO] [stderr]    Compiling parking v2.1.0
[INFO] [stderr]    Compiling crypto-common v0.1.6
[INFO] [stderr]    Compiling block-padding v0.3.3
[INFO] [stderr]    Compiling block-buffer v0.10.4
[INFO] [stderr]    Compiling futures-channel v0.3.28
[INFO] [stderr]    Compiling digest v0.10.7
[INFO] [stderr]    Compiling futures-lite v1.13.0
[INFO] [stderr]    Compiling time v0.3.22
[INFO] [stderr]    Compiling inout v0.1.3
[INFO] [stderr]    Compiling ring v0.16.20
[INFO] [stderr]    Compiling cipher v0.4.4
[INFO] [stderr]    Compiling async-lock v2.7.0
[INFO] [stderr]    Compiling polling v2.8.0
[INFO] [stderr]    Compiling lock_api v0.4.10
[INFO] [stderr]    Compiling socket2 v0.4.9
[INFO] [stderr]    Compiling mio v0.8.8
[INFO] [stderr]    Compiling num_cpus v1.15.0
[INFO] [stderr]    Compiling getrandom v0.2.10
[INFO] [stderr]    Compiling unicode-normalization v0.1.22
[INFO] [stderr]    Compiling try-lock v0.2.4
[INFO] [stderr]    Compiling cpufeatures v0.2.8
[INFO] [stderr]    Compiling rand_core v0.6.4
[INFO] [stderr]    Compiling want v0.3.1
[INFO] [stderr]    Compiling http-body v0.4.5
[INFO] [stderr]    Compiling yasna v0.5.2
[INFO] [stderr]    Compiling idna v0.4.0
[INFO] [stderr]    Compiling tempfile v3.6.0
[INFO] [stderr]    Compiling async-io v1.13.0
[INFO] [stderr]    Compiling prettyplease v0.1.25
[INFO] [stderr]    Compiling heck v0.4.1
[INFO] [stderr]    Compiling minimal-lexical v0.2.1
[INFO] [stderr]    Compiling rand_chacha v0.3.1
[INFO] [stderr]    Compiling nom v7.1.3
[INFO] [stderr]    Compiling sha1 v0.10.5
[INFO] [stderr]    Compiling rc2 v0.8.1
[INFO] [stderr]    Compiling des v0.8.1
[INFO] [stderr]    Compiling url v2.4.0
[INFO] [stderr]    Compiling cbc v0.1.2
[INFO] [stderr]    Compiling hmac v0.12.1
[INFO] [stderr]    Compiling num-integer v0.1.45
[INFO] [stderr]    Compiling async-task v4.4.0
[INFO] [stderr]    Compiling parking_lot_core v0.9.8
[INFO] [stderr]    Compiling cookie-factory v0.3.2
[INFO] [stderr]    Compiling regex-syntax v0.7.2
[INFO] [stderr]    Compiling fixedbitset v0.4.2
[INFO] [stderr]    Compiling petgraph v0.6.3
[INFO] [stderr]    Compiling p12 v0.6.3
[INFO] [stderr]    Compiling rand v0.8.5
[INFO] [stderr]    Compiling axum-core v0.3.4
[INFO] [stderr]    Compiling time v0.1.45
[INFO] [stderr]    Compiling which v4.4.0
[INFO] [stderr]    Compiling async-channel v1.8.0
[INFO] [stderr]    Compiling num-bigint v0.2.6
[INFO] [stderr]    Compiling iana-time-zone v0.1.57
[INFO] [stderr]    Compiling tower-layer v0.3.2
[INFO] [stderr]    Compiling utf8parse v0.2.1
[INFO] [stderr]    Compiling doc-comment v0.3.3
[INFO] [stderr]    Compiling atomic-waker v1.1.1
[INFO] [stderr]    Compiling multimap v0.8.3
[INFO] [stderr]    Compiling blocking v1.3.1
[INFO] [stderr]    Compiling anstyle-parse v0.2.1
[INFO] [stderr]    Compiling chrono v0.4.26
[INFO] [stderr]    Compiling async-executor v1.5.1
[INFO] [stderr]    Compiling spin v0.9.8
[INFO] [stderr]    Compiling axum v0.6.18
[INFO] [stderr]    Compiling secp256k1-sys v0.8.1
[INFO] [stderr]    Compiling regex-syntax v0.6.29
[INFO] [stderr]    Compiling anstyle-query v1.0.0
[INFO] [stderr]    Compiling amq-protocol v7.1.2
[INFO] [stderr]    Compiling colorchoice v1.0.0
[INFO] [stderr]    Compiling anstyle v1.0.1
[INFO] [stderr]    Compiling parking_lot v0.12.1
[INFO] [stderr]    Compiling strsim v0.10.0
[INFO] [stderr]    Compiling clap_lex v0.5.0
[INFO] [stderr]    Compiling is-terminal v0.4.7
[INFO] [stderr]    Compiling anstream v0.3.2
[INFO] [stderr]    Compiling sct v0.7.0
[INFO] [stderr]    Compiling rustls-webpki v0.100.1
[INFO] [stderr]    Compiling regex v1.8.4
[INFO] [stderr]    Compiling matchit v0.7.0
[INFO] [stderr]    Compiling async-global-executor v2.3.1
[INFO] [stderr]    Compiling lapin v2.2.1
[INFO] [stderr]    Compiling simple_asn1 v0.4.1
[INFO] [stderr]    Compiling clap_builder v4.3.8
[INFO] [stderr]    Compiling tracing-log v0.1.3
[INFO] [stderr]    Compiling sharded-slab v0.1.4
[INFO] [stderr]    Compiling thread_local v1.1.7
[INFO] [stderr]    Compiling encoding_rs v0.8.32
[INFO] [stderr]    Compiling sha1_smol v1.0.0
[INFO] [stderr]    Compiling ansi_term v0.12.1
[INFO] [stderr]    Compiling pem v0.8.3
[INFO] [stderr]    Compiling base64 v0.12.3
[INFO] [stderr]    Compiling regex-automata v0.1.10
[INFO] [stderr]    Compiling ipnet v2.8.0
[INFO] [stderr]    Compiling rcgen v0.10.0
[INFO] [stderr]    Compiling tracing-attributes v0.1.26
[INFO] [stderr]    Compiling tokio-macros v2.1.0
[INFO] [stderr]    Compiling serde_derive v1.0.164
[INFO] [stderr]    Compiling pin-project-internal v1.1.0
[INFO] [stderr]    Compiling async-stream-impl v0.3.5
[INFO] [stderr]    Compiling clap_derive v4.3.2
[INFO] [stderr]    Compiling async-recursion v1.0.4
[INFO] [stderr]    Compiling prost-derive v0.11.9
[INFO] [stderr]    Compiling async-stream v0.3.5
[INFO] [stderr]    Compiling matchers v0.0.1
[INFO] [stderr]    Compiling sha2 v0.10.7
[INFO] [stderr]    Compiling uuid v0.8.2
[INFO] [stderr]    Compiling reactor-trait v1.1.0
[INFO] [stderr]    Compiling executor-trait v2.1.0
[INFO] [stderr]    Compiling async-reactor-trait v1.1.0
[INFO] [stderr]    Compiling tracing v0.1.37
[INFO] [stderr]    Compiling async-global-executor-trait v2.1.0
[INFO] [stderr]    Compiling pin-project v1.1.0
[INFO] [stderr]    Compiling flume v0.10.14
[INFO] [stderr]    Compiling secp256k1 v0.27.0
[INFO] [stderr]    Compiling rustls-connector v0.18.1
[INFO] [stderr]    Compiling tcp-stream v0.26.0
[INFO] [stderr]    Compiling pinky-swear v6.1.0
[INFO] [stderr]    Compiling prost v0.11.9
[INFO] [stderr]    Compiling prost-types v0.11.9
[INFO] [stderr]    Compiling clap v4.3.8
[INFO] [stderr]    Compiling prost-build v0.11.9
[INFO] [stderr]    Compiling tokio-util v0.7.8
[INFO] [stderr]    Compiling tokio-rustls v0.24.1
[INFO] [stderr]    Compiling tokio-io-timeout v1.2.0
[INFO] [stderr]    Compiling tokio-stream v0.1.14
[INFO] [stderr]    Compiling tonic-build v0.9.2
[INFO] [stderr]    Compiling h2 v0.3.20
[INFO] [stderr]    Compiling tower v0.4.13
[INFO] [stderr]    Compiling combine v4.6.6
[INFO] [stderr]    Compiling colink v0.3.10 (/opt/rustwide/workdir)
[INFO] [stderr]    Compiling serde_urlencoded v0.7.1
[INFO] [stderr]    Compiling tracing-serde v0.1.3
[INFO] [stderr]    Compiling amq-protocol-types v7.1.2
[INFO] [stderr]    Compiling tracing-subscriber v0.2.25
[INFO] [stderr]    Compiling jsonwebtoken v7.2.0
[INFO] [stderr]    Compiling amq-protocol-uri v7.1.2
[INFO] [stderr]    Compiling amq-protocol-tcp v7.1.2
[INFO] [stderr]    Compiling hyper v0.14.27
[INFO] [stderr]    Compiling redis v0.23.0
[INFO] [stderr]    Compiling hyper-timeout v0.4.1
[INFO] [stderr]    Compiling hyper-rustls v0.24.0
[INFO] [stderr]    Compiling reqwest v0.11.18
[INFO] [stderr]    Compiling tonic v0.9.2
[INFO] [stdout] warning: this function depends on never type fallback being `()`
[INFO] [stdout]    --> src/application.rs:652:5
[INFO] [stdout]     |
[INFO] [stdout] 652 |     pub async fn get_next(&mut self) -> Result<Vec<u8>, Error> {
[INFO] [stdout]     |     ^^^^^^^^^^^^^^^^^^^^^^^^^^^^^^^^^^^^^^^^^^^^^^^^^^^^^^^^^^
[INFO] [stdout]     |
[INFO] [stdout]     = help: specify the types explicitly
[INFO] [stdout] note: in edition 2024, the requirement `!: FromRedisValue` will fail
[INFO] [stdout]    --> src/application.rs:684:22
[INFO] [stdout]     |
[INFO] [stdout] 684 |                     .xack(&self.queue_name, &self.queue_name, &[id])
[INFO] [stdout]     |                      ^^^^
[INFO] [stdout]     = warning: this was previously accepted by the compiler but is being phased out; it will become a hard error in Rust 2024 and in a future release in all editions!
[INFO] [stdout]     = note: for more information, see <https://doc.rust-lang.org/edition-guide/rust-2024/never-type-fallback.html>
[INFO] [stdout]     = note: `#[warn(dependency_on_unit_never_type_fallback)]` (part of `#[warn(rust_2024_compatibility)]`) on by default
[INFO] [stdout] help: use `()` annotations to avoid fallback changes
[INFO] [stdout]     |
[INFO] [stdout] 684 ~                     .xack::<_, _, _, ()>(&self.queue_name, &self.queue_name, &[id])
[INFO] [stdout] 685 |                     .await?;
[INFO] [stdout] ...
[INFO] [stdout] 688 |                     .unwrap()
[INFO] [stdout] 689 ~                     .xdel::<_, _, ()>(&self.queue_name, &[id])
[INFO] [stdout]     |
[INFO] [stdout] 
[INFO] [stdout] 
[INFO] [stdout] warning: struct `ReadParams` is never constructed
[INFO] [stdout]   --> /opt/rustwide/target/debug/build/colink-288c750422c7e85a/out/colink_remote_storage.rs:13:12
[INFO] [stdout]    |
[INFO] [stdout] 13 | pub struct ReadParams {
[INFO] [stdout]    |            ^^^^^^^^^^
[INFO] [stdout]    |
[INFO] [stdout]    = note: `#[warn(dead_code)]` (part of `#[warn(unused)]`) on by default
[INFO] [stdout] 
[INFO] [stdout] 
[INFO] [stdout] warning: struct `UpdateParams` is never constructed
[INFO] [stdout]   --> /opt/rustwide/target/debug/build/colink-288c750422c7e85a/out/colink_remote_storage.rs:23:12
[INFO] [stdout]    |
[INFO] [stdout] 23 | pub struct UpdateParams {
[INFO] [stdout]    |            ^^^^^^^^^^^^
[INFO] [stdout] 
[INFO] [stdout] 
[INFO] [stdout] warning: struct `DeleteParams` is never constructed
[INFO] [stdout]   --> /opt/rustwide/target/debug/build/colink-288c750422c7e85a/out/colink_remote_storage.rs:33:12
[INFO] [stdout]    |
[INFO] [stdout] 33 | pub struct DeleteParams {
[INFO] [stdout]    |            ^^^^^^^^^^^^
[INFO] [stdout] 
[INFO] [stdout] 
[INFO] [stderr]     Finished `dev` profile [unoptimized + debuginfo] target(s) in 1m 42s
[INFO] [stderr] warning: the following packages contain code that will be rejected by a future version of Rust: colink v0.3.10 (/opt/rustwide/workdir), redis v0.23.0
[INFO] [stderr] note: to see what the problems were, use the option `--future-incompat-report`, or run `cargo report future-incompatibilities --id 2`
[INFO] running `Command { std: "docker" "inspect" "9aca6227cc88b71f4526100c023906098e7f04e2a15de5645c310a9462f68ccd", kill_on_drop: false }`
[INFO] running `Command { std: "docker" "exec" "-e" "SOURCE_DIR=/opt/rustwide/workdir" "-e" "CARGO_HOME=/opt/rustwide/cargo-home" "-e" "RUSTUP_HOME=/opt/rustwide/rustup-home" "-e" "CARGO_TARGET_DIR=/opt/rustwide/target" "-e" "CARGO_INCREMENTAL=0" "-e" "RUST_BACKTRACE=full" "-e" "RUSTFLAGS=--cap-lints=warn" "-e" "RUSTDOCFLAGS=--cap-lints=warn" "-w" "/opt/rustwide/workdir" "--user" "0:0" "9aca6227cc88b71f4526100c023906098e7f04e2a15de5645c310a9462f68ccd" "/opt/rustwide/cargo-home/bin/cargo" "+1.99.0-beta.8" "test" "--frozen" "--no-run" "--message-format=json", kill_on_drop: false }`
[INFO] [stdout] warning: this function depends on never type fallback being `()`
[INFO] [stdout]    --> src/application.rs:652:5
[INFO] [stdout]     |
[INFO] [stdout] 652 |     pub async fn get_next(&mut self) -> Result<Vec<u8>, Error> {
[INFO] [stdout]     |     ^^^^^^^^^^^^^^^^^^^^^^^^^^^^^^^^^^^^^^^^^^^^^^^^^^^^^^^^^^
[INFO] [stdout]     |
[INFO] [stdout]     = help: specify the types explicitly
[INFO] [stdout] note: in edition 2024, the requirement `!: FromRedisValue` will fail
[INFO] [stdout]    --> src/application.rs:684:22
[INFO] [stdout]     |
[INFO] [stdout] 684 |                     .xack(&self.queue_name, &self.queue_name, &[id])
[INFO] [stdout]     |                      ^^^^
[INFO] [stdout]     = warning: this was previously accepted by the compiler but is being phased out; it will become a hard error in Rust 2024 and in a future release in all editions!
[INFO] [stdout]     = note: for more information, see <https://doc.rust-lang.org/edition-guide/rust-2024/never-type-fallback.html>
[INFO] [stdout]     = note: `#[warn(dependency_on_unit_never_type_fallback)]` (part of `#[warn(rust_2024_compatibility)]`) on by default
[INFO] [stdout] help: use `()` annotations to avoid fallback changes
[INFO] [stdout]     |
[INFO] [stdout] 684 ~                     .xack::<_, _, _, ()>(&self.queue_name, &self.queue_name, &[id])
[INFO] [stdout] 685 |                     .await?;
[INFO] [stdout] ...
[INFO] [stdout] 688 |                     .unwrap()
[INFO] [stdout] 689 ~                     .xdel::<_, _, ()>(&self.queue_name, &[id])
[INFO] [stdout]     |
[INFO] [stdout] 
[INFO] [stdout] 
[INFO] [stdout] warning: struct `ReadParams` is never constructed
[INFO] [stdout]   --> /opt/rustwide/target/debug/build/colink-288c750422c7e85a/out/colink_remote_storage.rs:13:12
[INFO] [stdout]    |
[INFO] [stdout] 13 | pub struct ReadParams {
[INFO] [stdout]    |            ^^^^^^^^^^
[INFO] [stdout]    |
[INFO] [stdout]    = note: `#[warn(dead_code)]` (part of `#[warn(unused)]`) on by default
[INFO] [stdout] 
[INFO] [stdout] 
[INFO] [stdout] warning: struct `UpdateParams` is never constructed
[INFO] [stdout]   --> /opt/rustwide/target/debug/build/colink-288c750422c7e85a/out/colink_remote_storage.rs:23:12
[INFO] [stdout]    |
[INFO] [stdout] 23 | pub struct UpdateParams {
[INFO] [stdout]    |            ^^^^^^^^^^^^
[INFO] [stdout] 
[INFO] [stdout] 
[INFO] [stdout] warning: struct `DeleteParams` is never constructed
[INFO] [stdout]   --> /opt/rustwide/target/debug/build/colink-288c750422c7e85a/out/colink_remote_storage.rs:33:12
[INFO] [stdout]    |
[INFO] [stdout] 33 | pub struct DeleteParams {
[INFO] [stdout]    |            ^^^^^^^^^^^^
[INFO] [stdout] 
[INFO] [stdout] 
[INFO] [stderr]    Compiling colink v0.3.10 (/opt/rustwide/workdir)
[INFO] [stdout] warning: this function depends on never type fallback being `()`
[INFO] [stdout]    --> src/application.rs:652:5
[INFO] [stdout]     |
[INFO] [stdout] 652 |     pub async fn get_next(&mut self) -> Result<Vec<u8>, Error> {
[INFO] [stdout]     |     ^^^^^^^^^^^^^^^^^^^^^^^^^^^^^^^^^^^^^^^^^^^^^^^^^^^^^^^^^^
[INFO] [stdout]     |
[INFO] [stdout]     = help: specify the types explicitly
[INFO] [stdout] note: in edition 2024, the requirement `!: FromRedisValue` will fail
[INFO] [stdout]    --> src/application.rs:684:22
[INFO] [stdout]     |
[INFO] [stdout] 684 |                     .xack(&self.queue_name, &self.queue_name, &[id])
[INFO] [stdout]     |                      ^^^^
[INFO] [stdout]     = warning: this was previously accepted by the compiler but is being phased out; it will become a hard error in Rust 2024 and in a future release in all editions!
[INFO] [stdout]     = note: for more information, see <https://doc.rust-lang.org/edition-guide/rust-2024/never-type-fallback.html>
[INFO] [stdout]     = note: `#[warn(dependency_on_unit_never_type_fallback)]` (part of `#[warn(rust_2024_compatibility)]`) on by default
[INFO] [stdout] help: use `()` annotations to avoid fallback changes
[INFO] [stdout]     |
[INFO] [stdout] 684 ~                     .xack::<_, _, _, ()>(&self.queue_name, &self.queue_name, &[id])
[INFO] [stdout] 685 |                     .await?;
[INFO] [stdout] ...
[INFO] [stdout] 688 |                     .unwrap()
[INFO] [stdout] 689 ~                     .xdel::<_, _, ()>(&self.queue_name, &[id])
[INFO] [stdout]     |
[INFO] [stdout] 
[INFO] [stdout] 
[INFO] [stderr] error: could not compile `colink` (lib test); 1 warning emitted
[INFO] [stderr] 
[INFO] [stderr] Caused by:
[INFO] [stderr]   process didn't exit successfully: `/opt/rustwide/rustup-home/toolchains/1.99.0-beta.8-x86_64-unknown-linux-gnu/bin/rustc --crate-name colink --edition=2021 src/lib.rs --error-format=json --json=diagnostic-rendered-ansi,artifacts,future-incompat --emit=dep-info,link -C embed-bitcode=no -C debuginfo=2 --test --cfg 'feature="async-recursion"' --cfg 'feature="default"' --cfg 'feature="extensions"' --cfg 'feature="hyper"' --cfg 'feature="hyper-rustls"' --cfg 'feature="instant_server"' --cfg 'feature="jsonwebtoken"' --cfg 'feature="policy_module"' --cfg 'feature="rcgen"' --cfg 'feature="registry"' --cfg 'feature="remote_storage"' --cfg 'feature="reqwest"' --cfg 'feature="storage_macro"' --cfg 'feature="tokio-rustls"' --cfg 'feature="variable_transfer"' --check-cfg 'cfg(docsrs,test)' --check-cfg 'cfg(feature, values("async-recursion", "default", "extensions", "hyper", "hyper-rustls", "instant_server", "jsonwebtoken", "policy_module", "rcgen", "rdbc2", "registry", "remote_storage", "reqwest", "storage_macro", "storage_macro_dbc", "tokio-rustls", "variable_transfer"))' -C metadata=b86c59f7c5b45835 -C extra-filename=-f08727ddb465abf4 --out-dir /opt/rustwide/target/debug/deps -L dependency=/opt/rustwide/target/debug/deps --extern async_recursion=/opt/rustwide/target/debug/deps/libasync_recursion-76416f45454e2bfc.so --extern async_trait=/opt/rustwide/target/debug/deps/libasync_trait-02bba6ef2abaa353.so --extern base64=/opt/rustwide/target/debug/deps/libbase64-42295ac2e0e134a3.rlib --extern chrono=/opt/rustwide/target/debug/deps/libchrono-8fbf84bac95f085e.rlib --extern clap=/opt/rustwide/target/debug/deps/libclap-6cd46d6b96459c23.rlib --extern futures_lite=/opt/rustwide/target/debug/deps/libfutures_lite-027bba6832bc5ed2.rlib --extern hyper=/opt/rustwide/target/debug/deps/libhyper-dab9b22862ad717f.rlib --extern hyper_rustls=/opt/rustwide/target/debug/deps/libhyper_rustls-23feedd151259089.rlib --extern jsonwebtoken=/opt/rustwide/target/debug/deps/libjsonwebtoken-33913430026b403b.rlib --extern lapin=/opt/rustwide/target/debug/deps/liblapin-29065f07a4f702f6.rlib --extern prost=/opt/rustwide/target/debug/deps/libprost-ef650174357a6f0d.rlib --extern rand=/opt/rustwide/target/debug/deps/librand-4e9d939a2d1b4612.rlib --extern rcgen=/opt/rustwide/target/debug/deps/librcgen-5060a44250c5df64.rlib --extern redis=/opt/rustwide/target/debug/deps/libredis-9cb1253b90816a9e.rlib --extern reqwest=/opt/rustwide/target/debug/deps/libreqwest-2508463e79da6c9c.rlib --extern secp256k1=/opt/rustwide/target/debug/deps/libsecp256k1-a9c2ccb9608378c1.rlib --extern serde=/opt/rustwide/target/debug/deps/libserde-8773a31bed608e94.rlib --extern serde_json=/opt/rustwide/target/debug/deps/libserde_json-f1359ccd62ce48f6.rlib --extern sha2=/opt/rustwide/target/debug/deps/libsha2-91d75768dec6e550.rlib --extern tokio=/opt/rustwide/target/debug/deps/libtokio-e8e04178f19f2909.rlib --extern tokio_rustls=/opt/rustwide/target/debug/deps/libtokio_rustls-83743293462aa2da.rlib --extern tonic=/opt/rustwide/target/debug/deps/libtonic-8cbdd9cefff8e328.rlib --extern tracing=/opt/rustwide/target/debug/deps/libtracing-ff2067a7c0a963d3.rlib --extern tracing_subscriber=/opt/rustwide/target/debug/deps/libtracing_subscriber-d65f7a4db585a95d.rlib --extern url=/opt/rustwide/target/debug/deps/liburl-93eb4b5ab790cc57.rlib --extern uuid=/opt/rustwide/target/debug/deps/libuuid-8368d9ca260a56a0.rlib --cap-lints=warn -L native=/opt/rustwide/target/debug/build/ring-df2287a062349588/out -L native=/opt/rustwide/target/debug/build/secp256k1-sys-7e79d5572945bdc7/out` (signal: 9, SIGKILL: kill)
[INFO] [stderr] warning: build failed, waiting for other jobs to finish...
[INFO] [stderr] error: could not compile `colink` (example "user_start_protocol_operator")
[INFO] [stderr] 
[INFO] [stderr] Caused by:
[INFO] [stderr]   process didn't exit successfully: `/opt/rustwide/rustup-home/toolchains/1.99.0-beta.8-x86_64-unknown-linux-gnu/bin/rustc --crate-name user_start_protocol_operator --edition=2021 examples/user_start_protocol_operator.rs --error-format=json --json=diagnostic-rendered-ansi,artifacts,future-incompat --crate-type bin --emit=dep-info,link -C embed-bitcode=no -C debuginfo=2 --cfg 'feature="async-recursion"' --cfg 'feature="default"' --cfg 'feature="extensions"' --cfg 'feature="hyper"' --cfg 'feature="hyper-rustls"' --cfg 'feature="instant_server"' --cfg 'feature="jsonwebtoken"' --cfg 'feature="policy_module"' --cfg 'feature="rcgen"' --cfg 'feature="registry"' --cfg 'feature="remote_storage"' --cfg 'feature="reqwest"' --cfg 'feature="storage_macro"' --cfg 'feature="tokio-rustls"' --cfg 'feature="variable_transfer"' --check-cfg 'cfg(docsrs,test)' --check-cfg 'cfg(feature, values("async-recursion", "default", "extensions", "hyper", "hyper-rustls", "instant_server", "jsonwebtoken", "policy_module", "rcgen", "rdbc2", "registry", "remote_storage", "reqwest", "storage_macro", "storage_macro_dbc", "tokio-rustls", "variable_transfer"))' -C metadata=e8922935a86381af -C extra-filename=-9953c1716fb22528 --out-dir /opt/rustwide/target/debug/examples -L dependency=/opt/rustwide/target/debug/deps --extern async_recursion=/opt/rustwide/target/debug/deps/libasync_recursion-76416f45454e2bfc.so --extern async_trait=/opt/rustwide/target/debug/deps/libasync_trait-02bba6ef2abaa353.so --extern base64=/opt/rustwide/target/debug/deps/libbase64-42295ac2e0e134a3.rlib --extern chrono=/opt/rustwide/target/debug/deps/libchrono-8fbf84bac95f085e.rlib --extern clap=/opt/rustwide/target/debug/deps/libclap-6cd46d6b96459c23.rlib --extern colink=/opt/rustwide/target/debug/deps/libcolink-5111aa8ba0f2bb32.rlib --extern futures_lite=/opt/rustwide/target/debug/deps/libfutures_lite-027bba6832bc5ed2.rlib --extern hyper=/opt/rustwide/target/debug/deps/libhyper-dab9b22862ad717f.rlib --extern hyper_rustls=/opt/rustwide/target/debug/deps/libhyper_rustls-23feedd151259089.rlib --extern jsonwebtoken=/opt/rustwide/target/debug/deps/libjsonwebtoken-33913430026b403b.rlib --extern lapin=/opt/rustwide/target/debug/deps/liblapin-29065f07a4f702f6.rlib --extern prost=/opt/rustwide/target/debug/deps/libprost-ef650174357a6f0d.rlib --extern rand=/opt/rustwide/target/debug/deps/librand-4e9d939a2d1b4612.rlib --extern rcgen=/opt/rustwide/target/debug/deps/librcgen-5060a44250c5df64.rlib --extern redis=/opt/rustwide/target/debug/deps/libredis-9cb1253b90816a9e.rlib --extern reqwest=/opt/rustwide/target/debug/deps/libreqwest-2508463e79da6c9c.rlib --extern secp256k1=/opt/rustwide/target/debug/deps/libsecp256k1-a9c2ccb9608378c1.rlib --extern serde=/opt/rustwide/target/debug/deps/libserde-8773a31bed608e94.rlib --extern serde_json=/opt/rustwide/target/debug/deps/libserde_json-f1359ccd62ce48f6.rlib --extern sha2=/opt/rustwide/target/debug/deps/libsha2-91d75768dec6e550.rlib --extern tokio=/opt/rustwide/target/debug/deps/libtokio-e8e04178f19f2909.rlib --extern tokio_rustls=/opt/rustwide/target/debug/deps/libtokio_rustls-83743293462aa2da.rlib --extern tonic=/opt/rustwide/target/debug/deps/libtonic-8cbdd9cefff8e328.rlib --extern tracing=/opt/rustwide/target/debug/deps/libtracing-ff2067a7c0a963d3.rlib --extern tracing_subscriber=/opt/rustwide/target/debug/deps/libtracing_subscriber-d65f7a4db585a95d.rlib --extern url=/opt/rustwide/target/debug/deps/liburl-93eb4b5ab790cc57.rlib --extern uuid=/opt/rustwide/target/debug/deps/libuuid-8368d9ca260a56a0.rlib --cap-lints=warn -L native=/opt/rustwide/target/debug/build/ring-df2287a062349588/out -L native=/opt/rustwide/target/debug/build/secp256k1-sys-7e79d5572945bdc7/out` (signal: 9, SIGKILL: kill)
[INFO] [stdout] error: linking with `cc` failed: exit status: 1
[INFO] [stdout]   |
[INFO] [stdout]   = note:  "cc" "-m64" "/opt/rustwide/target/debug/examples/rustcwmZRlx/symbols.o" "<2 object files omitted>" "-Wl,--as-needed" "-Wl,-Bstatic" "/opt/rustwide/target/debug/deps/{libcolink-5111aa8ba0f2bb32,libreqwest-2508463e79da6c9c,libhyper_rustls-23feedd151259089,libserde_urlencoded-3e2f6d07a6c5cc79,libipnet-0b1b37fbfe6deabc,libencoding_rs-695734695d06c663,libtracing_subscriber-d65f7a4db585a95d,libthread_local-79842f7d738266f5,libsharded_slab-29ce2944b70f477f,libtracing_serde-c5af0090de83b350,libtracing_log-6fa49504e9c52a98,libansi_term-74ae5010905c21da,libmatchers-8f3bfd53c49d2013,libregex_automata-a3cd0ab7d90c5f68,libregex_syntax-893772d02d5263ca,libuuid-8368d9ca260a56a0,librcgen-5060a44250c5df64,libpem-0f4a31e13d862321,libjsonwebtoken-33913430026b403b,libpem-0608b47dc0a9b158,libbase64-42295ac2e0e134a3,libregex-aa06f575be07ca88,libregex_syntax-ffdf1dca073167ee,libbase64-d62dc757d44ac0f2,libsimple_asn1-91eefc7e07b13864,libnum_bigint-46fd8afdeba83bc8,libnum_integer-aecc0b49a7a3ad67,libchrono-8fbf84bac95f085e,libnum_traits-7b0ccfe1b2dbfa42,libiana_time_zone-ebde09c3ffbc5acf,libtime-7e1b88dc09ea031c,libclap-6cd46d6b96459c23,libclap_builder-fa583f7590c14491,libstrsim-934c6b5db5b11ce4,libanstream-42915767c8eb1157,libanstyle_query-bf88390deb1ad954,libis_terminal-dfc62f09ef01d93d,libanstyle-134391e2b37faf36,libcolorchoice-7e168c6abb6e41ad,libanstyle_parse-78d9ad055f390ecd,libutf8parse-bf86fa6e8ff589fb,libclap_lex-779a5db0676d3668,libtonic-8cbdd9cefff8e328,libaxum-daad8c0a94cd9d91,libmatchit-1c16c7352989f5c0,libsync_wrapper-b5d3a794a1e9deea,libaxum_core-cc9d35c1fc88cd04,libmime-0188e0814ca7ddbf,libhyper_timeout-01e255442f7ea4c6,libtokio_io_timeout-0acb6958c8a8f6a2,libasync_stream-546ca91acfa6207d,libtokio_stream-08995c288e53a490,libhyper-dab9b22862ad717f,libwant-d8df4f5f53878ad5,libtry_lock-d829e1fc867adb15,libhttparse-4b158da8c50e0c00,libh2-45c64fea0beb5cd0,libfutures_channel-57ffbe26c3277559,libhttpdate-5527bd2ab7a43206,libtower-315f253c72097796,libindexmap-67cd092b158287b5,libhashbrown-cae2cd0d9cc0a6cf,libtower_layer-42079adb73a9aac4,libprost-ef650174357a6f0d,libtower_service-442e0d38cf369aa3,libhttp_body-f4ae2f5e0bf311bd,libhttp-31c08a31ae84dbd1,libfnv-79e2cbfbe03dcd16,libsha2-91d75768dec6e550,libsecp256k1-a9c2ccb9608378c1,librand-4e9d939a2d1b4612,librand_chacha-d2088b5972e439fe,libppv_lite86-74d192d5fb0d20a2,librand_core-64829e9228c7bddb,libsecp256k1_sys-ffc91e1a2dc055e4,libredis-9cb1253b90816a9e,libsha1_smol-4cce16da093d0d7f,libtokio_rustls-83743293462aa2da,libfutures_util-b7629a095786c8ae,libfutures_task-30a07c1a421b1121,libpin_utils-3860774ad9b215b5,libcombine-bca9d11a21faaf40,libtokio_util-c4817586f7522342,libtokio-e8e04178f19f2909,libnum_cpus-de61fb1cfdd6155a,libmio-f935d7bf54624b6c,libbytes-d41a62099e4fef91,liblapin-29065f07a4f702f6,libasync_reactor_trait-947435629576ca91,libasync_global_executor_trait-1d0c97c508bca6a5,libasync_global_executor-34fc906e9fde04f8,libasync_io-38a0bcf04d5dff00,librustix-271d145acd8d87a0,libio_lifetimes-ba5b3fd7b8c531e9,libbitflags-dde12b0d7d495b50,liblinux_raw_sys-32d7cbad796aca1a,libpolling-7b0eb5cce22fe7c4,libsocket2-8eac21d08499c626,libblocking-c561e13d8c5d8777,libatomic_waker-f869257eb019cf10,libasync_channel-a24b115359a9db01,libasync_executor-e14a518240e71a02,libslab-0ff7e34ec67ffad2,libconcurrent_queue-6268e91a412a1bd0,libcrossbeam_utils-2e1928f6f2d0a16a,libasync_task-d8ca51f323c3c639,libasync_lock-7323640d6ddee598,libevent_listener-0282a877755a83ef,libpinky_swear-4c1479a911c7be57,libdoc_comment-60fe4761a9fa9746,libflume-beae3090f01a76d0,libspin-739b65ced14dee12,libpin_project-849a3e91b4d39b0c,libfutures_sink-9821b46788eebda9,libreactor_trait-4f4572f17342e23a,libparking_lot-c0f407b3f4fdac8f,libparking_lot_core-43b5a2c8b108711a,libsmallvec-4517414d4f20efb1,liblock_api-6d57cebce10796a4,libscopeguard-e318caba69bf687f,libexecutor_trait-8d1f8d2f7acecc20,libamq_protocol-14c50a46b1645427,libamq_protocol_tcp-607d92c8143553a3,libtcp_stream-20ee84fde3dbf4fa,libp12-b3d6ed0a78d07eaa,libdes-dcfa0818f3354f50,librc2-21e0440cb331451b,libcbc-7aeedddae78c318e,libcipher-24ac76294c626fa3,libinout-5fe32ca2074559d5,libblock_padding-242af1a2b9a4b7cf,libsha1-2c2e2f895ddf3620,libcpufeatures-ff2d8290742ba97c,libhmac-d6af083ec84fd68a,libdigest-463f4c3e4fe042c4,libsubtle-27c8f54d203168ee,libblock_buffer-84c01f9b43391526,libcrypto_common-f015263fa347d175,libgeneric_array-2ae03ec1c22e6034,libtypenum-9b0535122ea7542f,libyasna-995a4fd21b5bc0de,libtime-78f33d3a840d483c,libtime_core-c2afe455d7891eef,liblazy_static-af860367908b8176,libgetrandom-766931188a5356b6,librustls_connector-666d34def9b99c13,librustls_native_certs-ccf2163e941b2b9b,librustls_pemfile-5813d4bfeb1893a8,libbase64-497680cbb1dcd4bf,libopenssl_probe-5821ed5bfde807ff,librustls-31ae4334ea73ebc6,libsct-8b95b909f9047bf7,libwebpki-02e0508c3a5f3657,libring-dcc06c822980e0bc,libspin-4089a13ab2a784ba,libuntrusted-a7f0f384c8611dea,liblibc-5f1ed63ef6d7e5fd,liblog-b2982dce33f1bb70,libtracing-ff2067a7c0a963d3,libcfg_if-3e7fc4e38d4a72b5,libtracing_core-5f7f38c74d0979b6,libonce_cell-88da25fb809d9a5c,libamq_protocol_uri-7fa5355e6a878969,liburl-93eb4b5ab790cc57,libidna-eba5d238860d1377,libunicode_normalization-722b9cbf2786e917,libtinyvec-c98dfb84ce78a9e8,libtinyvec_macros-7b77ea21c73594ca,libunicode_bidi-38e31b3a662e272e,libform_urlencoded-220c58d6b6ff05e2,libpercent_encoding-762c6957ae74e2f6,libamq_protocol_types-39fc67b5c9162d96,libnom-ddcb5865633a6f40,libcookie_factory-74245ac03cb4c37a,libserde_json-f1359ccd62ce48f6,libryu-4d09fff2ce933ebb,libitoa-0f3ce2aa4ee007f9,libserde-8773a31bed608e94,libfutures_lite-027bba6832bc5ed2,libmemchr-3d0ec59241a02054,libfastrand-273731efb4a6b13e,libfutures_io-4a43606c4f70f76a,libfutures_core-c383467027164c3d,libwaker_fn-aaf926ffbff19167,libparking-ec2ad8bad7b603f9,libpin_project_lite-6df6c214457c8ca7}.rlib" "<sysroot>/lib/rustlib/x86_64-unknown-linux-gnu/lib/{libstd-*,libpanic_unwind-*,libobject-*,libmemchr-*,libaddr2line-*,libgimli-*,libcfg_if-*,librustc_demangle-*,libstd_detect-*,libhashbrown-*,librustc_std_workspace_alloc-*,libminiz_oxide-*,libadler2-*,libunwind-*,liblibc-*,librustc_std_workspace_core-*,liballoc-*,libcore-*,libcompiler_builtins-*}.rlib" "-Wl,-Bdynamic" "-lgcc_s" "-lutil" "-lrt" "-lpthread" "-lm" "-ldl" "-lc" "-L" "/opt/rustwide/target/debug/examples/rustcwmZRlx/raw-dylibs" "-B<sysroot>/lib/rustlib/x86_64-unknown-linux-gnu/bin/gcc-ld" "-fuse-ld=lld" "-Wl,--eh-frame-hdr" "-Wl,-z,noexecstack" "-L" "/opt/rustwide/target/debug/build/ring-df2287a062349588/out" "-L" "/opt/rustwide/target/debug/build/secp256k1-sys-7e79d5572945bdc7/out" "-L" "<sysroot>/lib/rustlib/x86_64-unknown-linux-gnu/lib" "-o" "/opt/rustwide/target/debug/examples/host_import_user-ff19250888629254" "-Wl,--gc-sections" "-pie" "-Wl,-z,relro,-z,now" "-nodefaultlibs"
[INFO] [stdout]   = note: some arguments are omitted. use `--verbose` to show all linker arguments
[INFO] [stdout]   = note: collect2: fatal error: ld terminated with signal 9 [Killed]
[INFO] [stdout]           compilation terminated.
[INFO] [stdout]           
[INFO] [stdout] 
[INFO] [stdout] 
[INFO] [stderr] error: could not compile `colink` (example "host_import_user") due to 1 previous error
[INFO] [stdout] error: linking with `cc` failed: exit status: 1
[INFO] [stdout]   |
[INFO] [stdout]   = note:  "cc" "-m64" "/opt/rustwide/target/debug/examples/rustcqcTyPf/symbols.o" "<2 object files omitted>" "-Wl,--as-needed" "-Wl,-Bstatic" "/opt/rustwide/target/debug/deps/{libcolink-5111aa8ba0f2bb32,libreqwest-2508463e79da6c9c,libhyper_rustls-23feedd151259089,libserde_urlencoded-3e2f6d07a6c5cc79,libipnet-0b1b37fbfe6deabc,libencoding_rs-695734695d06c663,libtracing_subscriber-d65f7a4db585a95d,libthread_local-79842f7d738266f5,libsharded_slab-29ce2944b70f477f,libtracing_serde-c5af0090de83b350,libtracing_log-6fa49504e9c52a98,libansi_term-74ae5010905c21da,libmatchers-8f3bfd53c49d2013,libregex_automata-a3cd0ab7d90c5f68,libregex_syntax-893772d02d5263ca,libuuid-8368d9ca260a56a0,librcgen-5060a44250c5df64,libpem-0f4a31e13d862321,libjsonwebtoken-33913430026b403b,libpem-0608b47dc0a9b158,libbase64-42295ac2e0e134a3,libregex-aa06f575be07ca88,libregex_syntax-ffdf1dca073167ee,libbase64-d62dc757d44ac0f2,libsimple_asn1-91eefc7e07b13864,libnum_bigint-46fd8afdeba83bc8,libnum_integer-aecc0b49a7a3ad67,libchrono-8fbf84bac95f085e,libnum_traits-7b0ccfe1b2dbfa42,libiana_time_zone-ebde09c3ffbc5acf,libtime-7e1b88dc09ea031c,libclap-6cd46d6b96459c23,libclap_builder-fa583f7590c14491,libstrsim-934c6b5db5b11ce4,libanstream-42915767c8eb1157,libanstyle_query-bf88390deb1ad954,libis_terminal-dfc62f09ef01d93d,libanstyle-134391e2b37faf36,libcolorchoice-7e168c6abb6e41ad,libanstyle_parse-78d9ad055f390ecd,libutf8parse-bf86fa6e8ff589fb,libclap_lex-779a5db0676d3668,libtonic-8cbdd9cefff8e328,libaxum-daad8c0a94cd9d91,libmatchit-1c16c7352989f5c0,libsync_wrapper-b5d3a794a1e9deea,libaxum_core-cc9d35c1fc88cd04,libmime-0188e0814ca7ddbf,libhyper_timeout-01e255442f7ea4c6,libtokio_io_timeout-0acb6958c8a8f6a2,libasync_stream-546ca91acfa6207d,libtokio_stream-08995c288e53a490,libhyper-dab9b22862ad717f,libwant-d8df4f5f53878ad5,libtry_lock-d829e1fc867adb15,libhttparse-4b158da8c50e0c00,libh2-45c64fea0beb5cd0,libfutures_channel-57ffbe26c3277559,libhttpdate-5527bd2ab7a43206,libtower-315f253c72097796,libindexmap-67cd092b158287b5,libhashbrown-cae2cd0d9cc0a6cf,libtower_layer-42079adb73a9aac4,libprost-ef650174357a6f0d,libtower_service-442e0d38cf369aa3,libhttp_body-f4ae2f5e0bf311bd,libhttp-31c08a31ae84dbd1,libfnv-79e2cbfbe03dcd16,libsha2-91d75768dec6e550,libsecp256k1-a9c2ccb9608378c1,librand-4e9d939a2d1b4612,librand_chacha-d2088b5972e439fe,libppv_lite86-74d192d5fb0d20a2,librand_core-64829e9228c7bddb,libsecp256k1_sys-ffc91e1a2dc055e4,libredis-9cb1253b90816a9e,libsha1_smol-4cce16da093d0d7f,libtokio_rustls-83743293462aa2da,libfutures_util-b7629a095786c8ae,libfutures_task-30a07c1a421b1121,libpin_utils-3860774ad9b215b5,libcombine-bca9d11a21faaf40,libtokio_util-c4817586f7522342,libtokio-e8e04178f19f2909,libnum_cpus-de61fb1cfdd6155a,libmio-f935d7bf54624b6c,libbytes-d41a62099e4fef91,liblapin-29065f07a4f702f6,libasync_reactor_trait-947435629576ca91,libasync_global_executor_trait-1d0c97c508bca6a5,libasync_global_executor-34fc906e9fde04f8,libasync_io-38a0bcf04d5dff00,librustix-271d145acd8d87a0,libio_lifetimes-ba5b3fd7b8c531e9,libbitflags-dde12b0d7d495b50,liblinux_raw_sys-32d7cbad796aca1a,libpolling-7b0eb5cce22fe7c4,libsocket2-8eac21d08499c626,libblocking-c561e13d8c5d8777,libatomic_waker-f869257eb019cf10,libasync_channel-a24b115359a9db01,libasync_executor-e14a518240e71a02,libslab-0ff7e34ec67ffad2,libconcurrent_queue-6268e91a412a1bd0,libcrossbeam_utils-2e1928f6f2d0a16a,libasync_task-d8ca51f323c3c639,libasync_lock-7323640d6ddee598,libevent_listener-0282a877755a83ef,libpinky_swear-4c1479a911c7be57,libdoc_comment-60fe4761a9fa9746,libflume-beae3090f01a76d0,libspin-739b65ced14dee12,libpin_project-849a3e91b4d39b0c,libfutures_sink-9821b46788eebda9,libreactor_trait-4f4572f17342e23a,libparking_lot-c0f407b3f4fdac8f,libparking_lot_core-43b5a2c8b108711a,libsmallvec-4517414d4f20efb1,liblock_api-6d57cebce10796a4,libscopeguard-e318caba69bf687f,libexecutor_trait-8d1f8d2f7acecc20,libamq_protocol-14c50a46b1645427,libamq_protocol_tcp-607d92c8143553a3,libtcp_stream-20ee84fde3dbf4fa,libp12-b3d6ed0a78d07eaa,libdes-dcfa0818f3354f50,librc2-21e0440cb331451b,libcbc-7aeedddae78c318e,libcipher-24ac76294c626fa3,libinout-5fe32ca2074559d5,libblock_padding-242af1a2b9a4b7cf,libsha1-2c2e2f895ddf3620,libcpufeatures-ff2d8290742ba97c,libhmac-d6af083ec84fd68a,libdigest-463f4c3e4fe042c4,libsubtle-27c8f54d203168ee,libblock_buffer-84c01f9b43391526,libcrypto_common-f015263fa347d175,libgeneric_array-2ae03ec1c22e6034,libtypenum-9b0535122ea7542f,libyasna-995a4fd21b5bc0de,libtime-78f33d3a840d483c,libtime_core-c2afe455d7891eef,liblazy_static-af860367908b8176,libgetrandom-766931188a5356b6,librustls_connector-666d34def9b99c13,librustls_native_certs-ccf2163e941b2b9b,librustls_pemfile-5813d4bfeb1893a8,libbase64-497680cbb1dcd4bf,libopenssl_probe-5821ed5bfde807ff,librustls-31ae4334ea73ebc6,libsct-8b95b909f9047bf7,libwebpki-02e0508c3a5f3657,libring-dcc06c822980e0bc,libspin-4089a13ab2a784ba,libuntrusted-a7f0f384c8611dea,liblibc-5f1ed63ef6d7e5fd,liblog-b2982dce33f1bb70,libtracing-ff2067a7c0a963d3,libcfg_if-3e7fc4e38d4a72b5,libtracing_core-5f7f38c74d0979b6,libonce_cell-88da25fb809d9a5c,libamq_protocol_uri-7fa5355e6a878969,liburl-93eb4b5ab790cc57,libidna-eba5d238860d1377,libunicode_normalization-722b9cbf2786e917,libtinyvec-c98dfb84ce78a9e8,libtinyvec_macros-7b77ea21c73594ca,libunicode_bidi-38e31b3a662e272e,libform_urlencoded-220c58d6b6ff05e2,libpercent_encoding-762c6957ae74e2f6,libamq_protocol_types-39fc67b5c9162d96,libnom-ddcb5865633a6f40,libcookie_factory-74245ac03cb4c37a,libserde_json-f1359ccd62ce48f6,libryu-4d09fff2ce933ebb,libitoa-0f3ce2aa4ee007f9,libserde-8773a31bed608e94,libfutures_lite-027bba6832bc5ed2,libmemchr-3d0ec59241a02054,libfastrand-273731efb4a6b13e,libfutures_io-4a43606c4f70f76a,libfutures_core-c383467027164c3d,libwaker_fn-aaf926ffbff19167,libparking-ec2ad8bad7b603f9,libpin_project_lite-6df6c214457c8ca7}.rlib" "<sysroot>/lib/rustlib/x86_64-unknown-linux-gnu/lib/{libstd-*,libpanic_unwind-*,libobject-*,libmemchr-*,libaddr2line-*,libgimli-*,libcfg_if-*,librustc_demangle-*,libstd_detect-*,libhashbrown-*,librustc_std_workspace_alloc-*,libminiz_oxide-*,libadler2-*,libunwind-*,liblibc-*,librustc_std_workspace_core-*,liballoc-*,libcore-*,libcompiler_builtins-*}.rlib" "-Wl,-Bdynamic" "-lgcc_s" "-lutil" "-lrt" "-lpthread" "-lm" "-ldl" "-lc" "-L" "/opt/rustwide/target/debug/examples/rustcqcTyPf/raw-dylibs" "-B<sysroot>/lib/rustlib/x86_64-unknown-linux-gnu/bin/gcc-ld" "-fuse-ld=lld" "-Wl,--eh-frame-hdr" "-Wl,-z,noexecstack" "-L" "/opt/rustwide/target/debug/build/ring-df2287a062349588/out" "-L" "/opt/rustwide/target/debug/build/secp256k1-sys-7e79d5572945bdc7/out" "-L" "<sysroot>/lib/rustlib/x86_64-unknown-linux-gnu/lib" "-o" "/opt/rustwide/target/debug/examples/user_import_guest_jwt-036c9afe677d49ac" "-Wl,--gc-sections" "-pie" "-Wl,-z,relro,-z,now" "-nodefaultlibs"
[INFO] [stdout]   = note: some arguments are omitted. use `--verbose` to show all linker arguments
[INFO] [stdout]   = note: collect2: fatal error: ld terminated with signal 9 [Killed]
[INFO] [stdout]           compilation terminated.
[INFO] [stdout]           
[INFO] [stdout] 
[INFO] [stdout] 
[INFO] [stderr] error: could not compile `colink` (example "user_import_guest_jwt") due to 1 previous error
[INFO] [stdout] error: linking with `cc` failed: exit status: 1
[INFO] [stdout]   |
[INFO] [stdout]   = note:  "cc" "-m64" "/opt/rustwide/target/debug/examples/rustcywmjqT/symbols.o" "<2 object files omitted>" "-Wl,--as-needed" "-Wl,-Bstatic" "/opt/rustwide/target/debug/deps/{libcolink-5111aa8ba0f2bb32,libreqwest-2508463e79da6c9c,libhyper_rustls-23feedd151259089,libserde_urlencoded-3e2f6d07a6c5cc79,libipnet-0b1b37fbfe6deabc,libencoding_rs-695734695d06c663,libtracing_subscriber-d65f7a4db585a95d,libthread_local-79842f7d738266f5,libsharded_slab-29ce2944b70f477f,libtracing_serde-c5af0090de83b350,libtracing_log-6fa49504e9c52a98,libansi_term-74ae5010905c21da,libmatchers-8f3bfd53c49d2013,libregex_automata-a3cd0ab7d90c5f68,libregex_syntax-893772d02d5263ca,libuuid-8368d9ca260a56a0,librcgen-5060a44250c5df64,libpem-0f4a31e13d862321,libjsonwebtoken-33913430026b403b,libpem-0608b47dc0a9b158,libbase64-42295ac2e0e134a3,libregex-aa06f575be07ca88,libregex_syntax-ffdf1dca073167ee,libbase64-d62dc757d44ac0f2,libsimple_asn1-91eefc7e07b13864,libnum_bigint-46fd8afdeba83bc8,libnum_integer-aecc0b49a7a3ad67,libchrono-8fbf84bac95f085e,libnum_traits-7b0ccfe1b2dbfa42,libiana_time_zone-ebde09c3ffbc5acf,libtime-7e1b88dc09ea031c,libclap-6cd46d6b96459c23,libclap_builder-fa583f7590c14491,libstrsim-934c6b5db5b11ce4,libanstream-42915767c8eb1157,libanstyle_query-bf88390deb1ad954,libis_terminal-dfc62f09ef01d93d,libanstyle-134391e2b37faf36,libcolorchoice-7e168c6abb6e41ad,libanstyle_parse-78d9ad055f390ecd,libutf8parse-bf86fa6e8ff589fb,libclap_lex-779a5db0676d3668,libtonic-8cbdd9cefff8e328,libaxum-daad8c0a94cd9d91,libmatchit-1c16c7352989f5c0,libsync_wrapper-b5d3a794a1e9deea,libaxum_core-cc9d35c1fc88cd04,libmime-0188e0814ca7ddbf,libhyper_timeout-01e255442f7ea4c6,libtokio_io_timeout-0acb6958c8a8f6a2,libasync_stream-546ca91acfa6207d,libtokio_stream-08995c288e53a490,libhyper-dab9b22862ad717f,libwant-d8df4f5f53878ad5,libtry_lock-d829e1fc867adb15,libhttparse-4b158da8c50e0c00,libh2-45c64fea0beb5cd0,libfutures_channel-57ffbe26c3277559,libhttpdate-5527bd2ab7a43206,libtower-315f253c72097796,libindexmap-67cd092b158287b5,libhashbrown-cae2cd0d9cc0a6cf,libtower_layer-42079adb73a9aac4,libprost-ef650174357a6f0d,libtower_service-442e0d38cf369aa3,libhttp_body-f4ae2f5e0bf311bd,libhttp-31c08a31ae84dbd1,libfnv-79e2cbfbe03dcd16,libsha2-91d75768dec6e550,libsecp256k1-a9c2ccb9608378c1,librand-4e9d939a2d1b4612,librand_chacha-d2088b5972e439fe,libppv_lite86-74d192d5fb0d20a2,librand_core-64829e9228c7bddb,libsecp256k1_sys-ffc91e1a2dc055e4,libredis-9cb1253b90816a9e,libsha1_smol-4cce16da093d0d7f,libtokio_rustls-83743293462aa2da,libfutures_util-b7629a095786c8ae,libfutures_task-30a07c1a421b1121,libpin_utils-3860774ad9b215b5,libcombine-bca9d11a21faaf40,libtokio_util-c4817586f7522342,libtokio-e8e04178f19f2909,libnum_cpus-de61fb1cfdd6155a,libmio-f935d7bf54624b6c,libbytes-d41a62099e4fef91,liblapin-29065f07a4f702f6,libasync_reactor_trait-947435629576ca91,libasync_global_executor_trait-1d0c97c508bca6a5,libasync_global_executor-34fc906e9fde04f8,libasync_io-38a0bcf04d5dff00,librustix-271d145acd8d87a0,libio_lifetimes-ba5b3fd7b8c531e9,libbitflags-dde12b0d7d495b50,liblinux_raw_sys-32d7cbad796aca1a,libpolling-7b0eb5cce22fe7c4,libsocket2-8eac21d08499c626,libblocking-c561e13d8c5d8777,libatomic_waker-f869257eb019cf10,libasync_channel-a24b115359a9db01,libasync_executor-e14a518240e71a02,libslab-0ff7e34ec67ffad2,libconcurrent_queue-6268e91a412a1bd0,libcrossbeam_utils-2e1928f6f2d0a16a,libasync_task-d8ca51f323c3c639,libasync_lock-7323640d6ddee598,libevent_listener-0282a877755a83ef,libpinky_swear-4c1479a911c7be57,libdoc_comment-60fe4761a9fa9746,libflume-beae3090f01a76d0,libspin-739b65ced14dee12,libpin_project-849a3e91b4d39b0c,libfutures_sink-9821b46788eebda9,libreactor_trait-4f4572f17342e23a,libparking_lot-c0f407b3f4fdac8f,libparking_lot_core-43b5a2c8b108711a,libsmallvec-4517414d4f20efb1,liblock_api-6d57cebce10796a4,libscopeguard-e318caba69bf687f,libexecutor_trait-8d1f8d2f7acecc20,libamq_protocol-14c50a46b1645427,libamq_protocol_tcp-607d92c8143553a3,libtcp_stream-20ee84fde3dbf4fa,libp12-b3d6ed0a78d07eaa,libdes-dcfa0818f3354f50,librc2-21e0440cb331451b,libcbc-7aeedddae78c318e,libcipher-24ac76294c626fa3,libinout-5fe32ca2074559d5,libblock_padding-242af1a2b9a4b7cf,libsha1-2c2e2f895ddf3620,libcpufeatures-ff2d8290742ba97c,libhmac-d6af083ec84fd68a,libdigest-463f4c3e4fe042c4,libsubtle-27c8f54d203168ee,libblock_buffer-84c01f9b43391526,libcrypto_common-f015263fa347d175,libgeneric_array-2ae03ec1c22e6034,libtypenum-9b0535122ea7542f,libyasna-995a4fd21b5bc0de,libtime-78f33d3a840d483c,libtime_core-c2afe455d7891eef,liblazy_static-af860367908b8176,libgetrandom-766931188a5356b6,librustls_connector-666d34def9b99c13,librustls_native_certs-ccf2163e941b2b9b,librustls_pemfile-5813d4bfeb1893a8,libbase64-497680cbb1dcd4bf,libopenssl_probe-5821ed5bfde807ff,librustls-31ae4334ea73ebc6,libsct-8b95b909f9047bf7,libwebpki-02e0508c3a5f3657,libring-dcc06c822980e0bc,libspin-4089a13ab2a784ba,libuntrusted-a7f0f384c8611dea,liblibc-5f1ed63ef6d7e5fd,liblog-b2982dce33f1bb70,libtracing-ff2067a7c0a963d3,libcfg_if-3e7fc4e38d4a72b5,libtracing_core-5f7f38c74d0979b6,libonce_cell-88da25fb809d9a5c,libamq_protocol_uri-7fa5355e6a878969,liburl-93eb4b5ab790cc57,libidna-eba5d238860d1377,libunicode_normalization-722b9cbf2786e917,libtinyvec-c98dfb84ce78a9e8,libtinyvec_macros-7b77ea21c73594ca,libunicode_bidi-38e31b3a662e272e,libform_urlencoded-220c58d6b6ff05e2,libpercent_encoding-762c6957ae74e2f6,libamq_protocol_types-39fc67b5c9162d96,libnom-ddcb5865633a6f40,libcookie_factory-74245ac03cb4c37a,libserde_json-f1359ccd62ce48f6,libryu-4d09fff2ce933ebb,libitoa-0f3ce2aa4ee007f9,libserde-8773a31bed608e94,libfutures_lite-027bba6832bc5ed2,libmemchr-3d0ec59241a02054,libfastrand-273731efb4a6b13e,libfutures_io-4a43606c4f70f76a,libfutures_core-c383467027164c3d,libwaker_fn-aaf926ffbff19167,libparking-ec2ad8bad7b603f9,libpin_project_lite-6df6c214457c8ca7}.rlib" "<sysroot>/lib/rustlib/x86_64-unknown-linux-gnu/lib/{libstd-*,libpanic_unwind-*,libobject-*,libmemchr-*,libaddr2line-*,libgimli-*,libcfg_if-*,librustc_demangle-*,libstd_detect-*,libhashbrown-*,librustc_std_workspace_alloc-*,libminiz_oxide-*,libadler2-*,libunwind-*,liblibc-*,librustc_std_workspace_core-*,liballoc-*,libcore-*,libcompiler_builtins-*}.rlib" "-Wl,-Bdynamic" "-lgcc_s" "-lutil" "-lrt" "-lpthread" "-lm" "-ldl" "-lc" "-L" "/opt/rustwide/target/debug/examples/rustcywmjqT/raw-dylibs" "-B<sysroot>/lib/rustlib/x86_64-unknown-linux-gnu/bin/gcc-ld" "-fuse-ld=lld" "-Wl,--eh-frame-hdr" "-Wl,-z,noexecstack" "-L" "/opt/rustwide/target/debug/build/ring-df2287a062349588/out" "-L" "/opt/rustwide/target/debug/build/secp256k1-sys-7e79d5572945bdc7/out" "-L" "<sysroot>/lib/rustlib/x86_64-unknown-linux-gnu/lib" "-o" "/opt/rustwide/target/debug/examples/storage_macro_chunk-84e7f36077ba16a2" "-Wl,--gc-sections" "-pie" "-Wl,-z,relro,-z,now" "-nodefaultlibs"
[INFO] [stdout]   = note: some arguments are omitted. use `--verbose` to show all linker arguments
[INFO] [stdout]   = note: collect2: fatal error: ld terminated with signal 9 [Killed]
[INFO] [stdout]           compilation terminated.
[INFO] [stdout]           
[INFO] [stdout] 
[INFO] [stdout] 
[INFO] [stderr] error: could not compile `colink` (example "storage_macro_chunk") due to 1 previous error
[INFO] [stdout] error: linking with `cc` failed: exit status: 1
[INFO] [stdout]   |
[INFO] [stdout]   = note:  "cc" "-m64" "/opt/rustwide/target/debug/examples/rustco8ErBF/symbols.o" "<2 object files omitted>" "-Wl,--as-needed" "-Wl,-Bstatic" "/opt/rustwide/target/debug/deps/{libcolink-5111aa8ba0f2bb32,libreqwest-2508463e79da6c9c,libhyper_rustls-23feedd151259089,libserde_urlencoded-3e2f6d07a6c5cc79,libipnet-0b1b37fbfe6deabc,libencoding_rs-695734695d06c663,libtracing_subscriber-d65f7a4db585a95d,libthread_local-79842f7d738266f5,libsharded_slab-29ce2944b70f477f,libtracing_serde-c5af0090de83b350,libtracing_log-6fa49504e9c52a98,libansi_term-74ae5010905c21da,libmatchers-8f3bfd53c49d2013,libregex_automata-a3cd0ab7d90c5f68,libregex_syntax-893772d02d5263ca,libuuid-8368d9ca260a56a0,librcgen-5060a44250c5df64,libpem-0f4a31e13d862321,libjsonwebtoken-33913430026b403b,libpem-0608b47dc0a9b158,libbase64-42295ac2e0e134a3,libregex-aa06f575be07ca88,libregex_syntax-ffdf1dca073167ee,libbase64-d62dc757d44ac0f2,libsimple_asn1-91eefc7e07b13864,libnum_bigint-46fd8afdeba83bc8,libnum_integer-aecc0b49a7a3ad67,libchrono-8fbf84bac95f085e,libnum_traits-7b0ccfe1b2dbfa42,libiana_time_zone-ebde09c3ffbc5acf,libtime-7e1b88dc09ea031c,libclap-6cd46d6b96459c23,libclap_builder-fa583f7590c14491,libstrsim-934c6b5db5b11ce4,libanstream-42915767c8eb1157,libanstyle_query-bf88390deb1ad954,libis_terminal-dfc62f09ef01d93d,libanstyle-134391e2b37faf36,libcolorchoice-7e168c6abb6e41ad,libanstyle_parse-78d9ad055f390ecd,libutf8parse-bf86fa6e8ff589fb,libclap_lex-779a5db0676d3668,libtonic-8cbdd9cefff8e328,libaxum-daad8c0a94cd9d91,libmatchit-1c16c7352989f5c0,libsync_wrapper-b5d3a794a1e9deea,libaxum_core-cc9d35c1fc88cd04,libmime-0188e0814ca7ddbf,libhyper_timeout-01e255442f7ea4c6,libtokio_io_timeout-0acb6958c8a8f6a2,libasync_stream-546ca91acfa6207d,libtokio_stream-08995c288e53a490,libhyper-dab9b22862ad717f,libwant-d8df4f5f53878ad5,libtry_lock-d829e1fc867adb15,libhttparse-4b158da8c50e0c00,libh2-45c64fea0beb5cd0,libfutures_channel-57ffbe26c3277559,libhttpdate-5527bd2ab7a43206,libtower-315f253c72097796,libindexmap-67cd092b158287b5,libhashbrown-cae2cd0d9cc0a6cf,libtower_layer-42079adb73a9aac4,libprost-ef650174357a6f0d,libtower_service-442e0d38cf369aa3,libhttp_body-f4ae2f5e0bf311bd,libhttp-31c08a31ae84dbd1,libfnv-79e2cbfbe03dcd16,libsha2-91d75768dec6e550,libsecp256k1-a9c2ccb9608378c1,librand-4e9d939a2d1b4612,librand_chacha-d2088b5972e439fe,libppv_lite86-74d192d5fb0d20a2,librand_core-64829e9228c7bddb,libsecp256k1_sys-ffc91e1a2dc055e4,libredis-9cb1253b90816a9e,libsha1_smol-4cce16da093d0d7f,libtokio_rustls-83743293462aa2da,libfutures_util-b7629a095786c8ae,libfutures_task-30a07c1a421b1121,libpin_utils-3860774ad9b215b5,libcombine-bca9d11a21faaf40,libtokio_util-c4817586f7522342,libtokio-e8e04178f19f2909,libnum_cpus-de61fb1cfdd6155a,libmio-f935d7bf54624b6c,libbytes-d41a62099e4fef91,liblapin-29065f07a4f702f6,libasync_reactor_trait-947435629576ca91,libasync_global_executor_trait-1d0c97c508bca6a5,libasync_global_executor-34fc906e9fde04f8,libasync_io-38a0bcf04d5dff00,librustix-271d145acd8d87a0,libio_lifetimes-ba5b3fd7b8c531e9,libbitflags-dde12b0d7d495b50,liblinux_raw_sys-32d7cbad796aca1a,libpolling-7b0eb5cce22fe7c4,libsocket2-8eac21d08499c626,libblocking-c561e13d8c5d8777,libatomic_waker-f869257eb019cf10,libasync_channel-a24b115359a9db01,libasync_executor-e14a518240e71a02,libslab-0ff7e34ec67ffad2,libconcurrent_queue-6268e91a412a1bd0,libcrossbeam_utils-2e1928f6f2d0a16a,libasync_task-d8ca51f323c3c639,libasync_lock-7323640d6ddee598,libevent_listener-0282a877755a83ef,libpinky_swear-4c1479a911c7be57,libdoc_comment-60fe4761a9fa9746,libflume-beae3090f01a76d0,libspin-739b65ced14dee12,libpin_project-849a3e91b4d39b0c,libfutures_sink-9821b46788eebda9,libreactor_trait-4f4572f17342e23a,libparking_lot-c0f407b3f4fdac8f,libparking_lot_core-43b5a2c8b108711a,libsmallvec-4517414d4f20efb1,liblock_api-6d57cebce10796a4,libscopeguard-e318caba69bf687f,libexecutor_trait-8d1f8d2f7acecc20,libamq_protocol-14c50a46b1645427,libamq_protocol_tcp-607d92c8143553a3,libtcp_stream-20ee84fde3dbf4fa,libp12-b3d6ed0a78d07eaa,libdes-dcfa0818f3354f50,librc2-21e0440cb331451b,libcbc-7aeedddae78c318e,libcipher-24ac76294c626fa3,libinout-5fe32ca2074559d5,libblock_padding-242af1a2b9a4b7cf,libsha1-2c2e2f895ddf3620,libcpufeatures-ff2d8290742ba97c,libhmac-d6af083ec84fd68a,libdigest-463f4c3e4fe042c4,libsubtle-27c8f54d203168ee,libblock_buffer-84c01f9b43391526,libcrypto_common-f015263fa347d175,libgeneric_array-2ae03ec1c22e6034,libtypenum-9b0535122ea7542f,libyasna-995a4fd21b5bc0de,libtime-78f33d3a840d483c,libtime_core-c2afe455d7891eef,liblazy_static-af860367908b8176,libgetrandom-766931188a5356b6,librustls_connector-666d34def9b99c13,librustls_native_certs-ccf2163e941b2b9b,librustls_pemfile-5813d4bfeb1893a8,libbase64-497680cbb1dcd4bf,libopenssl_probe-5821ed5bfde807ff,librustls-31ae4334ea73ebc6,libsct-8b95b909f9047bf7,libwebpki-02e0508c3a5f3657,libring-dcc06c822980e0bc,libspin-4089a13ab2a784ba,libuntrusted-a7f0f384c8611dea,liblibc-5f1ed63ef6d7e5fd,liblog-b2982dce33f1bb70,libtracing-ff2067a7c0a963d3,libcfg_if-3e7fc4e38d4a72b5,libtracing_core-5f7f38c74d0979b6,libonce_cell-88da25fb809d9a5c,libamq_protocol_uri-7fa5355e6a878969,liburl-93eb4b5ab790cc57,libidna-eba5d238860d1377,libunicode_normalization-722b9cbf2786e917,libtinyvec-c98dfb84ce78a9e8,libtinyvec_macros-7b77ea21c73594ca,libunicode_bidi-38e31b3a662e272e,libform_urlencoded-220c58d6b6ff05e2,libpercent_encoding-762c6957ae74e2f6,libamq_protocol_types-39fc67b5c9162d96,libnom-ddcb5865633a6f40,libcookie_factory-74245ac03cb4c37a,libserde_json-f1359ccd62ce48f6,libryu-4d09fff2ce933ebb,libitoa-0f3ce2aa4ee007f9,libserde-8773a31bed608e94,libfutures_lite-027bba6832bc5ed2,libmemchr-3d0ec59241a02054,libfastrand-273731efb4a6b13e,libfutures_io-4a43606c4f70f76a,libfutures_core-c383467027164c3d,libwaker_fn-aaf926ffbff19167,libparking-ec2ad8bad7b603f9,libpin_project_lite-6df6c214457c8ca7}.rlib" "<sysroot>/lib/rustlib/x86_64-unknown-linux-gnu/lib/{libstd-*,libpanic_unwind-*,libobject-*,libmemchr-*,libaddr2line-*,libgimli-*,libcfg_if-*,librustc_demangle-*,libstd_detect-*,libhashbrown-*,librustc_std_workspace_alloc-*,libminiz_oxide-*,libadler2-*,libunwind-*,liblibc-*,librustc_std_workspace_core-*,liballoc-*,libcore-*,libcompiler_builtins-*}.rlib" "-Wl,-Bdynamic" "-lgcc_s" "-lutil" "-lrt" "-lpthread" "-lm" "-ldl" "-lc" "-L" "/opt/rustwide/target/debug/examples/rustco8ErBF/raw-dylibs" "-B<sysroot>/lib/rustlib/x86_64-unknown-linux-gnu/bin/gcc-ld" "-fuse-ld=lld" "-Wl,--eh-frame-hdr" "-Wl,-z,noexecstack" "-L" "/opt/rustwide/target/debug/build/ring-df2287a062349588/out" "-L" "/opt/rustwide/target/debug/build/secp256k1-sys-7e79d5572945bdc7/out" "-L" "<sysroot>/lib/rustlib/x86_64-unknown-linux-gnu/lib" "-o" "/opt/rustwide/target/debug/examples/user_generate_token-612dc7aba982d501" "-Wl,--gc-sections" "-pie" "-Wl,-z,relro,-z,now" "-nodefaultlibs"
[INFO] [stdout]   = note: some arguments are omitted. use `--verbose` to show all linker arguments
[INFO] [stdout]   = note: collect2: fatal error: ld terminated with signal 9 [Killed]
[INFO] [stdout]           compilation terminated.
[INFO] [stdout]           
[INFO] [stdout] 
[INFO] [stdout] 
[INFO] [stderr] error: could not compile `colink` (example "user_generate_token") due to 1 previous error
[INFO] [stdout] error: linking with `cc` failed: exit status: 1
[INFO] [stdout]   |
[INFO] [stdout]   = note:  "cc" "-m64" "/opt/rustwide/target/debug/examples/rustcLr8wfm/symbols.o" "<5 object files omitted>" "-Wl,--as-needed" "-Wl,-Bstatic" "/opt/rustwide/target/debug/deps/{libcolink-5111aa8ba0f2bb32,libreqwest-2508463e79da6c9c,libhyper_rustls-23feedd151259089,libserde_urlencoded-3e2f6d07a6c5cc79,libipnet-0b1b37fbfe6deabc,libencoding_rs-695734695d06c663,libtracing_subscriber-d65f7a4db585a95d,libthread_local-79842f7d738266f5,libsharded_slab-29ce2944b70f477f,libtracing_serde-c5af0090de83b350,libtracing_log-6fa49504e9c52a98,libansi_term-74ae5010905c21da,libmatchers-8f3bfd53c49d2013,libregex_automata-a3cd0ab7d90c5f68,libregex_syntax-893772d02d5263ca,libuuid-8368d9ca260a56a0,librcgen-5060a44250c5df64,libpem-0f4a31e13d862321,libjsonwebtoken-33913430026b403b,libpem-0608b47dc0a9b158,libbase64-42295ac2e0e134a3,libregex-aa06f575be07ca88,libregex_syntax-ffdf1dca073167ee,libbase64-d62dc757d44ac0f2,libsimple_asn1-91eefc7e07b13864,libnum_bigint-46fd8afdeba83bc8,libnum_integer-aecc0b49a7a3ad67,libchrono-8fbf84bac95f085e,libnum_traits-7b0ccfe1b2dbfa42,libiana_time_zone-ebde09c3ffbc5acf,libtime-7e1b88dc09ea031c,libclap-6cd46d6b96459c23,libclap_builder-fa583f7590c14491,libstrsim-934c6b5db5b11ce4,libanstream-42915767c8eb1157,libanstyle_query-bf88390deb1ad954,libis_terminal-dfc62f09ef01d93d,libanstyle-134391e2b37faf36,libcolorchoice-7e168c6abb6e41ad,libanstyle_parse-78d9ad055f390ecd,libutf8parse-bf86fa6e8ff589fb,libclap_lex-779a5db0676d3668,libtonic-8cbdd9cefff8e328,libaxum-daad8c0a94cd9d91,libmatchit-1c16c7352989f5c0,libsync_wrapper-b5d3a794a1e9deea,libaxum_core-cc9d35c1fc88cd04,libmime-0188e0814ca7ddbf,libhyper_timeout-01e255442f7ea4c6,libtokio_io_timeout-0acb6958c8a8f6a2,libasync_stream-546ca91acfa6207d,libtokio_stream-08995c288e53a490,libhyper-dab9b22862ad717f,libwant-d8df4f5f53878ad5,libtry_lock-d829e1fc867adb15,libhttparse-4b158da8c50e0c00,libh2-45c64fea0beb5cd0,libfutures_channel-57ffbe26c3277559,libhttpdate-5527bd2ab7a43206,libtower-315f253c72097796,libindexmap-67cd092b158287b5,libhashbrown-cae2cd0d9cc0a6cf,libtower_layer-42079adb73a9aac4,libprost-ef650174357a6f0d,libtower_service-442e0d38cf369aa3,libhttp_body-f4ae2f5e0bf311bd,libhttp-31c08a31ae84dbd1,libfnv-79e2cbfbe03dcd16,libsha2-91d75768dec6e550,libsecp256k1-a9c2ccb9608378c1,librand-4e9d939a2d1b4612,librand_chacha-d2088b5972e439fe,libppv_lite86-74d192d5fb0d20a2,librand_core-64829e9228c7bddb,libsecp256k1_sys-ffc91e1a2dc055e4,libredis-9cb1253b90816a9e,libsha1_smol-4cce16da093d0d7f,libtokio_rustls-83743293462aa2da,libfutures_util-b7629a095786c8ae,libfutures_task-30a07c1a421b1121,libpin_utils-3860774ad9b215b5,libcombine-bca9d11a21faaf40,libtokio_util-c4817586f7522342,libtokio-e8e04178f19f2909,libnum_cpus-de61fb1cfdd6155a,libmio-f935d7bf54624b6c,libbytes-d41a62099e4fef91,liblapin-29065f07a4f702f6,libasync_reactor_trait-947435629576ca91,libasync_global_executor_trait-1d0c97c508bca6a5,libasync_global_executor-34fc906e9fde04f8,libasync_io-38a0bcf04d5dff00,librustix-271d145acd8d87a0,libio_lifetimes-ba5b3fd7b8c531e9,libbitflags-dde12b0d7d495b50,liblinux_raw_sys-32d7cbad796aca1a,libpolling-7b0eb5cce22fe7c4,libsocket2-8eac21d08499c626,libblocking-c561e13d8c5d8777,libatomic_waker-f869257eb019cf10,libasync_channel-a24b115359a9db01,libasync_executor-e14a518240e71a02,libslab-0ff7e34ec67ffad2,libconcurrent_queue-6268e91a412a1bd0,libcrossbeam_utils-2e1928f6f2d0a16a,libasync_task-d8ca51f323c3c639,libasync_lock-7323640d6ddee598,libevent_listener-0282a877755a83ef,libpinky_swear-4c1479a911c7be57,libdoc_comment-60fe4761a9fa9746,libflume-beae3090f01a76d0,libspin-739b65ced14dee12,libpin_project-849a3e91b4d39b0c,libfutures_sink-9821b46788eebda9,libreactor_trait-4f4572f17342e23a,libparking_lot-c0f407b3f4fdac8f,libparking_lot_core-43b5a2c8b108711a,libsmallvec-4517414d4f20efb1,liblock_api-6d57cebce10796a4,libscopeguard-e318caba69bf687f,libexecutor_trait-8d1f8d2f7acecc20,libamq_protocol-14c50a46b1645427,libamq_protocol_tcp-607d92c8143553a3,libtcp_stream-20ee84fde3dbf4fa,libp12-b3d6ed0a78d07eaa,libdes-dcfa0818f3354f50,librc2-21e0440cb331451b,libcbc-7aeedddae78c318e,libcipher-24ac76294c626fa3,libinout-5fe32ca2074559d5,libblock_padding-242af1a2b9a4b7cf,libsha1-2c2e2f895ddf3620,libcpufeatures-ff2d8290742ba97c,libhmac-d6af083ec84fd68a,libdigest-463f4c3e4fe042c4,libsubtle-27c8f54d203168ee,libblock_buffer-84c01f9b43391526,libcrypto_common-f015263fa347d175,libgeneric_array-2ae03ec1c22e6034,libtypenum-9b0535122ea7542f,libyasna-995a4fd21b5bc0de,libtime-78f33d3a840d483c,libtime_core-c2afe455d7891eef,liblazy_static-af860367908b8176,libgetrandom-766931188a5356b6,librustls_connector-666d34def9b99c13,librustls_native_certs-ccf2163e941b2b9b,librustls_pemfile-5813d4bfeb1893a8,libbase64-497680cbb1dcd4bf,libopenssl_probe-5821ed5bfde807ff,librustls-31ae4334ea73ebc6,libsct-8b95b909f9047bf7,libwebpki-02e0508c3a5f3657,libring-dcc06c822980e0bc,libspin-4089a13ab2a784ba,libuntrusted-a7f0f384c8611dea,liblibc-5f1ed63ef6d7e5fd,liblog-b2982dce33f1bb70,libtracing-ff2067a7c0a963d3,libcfg_if-3e7fc4e38d4a72b5,libtracing_core-5f7f38c74d0979b6,libonce_cell-88da25fb809d9a5c,libamq_protocol_uri-7fa5355e6a878969,liburl-93eb4b5ab790cc57,libidna-eba5d238860d1377,libunicode_normalization-722b9cbf2786e917,libtinyvec-c98dfb84ce78a9e8,libtinyvec_macros-7b77ea21c73594ca,libunicode_bidi-38e31b3a662e272e,libform_urlencoded-220c58d6b6ff05e2,libpercent_encoding-762c6957ae74e2f6,libamq_protocol_types-39fc67b5c9162d96,libnom-ddcb5865633a6f40,libcookie_factory-74245ac03cb4c37a,libserde_json-f1359ccd62ce48f6,libryu-4d09fff2ce933ebb,libitoa-0f3ce2aa4ee007f9,libserde-8773a31bed608e94,libfutures_lite-027bba6832bc5ed2,libmemchr-3d0ec59241a02054,libfastrand-273731efb4a6b13e,libfutures_io-4a43606c4f70f76a,libfutures_core-c383467027164c3d,libwaker_fn-aaf926ffbff19167,libparking-ec2ad8bad7b603f9,libpin_project_lite-6df6c214457c8ca7}.rlib" "<sysroot>/lib/rustlib/x86_64-unknown-linux-gnu/lib/{libstd-*,libpanic_unwind-*,libobject-*,libmemchr-*,libaddr2line-*,libgimli-*,libcfg_if-*,librustc_demangle-*,libstd_detect-*,libhashbrown-*,librustc_std_workspace_alloc-*,libminiz_oxide-*,libadler2-*,libunwind-*,liblibc-*,librustc_std_workspace_core-*,liballoc-*,libcore-*,libcompiler_builtins-*}.rlib" "-Wl,-Bdynamic" "-lgcc_s" "-lutil" "-lrt" "-lpthread" "-lm" "-ldl" "-lc" "-L" "/opt/rustwide/target/debug/examples/rustcLr8wfm/raw-dylibs" "-B<sysroot>/lib/rustlib/x86_64-unknown-linux-gnu/bin/gcc-ld" "-fuse-ld=lld" "-Wl,--eh-frame-hdr" "-Wl,-z,noexecstack" "-L" "/opt/rustwide/target/debug/build/ring-df2287a062349588/out" "-L" "/opt/rustwide/target/debug/build/secp256k1-sys-7e79d5572945bdc7/out" "-L" "<sysroot>/lib/rustlib/x86_64-unknown-linux-gnu/lib" "-o" "/opt/rustwide/target/debug/examples/host_import_users_and_set_registry-44b1c9d24d785a4c" "-Wl,--gc-sections" "-pie" "-Wl,-z,relro,-z,now" "-nodefaultlibs"
[INFO] [stdout]   = note: some arguments are omitted. use `--verbose` to show all linker arguments
[INFO] [stdout]   = note: collect2: fatal error: ld terminated with signal 9 [Killed]
[INFO] [stdout]           compilation terminated.
[INFO] [stdout]           
[INFO] [stdout] 
[INFO] [stdout] 
[INFO] [stderr] error: could not compile `colink` (example "host_import_users_and_set_registry") due to 1 previous error
[ERROR] error running command: no output for 300 seconds
[INFO] running `Command { std: "docker" "inspect" "9aca6227cc88b71f4526100c023906098e7f04e2a15de5645c310a9462f68ccd", kill_on_drop: false }`
[INFO] running `Command { std: "docker" "rm" "-f" "9aca6227cc88b71f4526100c023906098e7f04e2a15de5645c310a9462f68ccd", kill_on_drop: false }`
[INFO] [stdout] 9aca6227cc88b71f4526100c023906098e7f04e2a15de5645c310a9462f68ccd
