[INFO] fetching crate aisdk-macros 0.3.0...
[INFO] testing aisdk-macros-0.3.0 against 1.99.0-beta.8 for beta-1.100-2
[INFO] extracting crate aisdk-macros 0.3.0 into /workspace/builds/worker-3-tc1/source
[INFO] started tweaking crates.io crate aisdk-macros 0.3.0
[INFO] removed 0 missing tests
[INFO] finished tweaking crates.io crate aisdk-macros 0.3.0
[INFO] tweaked toml for crates.io crate aisdk-macros 0.3.0 written to /workspace/builds/worker-3-tc1/source/Cargo.toml
[INFO] validating manifest of crates.io crate aisdk-macros 0.3.0 on toolchain 1.99.0-beta.8
[INFO] running `Command { std: CARGO_HOME="/workspace/cargo-home" RUSTUP_HOME="/workspace/rustup-home" "/workspace/cargo-home/bin/cargo" "+1.99.0-beta.8" "metadata" "--manifest-path" "Cargo.toml" "--no-deps", kill_on_drop: false }`
[INFO] crate crates.io crate aisdk-macros 0.3.0 already has a lockfile, it will not be regenerated
[INFO] running `Command { std: CARGO_HOME="/workspace/cargo-home" RUSTUP_HOME="/workspace/rustup-home" "/workspace/cargo-home/bin/cargo" "+1.99.0-beta.8" "fetch" "--manifest-path" "Cargo.toml", kill_on_drop: false }`
[INFO] [stderr]  Downloading crates ...
[INFO] [stderr]   Downloaded signal-hook-registry v1.4.7
[INFO] [stderr]   Downloaded bytes v1.11.0
[INFO] [stderr]   Downloaded mio v1.1.0
[INFO] [stderr]   Downloaded syn v2.0.111
[INFO] [stderr]   Downloaded libc v0.2.178
[INFO] [stderr]   Downloaded tokio v1.48.0
[INFO] running `Command { std: "docker" "create" "-v" "/var/lib/crater-agent-workspace/builds/worker-3-tc1/source:/opt/rustwide/workdir:ro,Z" "-v" "/var/lib/crater-agent-workspace/builds/worker-3-tc1/target:/opt/rustwide/target:rw,Z" "-v" "/var/lib/crater-agent-workspace/cargo-home:/opt/rustwide/cargo-home:ro,Z" "-v" "/var/lib/crater-agent-workspace/rustup-home:/opt/rustwide/rustup-home:ro,Z" "-m" "1610612736" "--network" "none" "ghcr.io/rust-lang/crates-build-env/linux@sha256:3111399a4047eeb3a02b7a90e478d715f38a8c6669b5c4b49d30a17385265909" "sleep" "infinity", kill_on_drop: false }`
[INFO] [stdout] 2d7481aa217fe903c01d3b6e0c466e79784bb2ee6e3e202f86844f7d1b4b79f2
[INFO] running `Command { std: "docker" "start" "2d7481aa217fe903c01d3b6e0c466e79784bb2ee6e3e202f86844f7d1b4b79f2", kill_on_drop: false }`
[INFO] running `Command { std: "docker" "inspect" "2d7481aa217fe903c01d3b6e0c466e79784bb2ee6e3e202f86844f7d1b4b79f2", kill_on_drop: false }`
[INFO] running `Command { std: "docker" "exec" "-e" "SOURCE_DIR=/opt/rustwide/workdir" "-e" "CARGO_HOME=/opt/rustwide/cargo-home" "-e" "RUSTUP_HOME=/opt/rustwide/rustup-home" "-e" "CARGO_TARGET_DIR=/opt/rustwide/target" "-w" "/opt/rustwide/workdir" "--user" "0:0" "2d7481aa217fe903c01d3b6e0c466e79784bb2ee6e3e202f86844f7d1b4b79f2" "/opt/rustwide/cargo-home/bin/cargo" "+1.99.0-beta.8" "metadata" "--no-deps" "--format-version=1", kill_on_drop: false }`
[INFO] running `Command { std: "docker" "inspect" "2d7481aa217fe903c01d3b6e0c466e79784bb2ee6e3e202f86844f7d1b4b79f2", kill_on_drop: false }`
[INFO] running `Command { std: "docker" "exec" "-e" "SOURCE_DIR=/opt/rustwide/workdir" "-e" "CARGO_HOME=/opt/rustwide/cargo-home" "-e" "RUSTUP_HOME=/opt/rustwide/rustup-home" "-e" "CARGO_TARGET_DIR=/opt/rustwide/target" "-e" "CARGO_INCREMENTAL=0" "-e" "RUST_BACKTRACE=full" "-e" "RUSTFLAGS=--cap-lints=warn" "-e" "RUSTDOCFLAGS=--cap-lints=warn" "-w" "/opt/rustwide/workdir" "--user" "0:0" "2d7481aa217fe903c01d3b6e0c466e79784bb2ee6e3e202f86844f7d1b4b79f2" "/opt/rustwide/cargo-home/bin/cargo" "+1.99.0-beta.8" "build" "--frozen" "--message-format=json", kill_on_drop: false }`
[INFO] [stderr]    Compiling proc-macro2 v1.0.103
[INFO] [stderr]    Compiling unicode-ident v1.0.22
[INFO] [stderr]    Compiling quote v1.0.42
[INFO] [stderr]    Compiling syn v2.0.111
[INFO] [stderr]    Compiling aisdk-macros v0.3.0 (/opt/rustwide/workdir)
[INFO] [stderr]     Finished `dev` profile [unoptimized + debuginfo] target(s) in 3.13s
[INFO] running `Command { std: "docker" "inspect" "2d7481aa217fe903c01d3b6e0c466e79784bb2ee6e3e202f86844f7d1b4b79f2", kill_on_drop: false }`
[INFO] running `Command { std: "docker" "exec" "-e" "SOURCE_DIR=/opt/rustwide/workdir" "-e" "CARGO_HOME=/opt/rustwide/cargo-home" "-e" "RUSTUP_HOME=/opt/rustwide/rustup-home" "-e" "CARGO_TARGET_DIR=/opt/rustwide/target" "-e" "CARGO_INCREMENTAL=0" "-e" "RUST_BACKTRACE=full" "-e" "RUSTFLAGS=--cap-lints=warn" "-e" "RUSTDOCFLAGS=--cap-lints=warn" "-w" "/opt/rustwide/workdir" "--user" "0:0" "2d7481aa217fe903c01d3b6e0c466e79784bb2ee6e3e202f86844f7d1b4b79f2" "/opt/rustwide/cargo-home/bin/cargo" "+1.99.0-beta.8" "test" "--frozen" "--no-run" "--message-format=json", kill_on_drop: false }`
[INFO] [stderr]    Compiling libc v0.2.178
[INFO] [stderr]    Compiling unicode-ident v1.0.22
[INFO] [stderr]    Compiling smallvec v1.15.1
[INFO] [stderr]    Compiling serde_core v1.0.228
[INFO] [stderr]    Compiling proc-macro2 v1.0.103
[INFO] [stderr]    Compiling quote v1.0.42
[INFO] [stderr]    Compiling serde_json v1.0.145
[INFO] [stderr]    Compiling pin-project-lite v0.2.16
[INFO] [stderr]    Compiling ryu v1.0.20
[INFO] [stderr]    Compiling memchr v2.7.6
[INFO] [stderr]    Compiling itoa v1.0.15
[INFO] [stderr]    Compiling bytes v1.11.0
[INFO] [stderr]    Compiling syn v2.0.111
[INFO] [stderr]    Compiling parking_lot_core v0.9.12
[INFO] [stderr]    Compiling mio v1.1.0
[INFO] [stderr]    Compiling signal-hook-registry v1.4.7
[INFO] [stderr]    Compiling socket2 v0.6.1
[INFO] [stderr]    Compiling parking_lot v0.12.5
[INFO] [stderr]    Compiling tokio-macros v2.6.0
[INFO] [stderr]    Compiling aisdk-macros v0.3.0 (/opt/rustwide/workdir)
[INFO] [stderr]    Compiling tokio v1.48.0
[INFO] [stdout] error[E0433]: cannot find module or crate `aisdk` in this scope
[INFO] [stdout]  --> tests/test_tools.rs:5:9
[INFO] [stdout]   |
[INFO] [stdout] 5 |     use aisdk::core::tools::Tool;
[INFO] [stdout]   |         ^^^^^ use of unresolved module or unlinked crate `aisdk`
[INFO] [stdout]   |
[INFO] [stdout]   = help: if you wanted to use a crate named `aisdk`, use `cargo add aisdk` to add it to your `Cargo.toml`
[INFO] [stdout] 
[INFO] [stdout] 
[INFO] [stdout] error[E0433]: cannot find module or crate `aisdk` in this scope
[INFO] [stdout]  --> tests/test_tools.rs:6:9
[INFO] [stdout]   |
[INFO] [stdout] 6 |     use aisdk::macros::tool;
[INFO] [stdout]   |         ^^^^^ use of unresolved module or unlinked crate `aisdk`
[INFO] [stdout]   |
[INFO] [stdout]   = help: if you wanted to use a crate named `aisdk`, use `cargo add aisdk` to add it to your `Cargo.toml`
[INFO] [stdout] 
[INFO] [stdout] 
[INFO] [stdout] error[E0061]: this function takes 2 arguments but 0 arguments were supplied
[INFO] [stdout]   --> tests/test_tools.rs:18:20
[INFO] [stdout]    |
[INFO] [stdout] 18 |         let tool = my_example_tool();
[INFO] [stdout]    |                    ^^^^^^^^^^^^^^^-- two arguments of type `u8` and `Option<u8>` are missing
[INFO] [stdout]    |
[INFO] [stdout] note: function defined here
[INFO] [stdout]   --> tests/test_tools.rs:12:12
[INFO] [stdout]    |
[INFO] [stdout] 12 |     pub fn my_example_tool(a: u8, b: Option<u8>) -> Tool {
[INFO] [stdout]    |            ^^^^^^^^^^^^^^^ -----  -------------
[INFO] [stdout] help: provide the arguments
[INFO] [stdout]    |
[INFO] [stdout] 18 |         let tool = my_example_tool(/* u8 */, /* Option<u8> */);
[INFO] [stdout]    |                                    ++++++++++++++++++++++++++
[INFO] [stdout] 
[INFO] [stdout] 
[INFO] [stdout] error[E0061]: this function takes 3 arguments but 0 arguments were supplied
[INFO] [stdout]   --> tests/test_tools.rs:68:20
[INFO] [stdout]    |
[INFO] [stdout] 68 |         let tool = my_example_tool_with_name();
[INFO] [stdout]    |                    ^^^^^^^^^^^^^^^^^^^^^^^^^-- three arguments of type `std::string::String`, `u8`, and `Option<u8>` are missing
[INFO] [stdout]    |
[INFO] [stdout] note: function defined here
[INFO] [stdout]   --> tests/test_tools.rs:62:12
[INFO] [stdout]    |
[INFO] [stdout] 62 |     pub fn my_example_tool_with_name(_name: String, a: u8, b: Option<u8>) -> Tool {
[INFO] [stdout]    |            ^^^^^^^^^^^^^^^^^^^^^^^^^ -------------  -----  -------------
[INFO] [stdout] help: provide the arguments
[INFO] [stdout]    |
[INFO] [stdout] 68 |         let tool = my_example_tool_with_name(/* String */, /* u8 */, /* Option<u8> */);
[INFO] [stdout]    |                                              ++++++++++++++++++++++++++++++++++++++++
[INFO] [stdout] 
[INFO] [stdout] 
[INFO] [stdout] error[E0061]: this function takes 3 arguments but 0 arguments were supplied
[INFO] [stdout]   --> tests/test_tools.rs:82:20
[INFO] [stdout]    |
[INFO] [stdout] 82 |         let tool = my_example_tool_with_description();
[INFO] [stdout]    |                    ^^^^^^^^^^^^^^^^^^^^^^^^^^^^^^^^-- three arguments of type `std::string::String`, `u8`, and `Option<u8>` are missing
[INFO] [stdout]    |
[INFO] [stdout] note: function defined here
[INFO] [stdout]   --> tests/test_tools.rs:75:12
[INFO] [stdout]    |
[INFO] [stdout] 75 |     pub fn my_example_tool_with_description(_name: String, a: u8, b: Option<u8>) -> Tool {
[INFO] [stdout]    |            ^^^^^^^^^^^^^^^^^^^^^^^^^^^^^^^^ -------------  -----  -------------
[INFO] [stdout] help: provide the arguments
[INFO] [stdout]    |
[INFO] [stdout] 82 |         let tool = my_example_tool_with_description(/* String */, /* u8 */, /* Option<u8> */);
[INFO] [stdout]    |                                                     ++++++++++++++++++++++++++++++++++++++++
[INFO] [stdout] 
[INFO] [stdout] 
[INFO] [stdout] error[E0061]: this function takes 3 arguments but 0 arguments were supplied
[INFO] [stdout]   --> tests/test_tools.rs:98:20
[INFO] [stdout]    |
[INFO] [stdout] 98 |         let tool = my_example_tool_with_name_and_description();
[INFO] [stdout]    |                    ^^^^^^^^^^^^^^^^^^^^^^^^^^^^^^^^^^^^^^^^^-- three arguments of type `std::string::String`, `u8`, and `Option<u8>` are missing
[INFO] [stdout]    |
[INFO] [stdout] note: function defined here
[INFO] [stdout]   --> tests/test_tools.rs:92:12
[INFO] [stdout]    |
[INFO] [stdout] 92 |     pub fn my_example_tool_with_name_and_description(_name: String, a: u8, b: Option<u8>) -> Tool {
[INFO] [stdout]    |            ^^^^^^^^^^^^^^^^^^^^^^^^^^^^^^^^^^^^^^^^^ -------------  -----  -------------
[INFO] [stdout] help: provide the arguments
[INFO] [stdout]    |
[INFO] [stdout] 98 |         let tool = my_example_tool_with_name_and_description(/* String */, /* u8 */, /* Option<u8> */);
[INFO] [stdout]    |                                                              ++++++++++++++++++++++++++++++++++++++++
[INFO] [stdout] 
[INFO] [stdout] 
[INFO] [stdout] error[E0061]: this function takes 3 arguments but 0 arguments were supplied
[INFO] [stdout]    --> tests/test_tools.rs:116:20
[INFO] [stdout]     |
[INFO] [stdout] 116 |         let tool = my_example_tool_with_description_and_name();
[INFO] [stdout]     |                    ^^^^^^^^^^^^^^^^^^^^^^^^^^^^^^^^^^^^^^^^^-- three arguments of type `std::string::String`, `u8`, and `Option<u8>` are missing
[INFO] [stdout]     |
[INFO] [stdout] note: function defined here
[INFO] [stdout]    --> tests/test_tools.rs:110:12
[INFO] [stdout]     |
[INFO] [stdout] 110 |     pub fn my_example_tool_with_description_and_name(_name: String, a: u8, b: Option<u8>) -> Tool {
[INFO] [stdout]     |            ^^^^^^^^^^^^^^^^^^^^^^^^^^^^^^^^^^^^^^^^^ -------------  -----  -------------
[INFO] [stdout] help: provide the arguments
[INFO] [stdout]     |
[INFO] [stdout] 116 |         let tool = my_example_tool_with_description_and_name(/* String */, /* u8 */, /* Option<u8> */);
[INFO] [stdout]     |                                                              ++++++++++++++++++++++++++++++++++++++++
[INFO] [stdout] 
[INFO] [stdout] 
[INFO] [stdout] Some errors have detailed explanations: E0061, E0433.
[INFO] [stdout] 
[INFO] [stdout] For more information about an error, try `rustc --explain E0061`.
[INFO] [stdout] 
[INFO] [stderr] error: could not compile `aisdk-macros` (test "test_tools") due to 7 previous errors
[INFO] [stderr] warning: build failed, waiting for other jobs to finish...
[INFO] running `Command { std: "docker" "inspect" "2d7481aa217fe903c01d3b6e0c466e79784bb2ee6e3e202f86844f7d1b4b79f2", kill_on_drop: false }`
[INFO] running `Command { std: "docker" "rm" "-f" "2d7481aa217fe903c01d3b6e0c466e79784bb2ee6e3e202f86844f7d1b4b79f2", kill_on_drop: false }`
[INFO] [stdout] 2d7481aa217fe903c01d3b6e0c466e79784bb2ee6e3e202f86844f7d1b4b79f2
