[INFO] fetching crate ai-image 0.25.10...
[INFO] testing ai-image-0.25.10 against 1.99.0-beta.8 for beta-1.100-2
[INFO] extracting crate ai-image 0.25.10 into /workspace/builds/worker-3-tc1/source
[INFO] started tweaking crates.io crate ai-image 0.25.10
[INFO] finished tweaking crates.io crate ai-image 0.25.10
[INFO] tweaked toml for crates.io crate ai-image 0.25.10 written to /workspace/builds/worker-3-tc1/source/Cargo.toml
[INFO] validating manifest of crates.io crate ai-image 0.25.10 on toolchain 1.99.0-beta.8
[INFO] running `Command { std: CARGO_HOME="/workspace/cargo-home" RUSTUP_HOME="/workspace/rustup-home" "/workspace/cargo-home/bin/cargo" "+1.99.0-beta.8" "metadata" "--manifest-path" "Cargo.toml" "--no-deps", kill_on_drop: false }`
[INFO] crate crates.io crate ai-image 0.25.10 already has a lockfile, it will not be regenerated
[INFO] running `Command { std: CARGO_HOME="/workspace/cargo-home" RUSTUP_HOME="/workspace/rustup-home" "/workspace/cargo-home/bin/cargo" "+1.99.0-beta.8" "fetch" "--manifest-path" "Cargo.toml", kill_on_drop: false }`
[INFO] [stderr]     Updating crates.io index
[INFO] [stderr]  Downloading crates ...
[INFO] [stderr]   Downloaded rgb v0.8.53
[INFO] [stderr]   Downloaded wasm-bindgen-shared v0.2.115
[INFO] [stderr]   Downloaded ravif v0.13.0
[INFO] [stderr]   Downloaded wasm-bindgen v0.2.115
[INFO] [stderr]   Downloaded profiling-procmacros v1.0.17
[INFO] [stderr]   Downloaded maybe-rayon v0.1.1
[INFO] [stderr]   Downloaded pastey v0.1.1
[INFO] [stderr]   Downloaded noop_proc_macro v0.3.0
[INFO] [stderr]   Downloaded nasm-rs v0.3.2
[INFO] [stderr]   Downloaded interpolate_name v0.2.4
[INFO] [stderr]   Downloaded y4m v0.8.0
[INFO] [stderr]   Downloaded arg_enum_proc_macro v0.3.4
[INFO] [stderr]   Downloaded avif-serialize v0.8.8
[INFO] [stderr]   Downloaded dav1d-sys v0.8.3
[INFO] [stderr]   Downloaded version-compare v0.2.1
[INFO] [stderr]   Downloaded ciborium-io v0.2.2
[INFO] [stderr]   Downloaded aligned v0.4.3
[INFO] [stderr]   Downloaded wasm-bindgen-macro v0.2.115
[INFO] [stderr]   Downloaded simd_helpers v0.1.0
[INFO] [stderr]   Downloaded serde_spanned v1.1.0
[INFO] [stderr]   Downloaded plotters-svg v0.3.7
[INFO] [stderr]   Downloaded cast v0.3.0
[INFO] [stderr]   Downloaded bit_field v0.10.3
[INFO] [stderr]   Downloaded ai-lebe v0.5.3
[INFO] [stderr]   Downloaded equator-macro v0.4.2
[INFO] [stderr]   Downloaded loop9 v0.1.5
[INFO] [stderr]   Downloaded env_filter v1.0.1
[INFO] [stderr]   Downloaded plotters-backend v0.3.7
[INFO] [stderr]   Downloaded ai-quick-error v2.0.1
[INFO] [stderr]   Downloaded aligned-vec v0.6.4
[INFO] [stderr]   Downloaded equator v0.4.2
[INFO] [stderr]   Downloaded bitreader v0.3.11
[INFO] [stderr]   Downloaded toml_writer v1.1.0+spec-1.1.0
[INFO] [stderr]   Downloaded byte-slice-cast v1.2.3
[INFO] [stderr]   Downloaded as-slice v0.2.1
[INFO] [stderr]   Downloaded quickcheck v1.1.0
[INFO] [stderr]   Downloaded dav1d v0.11.1
[INFO] [stderr]   Downloaded system-deps v7.0.7
[INFO] [stderr]   Downloaded av-data v0.4.4
[INFO] [stderr]   Downloaded oorandom v11.1.5
[INFO] [stderr]   Downloaded criterion-plot v0.5.0
[INFO] [stderr]   Downloaded anes v0.1.6
[INFO] [stderr]   Downloaded ai_byteorder_lite v0.1.0
[INFO] [stderr]   Downloaded v_frame v0.3.9
[INFO] [stderr]   Downloaded built v0.8.0
[INFO] [stderr]   Downloaded core2 v0.4.0
[INFO] [stderr]   Downloaded av1-grain v0.2.5
[INFO] [stderr]   Downloaded env_logger v0.11.10
[INFO] [stderr]   Downloaded no_std_io v0.6.0
[INFO] [stderr]   Downloaded toml_parser v1.1.0+spec-1.1.0
[INFO] [stderr]   Downloaded cfg-expr v0.20.7
[INFO] [stderr]   Downloaded tinytemplate v1.2.1
[INFO] [stderr]   Downloaded ciborium v0.2.2
[INFO] [stderr]   Downloaded ciborium-ll v0.2.2
[INFO] [stderr]   Downloaded ai-gif v0.14.1
[INFO] [stderr]   Downloaded ai-zune-inflate v0.2.54
[INFO] [stderr]   Downloaded wasm-bindgen-macro-support v0.2.115
[INFO] [stderr]   Downloaded clap v4.6.0
[INFO] [stderr]   Downloaded bitstream-io v4.9.0
[INFO] [stderr]   Downloaded imgref v1.12.0
[INFO] [stderr]   Downloaded fallible_collections v0.4.9
[INFO] [stderr]   Downloaded mp4parse v0.17.0
[INFO] [stderr]   Downloaded ai-flate2 v1.1.9
[INFO] [stderr]   Downloaded ai-fdeflate v0.3.8
[INFO] [stderr]   Downloaded ai-image-webp v0.2.4
[INFO] [stderr]   Downloaded zerocopy-derive v0.8.47
[INFO] [stderr]   Downloaded cc v1.2.58
[INFO] [stderr]   Downloaded criterion v0.5.1
[INFO] [stderr]   Downloaded js-sys v0.3.92
[INFO] [stderr]   Downloaded libfuzzer-sys v0.4.12
[INFO] [stderr]   Downloaded plotters v0.3.7
[INFO] [stderr]   Downloaded winnow v1.0.0
[INFO] [stderr]   Downloaded ai-moxcms v0.8.1
[INFO] [stderr]   Downloaded zlib-rs v0.6.3
[INFO] [stderr]   Downloaded zerocopy v0.8.47
[INFO] [stderr]   Downloaded ai-exr v1.74.0
[INFO] [stderr]   Downloaded av-scenechange v0.14.1
[INFO] [stderr]   Downloaded web-sys v0.3.92
[INFO] [stderr]   Downloaded rav1e v0.8.1
[INFO] [stderr]   Downloaded ai-png v0.18.1
[INFO] [stderr]   Downloaded ai-qoi v0.4.1
[INFO] [stderr]   Downloaded ai-pxfm v0.1.28
[INFO] [stderr]   Downloaded ai_color_quant v1.1.0
[INFO] [stderr]   Downloaded ai-tiff v0.11.3
[INFO] running `Command { std: "docker" "create" "-v" "/var/lib/crater-agent-workspace/builds/worker-3-tc1/source:/opt/rustwide/workdir:ro,Z" "-v" "/var/lib/crater-agent-workspace/builds/worker-3-tc1/target:/opt/rustwide/target:rw,Z" "-v" "/var/lib/crater-agent-workspace/cargo-home:/opt/rustwide/cargo-home:ro,Z" "-v" "/var/lib/crater-agent-workspace/rustup-home:/opt/rustwide/rustup-home:ro,Z" "-m" "1610612736" "--network" "none" "ghcr.io/rust-lang/crates-build-env/linux@sha256:3111399a4047eeb3a02b7a90e478d715f38a8c6669b5c4b49d30a17385265909" "sleep" "infinity", kill_on_drop: false }`
[INFO] [stdout] 400b52ef7e9670630f8f01973f3531996df2068483c3660683c576b9267e19f3
[INFO] running `Command { std: "docker" "start" "400b52ef7e9670630f8f01973f3531996df2068483c3660683c576b9267e19f3", kill_on_drop: false }`
[INFO] running `Command { std: "docker" "inspect" "400b52ef7e9670630f8f01973f3531996df2068483c3660683c576b9267e19f3", kill_on_drop: false }`
[INFO] running `Command { std: "docker" "exec" "-e" "SOURCE_DIR=/opt/rustwide/workdir" "-e" "CARGO_HOME=/opt/rustwide/cargo-home" "-e" "RUSTUP_HOME=/opt/rustwide/rustup-home" "-e" "CARGO_TARGET_DIR=/opt/rustwide/target" "-w" "/opt/rustwide/workdir" "--user" "0:0" "400b52ef7e9670630f8f01973f3531996df2068483c3660683c576b9267e19f3" "/opt/rustwide/cargo-home/bin/cargo" "+1.99.0-beta.8" "metadata" "--no-deps" "--format-version=1", kill_on_drop: false }`
[INFO] running `Command { std: "docker" "inspect" "400b52ef7e9670630f8f01973f3531996df2068483c3660683c576b9267e19f3", kill_on_drop: false }`
[INFO] running `Command { std: "docker" "exec" "-e" "SOURCE_DIR=/opt/rustwide/workdir" "-e" "CARGO_HOME=/opt/rustwide/cargo-home" "-e" "RUSTUP_HOME=/opt/rustwide/rustup-home" "-e" "CARGO_TARGET_DIR=/opt/rustwide/target" "-e" "CARGO_INCREMENTAL=0" "-e" "RUST_BACKTRACE=full" "-e" "RUSTFLAGS=--cap-lints=warn" "-e" "RUSTDOCFLAGS=--cap-lints=warn" "-w" "/opt/rustwide/workdir" "--user" "0:0" "400b52ef7e9670630f8f01973f3531996df2068483c3660683c576b9267e19f3" "/opt/rustwide/cargo-home/bin/cargo" "+1.99.0-beta.8" "build" "--frozen" "--message-format=json", kill_on_drop: false }`
[INFO] [stderr]    Compiling memchr v2.8.0
[INFO] [stderr]    Compiling quote v1.0.45
[INFO] [stderr]    Compiling libm v0.2.16
[INFO] [stderr]    Compiling zerocopy v0.8.47
[INFO] [stderr]    Compiling simd-adler32 v0.3.9
[INFO] [stderr]    Compiling crc32fast v1.5.0
[INFO] [stderr]    Compiling num-traits v0.2.19
[INFO] [stderr]    Compiling miniz_oxide v0.9.1
[INFO] [stderr]    Compiling foldhash v0.1.5
[INFO] [stderr]    Compiling foldhash v0.2.0
[INFO] [stderr]    Compiling ai-quick-error v2.0.1
[INFO] [stderr]    Compiling syn v2.0.117
[INFO] [stderr]    Compiling allocator-api2 v0.2.21
[INFO] [stderr]    Compiling ai-zune-inflate v0.2.54
[INFO] [stderr]    Compiling hashbrown v0.16.1
[INFO] [stderr]    Compiling miniz_oxide v0.8.9
[INFO] [stderr]    Compiling no_std_io v0.6.0
[INFO] [stderr]    Compiling hashbrown v0.15.5
[INFO] [stderr]    Compiling bit_field v0.10.3
[INFO] [stderr]    Compiling ai-lebe v0.5.3
[INFO] [stderr]    Compiling ai-fdeflate v0.3.8
[INFO] [stderr]    Compiling ai_byteorder_lite v0.1.0
[INFO] [stderr]    Compiling ai-flate2 v1.1.9
[INFO] [stderr]    Compiling bytemuck v1.25.0
[INFO] [stderr]    Compiling zune-core v0.5.1
[INFO] [stderr]    Compiling weezl v0.1.12
[INFO] [stderr]    Compiling ai_color_quant v1.1.0
[INFO] [stderr]    Compiling smallvec v1.15.1
[INFO] [stderr]    Compiling ai-image-webp v0.2.4
[INFO] [stderr]    Compiling ai-gif v0.14.1
[INFO] [stderr]    Compiling ai-qoi v0.4.1
[INFO] [stderr]    Compiling ai-pxfm v0.1.28
[INFO] [stderr]    Compiling ai-png v0.18.1
[INFO] [stderr]    Compiling zune-jpeg v0.5.15
[INFO] [stderr]    Compiling zerocopy-derive v0.8.47
[INFO] [stderr]    Compiling ai-moxcms v0.8.1
[INFO] [stderr]    Compiling half v2.7.1
[INFO] [stderr]    Compiling ai-exr v1.74.0
[INFO] [stderr]    Compiling ai-tiff v0.11.3
[INFO] [stderr]    Compiling ai-image v0.25.10 (/opt/rustwide/workdir)
[INFO] [stderr]     Finished `dev` profile [unoptimized + debuginfo] target(s) in 50.96s
[INFO] running `Command { std: "docker" "inspect" "400b52ef7e9670630f8f01973f3531996df2068483c3660683c576b9267e19f3", kill_on_drop: false }`
[INFO] running `Command { std: "docker" "exec" "-e" "SOURCE_DIR=/opt/rustwide/workdir" "-e" "CARGO_HOME=/opt/rustwide/cargo-home" "-e" "RUSTUP_HOME=/opt/rustwide/rustup-home" "-e" "CARGO_TARGET_DIR=/opt/rustwide/target" "-e" "CARGO_INCREMENTAL=0" "-e" "RUST_BACKTRACE=full" "-e" "RUSTFLAGS=--cap-lints=warn" "-e" "RUSTDOCFLAGS=--cap-lints=warn" "-w" "/opt/rustwide/workdir" "--user" "0:0" "400b52ef7e9670630f8f01973f3531996df2068483c3660683c576b9267e19f3" "/opt/rustwide/cargo-home/bin/cargo" "+1.99.0-beta.8" "test" "--frozen" "--no-run" "--message-format=json", kill_on_drop: false }`
[INFO] [stderr]    Compiling memchr v2.8.0
[INFO] [stderr]    Compiling num-traits v0.2.19
[INFO] [stderr]    Compiling libc v0.2.183
[INFO] [stderr]    Compiling crossbeam-utils v0.8.21
[INFO] [stderr]    Compiling regex-syntax v0.8.10
[INFO] [stderr]    Compiling serde_derive v1.0.228
[INFO] [stderr]    Compiling rayon-core v1.13.0
[INFO] [stderr]    Compiling either v1.15.0
[INFO] [stderr]    Compiling getrandom v0.4.2
[INFO] [stderr]    Compiling serde_json v1.0.149
[INFO] [stderr]    Compiling plotters-backend v0.3.7
[INFO] [stderr]    Compiling ciborium-io v0.2.2
[INFO] [stderr]    Compiling itoa v1.0.18
[INFO] [stderr]    Compiling clap_lex v1.1.0
[INFO] [stderr]    Compiling anstyle v1.0.14
[INFO] [stderr]    Compiling plotters-svg v0.3.7
[INFO] [stderr]    Compiling no_std_io v0.6.0
[INFO] [stderr]    Compiling aho-corasick v1.1.4
[INFO] [stderr]    Compiling crossbeam-epoch v0.9.18
[INFO] [stderr]    Compiling ai-lebe v0.5.3
[INFO] [stderr]    Compiling ai_byteorder_lite v0.1.0
[INFO] [stderr]    Compiling ai-flate2 v1.1.9
[INFO] [stderr]    Compiling crossbeam-deque v0.8.6
[INFO] [stderr]    Compiling ai-fdeflate v0.3.8
[INFO] [stderr]    Compiling clap_builder v4.6.0
[INFO] [stderr]    Compiling ciborium-ll v0.2.2
[INFO] [stderr]    Compiling itertools v0.10.5
[INFO] [stderr]    Compiling regex-automata v0.4.14
[INFO] [stderr]    Compiling same-file v1.0.6
[INFO] [stderr]    Compiling cast v0.3.0
[INFO] [stderr]    Compiling ai-exr v1.74.0
[INFO] [stderr]    Compiling ai-png v0.18.1
[INFO] [stderr]    Compiling criterion-plot v0.5.0
[INFO] [stderr]    Compiling ai-qoi v0.4.1
[INFO] [stderr]    Compiling ai-gif v0.14.1
[INFO] [stderr]    Compiling serde v1.0.228
[INFO] [stderr]    Compiling clap v4.6.0
[INFO] [stderr]    Compiling walkdir v2.5.0
[INFO] [stderr]    Compiling ai-moxcms v0.8.1
[INFO] [stderr]    Compiling rayon v1.11.0
[INFO] [stderr]    Compiling tinytemplate v1.2.1
[INFO] [stderr]    Compiling ciborium v0.2.2
[INFO] [stderr]    Compiling rand v0.10.0
[INFO] [stderr]    Compiling is-terminal v0.4.17
[INFO] [stderr]    Compiling plotters v0.3.7
[INFO] [stderr]    Compiling ai-image-webp v0.2.4
[INFO] [stderr]    Compiling regex v1.12.3
[INFO] [stderr]    Compiling env_filter v1.0.1
[INFO] [stderr]    Compiling env_logger v0.11.10
[INFO] [stderr]    Compiling ai-tiff v0.11.3
[INFO] [stderr]    Compiling oorandom v11.1.5
[INFO] [stderr]    Compiling once_cell v1.21.4
[INFO] [stderr]    Compiling anes v0.1.6
[INFO] [stderr]    Compiling quickcheck v1.1.0
[INFO] [stderr]    Compiling num-complex v0.4.6
[INFO] [stderr]    Compiling criterion v0.5.1
[INFO] [stderr]    Compiling glob v0.3.3
[INFO] [stderr]    Compiling ai-image v0.25.10 (/opt/rustwide/workdir)
[INFO] [stdout] error: couldn't read `src/../tests/images/jpg/portrait_2.jpg`: No such file or directory (os error 2)
[INFO] [stdout]    --> src/metadata.rs:195:31
[INFO] [stdout]     |
[INFO] [stdout] 195 |     const TEST_IMAGE: &[u8] = include_bytes!("../tests/images/jpg/portrait_2.jpg");
[INFO] [stdout]     |                               ^^^^^^^^^^^^^^^^^^^^^^^^^^^^^^^^^^^^^^^^^^^^^^^^^^^^
[INFO] [stdout] 
[INFO] [stdout] 
[INFO] [stdout] error[E0432]: unresolved import `no_std_io::io::BufReader`
[INFO] [stdout]     --> src/codecs/bmp/decoder.rs:1411:25
[INFO] [stdout]      |
[INFO] [stdout] 1411 |     use no_std_io::io::{BufReader, Cursor};
[INFO] [stdout]      |                         ^^^^^^^^^ no `BufReader` in `io`
[INFO] [stdout]      |
[INFO] [stdout]      = help: consider importing this struct instead:
[INFO] [stdout]              std::io::BufReader
[INFO] [stdout] note: found an item that was configured out
[INFO] [stdout]     --> /opt/rustwide/cargo-home/registry/src/index.crates.io-1949cf8c6b5b557f/no_std_io-0.6.0/src/io.rs:25:20
[INFO] [stdout]      |
[INFO] [stdout]   24 | #[cfg(feature = "nightly")]
[INFO] [stdout]      |       ------------------- the item is gated behind the `nightly` feature
[INFO] [stdout]   25 | pub use buffered::{BufReader, BufWriter, LineWriter};
[INFO] [stdout]      |                    ^^^^^^^^^
[INFO] [stdout] help: a similar name exists in the module
[INFO] [stdout]      |
[INFO] [stdout] 1411 -     use no_std_io::io::{BufReader, Cursor};
[INFO] [stdout] 1411 +     use no_std_io::io::{BufRead, Cursor};
[INFO] [stdout]      |
[INFO] [stdout] 
[INFO] [stdout] 
[INFO] [stdout] error[E0432]: unresolved import `no_std_io::io::BufReader`
[INFO] [stdout]    --> src/codecs/openexr.rs:340:25
[INFO] [stdout]     |
[INFO] [stdout] 340 |     use no_std_io::io::{BufReader, Cursor};
[INFO] [stdout]     |                         ^^^^^^^^^ no `BufReader` in `io`
[INFO] [stdout]     |
[INFO] [stdout]     = help: consider importing this struct instead:
[INFO] [stdout]             std::io::BufReader
[INFO] [stdout] note: found an item that was configured out
[INFO] [stdout]    --> /opt/rustwide/cargo-home/registry/src/index.crates.io-1949cf8c6b5b557f/no_std_io-0.6.0/src/io.rs:25:20
[INFO] [stdout]     |
[INFO] [stdout]  24 | #[cfg(feature = "nightly")]
[INFO] [stdout]     |       ------------------- the item is gated behind the `nightly` feature
[INFO] [stdout]  25 | pub use buffered::{BufReader, BufWriter, LineWriter};
[INFO] [stdout]     |                    ^^^^^^^^^
[INFO] [stdout] help: a similar name exists in the module
[INFO] [stdout]     |
[INFO] [stdout] 340 -     use no_std_io::io::{BufReader, Cursor};
[INFO] [stdout] 340 +     use no_std_io::io::{BufRead, Cursor};
[INFO] [stdout]     |
[INFO] [stdout] 
[INFO] [stdout] 
[INFO] [stdout] error[E0432]: unresolved import `no_std_io::io::BufReader`
[INFO] [stdout]    --> src/codecs/png.rs:819:25
[INFO] [stdout]     |
[INFO] [stdout] 819 |     use no_std_io::io::{BufReader, Cursor, Read};
[INFO] [stdout]     |                         ^^^^^^^^^ no `BufReader` in `io`
[INFO] [stdout]     |
[INFO] [stdout]     = help: consider importing this struct instead:
[INFO] [stdout]             std::io::BufReader
[INFO] [stdout] note: found an item that was configured out
[INFO] [stdout]    --> /opt/rustwide/cargo-home/registry/src/index.crates.io-1949cf8c6b5b557f/no_std_io-0.6.0/src/io.rs:25:20
[INFO] [stdout]     |
[INFO] [stdout]  24 | #[cfg(feature = "nightly")]
[INFO] [stdout]     |       ------------------- the item is gated behind the `nightly` feature
[INFO] [stdout]  25 | pub use buffered::{BufReader, BufWriter, LineWriter};
[INFO] [stdout]     |                    ^^^^^^^^^
[INFO] [stdout] help: a similar name exists in the module
[INFO] [stdout]     |
[INFO] [stdout] 819 -     use no_std_io::io::{BufReader, Cursor, Read};
[INFO] [stdout] 819 +     use no_std_io::io::{BufRead, Cursor, Read};
[INFO] [stdout]     |
[INFO] [stdout] 
[INFO] [stdout] 
[INFO] [stdout] error[E0432]: unresolved import `super::ImageResult`
[INFO] [stdout]    --> src/io/format.rs:403:30
[INFO] [stdout]     |
[INFO] [stdout] 403 |     use super::{ImageFormat, ImageResult};
[INFO] [stdout]     |                              ^^^^^^^^^^^ no `ImageResult` in `io::format`
[INFO] [stdout]     |
[INFO] [stdout]     = help: consider importing this type alias through its public re-export instead:
[INFO] [stdout]             crate::ImageResult
[INFO] [stdout] note: found an item that was configured out
[INFO] [stdout]    --> src/io/format.rs:7:49
[INFO] [stdout]     |
[INFO] [stdout]   6 | #[cfg(feature = "std")]
[INFO] [stdout]     |       --------------- the item is gated behind the `std` feature
[INFO] [stdout]   7 | use crate::error::{ImageError, ImageFormatHint, ImageResult};
[INFO] [stdout]     |                                                 ^^^^^^^^^^^
[INFO] [stdout] 
[INFO] [stdout] 
[INFO] [stdout] error[E0432]: unresolved import `no_std_io::io::BufReader`
[INFO] [stdout]     --> src/codecs/pnm/decoder.rs:1290:29
[INFO] [stdout]      |
[INFO] [stdout] 1290 |         use no_std_io::io::{BufReader, Cursor, Error, ErrorKind, Read, Result};
[INFO] [stdout]      |                             ^^^^^^^^^ no `BufReader` in `io`
[INFO] [stdout]      |
[INFO] [stdout]      = help: consider importing this struct instead:
[INFO] [stdout]              std::io::BufReader
[INFO] [stdout] note: found an item that was configured out
[INFO] [stdout]     --> /opt/rustwide/cargo-home/registry/src/index.crates.io-1949cf8c6b5b557f/no_std_io-0.6.0/src/io.rs:25:20
[INFO] [stdout]      |
[INFO] [stdout]   24 | #[cfg(feature = "nightly")]
[INFO] [stdout]      |       ------------------- the item is gated behind the `nightly` feature
[INFO] [stdout]   25 | pub use buffered::{BufReader, BufWriter, LineWriter};
[INFO] [stdout]      |                    ^^^^^^^^^
[INFO] [stdout] help: a similar name exists in the module
[INFO] [stdout]      |
[INFO] [stdout] 1290 -         use no_std_io::io::{BufReader, Cursor, Error, ErrorKind, Read, Result};
[INFO] [stdout] 1290 +         use no_std_io::io::{BufRead, Cursor, Error, ErrorKind, Read, Result};
[INFO] [stdout]      |
[INFO] [stdout] 
[INFO] [stdout] 
[INFO] [stdout] error[E0425]: cannot find function `open` in the crate root
[INFO] [stdout]     --> src/imageops/sample.rs:1609:26
[INFO] [stdout]      |
[INFO] [stdout] 1609 |         let img = crate::open(Path::new("./examples/fractal.png")).unwrap();
[INFO] [stdout]      |                          ^^^^ not found in the crate root
[INFO] [stdout]      |
[INFO] [stdout] note: found an item that was configured out
[INFO] [stdout]     --> src/lib.rs:166:71
[INFO] [stdout]      |
[INFO] [stdout]  164 | #[cfg(feature = "std")]
[INFO] [stdout]      |       --------------- the item is gated behind the `std` feature
[INFO] [stdout]  165 | pub use crate::images::dynimage::{
[INFO] [stdout]  166 |     image_dimensions, load_from_memory, load_from_memory_with_format, open,
[INFO] [stdout]      |                                                                       ^^^^
[INFO] [stdout] 
[INFO] [stdout] 
[INFO] [stdout] error[E0425]: cannot find function `open` in the crate root
[INFO] [stdout]     --> src/imageops/sample.rs:1618:26
[INFO] [stdout]      |
[INFO] [stdout] 1618 |         let img = crate::open(Path::new("./examples/fractal.png")).unwrap();
[INFO] [stdout]      |                          ^^^^ not found in the crate root
[INFO] [stdout]      |
[INFO] [stdout] note: found an item that was configured out
[INFO] [stdout]     --> src/lib.rs:166:71
[INFO] [stdout]      |
[INFO] [stdout]  164 | #[cfg(feature = "std")]
[INFO] [stdout]      |       --------------- the item is gated behind the `std` feature
[INFO] [stdout]  165 | pub use crate::images::dynimage::{
[INFO] [stdout]  166 |     image_dimensions, load_from_memory, load_from_memory_with_format, open,
[INFO] [stdout]      |                                                                       ^^^^
[INFO] [stdout] 
[INFO] [stdout] 
[INFO] [stdout] error[E0425]: cannot find function `open` in the crate root
[INFO] [stdout]     --> src/imageops/sample.rs:1637:26
[INFO] [stdout]      |
[INFO] [stdout] 1637 |         let img = crate::open(Path::new("./examples/fractal.png")).unwrap();
[INFO] [stdout]      |                          ^^^^ not found in the crate root
[INFO] [stdout]      |
[INFO] [stdout] note: found an item that was configured out
[INFO] [stdout]     --> src/lib.rs:166:71
[INFO] [stdout]      |
[INFO] [stdout]  164 | #[cfg(feature = "std")]
[INFO] [stdout]      |       --------------- the item is gated behind the `std` feature
[INFO] [stdout]  165 | pub use crate::images::dynimage::{
[INFO] [stdout]  166 |     image_dimensions, load_from_memory, load_from_memory_with_format, open,
[INFO] [stdout]      |                                                                       ^^^^
[INFO] [stdout] 
[INFO] [stdout] 
[INFO] [stdout] error[E0425]: cannot find function `open` in the crate root
[INFO] [stdout]     --> src/imageops/sample.rs:1808:26
[INFO] [stdout]      |
[INFO] [stdout] 1808 |         let img = crate::open(path).unwrap();
[INFO] [stdout]      |                          ^^^^ not found in the crate root
[INFO] [stdout]      |
[INFO] [stdout] note: found an item that was configured out
[INFO] [stdout]     --> src/lib.rs:166:71
[INFO] [stdout]      |
[INFO] [stdout]  164 | #[cfg(feature = "std")]
[INFO] [stdout]      |       --------------- the item is gated behind the `std` feature
[INFO] [stdout]  165 | pub use crate::images::dynimage::{
[INFO] [stdout]  166 |     image_dimensions, load_from_memory, load_from_memory_with_format, open,
[INFO] [stdout]      |                                                                       ^^^^
[INFO] [stdout] 
[INFO] [stdout] 
[INFO] [stdout] error[E0425]: cannot find function `open` in the crate root
[INFO] [stdout]    --> src/imageops/mod.rs:554:28
[INFO] [stdout]     |
[INFO] [stdout] 554 |         let image = crate::open(path).unwrap();
[INFO] [stdout]     |                            ^^^^ not found in the crate root
[INFO] [stdout]     |
[INFO] [stdout] note: found an item that was configured out
[INFO] [stdout]    --> src/lib.rs:166:71
[INFO] [stdout]     |
[INFO] [stdout] 164 | #[cfg(feature = "std")]
[INFO] [stdout]     |       --------------- the item is gated behind the `std` feature
[INFO] [stdout] 165 | pub use crate::images::dynimage::{
[INFO] [stdout] 166 |     image_dimensions, load_from_memory, load_from_memory_with_format, open,
[INFO] [stdout]     |                                                                       ^^^^
[INFO] [stdout] 
[INFO] [stdout] 
[INFO] [stdout] error[E0425]: cannot find function `open` in the crate root
[INFO] [stdout]     --> src/codecs/bmp/decoder.rs:1480:34
[INFO] [stdout]      |
[INFO] [stdout] 1480 |             let ref_img = crate::open(&path).unwrap();
[INFO] [stdout]      |                                  ^^^^ not found in the crate root
[INFO] [stdout]      |
[INFO] [stdout] note: found an item that was configured out
[INFO] [stdout]     --> src/lib.rs:166:71
[INFO] [stdout]      |
[INFO] [stdout]  164 | #[cfg(feature = "std")]
[INFO] [stdout]      |       --------------- the item is gated behind the `std` feature
[INFO] [stdout]  165 | pub use crate::images::dynimage::{
[INFO] [stdout]  166 |     image_dimensions, load_from_memory, load_from_memory_with_format, open,
[INFO] [stdout]      |                                                                       ^^^^
[INFO] [stdout] 
[INFO] [stdout] 
[INFO] [stdout] error[E0425]: cannot find function `load_from_memory` in the crate root
[INFO] [stdout]     --> src/codecs/pnm/decoder.rs:1481:24
[INFO] [stdout]      |
[INFO] [stdout] 1481 |         let _ = crate::load_from_memory(b"P391919 16999 1 1 9 919 16999 1 9999 999* 99999 N");
[INFO] [stdout]      |                        ^^^^^^^^^^^^^^^^ not found in the crate root
[INFO] [stdout]      |
[INFO] [stdout] note: found an item that was configured out
[INFO] [stdout]     --> src/lib.rs:166:23
[INFO] [stdout]      |
[INFO] [stdout]  164 | #[cfg(feature = "std")]
[INFO] [stdout]      |       --------------- the item is gated behind the `std` feature
[INFO] [stdout]  165 | pub use crate::images::dynimage::{
[INFO] [stdout]  166 |     image_dimensions, load_from_memory, load_from_memory_with_format, open,
[INFO] [stdout]      |                       ^^^^^^^^^^^^^^^^
[INFO] [stdout] 
[INFO] [stdout] 
[INFO] [stdout] error[E0425]: cannot find function `open` in the crate root
[INFO] [stdout]    --> src/codecs/tga/encoder.rs:457:32
[INFO] [stdout]     |
[INFO] [stdout] 457 |             let image = crate::open("tests/images/tga/encoding/black_white.tga").unwrap();
[INFO] [stdout]     |                                ^^^^ not found in the crate root
[INFO] [stdout]     |
[INFO] [stdout] note: found an item that was configured out
[INFO] [stdout]    --> src/lib.rs:166:71
[INFO] [stdout]     |
[INFO] [stdout] 164 | #[cfg(feature = "std")]
[INFO] [stdout]     |       --------------- the item is gated behind the `std` feature
[INFO] [stdout] 165 | pub use crate::images::dynimage::{
[INFO] [stdout] 166 |     image_dimensions, load_from_memory, load_from_memory_with_format, open,
[INFO] [stdout]     |                                                                       ^^^^
[INFO] [stdout] 
[INFO] [stdout] 
[INFO] [stdout] error[E0425]: cannot find function `load_from_memory_with_format` in the crate root
[INFO] [stdout]    --> src/codecs/webp/encoder.rs:143:27
[INFO] [stdout]     |
[INFO] [stdout] 143 |         let img2 = crate::load_from_memory_with_format(&output, crate::ImageFormat::WebP)
[INFO] [stdout]     |                           ^^^^^^^^^^^^^^^^^^^^^^^^^^^^ not found in the crate root
[INFO] [stdout]     |
[INFO] [stdout] note: found an item that was configured out
[INFO] [stdout]    --> src/lib.rs:166:41
[INFO] [stdout]     |
[INFO] [stdout] 164 | #[cfg(feature = "std")]
[INFO] [stdout]     |       --------------- the item is gated behind the `std` feature
[INFO] [stdout] 165 | pub use crate::images::dynimage::{
[INFO] [stdout] 166 |     image_dimensions, load_from_memory, load_from_memory_with_format, open,
[INFO] [stdout]     |                                         ^^^^^^^^^^^^^^^^^^^^^^^^^^^^
[INFO] [stdout] 
[INFO] [stdout] 
[INFO] [stdout] error[E0425]: cannot find function `load_from_memory` in module `super`
[INFO] [stdout]     --> src/images/dynimage.rs:1733:24
[INFO] [stdout]      |
[INFO] [stdout] 1733 |         assert!(super::load_from_memory(b"").is_err());
[INFO] [stdout]      |                        ^^^^^^^^^^^^^^^^ not found in `super`
[INFO] [stdout]      |
[INFO] [stdout] note: found an item that was configured out
[INFO] [stdout]     --> src/images/dynimage.rs:1686:8
[INFO] [stdout]      |
[INFO] [stdout] 1685 | #[cfg(feature = "std")]
[INFO] [stdout]      |       --------------- the item is gated behind the `std` feature
[INFO] [stdout] 1686 | pub fn load_from_memory(buffer: &[u8]) -> ImageResult<DynamicImage> {
[INFO] [stdout]      |        ^^^^^^^^^^^^^^^^
[INFO] [stdout] 
[INFO] [stdout] 
[INFO] [stdout] error[E0425]: cannot find function `image_dimensions` in module `super`
[INFO] [stdout]     --> src/images/dynimage.rs:1740:27
[INFO] [stdout]      |
[INFO] [stdout] 1740 |           let dims = super::image_dimensions(im_path).unwrap();
[INFO] [stdout]      |                             ^^^^^^^^^^^^^^^^
[INFO] [stdout]      |
[INFO] [stdout]     ::: src/math/utils.rs:58:1
[INFO] [stdout]      |
[INFO] [stdout]   58 | / pub(crate) fn resize_dimensions(
[INFO] [stdout]   59 | |     width: u32,
[INFO] [stdout]   60 | |     height: u32,
[INFO] [stdout]   61 | |     nwidth: u32,
[INFO] [stdout] ...    |
[INFO] [stdout]   86 | | }
[INFO] [stdout]      | |_- similarly named function `resize_dimensions` defined here
[INFO] [stdout]      |
[INFO] [stdout] note: found an item that was configured out
[INFO] [stdout]     --> src/images/dynimage.rs:1653:8
[INFO] [stdout]      |
[INFO] [stdout] 1652 | #[cfg(feature = "std")]
[INFO] [stdout]      |       --------------- the item is gated behind the `std` feature
[INFO] [stdout] 1653 | pub fn image_dimensions<P>(path: P) -> ImageResult<(u32, u32)>
[INFO] [stdout]      |        ^^^^^^^^^^^^^^^^
[INFO] [stdout] help: a function with a similar name exists
[INFO] [stdout]      |
[INFO] [stdout] 1740 -         let dims = super::image_dimensions(im_path).unwrap();
[INFO] [stdout] 1740 +         let dims = super::resize_dimensions(im_path).unwrap();
[INFO] [stdout]      |
[INFO] [stdout] help: consider importing this function
[INFO] [stdout]      |
[INFO] [stdout] 1726 +     use crate::images::dynimage::test::image_dimensions;
[INFO] [stdout]      |
[INFO] [stdout] help: if you import `image_dimensions`, refer to it directly
[INFO] [stdout]      |
[INFO] [stdout] 1740 -         let dims = super::image_dimensions(im_path).unwrap();
[INFO] [stdout] 1740 +         let dims = image_dimensions(im_path).unwrap();
[INFO] [stdout]      |
[INFO] [stdout] 
[INFO] [stdout] 
[INFO] [stdout] error[E0425]: cannot find function `open` in module `super`
[INFO] [stdout]     --> src/images/dynimage.rs:1748:28
[INFO] [stdout]      |
[INFO] [stdout] 1748 |         let image = super::open(im_path).unwrap();
[INFO] [stdout]      |                            ^^^^ not found in `super`
[INFO] [stdout]      |
[INFO] [stdout] note: found an item that was configured out
[INFO] [stdout]     --> src/images/dynimage.rs:1640:8
[INFO] [stdout]      |
[INFO] [stdout] 1639 | #[cfg(feature = "std")]
[INFO] [stdout]      |       --------------- the item is gated behind the `std` feature
[INFO] [stdout] 1640 | pub fn open<P>(path: P) -> ImageResult<DynamicImage>
[INFO] [stdout]      |        ^^^^
[INFO] [stdout] 
[INFO] [stdout] 
[INFO] [stdout] error[E0425]: cannot find function `open` in module `super`
[INFO] [stdout]     --> src/images/dynimage.rs:2222:32
[INFO] [stdout]      |
[INFO] [stdout] 2222 |         let mut image = super::open(im_path).unwrap();
[INFO] [stdout]      |                                ^^^^ not found in `super`
[INFO] [stdout]      |
[INFO] [stdout] note: found an item that was configured out
[INFO] [stdout]     --> src/images/dynimage.rs:1640:8
[INFO] [stdout]      |
[INFO] [stdout] 1639 | #[cfg(feature = "std")]
[INFO] [stdout]      |       --------------- the item is gated behind the `std` feature
[INFO] [stdout] 1640 | pub fn open<P>(path: P) -> ImageResult<DynamicImage>
[INFO] [stdout]      |        ^^^^
[INFO] [stdout] 
[INFO] [stdout] 
[INFO] [stdout] warning: unused import: `num_traits::float::FloatCore`
[INFO] [stdout]  --> src/metadata/cicp.rs:5:5
[INFO] [stdout]   |
[INFO] [stdout] 5 | use num_traits::float::FloatCore as _;
[INFO] [stdout]   |     ^^^^^^^^^^^^^^^^^^^^^^^^^^^^
[INFO] [stdout]   |
[INFO] [stdout]   = note: `#[warn(unused_imports)]` (part of `#[warn(unused)]`) on by default
[INFO] [stdout] 
[INFO] [stdout] 
[INFO] [stdout] warning: unused import: `num_traits::float::FloatCore`
[INFO] [stdout]  --> src/codecs/jpeg/encoder.rs:6:5
[INFO] [stdout]   |
[INFO] [stdout] 6 | use num_traits::float::FloatCore as _;
[INFO] [stdout]   |     ^^^^^^^^^^^^^^^^^^^^^^^^^^^^
[INFO] [stdout] 
[INFO] [stdout] 
[INFO] [stdout] warning: unused import: `num_traits::float::FloatCore`
[INFO] [stdout]  --> src/math/utils.rs:6:5
[INFO] [stdout]   |
[INFO] [stdout] 6 | use num_traits::float::FloatCore as _;
[INFO] [stdout]   |     ^^^^^^^^^^^^^^^^^^^^^^^^^^^^
[INFO] [stdout] 
[INFO] [stdout] 
[INFO] [stdout] warning: unused import: `num_traits::float::FloatCore`
[INFO] [stdout]  --> src/codecs/pnm/decoder.rs:9:5
[INFO] [stdout]   |
[INFO] [stdout] 9 | use num_traits::float::FloatCore as _;
[INFO] [stdout]   |     ^^^^^^^^^^^^^^^^^^^^^^^^^^^^
[INFO] [stdout] 
[INFO] [stdout] 
[INFO] [stdout] warning: unused import: `num_traits::Float`
[INFO] [stdout]  --> src/imageops/colorops.rs:5:5
[INFO] [stdout]   |
[INFO] [stdout] 5 | use num_traits::Float as _;
[INFO] [stdout]   |     ^^^^^^^^^^^^^^^^^
[INFO] [stdout] 
[INFO] [stdout] 
[INFO] [stdout] warning: unused import: `num_traits::Float`
[INFO] [stdout]  --> src/imageops/fast_blur.rs:4:5
[INFO] [stdout]   |
[INFO] [stdout] 4 | use num_traits::Float as _;
[INFO] [stdout]   |     ^^^^^^^^^^^^^^^^^
[INFO] [stdout] 
[INFO] [stdout] 
[INFO] [stdout] warning: unused import: `num_traits::Float`
[INFO] [stdout]  --> src/codecs/hdr/encoder.rs:5:5
[INFO] [stdout]   |
[INFO] [stdout] 5 | use num_traits::Float as _;
[INFO] [stdout]   |     ^^^^^^^^^^^^^^^^^
[INFO] [stdout] 
[INFO] [stdout] 
[INFO] [stdout] warning: unused import: `num_traits::Float`
[INFO] [stdout]   --> src/imageops/filter_1d.rs:10:5
[INFO] [stdout]    |
[INFO] [stdout] 10 | use num_traits::Float as _;
[INFO] [stdout]    |     ^^^^^^^^^^^^^^^^^
[INFO] [stdout] 
[INFO] [stdout] 
[INFO] [stdout] warning: unused import: `num_traits::float::FloatCore`
[INFO] [stdout]  --> src/color.rs:4:5
[INFO] [stdout]   |
[INFO] [stdout] 4 | use num_traits::float::FloatCore as _;
[INFO] [stdout]   |     ^^^^^^^^^^^^^^^^^^^^^^^^^^^^
[INFO] [stdout] 
[INFO] [stdout] 
[INFO] [stdout] warning: unused import: `num_traits::Float`
[INFO] [stdout]   --> src/imageops/sample.rs:10:5
[INFO] [stdout]    |
[INFO] [stdout] 10 | use num_traits::Float as _;
[INFO] [stdout]    |     ^^^^^^^^^^^^^^^^^
[INFO] [stdout] 
[INFO] [stdout] 
[INFO] [stdout] error[E0277]: the trait bound `std::io::Cursor<std::vec::Vec<u8>>: no_std_io::io::Read` is not satisfied
[INFO] [stdout]    --> src/codecs/hdr/decoder.rs:723:34
[INFO] [stdout]     |
[INFO] [stdout] 723 |         assert_eq!(&read_line_u8(input).unwrap().unwrap()[..], &b"One"[..]);
[INFO] [stdout]     |                     ------------ ^^^^^ the trait `no_std_io::io::Read` is not implemented for `std::io::Cursor<std::vec::Vec<u8>>`
[INFO] [stdout]     |                     |
[INFO] [stdout]     |                     required by a bound introduced by this call
[INFO] [stdout]     |
[INFO] [stdout]     = note: `std::io::Cursor<std::vec::Vec<u8>>` implements similarly named trait `std::io::Read`, but not `no_std_io::io::Read`
[INFO] [stdout]     = help: the following other types implement trait `no_std_io::io::Read`:
[INFO] [stdout]               &[u8]
[INFO] [stdout]               &mut R
[INFO] [stdout]               FarbfeldReader<R>
[INFO] [stdout]               GifReader<R>
[INFO] [stdout]               TiffReader<R>
[INFO] [stdout]               ai_flate2::bufreader::BufReader<R>
[INFO] [stdout]               ai_flate2::crc::CrcReader<R>
[INFO] [stdout]               ai_flate2::deflate::bufread::DeflateDecoder<R>
[INFO] [stdout]             and 24 others
[INFO] [stdout] note: required by a bound in `codecs::hdr::decoder::read_line_u8`
[INFO] [stdout]    --> src/codecs/hdr/decoder.rs:673:20
[INFO] [stdout]     |
[INFO] [stdout] 673 | fn read_line_u8<R: Read>(r: &mut R) -> io::Result<Option<Vec<u8>>> {
[INFO] [stdout]     |                    ^^^^ required by this bound in `read_line_u8`
[INFO] [stdout] 
[INFO] [stdout] 
[INFO] [stdout] error[E0277]: the trait bound `std::io::Cursor<std::vec::Vec<u8>>: no_std_io::io::Read` is not satisfied
[INFO] [stdout]    --> src/codecs/hdr/decoder.rs:724:34
[INFO] [stdout]     |
[INFO] [stdout] 724 |         assert_eq!(&read_line_u8(input).unwrap().unwrap()[..], &b"Two"[..]);
[INFO] [stdout]     |                     ------------ ^^^^^ the trait `no_std_io::io::Read` is not implemented for `std::io::Cursor<std::vec::Vec<u8>>`
[INFO] [stdout]     |                     |
[INFO] [stdout]     |                     required by a bound introduced by this call
[INFO] [stdout]     |
[INFO] [stdout]     = note: `std::io::Cursor<std::vec::Vec<u8>>` implements similarly named trait `std::io::Read`, but not `no_std_io::io::Read`
[INFO] [stdout]     = help: the following other types implement trait `no_std_io::io::Read`:
[INFO] [stdout]               &[u8]
[INFO] [stdout]               &mut R
[INFO] [stdout]               FarbfeldReader<R>
[INFO] [stdout]               GifReader<R>
[INFO] [stdout]               TiffReader<R>
[INFO] [stdout]               ai_flate2::bufreader::BufReader<R>
[INFO] [stdout]               ai_flate2::crc::CrcReader<R>
[INFO] [stdout]               ai_flate2::deflate::bufread::DeflateDecoder<R>
[INFO] [stdout]             and 24 others
[INFO] [stdout] note: required by a bound in `codecs::hdr::decoder::read_line_u8`
[INFO] [stdout]    --> src/codecs/hdr/decoder.rs:673:20
[INFO] [stdout]     |
[INFO] [stdout] 673 | fn read_line_u8<R: Read>(r: &mut R) -> io::Result<Option<Vec<u8>>> {
[INFO] [stdout]     |                    ^^^^ required by this bound in `read_line_u8`
[INFO] [stdout] 
[INFO] [stdout] 
[INFO] [stdout] error[E0277]: the trait bound `std::io::Cursor<std::vec::Vec<u8>>: no_std_io::io::Read` is not satisfied
[INFO] [stdout]    --> src/codecs/hdr/decoder.rs:725:34
[INFO] [stdout]     |
[INFO] [stdout] 725 |         assert_eq!(&read_line_u8(input).unwrap().unwrap()[..], &b"Three"[..]);
[INFO] [stdout]     |                     ------------ ^^^^^ the trait `no_std_io::io::Read` is not implemented for `std::io::Cursor<std::vec::Vec<u8>>`
[INFO] [stdout]     |                     |
[INFO] [stdout]     |                     required by a bound introduced by this call
[INFO] [stdout]     |
[INFO] [stdout]     = note: `std::io::Cursor<std::vec::Vec<u8>>` implements similarly named trait `std::io::Read`, but not `no_std_io::io::Read`
[INFO] [stdout]     = help: the following other types implement trait `no_std_io::io::Read`:
[INFO] [stdout]               &[u8]
[INFO] [stdout]               &mut R
[INFO] [stdout]               FarbfeldReader<R>
[INFO] [stdout]               GifReader<R>
[INFO] [stdout]               TiffReader<R>
[INFO] [stdout]               ai_flate2::bufreader::BufReader<R>
[INFO] [stdout]               ai_flate2::crc::CrcReader<R>
[INFO] [stdout]               ai_flate2::deflate::bufread::DeflateDecoder<R>
[INFO] [stdout]             and 24 others
[INFO] [stdout] note: required by a bound in `codecs::hdr::decoder::read_line_u8`
[INFO] [stdout]    --> src/codecs/hdr/decoder.rs:673:20
[INFO] [stdout]     |
[INFO] [stdout] 673 | fn read_line_u8<R: Read>(r: &mut R) -> io::Result<Option<Vec<u8>>> {
[INFO] [stdout]     |                    ^^^^ required by this bound in `read_line_u8`
[INFO] [stdout] 
[INFO] [stdout] 
[INFO] [stdout] error[E0277]: the trait bound `std::io::Cursor<std::vec::Vec<u8>>: no_std_io::io::Read` is not satisfied
[INFO] [stdout]    --> src/codecs/hdr/decoder.rs:726:34
[INFO] [stdout]     |
[INFO] [stdout] 726 |         assert_eq!(&read_line_u8(input).unwrap().unwrap()[..], &b"Four"[..]);
[INFO] [stdout]     |                     ------------ ^^^^^ the trait `no_std_io::io::Read` is not implemented for `std::io::Cursor<std::vec::Vec<u8>>`
[INFO] [stdout]     |                     |
[INFO] [stdout]     |                     required by a bound introduced by this call
[INFO] [stdout]     |
[INFO] [stdout]     = note: `std::io::Cursor<std::vec::Vec<u8>>` implements similarly named trait `std::io::Read`, but not `no_std_io::io::Read`
[INFO] [stdout]     = help: the following other types implement trait `no_std_io::io::Read`:
[INFO] [stdout]               &[u8]
[INFO] [stdout]               &mut R
[INFO] [stdout]               FarbfeldReader<R>
[INFO] [stdout]               GifReader<R>
[INFO] [stdout]               TiffReader<R>
[INFO] [stdout]               ai_flate2::bufreader::BufReader<R>
[INFO] [stdout]               ai_flate2::crc::CrcReader<R>
[INFO] [stdout]               ai_flate2::deflate::bufread::DeflateDecoder<R>
[INFO] [stdout]             and 24 others
[INFO] [stdout] note: required by a bound in `codecs::hdr::decoder::read_line_u8`
[INFO] [stdout]    --> src/codecs/hdr/decoder.rs:673:20
[INFO] [stdout]     |
[INFO] [stdout] 673 | fn read_line_u8<R: Read>(r: &mut R) -> io::Result<Option<Vec<u8>>> {
[INFO] [stdout]     |                    ^^^^ required by this bound in `read_line_u8`
[INFO] [stdout] 
[INFO] [stdout] 
[INFO] [stdout] error[E0277]: the trait bound `std::io::Cursor<std::vec::Vec<u8>>: no_std_io::io::Read` is not satisfied
[INFO] [stdout]    --> src/codecs/hdr/decoder.rs:727:34
[INFO] [stdout]     |
[INFO] [stdout] 727 |         assert_eq!(&read_line_u8(input).unwrap().unwrap()[..], &b""[..]);
[INFO] [stdout]     |                     ------------ ^^^^^ the trait `no_std_io::io::Read` is not implemented for `std::io::Cursor<std::vec::Vec<u8>>`
[INFO] [stdout]     |                     |
[INFO] [stdout]     |                     required by a bound introduced by this call
[INFO] [stdout]     |
[INFO] [stdout]     = note: `std::io::Cursor<std::vec::Vec<u8>>` implements similarly named trait `std::io::Read`, but not `no_std_io::io::Read`
[INFO] [stdout]     = help: the following other types implement trait `no_std_io::io::Read`:
[INFO] [stdout]               &[u8]
[INFO] [stdout]               &mut R
[INFO] [stdout]               FarbfeldReader<R>
[INFO] [stdout]               GifReader<R>
[INFO] [stdout]               TiffReader<R>
[INFO] [stdout]               ai_flate2::bufreader::BufReader<R>
[INFO] [stdout]               ai_flate2::crc::CrcReader<R>
[INFO] [stdout]               ai_flate2::deflate::bufread::DeflateDecoder<R>
[INFO] [stdout]             and 24 others
[INFO] [stdout] note: required by a bound in `codecs::hdr::decoder::read_line_u8`
[INFO] [stdout]    --> src/codecs/hdr/decoder.rs:673:20
[INFO] [stdout]     |
[INFO] [stdout] 673 | fn read_line_u8<R: Read>(r: &mut R) -> io::Result<Option<Vec<u8>>> {
[INFO] [stdout]     |                    ^^^^ required by this bound in `read_line_u8`
[INFO] [stdout] 
[INFO] [stdout] 
[INFO] [stdout] error[E0277]: the trait bound `std::io::Cursor<std::vec::Vec<u8>>: no_std_io::io::Read` is not satisfied
[INFO] [stdout]    --> src/codecs/hdr/decoder.rs:728:34
[INFO] [stdout]     |
[INFO] [stdout] 728 |         assert_eq!(&read_line_u8(input).unwrap().unwrap()[..], &b""[..]);
[INFO] [stdout]     |                     ------------ ^^^^^ the trait `no_std_io::io::Read` is not implemented for `std::io::Cursor<std::vec::Vec<u8>>`
[INFO] [stdout]     |                     |
[INFO] [stdout]     |                     required by a bound introduced by this call
[INFO] [stdout]     |
[INFO] [stdout]     = note: `std::io::Cursor<std::vec::Vec<u8>>` implements similarly named trait `std::io::Read`, but not `no_std_io::io::Read`
[INFO] [stdout]     = help: the following other types implement trait `no_std_io::io::Read`:
[INFO] [stdout]               &[u8]
[INFO] [stdout]               &mut R
[INFO] [stdout]               FarbfeldReader<R>
[INFO] [stdout]               GifReader<R>
[INFO] [stdout]               TiffReader<R>
[INFO] [stdout]               ai_flate2::bufreader::BufReader<R>
[INFO] [stdout]               ai_flate2::crc::CrcReader<R>
[INFO] [stdout]               ai_flate2::deflate::bufread::DeflateDecoder<R>
[INFO] [stdout]             and 24 others
[INFO] [stdout] note: required by a bound in `codecs::hdr::decoder::read_line_u8`
[INFO] [stdout]    --> src/codecs/hdr/decoder.rs:673:20
[INFO] [stdout]     |
[INFO] [stdout] 673 | fn read_line_u8<R: Read>(r: &mut R) -> io::Result<Option<Vec<u8>>> {
[INFO] [stdout]     |                    ^^^^ required by this bound in `read_line_u8`
[INFO] [stdout] 
[INFO] [stdout] 
[INFO] [stdout] error[E0277]: the trait bound `std::io::Cursor<std::vec::Vec<u8>>: no_std_io::io::Read` is not satisfied
[INFO] [stdout]    --> src/codecs/hdr/decoder.rs:729:33
[INFO] [stdout]     |
[INFO] [stdout] 729 |         assert_eq!(read_line_u8(input).unwrap(), None);
[INFO] [stdout]     |                    ------------ ^^^^^ the trait `no_std_io::io::Read` is not implemented for `std::io::Cursor<std::vec::Vec<u8>>`
[INFO] [stdout]     |                    |
[INFO] [stdout]     |                    required by a bound introduced by this call
[INFO] [stdout]     |
[INFO] [stdout]     = note: `std::io::Cursor<std::vec::Vec<u8>>` implements similarly named trait `std::io::Read`, but not `no_std_io::io::Read`
[INFO] [stdout]     = help: the following other types implement trait `no_std_io::io::Read`:
[INFO] [stdout]               &[u8]
[INFO] [stdout]               &mut R
[INFO] [stdout]               FarbfeldReader<R>
[INFO] [stdout]               GifReader<R>
[INFO] [stdout]               TiffReader<R>
[INFO] [stdout]               ai_flate2::bufreader::BufReader<R>
[INFO] [stdout]               ai_flate2::crc::CrcReader<R>
[INFO] [stdout]               ai_flate2::deflate::bufread::DeflateDecoder<R>
[INFO] [stdout]             and 24 others
[INFO] [stdout] note: required by a bound in `codecs::hdr::decoder::read_line_u8`
[INFO] [stdout]    --> src/codecs/hdr/decoder.rs:673:20
[INFO] [stdout]     |
[INFO] [stdout] 673 | fn read_line_u8<R: Read>(r: &mut R) -> io::Result<Option<Vec<u8>>> {
[INFO] [stdout]     |                    ^^^^ required by this bound in `read_line_u8`
[INFO] [stdout] 
[INFO] [stdout] 
[INFO] [stdout] error[E0277]: the trait bound `std::io::Cursor<&[u8; 63]>: no_std_io::io::Read` is not satisfied
[INFO] [stdout]    --> src/codecs/hdr/decoder.rs:736:33
[INFO] [stdout]     |
[INFO] [stdout] 736 |         assert!(HdrDecoder::new(Cursor::new(data)).is_err());
[INFO] [stdout]     |                 --------------- ^^^^^^^^^^^^^^^^^ the trait `no_std_io::io::Read` is not implemented for `std::io::Cursor<&[u8; 63]>`
[INFO] [stdout]     |                 |
[INFO] [stdout]     |                 required by a bound introduced by this call
[INFO] [stdout]     |
[INFO] [stdout]     = note: `std::io::Cursor<&[u8; 63]>` implements similarly named trait `std::io::Read`, but not `no_std_io::io::Read`
[INFO] [stdout]     = help: the following other types implement trait `no_std_io::io::Read`:
[INFO] [stdout]               &[u8]
[INFO] [stdout]               &mut R
[INFO] [stdout]               FarbfeldReader<R>
[INFO] [stdout]               GifReader<R>
[INFO] [stdout]               TiffReader<R>
[INFO] [stdout]               ai_flate2::bufreader::BufReader<R>
[INFO] [stdout]               ai_flate2::crc::CrcReader<R>
[INFO] [stdout]               ai_flate2::deflate::bufread::DeflateDecoder<R>
[INFO] [stdout]             and 24 others
[INFO] [stdout] note: required by a bound in `codecs::hdr::decoder::HdrDecoder::<R>::new`
[INFO] [stdout]    --> src/codecs/hdr/decoder.rs:164:9
[INFO] [stdout]     |
[INFO] [stdout] 164 | impl<R: Read> HdrDecoder<R> {
[INFO] [stdout]     |         ^^^^ required by this bound in `HdrDecoder::<R>::new`
[INFO] [stdout] ...
[INFO] [stdout] 168 |     pub fn new(reader: R) -> ImageResult<Self> {
[INFO] [stdout]     |            --- required by a bound in this associated function
[INFO] [stdout] 
[INFO] [stdout] 
[INFO] [stdout] error[E0277]: the trait bound `std::io::Cursor<&[u8; 63]>: no_std_io::io::Read` is not satisfied
[INFO] [stdout]    --> src/codecs/hdr/decoder.rs:737:43
[INFO] [stdout]     |
[INFO] [stdout] 737 |         assert!(HdrDecoder::new_nonstrict(Cursor::new(data)).is_err());
[INFO] [stdout]     |                 ------------------------- ^^^^^^^^^^^^^^^^^ the trait `no_std_io::io::Read` is not implemented for `std::io::Cursor<&[u8; 63]>`
[INFO] [stdout]     |                 |
[INFO] [stdout]     |                 required by a bound introduced by this call
[INFO] [stdout]     |
[INFO] [stdout]     = note: `std::io::Cursor<&[u8; 63]>` implements similarly named trait `std::io::Read`, but not `no_std_io::io::Read`
[INFO] [stdout]     = help: the following other types implement trait `no_std_io::io::Read`:
[INFO] [stdout]               &[u8]
[INFO] [stdout]               &mut R
[INFO] [stdout]               FarbfeldReader<R>
[INFO] [stdout]               GifReader<R>
[INFO] [stdout]               TiffReader<R>
[INFO] [stdout]               ai_flate2::bufreader::BufReader<R>
[INFO] [stdout]               ai_flate2::crc::CrcReader<R>
[INFO] [stdout]               ai_flate2::deflate::bufread::DeflateDecoder<R>
[INFO] [stdout]             and 24 others
[INFO] [stdout] note: required by a bound in `codecs::hdr::decoder::HdrDecoder::<R>::new_nonstrict`
[INFO] [stdout]    --> src/codecs/hdr/decoder.rs:164:9
[INFO] [stdout]     |
[INFO] [stdout] 164 | impl<R: Read> HdrDecoder<R> {
[INFO] [stdout]     |         ^^^^ required by this bound in `HdrDecoder::<R>::new_nonstrict`
[INFO] [stdout] ...
[INFO] [stdout] 173 |     pub fn new_nonstrict(reader: R) -> ImageResult<Self> {
[INFO] [stdout]     |            ------------- required by a bound in this associated function
[INFO] [stdout] 
[INFO] [stdout] 
[INFO] [stdout] error[E0277]: the trait bound `std::io::Cursor<std::vec::Vec<u8>>: no_std_io::io::BufRead` is not satisfied
[INFO] [stdout]    --> src/codecs/jpeg/decoder.rs:273:44
[INFO] [stdout]     |
[INFO] [stdout] 273 |         let mut decoder = JpegDecoder::new(Cursor::new(data)).unwrap();
[INFO] [stdout]     |                           ---------------- ^^^^^^^^^^^^^^^^^ the trait `no_std_io::io::BufRead` is not implemented for `std::io::Cursor<std::vec::Vec<u8>>`
[INFO] [stdout]     |                           |
[INFO] [stdout]     |                           required by a bound introduced by this call
[INFO] [stdout]     |
[INFO] [stdout]     = note: `std::io::Cursor<std::vec::Vec<u8>>` implements similarly named trait `std::io::BufRead`, but not `no_std_io::io::BufRead`
[INFO] [stdout]     = help: the following other types implement trait `no_std_io::io::BufRead`:
[INFO] [stdout]               &[u8]
[INFO] [stdout]               &mut B
[INFO] [stdout]               ai_flate2::bufreader::BufReader<R>
[INFO] [stdout]               ai_flate2::crc::CrcReader<R>
[INFO] [stdout]               ai_tiff::compat::BufReader<R>
[INFO] [stdout]               no_std_io::io::Chain<T, U>
[INFO] [stdout]               no_std_io::io::Cursor<T>
[INFO] [stdout]               no_std_io::io::Take<T>
[INFO] [stdout] note: required by a bound in `codecs::jpeg::decoder::JpegDecoder::<R>::new`
[INFO] [stdout]    --> src/codecs/jpeg/decoder.rs:30:9
[INFO] [stdout]     |
[INFO] [stdout]  30 | impl<R: BufRead + Seek> JpegDecoder<R> {
[INFO] [stdout]     |         ^^^^^^^ required by this bound in `JpegDecoder::<R>::new`
[INFO] [stdout]  31 |     /// Create a new decoder that decodes from the stream ```r```
[INFO] [stdout]  32 |     pub fn new(r: R) -> ImageResult<JpegDecoder<R>> {
[INFO] [stdout]     |            --- required by a bound in this associated function
[INFO] [stdout] 
[INFO] [stdout] 
[INFO] [stdout] error[E0277]: the trait bound `std::io::Cursor<std::vec::Vec<u8>>: no_std_io::io::Seek` is not satisfied
[INFO] [stdout]    --> src/codecs/jpeg/decoder.rs:273:44
[INFO] [stdout]     |
[INFO] [stdout] 273 |         let mut decoder = JpegDecoder::new(Cursor::new(data)).unwrap();
[INFO] [stdout]     |                           ---------------- ^^^^^^^^^^^^^^^^^ the trait `no_std_io::io::Seek` is not implemented for `std::io::Cursor<std::vec::Vec<u8>>`
[INFO] [stdout]     |                           |
[INFO] [stdout]     |                           required by a bound introduced by this call
[INFO] [stdout]     |
[INFO] [stdout]     = note: `std::io::Cursor<std::vec::Vec<u8>>` implements similarly named trait `std::io::Seek`, but not `no_std_io::io::Seek`
[INFO] [stdout] help: the following other types implement trait `no_std_io::io::Seek`
[INFO] [stdout]    --> /opt/rustwide/cargo-home/registry/src/index.crates.io-1949cf8c6b5b557f/no_std_io-0.6.0/src/io/impls.rs:42:1
[INFO] [stdout]     |
[INFO] [stdout]  42 |   impl<S: Seek + ?Sized> Seek for &mut S {
[INFO] [stdout]     |   ^^^^^^^^^^^^^^^^^^^^^^^^^^^^^^^^^^^^^^ `&mut S`
[INFO] [stdout]     |
[INFO] [stdout]    ::: src/codecs/farbfeld.rs:113:1
[INFO] [stdout]     |
[INFO] [stdout] 113 |   impl<R: Read + Seek> Seek for FarbfeldReader<R> {
[INFO] [stdout]     |   ^^^^^^^^^^^^^^^^^^^^^^^^^^^^^^^^^^^^^^^^^^^^^^^ `FarbfeldReader<R>`
[INFO] [stdout]     |
[INFO] [stdout]    ::: /opt/rustwide/cargo-home/registry/src/index.crates.io-1949cf8c6b5b557f/no_std_io-0.6.0/src/io/cursor.rs:191:1
[INFO] [stdout]     |
[INFO] [stdout] 191 | / impl<T> Seek for Cursor<T>
[INFO] [stdout] 192 | | where
[INFO] [stdout] 193 | |     T: AsRef<[u8]>,
[INFO] [stdout]     | |___________________^ `no_std_io::io::Cursor<T>`
[INFO] [stdout] note: required by a bound in `codecs::jpeg::decoder::JpegDecoder::<R>::new`
[INFO] [stdout]    --> src/codecs/jpeg/decoder.rs:30:19
[INFO] [stdout]     |
[INFO] [stdout]  30 | impl<R: BufRead + Seek> JpegDecoder<R> {
[INFO] [stdout]     |                   ^^^^ required by this bound in `JpegDecoder::<R>::new`
[INFO] [stdout]  31 |     /// Create a new decoder that decodes from the stream ```r```
[INFO] [stdout]  32 |     pub fn new(r: R) -> ImageResult<JpegDecoder<R>> {
[INFO] [stdout]     |            --- required by a bound in this associated function
[INFO] [stdout] 
[INFO] [stdout] 
[INFO] [stdout] error[E0599]: the method `orientation` exists for struct `codecs::jpeg::decoder::JpegDecoder<std::io::Cursor<std::vec::Vec<u8>>>`, but its trait bounds were not satisfied
[INFO] [stdout]    --> src/codecs/jpeg/decoder.rs:274:28
[INFO] [stdout]     |
[INFO] [stdout]  18 | pub struct JpegDecoder<R> {
[INFO] [stdout]     | ------------------------- method `orientation` not found for this struct because it doesn't satisfy `_: ImageDecoder`
[INFO] [stdout] ...
[INFO] [stdout] 274 |         assert_eq!(decoder.orientation().unwrap(), Orientation::FlipHorizontal);
[INFO] [stdout]     |                            ^^^^^^^^^^^-- help: remove the arguments
[INFO] [stdout]     |                            |
[INFO] [stdout]     |                            field, not a method
[INFO] [stdout]     |
[INFO] [stdout] note: the following trait bounds were not satisfied:
[INFO] [stdout]       `std::io::Cursor<std::vec::Vec<u8>>: no_std_io::io::BufRead`
[INFO] [stdout]       `std::io::Cursor<std::vec::Vec<u8>>: no_std_io::io::Seek`
[INFO] [stdout]    --> src/codecs/jpeg/decoder.rs:79:9
[INFO] [stdout]     |
[INFO] [stdout]  79 | impl<R: BufRead + Seek> ImageDecoder for JpegDecoder<R> {
[INFO] [stdout]     |         ^^^^^^^   ^^^^  ------------     --------------
[INFO] [stdout]     |         |         |
[INFO] [stdout]     |         |         unsatisfied trait bound introduced here
[INFO] [stdout]     |         unsatisfied trait bound introduced here
[INFO] [stdout]     = help: items from traits can only be used if the trait is implemented and in scope
[INFO] [stdout] note: `io::decoder::ImageDecoder` defines an item `orientation`, perhaps you need to implement it
[INFO] [stdout]    --> src/io/decoder.rs:8:1
[INFO] [stdout]     |
[INFO] [stdout]   8 | pub trait ImageDecoder {
[INFO] [stdout]     | ^^^^^^^^^^^^^^^^^^^^^^
[INFO] [stdout] 
[INFO] [stdout] 
[INFO] [stdout] error[E0277]: the trait bound `no_std_io::io::Cursor<std::vec::Vec<u8>>: no_std_io::io::Write` is not satisfied
[INFO] [stdout]     --> src/codecs/jpeg/encoder.rs:1203:32
[INFO] [stdout]      |
[INFO] [stdout] 1203 |                 .write_to(&mut Cursor::new(vec![]), ImageFormat::Jpeg)
[INFO] [stdout]      |                  --------      ^^^^^^^^^^^^^^^^^^^ the trait `no_std_io::io::Write` is not implemented for `no_std_io::io::Cursor<std::vec::Vec<u8>>`
[INFO] [stdout]      |                  |
[INFO] [stdout]      |                  required by a bound introduced by this call
[INFO] [stdout]      |
[INFO] [stdout] help: the trait `no_std_io::io::Write` is implemented for `no_std_io::io::Cursor<&mut [u8]>`
[INFO] [stdout]     --> /opt/rustwide/cargo-home/registry/src/index.crates.io-1949cf8c6b5b557f/no_std_io-0.6.0/src/io/cursor.rs:262:1
[INFO] [stdout]      |
[INFO] [stdout]  262 | impl Write for Cursor<&mut [u8]> {
[INFO] [stdout]      | ^^^^^^^^^^^^^^^^^^^^^^^^^^^^^^^^
[INFO] [stdout]      = note: required for `&mut no_std_io::io::Cursor<std::vec::Vec<u8>>` to implement `no_std_io::io::Write`
[INFO] [stdout] note: required by a bound in `dynimage::DynamicImage::write_to`
[INFO] [stdout]     --> src/images/dynimage.rs:1376:24
[INFO] [stdout]      |
[INFO] [stdout] 1376 |     pub fn write_to<W: Write + Seek>(&self, mut w: W, format: ImageFormat) -> ImageResult<()> {
[INFO] [stdout]      |                        ^^^^^ required by this bound in `DynamicImage::write_to`
[INFO] [stdout] 
[INFO] [stdout] 
[INFO] [stdout] error[E0277]: `?` couldn't convert the error to `error::ImageError`
[INFO] [stdout]    --> src/codecs/openexr.rs:379:59
[INFO] [stdout]     |
[INFO] [stdout] 378 |     fn read_as_rgba_image_from_file(path: impl AsRef<Path>) -> ImageResult<Rgba32FImage> {
[INFO] [stdout]     |                                                                ------------------------- expected `error::ImageError` because of this
[INFO] [stdout] 379 |         read_as_rgba_image(BufReader::new(File::open(path)?))
[INFO] [stdout]     |                                           ----------------^ the trait `From<std::io::Error>` is not implemented for `error::ImageError`
[INFO] [stdout]     |                                           |
[INFO] [stdout]     |                                           this can't be annotated with `?` because it has type `Result<_, std::io::Error>`
[INFO] [stdout]     |
[INFO] [stdout] note: `error::ImageError` needs to implement `From<std::io::Error>`
[INFO] [stdout]    --> src/error.rs:31:1
[INFO] [stdout]     |
[INFO] [stdout]  31 | pub enum ImageError {
[INFO] [stdout]     | ^^^^^^^^^^^^^^^^^^^
[INFO] [stdout]     = note: the question mark operation (`?`) implicitly performs a conversion on the error value using the `From` trait
[INFO] [stdout]     = help: `error::ImageError` implements trait `From<T>`:
[INFO] [stdout]               From<TryFromExtendedColorError>
[INFO] [stdout]               From<TryReserveError>
[INFO] [stdout]               From<codecs::bmp::decoder::DecoderError>
[INFO] [stdout]               From<codecs::hdr::decoder::DecoderError>
[INFO] [stdout]               From<codecs::ico::decoder::DecoderError>
[INFO] [stdout]               From<codecs::jpeg::encoder::EncoderError>
[INFO] [stdout]               From<codecs::pnm::decoder::DecoderError>
[INFO] [stdout]               From<codecs::tga::encoder::EncoderError>
[INFO] [stdout]             and 3 others
[INFO] [stdout] 
[INFO] [stdout] 
[INFO] [stdout] error[E0277]: `?` couldn't convert the error to `error::ImageError`
[INFO] [stdout]    --> src/codecs/openexr.rs:384:58
[INFO] [stdout]     |
[INFO] [stdout] 383 |     fn read_as_rgb_image_from_file(path: impl AsRef<Path>) -> ImageResult<Rgb32FImage> {
[INFO] [stdout]     |                                                               ------------------------ expected `error::ImageError` because of this
[INFO] [stdout] 384 |         read_as_rgb_image(BufReader::new(File::open(path)?))
[INFO] [stdout]     |                                          ----------------^ the trait `From<std::io::Error>` is not implemented for `error::ImageError`
[INFO] [stdout]     |                                          |
[INFO] [stdout]     |                                          this can't be annotated with `?` because it has type `Result<_, std::io::Error>`
[INFO] [stdout]     |
[INFO] [stdout] note: `error::ImageError` needs to implement `From<std::io::Error>`
[INFO] [stdout]    --> src/error.rs:31:1
[INFO] [stdout]     |
[INFO] [stdout]  31 | pub enum ImageError {
[INFO] [stdout]     | ^^^^^^^^^^^^^^^^^^^
[INFO] [stdout]     = note: the question mark operation (`?`) implicitly performs a conversion on the error value using the `From` trait
[INFO] [stdout]     = help: `error::ImageError` implements trait `From<T>`:
[INFO] [stdout]               From<TryFromExtendedColorError>
[INFO] [stdout]               From<TryReserveError>
[INFO] [stdout]               From<codecs::bmp::decoder::DecoderError>
[INFO] [stdout]               From<codecs::hdr::decoder::DecoderError>
[INFO] [stdout]               From<codecs::ico::decoder::DecoderError>
[INFO] [stdout]               From<codecs::jpeg::encoder::EncoderError>
[INFO] [stdout]               From<codecs::pnm::decoder::DecoderError>
[INFO] [stdout]               From<codecs::tga::encoder::EncoderError>
[INFO] [stdout]             and 3 others
[INFO] [stdout] 
[INFO] [stdout] 
[INFO] [stdout] error[E0277]: the trait bound `no_std_io::io::Cursor<&mut std::vec::Vec<u8>>: no_std_io::io::Write` is not satisfied
[INFO] [stdout]    --> src/codecs/openexr.rs:465:26
[INFO] [stdout]     |
[INFO] [stdout] 465 |         write_rgba_image(Cursor::new(&mut bytes), &generated_image).unwrap();
[INFO] [stdout]     |         ---------------- ^^^^^^^^^^^^^^^^^^^^^^^ the trait `no_std_io::io::Write` is not implemented for `no_std_io::io::Cursor<&mut std::vec::Vec<u8>>`
[INFO] [stdout]     |         |
[INFO] [stdout]     |         required by a bound introduced by this call
[INFO] [stdout]     |
[INFO] [stdout] help: the trait `no_std_io::io::Write` is implemented for `no_std_io::io::Cursor<&mut [u8]>`
[INFO] [stdout]    --> /opt/rustwide/cargo-home/registry/src/index.crates.io-1949cf8c6b5b557f/no_std_io-0.6.0/src/io/cursor.rs:262:1
[INFO] [stdout]     |
[INFO] [stdout] 262 | impl Write for Cursor<&mut [u8]> {
[INFO] [stdout]     | ^^^^^^^^^^^^^^^^^^^^^^^^^^^^^^^^
[INFO] [stdout] note: required by a bound in `write_rgba_image`
[INFO] [stdout]    --> src/codecs/openexr.rs:367:37
[INFO] [stdout]     |
[INFO] [stdout] 367 |     fn write_rgba_image(write: impl Write + Seek, image: &Rgba32FImage) -> ImageResult<()> {
[INFO] [stdout]     |                                     ^^^^^ required by this bound in `write_rgba_image`
[INFO] [stdout] 
[INFO] [stdout] 
[INFO] [stdout] error[E0277]: the trait bound `no_std_io::io::Cursor<&mut std::vec::Vec<u8>>: no_std_io::io::Write` is not satisfied
[INFO] [stdout]    --> src/codecs/openexr.rs:483:25
[INFO] [stdout]     |
[INFO] [stdout] 483 |         write_rgb_image(Cursor::new(&mut bytes), &generated_image).unwrap();
[INFO] [stdout]     |         --------------- ^^^^^^^^^^^^^^^^^^^^^^^ the trait `no_std_io::io::Write` is not implemented for `no_std_io::io::Cursor<&mut std::vec::Vec<u8>>`
[INFO] [stdout]     |         |
[INFO] [stdout]     |         required by a bound introduced by this call
[INFO] [stdout]     |
[INFO] [stdout] help: the trait `no_std_io::io::Write` is implemented for `no_std_io::io::Cursor<&mut [u8]>`
[INFO] [stdout]    --> /opt/rustwide/cargo-home/registry/src/index.crates.io-1949cf8c6b5b557f/no_std_io-0.6.0/src/io/cursor.rs:262:1
[INFO] [stdout]     |
[INFO] [stdout] 262 | impl Write for Cursor<&mut [u8]> {
[INFO] [stdout]     | ^^^^^^^^^^^^^^^^^^^^^^^^^^^^^^^^
[INFO] [stdout] note: required by a bound in `write_rgb_image`
[INFO] [stdout]    --> src/codecs/openexr.rs:354:36
[INFO] [stdout]     |
[INFO] [stdout] 354 |     fn write_rgb_image(write: impl Write + Seek, image: &Rgb32FImage) -> ImageResult<()> {
[INFO] [stdout]     |                                    ^^^^^ required by this bound in `write_rgb_image`
[INFO] [stdout] 
[INFO] [stdout] 
[INFO] [stdout] error[E0425]: cannot find function `read_first_flat_layer_from_file` in this scope
[INFO] [stdout]    --> src/codecs/openexr.rs:523:32
[INFO] [stdout]     |
[INFO] [stdout] 523 |             let original_exr = read_first_flat_layer_from_file(&original).unwrap();
[INFO] [stdout]     |                                ^^^^^^^^^^^^^^^^^^^^^^^^^^^^^^^ not found in this scope
[INFO] [stdout] 
[INFO] [stdout] 
[INFO] [stdout] error[E0425]: cannot find function `read_first_flat_layer_from_file` in this scope
[INFO] [stdout]    --> src/codecs/openexr.rs:524:31
[INFO] [stdout]     |
[INFO] [stdout] 524 |             let cropped_exr = read_first_flat_layer_from_file(&cropped).unwrap();
[INFO] [stdout]     |                               ^^^^^^^^^^^^^^^^^^^^^^^^^^^^^^^ not found in this scope
[INFO] [stdout] 
[INFO] [stdout] 
[INFO] [stdout] error[E0277]: the trait bound `no_std_io::io::Cursor<std::vec::Vec<u8>>: no_std_io::io::Write` is not satisfied
[INFO] [stdout]     --> src/codecs/png.rs:868:37
[INFO] [stdout]      |
[INFO] [stdout]  868 |         let _ = image.write_to(&mut target, ImageFormat::Png);
[INFO] [stdout]      |                       --------      ^^^^^^ the trait `no_std_io::io::Write` is not implemented for `no_std_io::io::Cursor<std::vec::Vec<u8>>`
[INFO] [stdout]      |                       |
[INFO] [stdout]      |                       required by a bound introduced by this call
[INFO] [stdout]      |
[INFO] [stdout] help: the trait `no_std_io::io::Write` is implemented for `no_std_io::io::Cursor<&mut [u8]>`
[INFO] [stdout]     --> /opt/rustwide/cargo-home/registry/src/index.crates.io-1949cf8c6b5b557f/no_std_io-0.6.0/src/io/cursor.rs:262:1
[INFO] [stdout]      |
[INFO] [stdout]  262 | impl Write for Cursor<&mut [u8]> {
[INFO] [stdout]      | ^^^^^^^^^^^^^^^^^^^^^^^^^^^^^^^^
[INFO] [stdout]      = note: required for `&mut no_std_io::io::Cursor<std::vec::Vec<u8>>` to implement `no_std_io::io::Write`
[INFO] [stdout] note: required by a bound in `dynimage::DynamicImage::write_to`
[INFO] [stdout]     --> src/images/dynimage.rs:1376:24
[INFO] [stdout]      |
[INFO] [stdout] 1376 |     pub fn write_to<W: Write + Seek>(&self, mut w: W, format: ImageFormat) -> ImageResult<()> {
[INFO] [stdout]      |                        ^^^^^ required by this bound in `DynamicImage::write_to`
[INFO] [stdout] 
[INFO] [stdout] 
[INFO] [stdout] error[E0277]: the trait bound `File: no_std_io::io::Read` is not satisfied
[INFO] [stdout]    --> src/codecs/qoi.rs:115:39
[INFO] [stdout]     |
[INFO] [stdout] 115 |         let decoder = QoiDecoder::new(File::open("tests/images/qoi/basic-test.qoi").unwrap())
[INFO] [stdout]     |                       --------------- ^^^^^^^^^^^^^^^^^^^^^^^^^^^^^^^^^^^^^^^^^^^^^^^^^^^^^^ the trait `no_std_io::io::Read` is not implemented for `File`
[INFO] [stdout]     |                       |
[INFO] [stdout]     |                       required by a bound introduced by this call
[INFO] [stdout]     |
[INFO] [stdout]     = note: `File` implements similarly named trait `std::io::Read`, but not `no_std_io::io::Read`
[INFO] [stdout]     = help: the following other types implement trait `no_std_io::io::Read`:
[INFO] [stdout]               &[u8]
[INFO] [stdout]               &mut R
[INFO] [stdout]               FarbfeldReader<R>
[INFO] [stdout]               GifReader<R>
[INFO] [stdout]               TiffReader<R>
[INFO] [stdout]               ai_flate2::bufreader::BufReader<R>
[INFO] [stdout]               ai_flate2::crc::CrcReader<R>
[INFO] [stdout]               ai_flate2::deflate::bufread::DeflateDecoder<R>
[INFO] [stdout]             and 24 others
[INFO] [stdout] note: required by a bound in `codecs::qoi::QoiDecoder::<R>::new`
[INFO] [stdout]    --> src/codecs/qoi.rs:17:8
[INFO] [stdout]     |
[INFO] [stdout]  17 |     R: Read,
[INFO] [stdout]     |        ^^^^ required by this bound in `QoiDecoder::<R>::new`
[INFO] [stdout] ...
[INFO] [stdout]  20 |     pub fn new(reader: R) -> ImageResult<Self> {
[INFO] [stdout]     |            --- required by a bound in this associated function
[INFO] [stdout] 
[INFO] [stdout] 
[INFO] [stdout] error[E0599]: the method `dimensions` exists for struct `codecs::qoi::QoiDecoder<File>`, but its trait bounds were not satisfied
[INFO] [stdout]    --> src/codecs/qoi.rs:118:36
[INFO] [stdout]     |
[INFO] [stdout]  11 | pub struct QoiDecoder<R> {
[INFO] [stdout]     | ------------------------ method `dimensions` not found for this struct because it doesn't satisfy `_: ImageDecoder`
[INFO] [stdout] ...
[INFO] [stdout] 118 |         assert_eq!((5, 5), decoder.dimensions());
[INFO] [stdout]     |                                    ^^^^^^^^^^ method cannot be called on `codecs::qoi::QoiDecoder<File>` due to unsatisfied trait bounds
[INFO] [stdout]     |
[INFO] [stdout] note: trait bound `File: no_std_io::io::Read` was not satisfied
[INFO] [stdout]    --> src/codecs/qoi.rs:26:9
[INFO] [stdout]     |
[INFO] [stdout]  26 | impl<R: Read> ImageDecoder for QoiDecoder<R> {
[INFO] [stdout]     |         ^^^^  ------------     -------------
[INFO] [stdout]     |         |
[INFO] [stdout]     |         unsatisfied trait bound introduced here
[INFO] [stdout]     = help: items from traits can only be used if the trait is implemented and in scope
[INFO] [stdout]     = note: the following traits define an item `dimensions`, perhaps you need to implement one of them:
[INFO] [stdout]             candidate #1: `generic_image::GenericImageView`
[INFO] [stdout]             candidate #2: `io::decoder::ImageDecoder`
[INFO] [stdout] 
[INFO] [stdout] 
[INFO] [stdout] error[E0599]: the method `color_type` exists for struct `codecs::qoi::QoiDecoder<File>`, but its trait bounds were not satisfied
[INFO] [stdout]    --> src/codecs/qoi.rs:119:46
[INFO] [stdout]     |
[INFO] [stdout]  11 | pub struct QoiDecoder<R> {
[INFO] [stdout]     | ------------------------ method `color_type` not found for this struct because it doesn't satisfy `_: ImageDecoder`
[INFO] [stdout] ...
[INFO] [stdout] 119 |         assert_eq!(ColorType::Rgba8, decoder.color_type());
[INFO] [stdout]     |                                              ^^^^^^^^^^ method cannot be called on `codecs::qoi::QoiDecoder<File>` due to unsatisfied trait bounds
[INFO] [stdout]     |
[INFO] [stdout] note: trait bound `File: no_std_io::io::Read` was not satisfied
[INFO] [stdout]    --> src/codecs/qoi.rs:26:9
[INFO] [stdout]     |
[INFO] [stdout]  26 | impl<R: Read> ImageDecoder for QoiDecoder<R> {
[INFO] [stdout]     |         ^^^^  ------------     -------------
[INFO] [stdout]     |         |
[INFO] [stdout]     |         unsatisfied trait bound introduced here
[INFO] [stdout]     = help: items from traits can only be used if the trait is implemented and in scope
[INFO] [stdout] note: `io::decoder::ImageDecoder` defines an item `color_type`, perhaps you need to implement it
[INFO] [stdout]    --> src/io/decoder.rs:8:1
[INFO] [stdout]     |
[INFO] [stdout]   8 | pub trait ImageDecoder {
[INFO] [stdout]     | ^^^^^^^^^^^^^^^^^^^^^^
[INFO] [stdout] 
[INFO] [stdout] 
[INFO] [stdout] error[E0277]: the trait bound `std::io::Cursor<&std::vec::Vec<u8>>: no_std_io::io::Read` is not satisfied
[INFO] [stdout]    --> src/codecs/tga/encoder.rs:372:43
[INFO] [stdout]     |
[INFO] [stdout] 372 |             let decoder = TgaDecoder::new(Cursor::new(&encoded_data)).expect("failed to decode");
[INFO] [stdout]     |                           --------------- ^^^^^^^^^^^^^^^^^^^^^^^^^^ the trait `no_std_io::io::Read` is not implemented for `std::io::Cursor<&std::vec::Vec<u8>>`
[INFO] [stdout]     |                           |
[INFO] [stdout]     |                           required by a bound introduced by this call
[INFO] [stdout]     |
[INFO] [stdout]     = note: `std::io::Cursor<&std::vec::Vec<u8>>` implements similarly named trait `std::io::Read`, but not `no_std_io::io::Read`
[INFO] [stdout]     = help: the following other types implement trait `no_std_io::io::Read`:
[INFO] [stdout]               &[u8]
[INFO] [stdout]               &mut R
[INFO] [stdout]               FarbfeldReader<R>
[INFO] [stdout]               GifReader<R>
[INFO] [stdout]               TiffReader<R>
[INFO] [stdout]               ai_flate2::bufreader::BufReader<R>
[INFO] [stdout]               ai_flate2::crc::CrcReader<R>
[INFO] [stdout]               ai_flate2::deflate::bufread::DeflateDecoder<R>
[INFO] [stdout]             and 24 others
[INFO] [stdout] note: required by a bound in `codecs::tga::decoder::TgaDecoder::<R>::new`
[INFO] [stdout]    --> src/codecs/tga/decoder.rs:97:9
[INFO] [stdout]     |
[INFO] [stdout]  97 | impl<R: Read> TgaDecoder<R> {
[INFO] [stdout]     |         ^^^^ required by this bound in `TgaDecoder::<R>::new`
[INFO] [stdout]  98 |     /// Create a new decoder that decodes from the stream `r`
[INFO] [stdout]  99 |     pub fn new(mut r: R) -> ImageResult<TgaDecoder<R>> {
[INFO] [stdout]     |            --- required by a bound in this associated function
[INFO] [stdout] 
[INFO] [stdout] 
[INFO] [stdout] error[E0599]: the method `total_bytes` exists for struct `codecs::tga::decoder::TgaDecoder<std::io::Cursor<&std::vec::Vec<u8>>>`, but its trait bounds were not satisfied
[INFO] [stdout]    --> src/codecs/tga/encoder.rs:374:43
[INFO] [stdout]     |
[INFO] [stdout] 374 |             let mut buf = vec![0; decoder.total_bytes() as usize];
[INFO] [stdout]     |                                           ^^^^^^^^^^^ method cannot be called due to unsatisfied trait bounds
[INFO] [stdout]     |
[INFO] [stdout]    ::: src/codecs/tga/decoder.rs:30:1
[INFO] [stdout]     |
[INFO] [stdout]  30 | pub struct TgaDecoder<R> {
[INFO] [stdout]     | ------------------------ method `total_bytes` not found for this struct because it doesn't satisfy `_: ImageDecoder`
[INFO] [stdout]     |
[INFO] [stdout] note: trait bound `std::io::Cursor<&std::vec::Vec<u8>>: no_std_io::io::Read` was not satisfied
[INFO] [stdout]    --> src/codecs/tga/decoder.rs:384:9
[INFO] [stdout]     |
[INFO] [stdout] 384 | impl<R: Read> ImageDecoder for TgaDecoder<R> {
[INFO] [stdout]     |         ^^^^  ------------     -------------
[INFO] [stdout]     |         |
[INFO] [stdout]     |         unsatisfied trait bound introduced here
[INFO] [stdout]     = help: items from traits can only be used if the trait is implemented and in scope
[INFO] [stdout] note: `io::decoder::ImageDecoder` defines an item `total_bytes`, perhaps you need to implement it
[INFO] [stdout]    --> src/io/decoder.rs:8:1
[INFO] [stdout]     |
[INFO] [stdout]   8 | pub trait ImageDecoder {
[INFO] [stdout]     | ^^^^^^^^^^^^^^^^^^^^^^
[INFO] [stdout] 
[INFO] [stdout] 
[INFO] [stdout] error[E0599]: the method `read_image` exists for struct `codecs::tga::decoder::TgaDecoder<std::io::Cursor<&std::vec::Vec<u8>>>`, but its trait bounds were not satisfied
[INFO] [stdout]    --> src/codecs/tga/encoder.rs:375:21
[INFO] [stdout]     |
[INFO] [stdout] 375 |             decoder.read_image(&mut buf).expect("failed to decode");
[INFO] [stdout]     |                     ^^^^^^^^^^ method cannot be called due to unsatisfied trait bounds
[INFO] [stdout]     |
[INFO] [stdout]    ::: src/codecs/tga/decoder.rs:30:1
[INFO] [stdout]     |
[INFO] [stdout]  30 | pub struct TgaDecoder<R> {
[INFO] [stdout]     | ------------------------ method `read_image` not found for this struct because it doesn't satisfy `_: ImageDecoder`
[INFO] [stdout]     |
[INFO] [stdout] note: trait bound `std::io::Cursor<&std::vec::Vec<u8>>: no_std_io::io::Read` was not satisfied
[INFO] [stdout]    --> src/codecs/tga/decoder.rs:384:9
[INFO] [stdout]     |
[INFO] [stdout] 384 | impl<R: Read> ImageDecoder for TgaDecoder<R> {
[INFO] [stdout]     |         ^^^^  ------------     -------------
[INFO] [stdout]     |         |
[INFO] [stdout]     |         unsatisfied trait bound introduced here
[INFO] [stdout]     = help: items from traits can only be used if the trait is implemented and in scope
[INFO] [stdout] note: `io::decoder::ImageDecoder` defines an item `read_image`, perhaps you need to implement it
[INFO] [stdout]    --> src/io/decoder.rs:8:1
[INFO] [stdout]     |
[INFO] [stdout]   8 | pub trait ImageDecoder {
[INFO] [stdout]     | ^^^^^^^^^^^^^^^^^^^^^^
[INFO] [stdout] 
[INFO] [stdout] 
[INFO] [stdout] error[E0277]: the trait bound `std::io::Cursor<&std::vec::Vec<u8>>: no_std_io::io::Read` is not satisfied
[INFO] [stdout]    --> src/codecs/tga/encoder.rs:484:43
[INFO] [stdout]     |
[INFO] [stdout] 484 |             let decoder = TgaDecoder::new(Cursor::new(&encoded_data)).expect("failed to decode");
[INFO] [stdout]     |                           --------------- ^^^^^^^^^^^^^^^^^^^^^^^^^^ the trait `no_std_io::io::Read` is not implemented for `std::io::Cursor<&std::vec::Vec<u8>>`
[INFO] [stdout]     |                           |
[INFO] [stdout]     |                           required by a bound introduced by this call
[INFO] [stdout]     |
[INFO] [stdout]     = note: `std::io::Cursor<&std::vec::Vec<u8>>` implements similarly named trait `std::io::Read`, but not `no_std_io::io::Read`
[INFO] [stdout]     = help: the following other types implement trait `no_std_io::io::Read`:
[INFO] [stdout]               &[u8]
[INFO] [stdout]               &mut R
[INFO] [stdout]               FarbfeldReader<R>
[INFO] [stdout]               GifReader<R>
[INFO] [stdout]               TiffReader<R>
[INFO] [stdout]               ai_flate2::bufreader::BufReader<R>
[INFO] [stdout]               ai_flate2::crc::CrcReader<R>
[INFO] [stdout]               ai_flate2::deflate::bufread::DeflateDecoder<R>
[INFO] [stdout]             and 24 others
[INFO] [stdout] note: required by a bound in `codecs::tga::decoder::TgaDecoder::<R>::new`
[INFO] [stdout]    --> src/codecs/tga/decoder.rs:97:9
[INFO] [stdout]     |
[INFO] [stdout]  97 | impl<R: Read> TgaDecoder<R> {
[INFO] [stdout]     |         ^^^^ required by this bound in `TgaDecoder::<R>::new`
[INFO] [stdout]  98 |     /// Create a new decoder that decodes from the stream `r`
[INFO] [stdout]  99 |     pub fn new(mut r: R) -> ImageResult<TgaDecoder<R>> {
[INFO] [stdout]     |            --- required by a bound in this associated function
[INFO] [stdout] 
[INFO] [stdout] 
[INFO] [stdout] error[E0599]: the method `total_bytes` exists for struct `codecs::tga::decoder::TgaDecoder<std::io::Cursor<&std::vec::Vec<u8>>>`, but its trait bounds were not satisfied
[INFO] [stdout]    --> src/codecs/tga/encoder.rs:486:43
[INFO] [stdout]     |
[INFO] [stdout] 486 |             let mut buf = vec![0; decoder.total_bytes() as usize];
[INFO] [stdout]     |                                           ^^^^^^^^^^^ method cannot be called due to unsatisfied trait bounds
[INFO] [stdout]     |
[INFO] [stdout]    ::: src/codecs/tga/decoder.rs:30:1
[INFO] [stdout]     |
[INFO] [stdout]  30 | pub struct TgaDecoder<R> {
[INFO] [stdout]     | ------------------------ method `total_bytes` not found for this struct because it doesn't satisfy `_: ImageDecoder`
[INFO] [stdout]     |
[INFO] [stdout] note: trait bound `std::io::Cursor<&std::vec::Vec<u8>>: no_std_io::io::Read` was not satisfied
[INFO] [stdout]    --> src/codecs/tga/decoder.rs:384:9
[INFO] [stdout]     |
[INFO] [stdout] 384 | impl<R: Read> ImageDecoder for TgaDecoder<R> {
[INFO] [stdout]     |         ^^^^  ------------     -------------
[INFO] [stdout]     |         |
[INFO] [stdout]     |         unsatisfied trait bound introduced here
[INFO] [stdout]     = help: items from traits can only be used if the trait is implemented and in scope
[INFO] [stdout] note: `io::decoder::ImageDecoder` defines an item `total_bytes`, perhaps you need to implement it
[INFO] [stdout]    --> src/io/decoder.rs:8:1
[INFO] [stdout]     |
[INFO] [stdout]   8 | pub trait ImageDecoder {
[INFO] [stdout]     | ^^^^^^^^^^^^^^^^^^^^^^
[INFO] [stdout] 
[INFO] [stdout] 
[INFO] [stdout] error[E0599]: the method `read_image` exists for struct `codecs::tga::decoder::TgaDecoder<std::io::Cursor<&std::vec::Vec<u8>>>`, but its trait bounds were not satisfied
[INFO] [stdout]    --> src/codecs/tga/encoder.rs:487:21
[INFO] [stdout]     |
[INFO] [stdout] 487 |             decoder.read_image(&mut buf).expect("failed to decode");
[INFO] [stdout]     |                     ^^^^^^^^^^ method cannot be called due to unsatisfied trait bounds
[INFO] [stdout]     |
[INFO] [stdout]    ::: src/codecs/tga/decoder.rs:30:1
[INFO] [stdout]     |
[INFO] [stdout]  30 | pub struct TgaDecoder<R> {
[INFO] [stdout]     | ------------------------ method `read_image` not found for this struct because it doesn't satisfy `_: ImageDecoder`
[INFO] [stdout]     |
[INFO] [stdout] note: trait bound `std::io::Cursor<&std::vec::Vec<u8>>: no_std_io::io::Read` was not satisfied
[INFO] [stdout]    --> src/codecs/tga/decoder.rs:384:9
[INFO] [stdout]     |
[INFO] [stdout] 384 | impl<R: Read> ImageDecoder for TgaDecoder<R> {
[INFO] [stdout]     |         ^^^^  ------------     -------------
[INFO] [stdout]     |         |
[INFO] [stdout]     |         unsatisfied trait bound introduced here
[INFO] [stdout]     = help: items from traits can only be used if the trait is implemented and in scope
[INFO] [stdout] note: `io::decoder::ImageDecoder` defines an item `read_image`, perhaps you need to implement it
[INFO] [stdout]    --> src/io/decoder.rs:8:1
[INFO] [stdout]     |
[INFO] [stdout]   8 | pub trait ImageDecoder {
[INFO] [stdout]     | ^^^^^^^^^^^^^^^^^^^^^^
[INFO] [stdout] 
[INFO] [stdout] 
[INFO] [stdout] error[E0277]: the trait bound `no_std_io::io::Cursor<std::vec::Vec<u8>>: no_std_io::io::Write` is not satisfied
[INFO] [stdout]     --> src/images/buffer.rs:2106:30
[INFO] [stdout]      |
[INFO] [stdout] 2106 |         assert!(img.write_to(&mut buffer, ImageFormat::Png).is_ok());
[INFO] [stdout]      |                     -------- ^^^^^^^^^^^ the trait `no_std_io::io::Write` is not implemented for `no_std_io::io::Cursor<std::vec::Vec<u8>>`
[INFO] [stdout]      |                     |
[INFO] [stdout]      |                     required by a bound introduced by this call
[INFO] [stdout]      |
[INFO] [stdout] help: the trait `no_std_io::io::Write` is implemented for `no_std_io::io::Cursor<&mut [u8]>`
[INFO] [stdout]     --> /opt/rustwide/cargo-home/registry/src/index.crates.io-1949cf8c6b5b557f/no_std_io-0.6.0/src/io/cursor.rs:262:1
[INFO] [stdout]      |
[INFO] [stdout]  262 | impl Write for Cursor<&mut [u8]> {
[INFO] [stdout]      | ^^^^^^^^^^^^^^^^^^^^^^^^^^^^^^^^
[INFO] [stdout] note: required by a bound in `images::buffer::ImageBuffer::<P, Container>::write_to`
[INFO] [stdout]     --> src/images/buffer.rs:1109:12
[INFO] [stdout]      |
[INFO] [stdout] 1107 |     pub fn write_to<W>(&self, writer: &mut W, format: ImageFormat) -> ImageResult<()>
[INFO] [stdout]      |            -------- required by a bound in this associated function
[INFO] [stdout] 1108 |     where
[INFO] [stdout] 1109 |         W: no_std_io::io::Write + no_std_io::io::Seek,
[INFO] [stdout]      |            ^^^^^^^^^^^^^^^^^^^^ required by this bound in `ImageBuffer::<P, Container>::write_to`
[INFO] [stdout] 
[INFO] [stdout] 
[INFO] [stdout] error[E0599]: no variant, associated function, or constant named `from_path` found for enum `io::format::ImageFormat` in the current scope
[INFO] [stdout]    --> src/io/format.rs:408:26
[INFO] [stdout]     |
[INFO] [stdout]  14 | pub enum ImageFormat {
[INFO] [stdout]     | -------------------- variant, associated function, or constant `from_path` not found for this enum
[INFO] [stdout] ...
[INFO] [stdout] 408 |             ImageFormat::from_path(Path::new(s))
[INFO] [stdout]     |                          ^^^^^^^^^ variant, associated function, or constant not found in `io::format::ImageFormat`
[INFO] [stdout]     |
[INFO] [stdout] note: if you're trying to build a new `io::format::ImageFormat` consider using one of the following associated functions:
[INFO] [stdout]       io::format::ImageFormat::from_extension_str
[INFO] [stdout]       io::format::ImageFormat::from_mime_type
[INFO] [stdout]    --> src/io/format.rs:93:5
[INFO] [stdout]     |
[INFO] [stdout]  93 |       pub fn from_extension_str(ext: &str) -> Option<Self> {
[INFO] [stdout]     |       ^^^^^^^^^^^^^^^^^^^^^^^^^^^^^^^^^^^^^^^^^^^^^^^^^^^^
[INFO] [stdout] ...
[INFO] [stdout] 160 | /     pub fn from_mime_type<M>(mime_type: M) -> Option<Self>
[INFO] [stdout] 161 | |     where
[INFO] [stdout] 162 | |         M: AsRef<str>,
[INFO] [stdout]     | |______________________^
[INFO] [stdout] 
[INFO] [stdout] 
[INFO] [stdout] error[E0599]: no variant, associated function, or constant named `from_path` found for enum `io::format::ImageFormat` in the current scope
[INFO] [stdout]    --> src/io/format.rs:443:36
[INFO] [stdout]     |
[INFO] [stdout]  14 | pub enum ImageFormat {
[INFO] [stdout]     | -------------------- variant, associated function, or constant `from_path` not found for this enum
[INFO] [stdout] ...
[INFO] [stdout] 443 |                 match ImageFormat::from_path(&file) {
[INFO] [stdout]     |                                    ^^^^^^^^^ variant, associated function, or constant not found in `io::format::ImageFormat`
[INFO] [stdout]     |
[INFO] [stdout] note: if you're trying to build a new `io::format::ImageFormat` consider using one of the following associated functions:
[INFO] [stdout]       io::format::ImageFormat::from_extension_str
[INFO] [stdout]       io::format::ImageFormat::from_mime_type
[INFO] [stdout]    --> src/io/format.rs:93:5
[INFO] [stdout]     |
[INFO] [stdout]  93 |       pub fn from_extension_str(ext: &str) -> Option<Self> {
[INFO] [stdout]     |       ^^^^^^^^^^^^^^^^^^^^^^^^^^^^^^^^^^^^^^^^^^^^^^^^^^^^
[INFO] [stdout] ...
[INFO] [stdout] 160 | /     pub fn from_mime_type<M>(mime_type: M) -> Option<Self>
[INFO] [stdout] 161 | |     where
[INFO] [stdout] 162 | |         M: AsRef<str>,
[INFO] [stdout]     | |______________________^
[INFO] [stdout] 
[INFO] [stdout] 
[INFO] [stdout] error[E0271]: expected `seek_scanline` to return `Result<(), Error>`, but it returns `Result<(), Error>`
[INFO] [stdout]    --> src/io/free_functions.rs:417:17
[INFO] [stdout]     |
[INFO] [stdout] 405 |             load_rect(
[INFO] [stdout]     |             --------- required by a bound introduced by this call
[INFO] [stdout] ...
[INFO] [stdout] 417 |                 seek_scanline,
[INFO] [stdout]     |                 ^^^^^^^^^^^^^ expected `no_std_io::io::Error`, found `std::io::Error`
[INFO] [stdout]     |
[INFO] [stdout]     = note: `std::io::Error` and `no_std_io::io::Error` have similar names, but are actually distinct types
[INFO] [stdout] note: `std::io::Error` is defined in crate `core`
[INFO] [stdout]    --> /rustc/dfb0accb7f508ae8be965d8629557221c889dd98/library/core/src/io/error.rs:87:0
[INFO] [stdout] note: `no_std_io::io::Error` is defined in crate `no_std_io`
[INFO] [stdout]    --> /opt/rustwide/cargo-home/registry/src/index.crates.io-1949cf8c6b5b557f/no_std_io-0.6.0/src/io/error.rs:50:1
[INFO] [stdout]     |
[INFO] [stdout]  50 | pub struct Error {
[INFO] [stdout]     | ^^^^^^^^^^^^^^^^
[INFO] [stdout] note: required by a bound in `load_rect`
[INFO] [stdout]    --> src/io/free_functions.rs:215:31
[INFO] [stdout]     |
[INFO] [stdout] 201 | pub(crate) fn load_rect<D, F1, F2, E>(
[INFO] [stdout]     |               --------- required by a bound in this function
[INFO] [stdout] ...
[INFO] [stdout] 215 |     F1: FnMut(&mut D, u64) -> io::Result<()>,
[INFO] [stdout]     |                               ^^^^^^^^^^^^^^ required by this bound in `load_rect`
[INFO] [stdout] 
[INFO] [stdout] 
[INFO] [stdout] error[E0277]: the trait bound `error::ImageError: From<std::io::Error>` is not satisfied
[INFO] [stdout]    --> src/io/free_functions.rs:405:13
[INFO] [stdout]     |
[INFO] [stdout] 405 | /             load_rect(
[INFO] [stdout] 406 | |                 0,
[INFO] [stdout] 407 | |                 0,
[INFO] [stdout] 408 | |                 5,
[INFO] [stdout] ...   |
[INFO] [stdout] 418 | |                 read_scanline,
[INFO] [stdout] 419 | |             )
[INFO] [stdout]     | |_____________^ unsatisfied trait bound
[INFO] [stdout]     |
[INFO] [stdout] help: the trait `From<std::io::Error>` is not implemented for `error::ImageError`
[INFO] [stdout]    --> src/error.rs:31:1
[INFO] [stdout]     |
[INFO] [stdout]  31 | pub enum ImageError {
[INFO] [stdout]     | ^^^^^^^^^^^^^^^^^^^
[INFO] [stdout]     = help: `error::ImageError` implements trait `From<T>`:
[INFO] [stdout]               From<TryFromExtendedColorError>
[INFO] [stdout]               From<TryReserveError>
[INFO] [stdout]               From<codecs::bmp::decoder::DecoderError>
[INFO] [stdout]               From<codecs::hdr::decoder::DecoderError>
[INFO] [stdout]               From<codecs::ico::decoder::DecoderError>
[INFO] [stdout]               From<codecs::jpeg::encoder::EncoderError>
[INFO] [stdout]               From<codecs::pnm::decoder::DecoderError>
[INFO] [stdout]               From<codecs::tga::encoder::EncoderError>
[INFO] [stdout]             and 3 others
[INFO] [stdout] note: required by a bound in `load_rect`
[INFO] [stdout]    --> src/io/free_functions.rs:217:17
[INFO] [stdout]     |
[INFO] [stdout] 201 | pub(crate) fn load_rect<D, F1, F2, E>(
[INFO] [stdout]     |               --------- required by a bound in this function
[INFO] [stdout] ...
[INFO] [stdout] 217 |     ImageError: From<E>,
[INFO] [stdout]     |                 ^^^^^^^ required by this bound in `load_rect`
[INFO] [stdout] 
[INFO] [stdout] 
[INFO] [stdout] error[E0271]: expected `seek_scanline` to return `Result<(), Error>`, but it returns `Result<(), Error>`
[INFO] [stdout]    --> src/io/free_functions.rs:437:17
[INFO] [stdout]     |
[INFO] [stdout] 425 |             load_rect(
[INFO] [stdout]     |             --------- required by a bound introduced by this call
[INFO] [stdout] ...
[INFO] [stdout] 437 |                 seek_scanline,
[INFO] [stdout]     |                 ^^^^^^^^^^^^^ expected `no_std_io::io::Error`, found `std::io::Error`
[INFO] [stdout]     |
[INFO] [stdout]     = note: `std::io::Error` and `no_std_io::io::Error` have similar names, but are actually distinct types
[INFO] [stdout] note: `std::io::Error` is defined in crate `core`
[INFO] [stdout]    --> /rustc/dfb0accb7f508ae8be965d8629557221c889dd98/library/core/src/io/error.rs:87:0
[INFO] [stdout] note: `no_std_io::io::Error` is defined in crate `no_std_io`
[INFO] [stdout]    --> /opt/rustwide/cargo-home/registry/src/index.crates.io-1949cf8c6b5b557f/no_std_io-0.6.0/src/io/error.rs:50:1
[INFO] [stdout]     |
[INFO] [stdout]  50 | pub struct Error {
[INFO] [stdout]     | ^^^^^^^^^^^^^^^^
[INFO] [stdout] note: required by a bound in `load_rect`
[INFO] [stdout]    --> src/io/free_functions.rs:215:31
[INFO] [stdout]     |
[INFO] [stdout] 201 | pub(crate) fn load_rect<D, F1, F2, E>(
[INFO] [stdout]     |               --------- required by a bound in this function
[INFO] [stdout] ...
[INFO] [stdout] 215 |     F1: FnMut(&mut D, u64) -> io::Result<()>,
[INFO] [stdout]     |                               ^^^^^^^^^^^^^^ required by this bound in `load_rect`
[INFO] [stdout] 
[INFO] [stdout] 
[INFO] [stdout] error[E0277]: the trait bound `error::ImageError: From<std::io::Error>` is not satisfied
[INFO] [stdout]    --> src/io/free_functions.rs:425:13
[INFO] [stdout]     |
[INFO] [stdout] 425 | /             load_rect(
[INFO] [stdout] 426 | |                 3,
[INFO] [stdout] 427 | |                 2,
[INFO] [stdout] 428 | |                 1,
[INFO] [stdout] ...   |
[INFO] [stdout] 438 | |                 read_scanline,
[INFO] [stdout] 439 | |             )
[INFO] [stdout]     | |_____________^ unsatisfied trait bound
[INFO] [stdout]     |
[INFO] [stdout] help: the trait `From<std::io::Error>` is not implemented for `error::ImageError`
[INFO] [stdout]    --> src/error.rs:31:1
[INFO] [stdout]     |
[INFO] [stdout]  31 | pub enum ImageError {
[INFO] [stdout]     | ^^^^^^^^^^^^^^^^^^^
[INFO] [stdout]     = help: `error::ImageError` implements trait `From<T>`:
[INFO] [stdout]               From<TryFromExtendedColorError>
[INFO] [stdout]               From<TryReserveError>
[INFO] [stdout]               From<codecs::bmp::decoder::DecoderError>
[INFO] [stdout]               From<codecs::hdr::decoder::DecoderError>
[INFO] [stdout]               From<codecs::ico::decoder::DecoderError>
[INFO] [stdout]               From<codecs::jpeg::encoder::EncoderError>
[INFO] [stdout]               From<codecs::pnm::decoder::DecoderError>
[INFO] [stdout]               From<codecs::tga::encoder::EncoderError>
[INFO] [stdout]             and 3 others
[INFO] [stdout] note: required by a bound in `load_rect`
[INFO] [stdout]    --> src/io/free_functions.rs:217:17
[INFO] [stdout]     |
[INFO] [stdout] 201 | pub(crate) fn load_rect<D, F1, F2, E>(
[INFO] [stdout]     |               --------- required by a bound in this function
[INFO] [stdout] ...
[INFO] [stdout] 217 |     ImageError: From<E>,
[INFO] [stdout]     |                 ^^^^^^^ required by this bound in `load_rect`
[INFO] [stdout] 
[INFO] [stdout] 
[INFO] [stdout] error[E0271]: expected `seek_scanline` to return `Result<(), Error>`, but it returns `Result<(), Error>`
[INFO] [stdout]    --> src/io/free_functions.rs:456:17
[INFO] [stdout]     |
[INFO] [stdout] 444 |             load_rect(
[INFO] [stdout]     |             --------- required by a bound introduced by this call
[INFO] [stdout] ...
[INFO] [stdout] 456 |                 seek_scanline,
[INFO] [stdout]     |                 ^^^^^^^^^^^^^ expected `no_std_io::io::Error`, found `std::io::Error`
[INFO] [stdout]     |
[INFO] [stdout]     = note: `std::io::Error` and `no_std_io::io::Error` have similar names, but are actually distinct types
[INFO] [stdout] note: `std::io::Error` is defined in crate `core`
[INFO] [stdout]    --> /rustc/dfb0accb7f508ae8be965d8629557221c889dd98/library/core/src/io/error.rs:87:0
[INFO] [stdout] note: `no_std_io::io::Error` is defined in crate `no_std_io`
[INFO] [stdout]    --> /opt/rustwide/cargo-home/registry/src/index.crates.io-1949cf8c6b5b557f/no_std_io-0.6.0/src/io/error.rs:50:1
[INFO] [stdout]     |
[INFO] [stdout]  50 | pub struct Error {
[INFO] [stdout]     | ^^^^^^^^^^^^^^^^
[INFO] [stdout] note: required by a bound in `load_rect`
[INFO] [stdout]    --> src/io/free_functions.rs:215:31
[INFO] [stdout]     |
[INFO] [stdout] 201 | pub(crate) fn load_rect<D, F1, F2, E>(
[INFO] [stdout]     |               --------- required by a bound in this function
[INFO] [stdout] ...
[INFO] [stdout] 215 |     F1: FnMut(&mut D, u64) -> io::Result<()>,
[INFO] [stdout]     |                               ^^^^^^^^^^^^^^ required by this bound in `load_rect`
[INFO] [stdout] 
[INFO] [stdout] 
[INFO] [stdout] error[E0277]: the trait bound `error::ImageError: From<std::io::Error>` is not satisfied
[INFO] [stdout]    --> src/io/free_functions.rs:444:13
[INFO] [stdout]     |
[INFO] [stdout] 444 | /             load_rect(
[INFO] [stdout] 445 | |                 3,
[INFO] [stdout] 446 | |                 2,
[INFO] [stdout] 447 | |                 2,
[INFO] [stdout] ...   |
[INFO] [stdout] 457 | |                 read_scanline,
[INFO] [stdout] 458 | |             )
[INFO] [stdout]     | |_____________^ unsatisfied trait bound
[INFO] [stdout]     |
[INFO] [stdout] help: the trait `From<std::io::Error>` is not implemented for `error::ImageError`
[INFO] [stdout]    --> src/error.rs:31:1
[INFO] [stdout]     |
[INFO] [stdout]  31 | pub enum ImageError {
[INFO] [stdout]     | ^^^^^^^^^^^^^^^^^^^
[INFO] [stdout]     = help: `error::ImageError` implements trait `From<T>`:
[INFO] [stdout]               From<TryFromExtendedColorError>
[INFO] [stdout]               From<TryReserveError>
[INFO] [stdout]               From<codecs::bmp::decoder::DecoderError>
[INFO] [stdout]               From<codecs::hdr::decoder::DecoderError>
[INFO] [stdout]               From<codecs::ico::decoder::DecoderError>
[INFO] [stdout]               From<codecs::jpeg::encoder::EncoderError>
[INFO] [stdout]               From<codecs::pnm::decoder::DecoderError>
[INFO] [stdout]               From<codecs::tga::encoder::EncoderError>
[INFO] [stdout]             and 3 others
[INFO] [stdout] note: required by a bound in `load_rect`
[INFO] [stdout]    --> src/io/free_functions.rs:217:17
[INFO] [stdout]     |
[INFO] [stdout] 201 | pub(crate) fn load_rect<D, F1, F2, E>(
[INFO] [stdout]     |               --------- required by a bound in this function
[INFO] [stdout] ...
[INFO] [stdout] 217 |     ImageError: From<E>,
[INFO] [stdout]     |                 ^^^^^^^ required by this bound in `load_rect`
[INFO] [stdout] 
[INFO] [stdout] 
[INFO] [stdout] error[E0271]: expected `seek_scanline` to return `Result<(), Error>`, but it returns `Result<(), Error>`
[INFO] [stdout]    --> src/io/free_functions.rs:475:17
[INFO] [stdout]     |
[INFO] [stdout] 463 |             load_rect(
[INFO] [stdout]     |             --------- required by a bound introduced by this call
[INFO] [stdout] ...
[INFO] [stdout] 475 |                 seek_scanline,
[INFO] [stdout]     |                 ^^^^^^^^^^^^^ expected `no_std_io::io::Error`, found `std::io::Error`
[INFO] [stdout]     |
[INFO] [stdout]     = note: `std::io::Error` and `no_std_io::io::Error` have similar names, but are actually distinct types
[INFO] [stdout] note: `std::io::Error` is defined in crate `core`
[INFO] [stdout]    --> /rustc/dfb0accb7f508ae8be965d8629557221c889dd98/library/core/src/io/error.rs:87:0
[INFO] [stdout] note: `no_std_io::io::Error` is defined in crate `no_std_io`
[INFO] [stdout]    --> /opt/rustwide/cargo-home/registry/src/index.crates.io-1949cf8c6b5b557f/no_std_io-0.6.0/src/io/error.rs:50:1
[INFO] [stdout]     |
[INFO] [stdout]  50 | pub struct Error {
[INFO] [stdout]     | ^^^^^^^^^^^^^^^^
[INFO] [stdout] note: required by a bound in `load_rect`
[INFO] [stdout]    --> src/io/free_functions.rs:215:31
[INFO] [stdout]     |
[INFO] [stdout] 201 | pub(crate) fn load_rect<D, F1, F2, E>(
[INFO] [stdout]     |               --------- required by a bound in this function
[INFO] [stdout] ...
[INFO] [stdout] 215 |     F1: FnMut(&mut D, u64) -> io::Result<()>,
[INFO] [stdout]     |                               ^^^^^^^^^^^^^^ required by this bound in `load_rect`
[INFO] [stdout] 
[INFO] [stdout] 
[INFO] [stdout] error[E0277]: the trait bound `error::ImageError: From<std::io::Error>` is not satisfied
[INFO] [stdout]    --> src/io/free_functions.rs:463:13
[INFO] [stdout]     |
[INFO] [stdout] 463 | /             load_rect(
[INFO] [stdout] 464 | |                 1,
[INFO] [stdout] 465 | |                 1,
[INFO] [stdout] 466 | |                 2,
[INFO] [stdout] ...   |
[INFO] [stdout] 476 | |                 read_scanline,
[INFO] [stdout] 477 | |             )
[INFO] [stdout]     | |_____________^ unsatisfied trait bound
[INFO] [stdout]     |
[INFO] [stdout] help: the trait `From<std::io::Error>` is not implemented for `error::ImageError`
[INFO] [stdout]    --> src/error.rs:31:1
[INFO] [stdout]     |
[INFO] [stdout]  31 | pub enum ImageError {
[INFO] [stdout]     | ^^^^^^^^^^^^^^^^^^^
[INFO] [stdout]     = help: `error::ImageError` implements trait `From<T>`:
[INFO] [stdout]               From<TryFromExtendedColorError>
[INFO] [stdout]               From<TryReserveError>
[INFO] [stdout]               From<codecs::bmp::decoder::DecoderError>
[INFO] [stdout]               From<codecs::hdr::decoder::DecoderError>
[INFO] [stdout]               From<codecs::ico::decoder::DecoderError>
[INFO] [stdout]               From<codecs::jpeg::encoder::EncoderError>
[INFO] [stdout]               From<codecs::pnm::decoder::DecoderError>
[INFO] [stdout]               From<codecs::tga::encoder::EncoderError>
[INFO] [stdout]             and 3 others
[INFO] [stdout] note: required by a bound in `load_rect`
[INFO] [stdout]    --> src/io/free_functions.rs:217:17
[INFO] [stdout]     |
[INFO] [stdout] 201 | pub(crate) fn load_rect<D, F1, F2, E>(
[INFO] [stdout]     |               --------- required by a bound in this function
[INFO] [stdout] ...
[INFO] [stdout] 217 |     ImageError: From<E>,
[INFO] [stdout]     |                 ^^^^^^^ required by this bound in `load_rect`
[INFO] [stdout] 
[INFO] [stdout] 
[INFO] [stdout] error[E0271]: expected `{closure@free_functions.rs:508:29}` to return `Result<(), Error>`, but it returns `Result<(), Error>`
[INFO] [stdout]    --> src/io/free_functions.rs:508:63
[INFO] [stdout]     |
[INFO] [stdout] 508 |         let seek_scanline = |_d: &mut MockDecoder, n: u64| -> io::Result<()> {
[INFO] [stdout]     |                             ----------------------------------^^^^^^^^^^^^^^
[INFO] [stdout]     |                             |                                 |
[INFO] [stdout]     |                             |                                 expected `no_std_io::io::Error`, found `std::io::Error`
[INFO] [stdout]     |                             this closure
[INFO] [stdout] ...
[INFO] [stdout] 521 |         load_rect(
[INFO] [stdout]     |         --------- required by a bound introduced by this call
[INFO] [stdout] ...
[INFO] [stdout] 530 |             seek_scanline,
[INFO] [stdout]     |             ------------- closure used here
[INFO] [stdout]     |
[INFO] [stdout]     = note: `std::io::Error` and `no_std_io::io::Error` have similar names, but are actually distinct types
[INFO] [stdout] note: `std::io::Error` is defined in crate `core`
[INFO] [stdout]    --> /rustc/dfb0accb7f508ae8be965d8629557221c889dd98/library/core/src/io/error.rs:87:0
[INFO] [stdout] note: `no_std_io::io::Error` is defined in crate `no_std_io`
[INFO] [stdout]    --> /opt/rustwide/cargo-home/registry/src/index.crates.io-1949cf8c6b5b557f/no_std_io-0.6.0/src/io/error.rs:50:1
[INFO] [stdout]     |
[INFO] [stdout]  50 | pub struct Error {
[INFO] [stdout]     | ^^^^^^^^^^^^^^^^
[INFO] [stdout] note: required by a bound in `load_rect`
[INFO] [stdout]    --> src/io/free_functions.rs:215:31
[INFO] [stdout]     |
[INFO] [stdout] 201 | pub(crate) fn load_rect<D, F1, F2, E>(
[INFO] [stdout]     |               --------- required by a bound in this function
[INFO] [stdout] ...
[INFO] [stdout] 215 |     F1: FnMut(&mut D, u64) -> io::Result<()>,
[INFO] [stdout]     |                               ^^^^^^^^^^^^^^ required by this bound in `load_rect`
[INFO] [stdout] 
[INFO] [stdout] 
[INFO] [stdout] error[E0277]: the trait bound `error::ImageError: From<std::io::Error>` is not satisfied
[INFO] [stdout]    --> src/io/free_functions.rs:521:9
[INFO] [stdout]     |
[INFO] [stdout] 521 | /         load_rect(
[INFO] [stdout] 522 | |             1,
[INFO] [stdout] 523 | |             1,
[INFO] [stdout] 524 | |             2,
[INFO] [stdout] ...   |
[INFO] [stdout] 531 | |             read_scanline,
[INFO] [stdout] 532 | |         )
[INFO] [stdout]     | |_________^ unsatisfied trait bound
[INFO] [stdout]     |
[INFO] [stdout] help: the trait `From<std::io::Error>` is not implemented for `error::ImageError`
[INFO] [stdout]    --> src/error.rs:31:1
[INFO] [stdout]     |
[INFO] [stdout]  31 | pub enum ImageError {
[INFO] [stdout]     | ^^^^^^^^^^^^^^^^^^^
[INFO] [stdout]     = help: `error::ImageError` implements trait `From<T>`:
[INFO] [stdout]               From<TryFromExtendedColorError>
[INFO] [stdout]               From<TryReserveError>
[INFO] [stdout]               From<codecs::bmp::decoder::DecoderError>
[INFO] [stdout]               From<codecs::hdr::decoder::DecoderError>
[INFO] [stdout]               From<codecs::ico::decoder::DecoderError>
[INFO] [stdout]               From<codecs::jpeg::encoder::EncoderError>
[INFO] [stdout]               From<codecs::pnm::decoder::DecoderError>
[INFO] [stdout]               From<codecs::tga::encoder::EncoderError>
[INFO] [stdout]             and 3 others
[INFO] [stdout] note: required by a bound in `load_rect`
[INFO] [stdout]    --> src/io/free_functions.rs:217:17
[INFO] [stdout]     |
[INFO] [stdout] 201 | pub(crate) fn load_rect<D, F1, F2, E>(
[INFO] [stdout]     |               --------- required by a bound in this function
[INFO] [stdout] ...
[INFO] [stdout] 217 |     ImageError: From<E>,
[INFO] [stdout]     |                 ^^^^^^^ required by this bound in `load_rect`
[INFO] [stdout] 
[INFO] [stdout] 
[INFO] [stdout] error[E0277]: the trait bound `std::io::Cursor<&[u8]>: no_std_io::io::BufRead` is not satisfied
[INFO] [stdout]    --> src/metadata.rs:200:44
[INFO] [stdout]     |
[INFO] [stdout] 200 |         let mut decoder = JpegDecoder::new(reader).expect("Failed to decode test image");
[INFO] [stdout]     |                           ---------------- ^^^^^^ the trait `no_std_io::io::BufRead` is not implemented for `std::io::Cursor<&[u8]>`
[INFO] [stdout]     |                           |
[INFO] [stdout]     |                           required by a bound introduced by this call
[INFO] [stdout]     |
[INFO] [stdout]     = note: `std::io::Cursor<&[u8]>` implements similarly named trait `std::io::BufRead`, but not `no_std_io::io::BufRead`
[INFO] [stdout]     = help: the following other types implement trait `no_std_io::io::BufRead`:
[INFO] [stdout]               &[u8]
[INFO] [stdout]               &mut B
[INFO] [stdout]               ai_flate2::bufreader::BufReader<R>
[INFO] [stdout]               ai_flate2::crc::CrcReader<R>
[INFO] [stdout]               ai_tiff::compat::BufReader<R>
[INFO] [stdout]               no_std_io::io::Chain<T, U>
[INFO] [stdout]               no_std_io::io::Cursor<T>
[INFO] [stdout]               no_std_io::io::Take<T>
[INFO] [stdout] note: required by a bound in `codecs::jpeg::decoder::JpegDecoder::<R>::new`
[INFO] [stdout]    --> src/codecs/jpeg/decoder.rs:30:9
[INFO] [stdout]     |
[INFO] [stdout]  30 | impl<R: BufRead + Seek> JpegDecoder<R> {
[INFO] [stdout]     |         ^^^^^^^ required by this bound in `JpegDecoder::<R>::new`
[INFO] [stdout]  31 |     /// Create a new decoder that decodes from the stream ```r```
[INFO] [stdout]  32 |     pub fn new(r: R) -> ImageResult<JpegDecoder<R>> {
[INFO] [stdout]     |            --- required by a bound in this associated function
[INFO] [stdout] 
[INFO] [stdout] 
[INFO] [stdout] error[E0277]: the trait bound `std::io::Cursor<&[u8]>: no_std_io::io::Seek` is not satisfied
[INFO] [stdout]    --> src/metadata.rs:200:44
[INFO] [stdout]     |
[INFO] [stdout] 200 |         let mut decoder = JpegDecoder::new(reader).expect("Failed to decode test image");
[INFO] [stdout]     |                           ---------------- ^^^^^^ the trait `no_std_io::io::Seek` is not implemented for `std::io::Cursor<&[u8]>`
[INFO] [stdout]     |                           |
[INFO] [stdout]     |                           required by a bound introduced by this call
[INFO] [stdout]     |
[INFO] [stdout]     = note: `std::io::Cursor<&[u8]>` implements similarly named trait `std::io::Seek`, but not `no_std_io::io::Seek`
[INFO] [stdout] help: the following other types implement trait `no_std_io::io::Seek`
[INFO] [stdout]    --> /opt/rustwide/cargo-home/registry/src/index.crates.io-1949cf8c6b5b557f/no_std_io-0.6.0/src/io/impls.rs:42:1
[INFO] [stdout]     |
[INFO] [stdout]  42 |   impl<S: Seek + ?Sized> Seek for &mut S {
[INFO] [stdout]     |   ^^^^^^^^^^^^^^^^^^^^^^^^^^^^^^^^^^^^^^ `&mut S`
[INFO] [stdout]     |
[INFO] [stdout]    ::: src/codecs/farbfeld.rs:113:1
[INFO] [stdout]     |
[INFO] [stdout] 113 |   impl<R: Read + Seek> Seek for FarbfeldReader<R> {
[INFO] [stdout]     |   ^^^^^^^^^^^^^^^^^^^^^^^^^^^^^^^^^^^^^^^^^^^^^^^ `FarbfeldReader<R>`
[INFO] [stdout]     |
[INFO] [stdout]    ::: /opt/rustwide/cargo-home/registry/src/index.crates.io-1949cf8c6b5b557f/no_std_io-0.6.0/src/io/cursor.rs:191:1
[INFO] [stdout]     |
[INFO] [stdout] 191 | / impl<T> Seek for Cursor<T>
[INFO] [stdout] 192 | | where
[INFO] [stdout] 193 | |     T: AsRef<[u8]>,
[INFO] [stdout]     | |___________________^ `no_std_io::io::Cursor<T>`
[INFO] [stdout] note: required by a bound in `codecs::jpeg::decoder::JpegDecoder::<R>::new`
[INFO] [stdout]    --> src/codecs/jpeg/decoder.rs:30:19
[INFO] [stdout]     |
[INFO] [stdout]  30 | impl<R: BufRead + Seek> JpegDecoder<R> {
[INFO] [stdout]     |                   ^^^^ required by this bound in `JpegDecoder::<R>::new`
[INFO] [stdout]  31 |     /// Create a new decoder that decodes from the stream ```r```
[INFO] [stdout]  32 |     pub fn new(r: R) -> ImageResult<JpegDecoder<R>> {
[INFO] [stdout]     |            --- required by a bound in this associated function
[INFO] [stdout] 
[INFO] [stdout] 
[INFO] [stdout] error[E0599]: the method `exif_metadata` exists for struct `codecs::jpeg::decoder::JpegDecoder<std::io::Cursor<&[u8]>>`, but its trait bounds were not satisfied
[INFO] [stdout]    --> src/metadata.rs:202:14
[INFO] [stdout]     |
[INFO] [stdout] 201 |           let mut exif_chunk = decoder
[INFO] [stdout]     |  ______________________________-
[INFO] [stdout] 202 | |             .exif_metadata()
[INFO] [stdout]     | |             -^^^^^^^^^^^^^ method cannot be called due to unsatisfied trait bounds
[INFO] [stdout]     | |_____________|
[INFO] [stdout]     |
[INFO] [stdout]     |
[INFO] [stdout]    ::: src/codecs/jpeg/decoder.rs:18:1
[INFO] [stdout]     |
[INFO] [stdout]  18 |   pub struct JpegDecoder<R> {
[INFO] [stdout]     |   ------------------------- method `exif_metadata` not found for this struct because it doesn't satisfy `_: ImageDecoder`
[INFO] [stdout]     |
[INFO] [stdout] note: the following trait bounds were not satisfied:
[INFO] [stdout]       `std::io::Cursor<&[u8]>: no_std_io::io::BufRead`
[INFO] [stdout]       `std::io::Cursor<&[u8]>: no_std_io::io::Seek`
[INFO] [stdout]    --> src/codecs/jpeg/decoder.rs:79:9
[INFO] [stdout]     |
[INFO] [stdout]  79 | impl<R: BufRead + Seek> ImageDecoder for JpegDecoder<R> {
[INFO] [stdout]     |         ^^^^^^^   ^^^^  ------------     --------------
[INFO] [stdout]     |         |         |
[INFO] [stdout]     |         |         unsatisfied trait bound introduced here
[INFO] [stdout]     |         unsatisfied trait bound introduced here
[INFO] [stdout]     = help: items from traits can only be used if the trait is implemented and in scope
[INFO] [stdout] note: `io::decoder::ImageDecoder` defines an item `exif_metadata`, perhaps you need to implement it
[INFO] [stdout]    --> src/io/decoder.rs:8:1
[INFO] [stdout]     |
[INFO] [stdout]   8 | pub trait ImageDecoder {
[INFO] [stdout]     | ^^^^^^^^^^^^^^^^^^^^^^
[INFO] [stdout] 
[INFO] [stdout] 
[INFO] [stdout] warning: unused import: `num_traits::float::FloatCore`
[INFO] [stdout]  --> src/codecs/pnm/decoder.rs:9:5
[INFO] [stdout]   |
[INFO] [stdout] 9 | use num_traits::float::FloatCore as _;
[INFO] [stdout]   |     ^^^^^^^^^^^^^^^^^^^^^^^^^^^^
[INFO] [stdout]   |
[INFO] [stdout]   = note: `#[warn(unused_imports)]` (part of `#[warn(unused)]`) on by default
[INFO] [stdout] 
[INFO] [stdout] 
[INFO] [stdout] warning: unused import: `num_traits::float::FloatCore`
[INFO] [stdout]  --> src/math/utils.rs:6:5
[INFO] [stdout]   |
[INFO] [stdout] 6 | use num_traits::float::FloatCore as _;
[INFO] [stdout]   |     ^^^^^^^^^^^^^^^^^^^^^^^^^^^^
[INFO] [stdout] 
[INFO] [stdout] 
[INFO] [stdout] warning: unused import: `num_traits::float::FloatCore`
[INFO] [stdout]  --> src/codecs/jpeg/encoder.rs:6:5
[INFO] [stdout]   |
[INFO] [stdout] 6 | use num_traits::float::FloatCore as _;
[INFO] [stdout]   |     ^^^^^^^^^^^^^^^^^^^^^^^^^^^^
[INFO] [stdout] 
[INFO] [stdout] 
[INFO] [stdout] warning: unused import: `num_traits::Float`
[INFO] [stdout]  --> src/imageops/colorops.rs:5:5
[INFO] [stdout]   |
[INFO] [stdout] 5 | use num_traits::Float as _;
[INFO] [stdout]   |     ^^^^^^^^^^^^^^^^^
[INFO] [stdout] 
[INFO] [stdout] 
[INFO] [stdout] warning: unused import: `num_traits::Float`
[INFO] [stdout]  --> src/imageops/fast_blur.rs:4:5
[INFO] [stdout]   |
[INFO] [stdout] 4 | use num_traits::Float as _;
[INFO] [stdout]   |     ^^^^^^^^^^^^^^^^^
[INFO] [stdout] 
[INFO] [stdout] 
[INFO] [stdout] warning: unused import: `num_traits::Float`
[INFO] [stdout]   --> src/imageops/filter_1d.rs:10:5
[INFO] [stdout]    |
[INFO] [stdout] 10 | use num_traits::Float as _;
[INFO] [stdout]    |     ^^^^^^^^^^^^^^^^^
[INFO] [stdout] 
[INFO] [stdout] 
[INFO] [stdout] warning: unused import: `num_traits::Float`
[INFO] [stdout]   --> src/imageops/sample.rs:10:5
[INFO] [stdout]    |
[INFO] [stdout] 10 | use num_traits::Float as _;
[INFO] [stdout]    |     ^^^^^^^^^^^^^^^^^
[INFO] [stdout] 
[INFO] [stdout] 
[INFO] [stdout] warning: unused import: `num_traits::float::FloatCore`
[INFO] [stdout]  --> src/metadata/cicp.rs:5:5
[INFO] [stdout]   |
[INFO] [stdout] 5 | use num_traits::float::FloatCore as _;
[INFO] [stdout]   |     ^^^^^^^^^^^^^^^^^^^^^^^^^^^^
[INFO] [stdout] 
[INFO] [stdout] 
[INFO] [stdout] warning: unused import: `num_traits::Float`
[INFO] [stdout]  --> src/codecs/hdr/encoder.rs:5:5
[INFO] [stdout]   |
[INFO] [stdout] 5 | use num_traits::Float as _;
[INFO] [stdout]   |     ^^^^^^^^^^^^^^^^^
[INFO] [stdout] 
[INFO] [stdout] 
[INFO] [stdout] warning: unused import: `num_traits::float::FloatCore`
[INFO] [stdout]  --> src/color.rs:4:5
[INFO] [stdout]   |
[INFO] [stdout] 4 | use num_traits::float::FloatCore as _;
[INFO] [stdout]   |     ^^^^^^^^^^^^^^^^^^^^^^^^^^^^
[INFO] [stdout] 
[INFO] [stdout] 
[INFO] [stdout] Some errors have detailed explanations: E0271, E0277, E0425, E0432, E0599.
[INFO] [stdout] 
[INFO] [stdout] For more information about an error, try `rustc --explain E0271`.
[INFO] [stdout] 
[INFO] [stderr] error: could not compile `ai-image` (lib test) due to 64 previous errors; 10 warnings emitted
[INFO] [stderr] warning: build failed, waiting for other jobs to finish...
[INFO] running `Command { std: "docker" "inspect" "400b52ef7e9670630f8f01973f3531996df2068483c3660683c576b9267e19f3", kill_on_drop: false }`
[INFO] running `Command { std: "docker" "rm" "-f" "400b52ef7e9670630f8f01973f3531996df2068483c3660683c576b9267e19f3", kill_on_drop: false }`
[INFO] [stdout] 400b52ef7e9670630f8f01973f3531996df2068483c3660683c576b9267e19f3
