[INFO] cloning repository https://github.com/wmjtyd/libstock-ffi
[INFO] running `Command { std: "git" "-c" "credential.helper=" "-c" "credential.helper=/workspace/cargo-home/bin/git-credential-null" "clone" "--bare" "https://github.com/wmjtyd/libstock-ffi" "/workspace/cache/git-repos/https%3A%2F%2Fgithub.com%2Fwmjtyd%2Flibstock-ffi", kill_on_drop: false }`
[INFO] [stderr] Cloning into bare repository '/workspace/cache/git-repos/https%3A%2F%2Fgithub.com%2Fwmjtyd%2Flibstock-ffi'...
[INFO] running `Command { std: "git" "rev-parse" "HEAD", kill_on_drop: false }`
[INFO] [stdout] c6535515400abebafc19e705aa82966b3de29d5d
[INFO] testing wmjtyd/libstock-ffi against 1.99.0-beta.8 for beta-1.100-2
[INFO] running `Command { std: "git" "clone" "/workspace/cache/git-repos/https%3A%2F%2Fgithub.com%2Fwmjtyd%2Flibstock-ffi" "/workspace/builds/worker-7-tc1/source", kill_on_drop: false }`
[INFO] [stderr] Cloning into '/workspace/builds/worker-7-tc1/source'...
[INFO] [stderr] done.
[INFO] removed /workspace/builds/worker-7-tc1/source/rust-toolchain.toml
[INFO] started tweaking git repo https://github.com/wmjtyd/libstock-ffi
[INFO] finished tweaking git repo https://github.com/wmjtyd/libstock-ffi
[INFO] tweaked toml for git repo https://github.com/wmjtyd/libstock-ffi written to /workspace/builds/worker-7-tc1/source/Cargo.toml
[INFO] validating manifest of git repo https://github.com/wmjtyd/libstock-ffi on toolchain 1.99.0-beta.8
[INFO] running `Command { std: CARGO_HOME="/workspace/cargo-home" RUSTUP_HOME="/workspace/rustup-home" "/workspace/cargo-home/bin/cargo" "+1.99.0-beta.8" "metadata" "--manifest-path" "Cargo.toml" "--no-deps", kill_on_drop: false }`
[INFO] crate git repo https://github.com/wmjtyd/libstock-ffi already has a lockfile, it will not be regenerated
[INFO] running `Command { std: CARGO_HOME="/workspace/cargo-home" RUSTUP_HOME="/workspace/rustup-home" "/workspace/cargo-home/bin/cargo" "+1.99.0-beta.8" "fetch" "--manifest-path" "Cargo.toml", kill_on_drop: false }`
[INFO] [stderr] warning: Cargo.toml: `default_features` is deprecated in favor of `default-features` and will not work in the 2024 edition
[INFO] [stderr] (in the `wmjtyd-libstock` dependency)
[INFO] [stderr] warning: `wmjtyd-libstock-ffi` (manifest) generated 1 warning
[INFO] [stderr]     Updating git repository `https://github.com/getditto/safer_ffi.git`
[INFO] [stderr]     Updating git repository `https://github.com/wmjtyd/libstock`
[INFO] [stderr]     Updating crates.io index
[INFO] [stderr]     Updating git repository `https://github.com/getditto/napi-rs`
[INFO] [stderr]  Downloading crates ...
[INFO] [stderr]   Downloaded wasm-bindgen-macro v0.2.82
[INFO] [stderr]   Downloaded wasm-bindgen-macro-support v0.2.82
[INFO] [stderr]   Downloaded getrandom v0.2.7
[INFO] [stderr]   Downloaded uuid v1.1.2
[INFO] [stderr]   Downloaded crypto-market-type v1.1.3
[INFO] [stderr]   Downloaded futures-io v0.3.24
[INFO] [stderr]   Downloaded concat-string v1.0.1
[INFO] [stderr]   Downloaded with_builtin_macros-proc_macros v0.0.3
[INFO] [stderr]   Downloaded itoa v1.0.3
[INFO] [stderr]   Downloaded thiserror-impl v1.0.33
[INFO] [stderr]   Downloaded derive_builder_macro v0.11.2
[INFO] [stderr]   Downloaded darling_macro v0.14.1
[INFO] [stderr]   Downloaded crypto-message v1.1.13
[INFO] [stderr]   Downloaded protobuf-support v3.1.0
[INFO] [stderr]   Downloaded wasm-bindgen-futures v0.4.32
[INFO] [stderr]   Downloaded thiserror v1.0.33
[INFO] [stderr]   Downloaded rustversion v1.0.9
[INFO] [stderr]   Downloaded futures-sink v0.3.24
[INFO] [stderr]   Downloaded crypto-msg-type v1.0.10
[INFO] [stderr]   Downloaded with_builtin_macros v0.0.3
[INFO] [stderr]   Downloaded unwind_safe v0.1.0
[INFO] [stderr]   Downloaded macro_rules_attribute v0.1.2
[INFO] [stderr]   Downloaded macro_rules_attribute-proc_macro v0.1.2
[INFO] [stderr]   Downloaded ref-cast v1.0.9
[INFO] [stderr]   Downloaded ref-cast-impl v1.0.9
[INFO] [stderr]   Downloaded chunked_transfer v1.4.0
[INFO] [stderr]   Downloaded mini_paste v0.1.11
[INFO] [stderr]   Downloaded mini_paste-proc_macro v0.1.11
[INFO] [stderr]   Downloaded ghost v0.1.6
[INFO] [stderr]   Downloaded ctor v0.1.23
[INFO] [stderr]   Downloaded inventory v0.1.11
[INFO] [stderr]   Downloaded inventory-impl v0.1.11
[INFO] [stderr]   Downloaded wasm-bindgen-shared v0.2.82
[INFO] [stderr]   Downloaded wasm-bindgen-backend v0.2.82
[INFO] [stderr]   Downloaded proc-macro2 v1.0.43
[INFO] [stderr]   Downloaded once_cell v1.14.0
[INFO] [stderr]   Downloaded typed-builder v0.10.0
[INFO] [stderr]   Downloaded tracing-attributes v0.1.22
[INFO] [stderr]   Downloaded socket2 v0.4.7
[INFO] [stderr]   Downloaded futures-channel v0.3.24
[INFO] [stderr]   Downloaded futures-executor v0.3.24
[INFO] [stderr]   Downloaded spin v0.9.4
[INFO] [stderr]   Downloaded lock_api v0.4.8
[INFO] [stderr]   Downloaded pin-project-internal v1.0.12
[INFO] [stderr]   Downloaded derive_builder v0.11.2
[INFO] [stderr]   Downloaded derive_builder_core v0.11.2
[INFO] [stderr]   Downloaded darling v0.14.1
[INFO] [stderr]   Downloaded ahash v0.8.0
[INFO] [stderr]   Downloaded time v0.1.44
[INFO] [stderr]   Downloaded wasi v0.10.0+wasi-snapshot-preview1
[INFO] [stderr]   Downloaded iana-time-zone v0.1.47
[INFO] [stderr]   Downloaded bimap v0.6.2
[INFO] [stderr]   Downloaded smallvec v1.9.0
[INFO] [stderr]   Downloaded paste v1.0.9
[INFO] [stderr]   Downloaded sct v0.7.0
[INFO] [stderr]   Downloaded inventory v0.3.1
[INFO] [stderr]   Downloaded unicode-ident v1.0.3
[INFO] [stderr]   Downloaded ryu v1.0.11
[INFO] [stderr]   Downloaded bytes v1.2.1
[INFO] [stderr]   Downloaded arrayvec v0.7.2
[INFO] [stderr]   Downloaded futures v0.3.24
[INFO] [stderr]   Downloaded flume v0.10.14
[INFO] [stderr]   Downloaded pin-project v1.0.12
[INFO] [stderr]   Downloaded prettyplease v0.1.19
[INFO] [stderr]   Downloaded webpki v0.22.0
[INFO] [stderr]   Downloaded crc32fast v1.3.2
[INFO] [stderr]   Downloaded anyhow v1.0.63
[INFO] [stderr]   Downloaded wasm-bindgen v0.2.82
[INFO] [stderr]   Downloaded bumpalo v3.11.0
[INFO] [stderr]   Downloaded serde_derive v1.0.144
[INFO] [stderr]   Downloaded js-sys v0.3.59
[INFO] [stderr]   Downloaded tracing v0.1.36
[INFO] [stderr]   Downloaded tracing-core v0.1.29
[INFO] [stderr]   Downloaded miniz_oxide v0.5.3
[INFO] [stderr]   Downloaded serde v1.0.144
[INFO] [stderr]   Downloaded darling_core v0.14.1
[INFO] [stderr]   Downloaded flate2 v1.0.24
[INFO] [stderr]   Downloaded rust_decimal v1.26.1
[INFO] [stderr]   Downloaded ureq v2.5.0
[INFO] [stderr]   Downloaded serde_json v1.0.85
[INFO] [stderr]   Downloaded unicode-normalization v0.1.21
[INFO] [stderr]   Downloaded chrono v0.4.22
[INFO] [stderr]   Downloaded tracing-subscriber v0.3.15
[INFO] [stderr]   Downloaded protobuf v3.1.0
[INFO] [stderr]   Downloaded syn v1.0.99
[INFO] [stderr]   Downloaded webpki-roots v0.22.4
[INFO] [stderr]   Downloaded rustls v0.20.6
[INFO] [stderr]   Downloaded tokio v1.21.0
[INFO] [stderr]   Downloaded libc v0.2.132
[INFO] [stderr]   Downloaded web-sys v0.3.59
[INFO] running `Command { std: "docker" "create" "-v" "/var/lib/crater-agent-workspace/builds/worker-7-tc1/source:/opt/rustwide/workdir:ro,Z" "-v" "/var/lib/crater-agent-workspace/builds/worker-7-tc1/target:/opt/rustwide/target:rw,Z" "-v" "/var/lib/crater-agent-workspace/cargo-home:/opt/rustwide/cargo-home:ro,Z" "-v" "/var/lib/crater-agent-workspace/rustup-home:/opt/rustwide/rustup-home:ro,Z" "-m" "1610612736" "--network" "none" "ghcr.io/rust-lang/crates-build-env/linux@sha256:3111399a4047eeb3a02b7a90e478d715f38a8c6669b5c4b49d30a17385265909" "sleep" "infinity", kill_on_drop: false }`
[INFO] [stdout] d749e8efd5d526641a4c554e8b4d537af2b69a8789f0fb227b6f12a17729c186
[INFO] running `Command { std: "docker" "start" "d749e8efd5d526641a4c554e8b4d537af2b69a8789f0fb227b6f12a17729c186", kill_on_drop: false }`
[INFO] running `Command { std: "docker" "inspect" "d749e8efd5d526641a4c554e8b4d537af2b69a8789f0fb227b6f12a17729c186", kill_on_drop: false }`
[INFO] running `Command { std: "docker" "exec" "-e" "SOURCE_DIR=/opt/rustwide/workdir" "-e" "CARGO_HOME=/opt/rustwide/cargo-home" "-e" "RUSTUP_HOME=/opt/rustwide/rustup-home" "-e" "CARGO_TARGET_DIR=/opt/rustwide/target" "-w" "/opt/rustwide/workdir" "--user" "0:0" "d749e8efd5d526641a4c554e8b4d537af2b69a8789f0fb227b6f12a17729c186" "/opt/rustwide/cargo-home/bin/cargo" "+1.99.0-beta.8" "metadata" "--no-deps" "--format-version=1", kill_on_drop: false }`
[INFO] running `Command { std: "docker" "inspect" "d749e8efd5d526641a4c554e8b4d537af2b69a8789f0fb227b6f12a17729c186", kill_on_drop: false }`
[INFO] running `Command { std: "docker" "exec" "-e" "SOURCE_DIR=/opt/rustwide/workdir" "-e" "CARGO_HOME=/opt/rustwide/cargo-home" "-e" "RUSTUP_HOME=/opt/rustwide/rustup-home" "-e" "CARGO_TARGET_DIR=/opt/rustwide/target" "-e" "CARGO_INCREMENTAL=0" "-e" "RUST_BACKTRACE=full" "-e" "RUSTFLAGS=--cap-lints=warn" "-e" "RUSTDOCFLAGS=--cap-lints=warn" "-w" "/opt/rustwide/workdir" "--user" "0:0" "d749e8efd5d526641a4c554e8b4d537af2b69a8789f0fb227b6f12a17729c186" "/opt/rustwide/cargo-home/bin/cargo" "+1.99.0-beta.8" "build" "--frozen" "--message-format=json", kill_on_drop: false }`
[INFO] [stderr] warning: Cargo.toml: `default_features` is deprecated in favor of `default-features` and will not work in the 2024 edition
[INFO] [stderr] (in the `wmjtyd-libstock` dependency)
[INFO] [stderr] warning: `wmjtyd-libstock-ffi` (manifest) generated 1 warning
[INFO] [stderr]    Compiling proc-macro2 v1.0.43
[INFO] [stderr]    Compiling unicode-ident v1.0.3
[INFO] [stderr]    Compiling quote v1.0.21
[INFO] [stderr]    Compiling syn v1.0.99
[INFO] [stderr]    Compiling autocfg v1.1.0
[INFO] [stderr]    Compiling libc v0.2.132
[INFO] [stderr]    Compiling cfg-if v1.0.0
[INFO] [stderr]    Compiling once_cell v1.14.0
[INFO] [stderr]    Compiling memchr v2.5.0
[INFO] [stderr]    Compiling serde_derive v1.0.144
[INFO] [stderr]    Compiling pin-project-lite v0.2.9
[INFO] [stderr]    Compiling futures-core v0.3.24
[INFO] [stderr]    Compiling rustversion v1.0.9
[INFO] [stderr]    Compiling serde v1.0.144
[INFO] [stderr]    Compiling fnv v1.0.7
[INFO] [stderr]    Compiling strsim v0.10.0
[INFO] [stderr]    Compiling ident_case v1.0.1
[INFO] [stderr]    Compiling futures-task v0.3.24
[INFO] [stderr]    Compiling heck v0.4.0
[INFO] [stderr]    Compiling futures-sink v0.3.24
[INFO] [stderr]    Compiling futures-channel v0.3.24
[INFO] [stderr]    Compiling serde_json v1.0.85
[INFO] [stderr]    Compiling version_check v0.9.4
[INFO] [stderr]    Compiling bytes v1.2.1
[INFO] [stderr]    Compiling log v0.4.17
[INFO] [stderr]    Compiling futures-util v0.3.24
[INFO] [stderr]    Compiling scopeguard v1.1.0
[INFO] [stderr]    Compiling prettyplease v0.1.19
[INFO] [stderr]    Compiling tracing-core v0.1.29
[INFO] [stderr]    Compiling futures-io v0.3.24
[INFO] [stderr]    Compiling ppv-lite86 v0.2.16
[INFO] [stderr]    Compiling protobuf v3.1.0
[INFO] [stderr]    Compiling ryu v1.0.11
[INFO] [stderr]    Compiling itoa v1.0.3
[INFO] [stderr]    Compiling rust_decimal v1.26.1
[INFO] [stderr]    Compiling tokio v1.21.0
[INFO] [stderr]    Compiling num-traits v0.2.15
[INFO] [stderr]    Compiling slab v0.4.7
[INFO] [stderr]    Compiling lock_api v0.4.8
[INFO] [stderr]    Compiling num-integer v0.1.45
[INFO] [stderr]    Compiling inventory v0.1.11
[INFO] [stderr]    Compiling lazy_static v1.4.0
[INFO] [stderr]    Compiling ahash v0.8.0
[INFO] [stderr]    Compiling paste v1.0.9
[INFO] [stderr]    Compiling napi-sys v1.0.0 (https://github.com/getditto/napi-rs?branch=ditto%2Fclosure-into-jsfunction#da095cc3)
[INFO] [stderr]    Compiling macro_rules_attribute-proc_macro v0.1.2
[INFO] [stderr]    Compiling safer-ffi v0.1.0 (https://github.com/getditto/safer_ffi.git?rev=f69aeb1727bc2f2d68ea5de6bc887411bad12b0a#f69aeb17)
[INFO] [stderr]    Compiling arrayvec v0.7.2
[INFO] [stderr]    Compiling anyhow v1.0.63
[INFO] [stderr]    Compiling iana-time-zone v0.1.47
[INFO] [stderr]    Compiling mini_paste-proc_macro v0.1.11
[INFO] [stderr]    Compiling sharded-slab v0.1.4
[INFO] [stderr]    Compiling thread_local v1.1.4
[INFO] [stderr]    Compiling either v1.8.0
[INFO] [stderr]    Compiling tracing-log v0.1.3
[INFO] [stderr]    Compiling smallvec v1.9.0
[INFO] [stderr]    Compiling ansi_term v0.12.1
[INFO] [stderr]    Compiling mini_paste v0.1.11
[INFO] [stderr]    Compiling spin v0.9.4
[INFO] [stderr]    Compiling concat-string v1.0.1
[INFO] [stderr]    Compiling arrayref v0.3.6
[INFO] [stderr]    Compiling unwind_safe v0.1.0
[INFO] [stderr]    Compiling getrandom v0.2.7
[INFO] [stderr]    Compiling socket2 v0.4.7
[INFO] [stderr]    Compiling num_cpus v1.13.1
[INFO] [stderr]    Compiling time v0.1.44
[INFO] [stderr]    Compiling bimap v0.6.2
[INFO] [stderr]    Compiling rand_core v0.6.3
[INFO] [stderr]    Compiling nanorand v0.7.0
[INFO] [stderr]    Compiling macro_rules_attribute v0.1.2
[INFO] [stderr]    Compiling rand_chacha v0.3.1
[INFO] [stderr]    Compiling chrono v0.4.22
[INFO] [stderr]    Compiling rand v0.8.5
[INFO] [stderr]    Compiling tracing-subscriber v0.3.15
[INFO] [stderr]    Compiling uuid v1.1.2
[INFO] [stderr]    Compiling napi v1.3.2 (https://github.com/getditto/napi-rs?branch=ditto%2Fclosure-into-jsfunction#da095cc3)
[INFO] [stderr]    Compiling darling_core v0.14.1
[INFO] [stderr]    Compiling thiserror-impl v1.0.33
[INFO] [stderr]    Compiling strum_macros v0.24.3
[INFO] [stderr]    Compiling futures-macro v0.3.24
[INFO] [stderr]    Compiling napi-derive v1.0.0 (https://github.com/getditto/napi-rs?branch=ditto%2Fclosure-into-jsfunction#da095cc3)
[INFO] [stderr]    Compiling ctor v0.1.23
[INFO] [stderr]    Compiling napi-dispatcher-nodejs-derive-proc_macros v0.1.0 (https://github.com/getditto/safer_ffi.git?rev=f69aeb1727bc2f2d68ea5de6bc887411bad12b0a#f69aeb17)
[INFO] [stderr]    Compiling pin-project-internal v1.0.12
[INFO] [stderr]    Compiling ghost v0.1.6
[INFO] [stderr]    Compiling tracing-attributes v0.1.22
[INFO] [stderr]    Compiling with_builtin_macros-proc_macros v0.0.3
[INFO] [stderr]    Compiling inventory-impl v0.1.11
[INFO] [stderr]    Compiling safer_ffi-proc_macros v0.1.0-rc1 (https://github.com/getditto/safer_ffi.git?rev=f69aeb1727bc2f2d68ea5de6bc887411bad12b0a#f69aeb17)
[INFO] [stderr]    Compiling typed-builder v0.10.0
[INFO] [stderr]    Compiling with_builtin_macros v0.0.3
[INFO] [stderr]    Compiling inventory v0.3.1
[INFO] [stderr]    Compiling napi-dispatcher-nodejs-derive v0.1.0 (https://github.com/getditto/safer_ffi.git?rev=f69aeb1727bc2f2d68ea5de6bc887411bad12b0a#f69aeb17)
[INFO] [stderr]    Compiling napi-dispatcher v0.1.0 (https://github.com/getditto/safer_ffi.git?rev=f69aeb1727bc2f2d68ea5de6bc887411bad12b0a#f69aeb17)
[INFO] [stderr]    Compiling thiserror v1.0.33
[INFO] [stderr]    Compiling protobuf-support v3.1.0
[INFO] [stderr]    Compiling pin-project v1.0.12
[INFO] [stderr]    Compiling flume v0.10.14
[INFO] [stderr]    Compiling darling_macro v0.14.1
[INFO] [stderr]    Compiling tracing v0.1.36
[INFO] [stderr]    Compiling darling v0.14.1
[INFO] [stderr]    Compiling derive_builder_core v0.11.2
[INFO] [stderr]    Compiling strum v0.24.1
[INFO] [stderr]    Compiling derive_builder_macro v0.11.2
[INFO] [stderr]    Compiling derive_builder v0.11.2
[INFO] [stderr]    Compiling futures-executor v0.3.24
[INFO] [stderr]    Compiling futures v0.3.24
[INFO] [stderr]    Compiling crypto-market-type v1.1.3
[INFO] [stderr]    Compiling crypto-msg-type v1.0.10
[INFO] [stderr]    Compiling crypto-message v1.1.13
[INFO] [stderr]    Compiling wmjtyd-libstock v0.4.0-pre.2 (https://github.com/wmjtyd/libstock?branch=develop#13e032ae)
[INFO] [stderr]    Compiling wmjtyd-libstock-ffi v0.1.0-dev (/opt/rustwide/workdir)
[INFO] [stdout] error[E0623]: lifetime mismatch
[INFO] [stdout]   --> src/serializer.rs:99:28
[INFO] [stdout]    |
[INFO] [stdout] 99 |         pub fn $name(data: &::safer_ffi::prelude::c_slice::Ref<'_, u8>) -> Option<::safer_ffi::prelude::repr_c::Box<$ffi_struct>> {
[INFO] [stdout]    |                            ^------------------------------------------
[INFO] [stdout]    |                            ||
[INFO] [stdout]    |                            |these two types are declared with different lifetimes...
[INFO] [stdout]    |                            ...but data from `data` flows into `data` here
[INFO] [stdout]    |
[INFO] [stdout]   ::: src/structure/bbo.rs:94:1
[INFO] [stdout]    |
[INFO] [stdout] 94 | construct_deserializer!(deserialize_bbo, BboStructure, RBboStructure);
[INFO] [stdout]    | --------------------------------------------------------------------- in this macro invocation
[INFO] [stdout]    |
[INFO] [stdout]    = note: each elided lifetime in input position becomes a distinct lifetime
[INFO] [stdout]    = note: this error originates in the macro `construct_deserializer` (in Nightly builds, run with -Z macro-backtrace for more info)
[INFO] [stdout] 
[INFO] [stdout] 
[INFO] [stdout] error[E0623]: lifetime mismatch
[INFO] [stdout]   --> src/serializer.rs:99:28
[INFO] [stdout]    |
[INFO] [stdout] 99 |         pub fn $name(data: &::safer_ffi::prelude::c_slice::Ref<'_, u8>) -> Option<::safer_ffi::prelude::repr_c::Box<$ffi_struct>> {
[INFO] [stdout]    |                            ^------------------------------------------
[INFO] [stdout]    |                            ||
[INFO] [stdout]    |                            |these two types are declared with different lifetimes...
[INFO] [stdout]    |                            ...but data from `data` flows into `data` here
[INFO] [stdout]    |
[INFO] [stdout]   ::: src/structure/kline.rs:90:1
[INFO] [stdout]    |
[INFO] [stdout] 90 | construct_deserializer!(deserialize_kline, KlineStructure, RKlineStructure);
[INFO] [stdout]    | --------------------------------------------------------------------------- in this macro invocation
[INFO] [stdout]    |
[INFO] [stdout]    = note: each elided lifetime in input position becomes a distinct lifetime
[INFO] [stdout]    = note: this error originates in the macro `construct_deserializer` (in Nightly builds, run with -Z macro-backtrace for more info)
[INFO] [stdout] 
[INFO] [stdout] 
[INFO] [stdout] error[E0623]: lifetime mismatch
[INFO] [stdout]    --> src/serializer.rs:99:28
[INFO] [stdout]     |
[INFO] [stdout]  99 |         pub fn $name(data: &::safer_ffi::prelude::c_slice::Ref<'_, u8>) -> Option<::safer_ffi::prelude::repr_c::Box<$ffi_struct>> {
[INFO] [stdout]     |                            ^------------------------------------------
[INFO] [stdout]     |                            ||
[INFO] [stdout]     |                            |these two types are declared with different lifetimes...
[INFO] [stdout]     |                            ...but data from `data` flows into `data` here
[INFO] [stdout]     |
[INFO] [stdout]    ::: src/structure/funding_rate.rs:106:1
[INFO] [stdout]     |
[INFO] [stdout] 106 | construct_deserializer!(deserialize_funding_rate, FundingRateStructure, RFundingRateStructure);
[INFO] [stdout]     | ---------------------------------------------------------------------------------------------- in this macro invocation
[INFO] [stdout]     |
[INFO] [stdout]     = note: each elided lifetime in input position becomes a distinct lifetime
[INFO] [stdout]     = note: this error originates in the macro `construct_deserializer` (in Nightly builds, run with -Z macro-backtrace for more info)
[INFO] [stdout] 
[INFO] [stdout] 
[INFO] [stdout] error[E0623]: lifetime mismatch
[INFO] [stdout]   --> src/serializer.rs:99:28
[INFO] [stdout]    |
[INFO] [stdout] 99 |         pub fn $name(data: &::safer_ffi::prelude::c_slice::Ref<'_, u8>) -> Option<::safer_ffi::prelude::repr_c::Box<$ffi_struct>> {
[INFO] [stdout]    |                            ^------------------------------------------
[INFO] [stdout]    |                            ||
[INFO] [stdout]    |                            |these two types are declared with different lifetimes...
[INFO] [stdout]    |                            ...but data from `data` flows into `data` here
[INFO] [stdout]    |
[INFO] [stdout]   ::: src/structure/trade.rs:97:1
[INFO] [stdout]    |
[INFO] [stdout] 97 | construct_deserializer!(deserialize_trade, TradeStructure, RTradeStructure);
[INFO] [stdout]    | --------------------------------------------------------------------------- in this macro invocation
[INFO] [stdout]    |
[INFO] [stdout]    = note: each elided lifetime in input position becomes a distinct lifetime
[INFO] [stdout]    = note: this error originates in the macro `construct_deserializer` (in Nightly builds, run with -Z macro-backtrace for more info)
[INFO] [stdout] 
[INFO] [stdout] 
[INFO] [stdout] For more information about this error, try `rustc --explain E0623`.
[INFO] [stdout] 
[INFO] [stderr] error: could not compile `wmjtyd-libstock-ffi` (lib) due to 4 previous errors
[INFO] running `Command { std: "docker" "inspect" "d749e8efd5d526641a4c554e8b4d537af2b69a8789f0fb227b6f12a17729c186", kill_on_drop: false }`
[INFO] running `Command { std: "docker" "rm" "-f" "d749e8efd5d526641a4c554e8b4d537af2b69a8789f0fb227b6f12a17729c186", kill_on_drop: false }`
[INFO] [stdout] d749e8efd5d526641a4c554e8b4d537af2b69a8789f0fb227b6f12a17729c186
