[INFO] cloning repository https://github.com/tristanpoland/Pulse
[INFO] running `Command { std: "git" "-c" "credential.helper=" "-c" "credential.helper=/workspace/cargo-home/bin/git-credential-null" "clone" "--bare" "https://github.com/tristanpoland/Pulse" "/workspace/cache/git-repos/https%3A%2F%2Fgithub.com%2Ftristanpoland%2FPulse", kill_on_drop: false }`
[INFO] [stderr] Cloning into bare repository '/workspace/cache/git-repos/https%3A%2F%2Fgithub.com%2Ftristanpoland%2FPulse'...
[INFO] running `Command { std: "git" "rev-parse" "HEAD", kill_on_drop: false }`
[INFO] [stdout] 291464a4382bcdeb695c56ac049e6e184469c5ac
[INFO] testing tristanpoland/Pulse against 1.99.0-beta.8 for beta-1.100-2
[INFO] running `Command { std: "git" "clone" "/workspace/cache/git-repos/https%3A%2F%2Fgithub.com%2Ftristanpoland%2FPulse" "/workspace/builds/worker-5-tc1/source", kill_on_drop: false }`
[INFO] [stderr] Cloning into '/workspace/builds/worker-5-tc1/source'...
[INFO] [stderr] done.
[INFO] started tweaking git repo https://github.com/tristanpoland/Pulse
[INFO] finished tweaking git repo https://github.com/tristanpoland/Pulse
[INFO] tweaked toml for git repo https://github.com/tristanpoland/Pulse written to /workspace/builds/worker-5-tc1/source/Cargo.toml
[INFO] validating manifest of git repo https://github.com/tristanpoland/Pulse on toolchain 1.99.0-beta.8
[INFO] running `Command { std: CARGO_HOME="/workspace/cargo-home" RUSTUP_HOME="/workspace/rustup-home" "/workspace/cargo-home/bin/cargo" "+1.99.0-beta.8" "metadata" "--manifest-path" "Cargo.toml" "--no-deps", kill_on_drop: false }`
[INFO] crate git repo https://github.com/tristanpoland/Pulse already has a lockfile, it will not be regenerated
[INFO] running `Command { std: CARGO_HOME="/workspace/cargo-home" RUSTUP_HOME="/workspace/rustup-home" "/workspace/cargo-home/bin/cargo" "+1.99.0-beta.8" "fetch" "--manifest-path" "Cargo.toml", kill_on_drop: false }`
[INFO] [stderr] warning: Cargo.toml: unused manifest key: workspace.dev-dependencies
[INFO] [stderr] warning: workspace (manifest) generated 1 warning
[INFO] [stderr]     Updating crates.io index
[INFO] [stderr]  Downloading crates ...
[INFO] [stderr]   Downloaded unsigned-varint v0.8.0
[INFO] [stderr]   Downloaded libp2p-tcp v0.42.0
[INFO] [stderr]   Downloaded if-addrs v0.10.2
[INFO] [stderr]   Downloaded io-uring v0.7.10
[INFO] [stderr]   Downloaded data-encoding-macro-internal v0.1.16
[INFO] [stderr]   Downloaded base-x v0.2.11
[INFO] [stderr]   Downloaded data-encoding-macro v0.1.18
[INFO] [stderr]   Downloaded rw-stream-sink v0.4.0
[INFO] [stderr]   Downloaded multibase v0.9.1
[INFO] [stderr]   Downloaded libp2p-allow-block-list v0.4.0
[INFO] [stderr]   Downloaded libp2p-yamux v0.46.0
[INFO] [stderr]   Downloaded yamux v0.13.6
[INFO] [stderr]   Downloaded bitflags v2.9.3
[INFO] [stderr]   Downloaded netlink-proto v0.11.5
[INFO] [stderr]   Downloaded unsigned-varint v0.7.2
[INFO] [stderr]   Downloaded hex_fmt v0.3.0
[INFO] [stderr]   Downloaded yamux v0.12.1
[INFO] [stderr]   Downloaded if-watch v3.2.1
[INFO] [stderr]   Downloaded multiaddr v0.18.2
[INFO] [stderr]   Downloaded netlink-packet-core v0.7.0
[INFO] [stderr]   Downloaded futures-bounded v0.2.4
[INFO] [stderr]   Downloaded asynchronous-codec v0.7.0
[INFO] [stderr]   Downloaded netlink-sys v0.8.7
[INFO] [stderr]   Downloaded prometheus-client-derive-encode v0.4.2
[INFO] [stderr]   Downloaded dtoa v1.0.10
[INFO] [stderr]   Downloaded uuid v1.18.0
[INFO] [stderr]   Downloaded quick-protobuf-codec v0.3.1
[INFO] [stderr]   Downloaded libp2p-connection-limits v0.4.0
[INFO] [stderr]   Downloaded multihash v0.19.3
[INFO] [stderr]   Downloaded futures-ticker v0.0.3
[INFO] [stderr]   Downloaded netlink-packet-utils v0.5.2
[INFO] [stderr]   Downloaded libp2p-noise v0.45.0
[INFO] [stderr]   Downloaded chacha20 v0.9.1
[INFO] [stderr]   Downloaded core2 v0.4.0
[INFO] [stderr]   Downloaded libp2p-core v0.42.0
[INFO] [stderr]   Downloaded libp2p-identity v0.2.12
[INFO] [stderr]   Downloaded multistream-select v0.13.0
[INFO] [stderr]   Downloaded windows-core v0.53.0
[INFO] [stderr]   Downloaded rtnetlink v0.13.1
[INFO] [stderr]   Downloaded libp2p-metrics v0.15.0
[INFO] [stderr]   Downloaded libp2p-identify v0.45.0
[INFO] [stderr]   Downloaded libp2p v0.54.1
[INFO] [stderr]   Downloaded async-io v2.5.0
[INFO] [stderr]   Downloaded polling v3.10.0
[INFO] [stderr]   Downloaded poly1305 v0.8.0
[INFO] [stderr]   Downloaded sha-1 v0.10.1
[INFO] [stderr]   Downloaded anyhow v1.0.99
[INFO] [stderr]   Downloaded async-lock v3.4.1
[INFO] [stderr]   Downloaded libp2p-mdns v0.46.0
[INFO] [stderr]   Downloaded prometheus-client v0.22.3
[INFO] [stderr]   Downloaded x25519-dalek v2.0.1
[INFO] [stderr]   Downloaded chacha20poly1305 v0.10.1
[INFO] [stderr]   Downloaded quick-protobuf v0.8.1
[INFO] [stderr]   Downloaded tempfile v3.21.0
[INFO] [stderr]   Downloaded libp2p-swarm v0.45.1
[INFO] [stderr]   Downloaded cc v1.2.34
[INFO] [stderr]   Downloaded netlink-packet-route v0.17.1
[INFO] [stderr]   Downloaded libp2p-gossipsub v0.47.0
[INFO] [stderr]   Downloaded indexmap v2.11.0
[INFO] [stderr]   Downloaded libp2p-kad v0.46.2
[INFO] [stderr]   Downloaded serde_json v1.0.143
[INFO] [stderr]   Downloaded reqwest v0.12.23
[INFO] [stderr]   Downloaded hickory-proto v0.24.4
[INFO] [stderr]   Downloaded sled v0.34.7
[INFO] [stderr]   Downloaded snow v0.9.6
[INFO] [stderr]   Downloaded libc v0.2.175
[INFO] [stderr]   Downloaded anstyle-query v1.1.4
[INFO] [stderr]   Downloaded clap v4.5.45
[INFO] [stderr]   Downloaded anstream v0.6.20
[INFO] [stderr]   Downloaded clap_derive v4.5.45
[INFO] [stderr]   Downloaded anstyle-wincon v3.0.10
[INFO] [stderr]   Downloaded clap_builder v4.5.44
[INFO] [stderr]   Downloaded windows v0.53.0
[INFO] running `Command { std: "docker" "create" "-v" "/var/lib/crater-agent-workspace/builds/worker-5-tc1/source:/opt/rustwide/workdir:ro,Z" "-v" "/var/lib/crater-agent-workspace/builds/worker-5-tc1/target:/opt/rustwide/target:rw,Z" "-v" "/var/lib/crater-agent-workspace/cargo-home:/opt/rustwide/cargo-home:ro,Z" "-v" "/var/lib/crater-agent-workspace/rustup-home:/opt/rustwide/rustup-home:ro,Z" "-m" "1610612736" "--network" "none" "ghcr.io/rust-lang/crates-build-env/linux@sha256:3111399a4047eeb3a02b7a90e478d715f38a8c6669b5c4b49d30a17385265909" "sleep" "infinity", kill_on_drop: false }`
[INFO] [stdout] 6b38eec5b6368dbb5c04fc641d88750b2e2ed2cfa7c42ded179d234d07f0fa84
[INFO] running `Command { std: "docker" "start" "6b38eec5b6368dbb5c04fc641d88750b2e2ed2cfa7c42ded179d234d07f0fa84", kill_on_drop: false }`
[INFO] running `Command { std: "docker" "inspect" "6b38eec5b6368dbb5c04fc641d88750b2e2ed2cfa7c42ded179d234d07f0fa84", kill_on_drop: false }`
[INFO] running `Command { std: "docker" "exec" "-e" "SOURCE_DIR=/opt/rustwide/workdir" "-e" "CARGO_HOME=/opt/rustwide/cargo-home" "-e" "RUSTUP_HOME=/opt/rustwide/rustup-home" "-e" "CARGO_TARGET_DIR=/opt/rustwide/target" "-w" "/opt/rustwide/workdir" "--user" "0:0" "6b38eec5b6368dbb5c04fc641d88750b2e2ed2cfa7c42ded179d234d07f0fa84" "/opt/rustwide/cargo-home/bin/cargo" "+1.99.0-beta.8" "metadata" "--no-deps" "--format-version=1", kill_on_drop: false }`
[INFO] running `Command { std: "docker" "inspect" "6b38eec5b6368dbb5c04fc641d88750b2e2ed2cfa7c42ded179d234d07f0fa84", kill_on_drop: false }`
[INFO] running `Command { std: "docker" "exec" "-e" "SOURCE_DIR=/opt/rustwide/workdir" "-e" "CARGO_HOME=/opt/rustwide/cargo-home" "-e" "RUSTUP_HOME=/opt/rustwide/rustup-home" "-e" "CARGO_TARGET_DIR=/opt/rustwide/target" "-e" "CARGO_INCREMENTAL=0" "-e" "RUST_BACKTRACE=full" "-e" "RUSTFLAGS=--cap-lints=warn" "-e" "RUSTDOCFLAGS=--cap-lints=warn" "-w" "/opt/rustwide/workdir" "--user" "0:0" "6b38eec5b6368dbb5c04fc641d88750b2e2ed2cfa7c42ded179d234d07f0fa84" "/opt/rustwide/cargo-home/bin/cargo" "+1.99.0-beta.8" "build" "--frozen" "--message-format=json", kill_on_drop: false }`
[INFO] [stderr] warning: Cargo.toml: unused manifest key: workspace.dev-dependencies
[INFO] [stderr] warning: workspace (manifest) generated 1 warning
[INFO] [stderr]    Compiling proc-macro2 v1.0.101
[INFO] [stderr]    Compiling unicode-ident v1.0.18
[INFO] [stderr]    Compiling cfg-if v1.0.3
[INFO] [stderr]    Compiling libc v0.2.175
[INFO] [stderr]    Compiling memchr v2.7.5
[INFO] [stderr]    Compiling pin-project-lite v0.2.16
[INFO] [stderr]    Compiling serde v1.0.219
[INFO] [stderr]    Compiling futures-core v0.3.31
[INFO] [stderr]    Compiling autocfg v1.5.0
[INFO] [stderr]    Compiling futures-sink v0.3.31
[INFO] [stderr]    Compiling once_cell v1.21.3
[INFO] [stderr]    Compiling slab v0.4.11
[INFO] [stderr]    Compiling zerocopy v0.8.26
[INFO] [stderr]    Compiling bytes v1.10.1
[INFO] [stderr]    Compiling futures-task v0.3.31
[INFO] [stderr]    Compiling futures-io v0.3.31
[INFO] [stderr]    Compiling parking_lot_core v0.9.11
[INFO] [stderr]    Compiling stable_deref_trait v1.2.0
[INFO] [stderr]    Compiling typenum v1.18.0
[INFO] [stderr]    Compiling futures-channel v0.3.31
[INFO] [stderr]    Compiling log v0.4.27
[INFO] [stderr]    Compiling subtle v2.6.1
[INFO] [stderr]    Compiling thiserror v2.0.16
[INFO] [stderr]    Compiling tracing-core v0.1.34
[INFO] [stderr]    Compiling writeable v0.6.1
[INFO] [stderr]    Compiling semver v1.0.26
[INFO] [stderr]    Compiling litemap v0.8.0
[INFO] [stderr]    Compiling icu_properties_data v2.0.1
[INFO] [stderr]    Compiling icu_normalizer_data v2.0.0
[INFO] [stderr]    Compiling itoa v1.0.15
[INFO] [stderr]    Compiling foldhash v0.1.5
[INFO] [stderr]    Compiling lock_api v0.4.13
[INFO] [stderr]    Compiling hashbrown v0.15.5
[INFO] [stderr]    Compiling cc v1.2.34
[INFO] [stderr]    Compiling static_assertions v1.1.0
[INFO] [stderr]    Compiling data-encoding v2.9.0
[INFO] [stderr]    Compiling unsigned-varint v0.8.0
[INFO] [stderr]    Compiling ed25519 v2.2.3
[INFO] [stderr]    Compiling core2 v0.4.0
[INFO] [stderr]    Compiling quick-protobuf v0.8.1
[INFO] [stderr]    Compiling anyhow v1.0.99
[INFO] [stderr]    Compiling futures-timer v3.0.3
[INFO] [stderr]    Compiling quote v1.0.40
[INFO] [stderr]    Compiling multihash v0.19.3
[INFO] [stderr]    Compiling rustc_version v0.4.1
[INFO] [stderr]    Compiling bs58 v0.5.1
[INFO] [stderr]    Compiling base-x v0.2.11
[INFO] [stderr]    Compiling getrandom v0.3.3
[INFO] [stderr]    Compiling unsigned-varint v0.7.2
[INFO] [stderr]    Compiling web-time v1.1.0
[INFO] [stderr]    Compiling arrayref v0.3.9
[INFO] [stderr]    Compiling syn v2.0.106
[INFO] [stderr]    Compiling either v1.15.0
[INFO] [stderr]    Compiling indexmap v2.11.0
[INFO] [stderr]    Compiling ipnet v2.11.0
[INFO] [stderr]    Compiling ryu v1.0.20
[INFO] [stderr]    Compiling lru v0.12.5
[INFO] [stderr]    Compiling pkg-config v0.3.32
[INFO] [stderr]    Compiling crunchy v0.2.4
[INFO] [stderr]    Compiling serde_json v1.0.143
[INFO] [stderr]    Compiling aho-corasick v1.1.3
[INFO] [stderr]    Compiling num-traits v0.2.19
[INFO] [stderr]    Compiling ahash v0.8.12
[INFO] [stderr]    Compiling regex-syntax v0.8.6
[INFO] [stderr]    Compiling tiny-keccak v2.0.2
[INFO] [stderr]    Compiling curve25519-dalek v4.1.3
[INFO] [stderr]    Compiling http v1.3.1
[INFO] [stderr]    Compiling generic-array v0.14.7
[INFO] [stderr]    Compiling iana-time-zone v0.1.63
[INFO] [stderr]    Compiling ucd-trie v0.1.7
[INFO] [stderr]    Compiling snow v0.9.6
[INFO] [stderr]    Compiling prometheus-client v0.22.3
[INFO] [stderr]    Compiling nohash-hasher v0.2.0
[INFO] [stderr]    Compiling openssl v0.10.73
[INFO] [stderr]    Compiling tinyvec v1.10.0
[INFO] [stderr]    Compiling parking_lot_core v0.8.6
[INFO] [stderr]    Compiling openssl-sys v0.9.109
[INFO] [stderr]    Compiling ring v0.17.14
[INFO] [stderr]    Compiling dtoa v1.0.10
[INFO] [stderr]    Compiling crossbeam-utils v0.8.21
[INFO] [stderr]    Compiling native-tls v0.2.14
[INFO] [stderr]    Compiling hex v0.4.3
[INFO] [stderr]    Compiling instant v0.1.13
[INFO] [stderr]    Compiling encoding_rs v0.8.35
[INFO] [stderr]    Compiling openssl-probe v0.1.6
[INFO] [stderr]    Compiling hex_fmt v0.3.0
[INFO] [stderr]    Compiling winnow v0.7.13
[INFO] [stderr]    Compiling getrandom v0.2.16
[INFO] [stderr]    Compiling regex-syntax v0.6.29
[INFO] [stderr]    Compiling block-buffer v0.10.4
[INFO] [stderr]    Compiling crypto-common v0.1.6
[INFO] [stderr]    Compiling crc32fast v1.5.0
[INFO] [stderr]    Compiling arrayvec v0.7.6
[INFO] [stderr]    Compiling uint v0.9.5
[INFO] [stderr]    Compiling anstyle-parse v0.2.7
[INFO] [stderr]    Compiling digest v0.10.7
[INFO] [stderr]    Compiling sync_wrapper v1.0.2
[INFO] [stderr]    Compiling arraydeque v0.5.1
[INFO] [stderr]    Compiling const-random-macro v0.1.16
[INFO] [stderr]    Compiling overload v0.1.1
[INFO] [stderr]    Compiling num_cpus v1.17.0
[INFO] [stderr]    Compiling parking_lot v0.12.4
[INFO] [stderr]    Compiling sha2 v0.10.9
[INFO] [stderr]    Compiling hmac v0.12.1
[INFO] [stderr]    Compiling rand_core v0.6.4
[INFO] [stderr]    Compiling ppv-lite86 v0.2.21
[INFO] [stderr]    Compiling hkdf v0.12.4
[INFO] [stderr]    Compiling socket2 v0.6.0
[INFO] [stderr]    Compiling signal-hook-registry v1.4.6
[INFO] [stderr]    Compiling mio v1.0.4
[INFO] [stderr]    Compiling netlink-sys v0.8.7
[INFO] [stderr]    Compiling nix v0.26.4
[INFO] [stderr]    Compiling rand_core v0.9.3
[INFO] [stderr]    Compiling hashbrown v0.14.5
[INFO] [stderr]    Compiling rand_chacha v0.3.1
[INFO] [stderr]    Compiling rand_chacha v0.9.0
[INFO] [stderr]    Compiling http-body v1.0.1
[INFO] [stderr]    Compiling socket2 v0.5.10
[INFO] [stderr]    Compiling rand v0.9.2
[INFO] [stderr]    Compiling const-random v0.1.18
[INFO] [stderr]    Compiling rand v0.8.5
[INFO] [stderr]    Compiling dlv-list v0.5.2
[INFO] [stderr]    Compiling regex-automata v0.1.10
[INFO] [stderr]    Compiling is_terminal_polyfill v1.70.1
[INFO] [stderr]    Compiling unicode-segmentation v1.12.0
[INFO] [stderr]    Compiling colorchoice v1.0.4
[INFO] [stderr]    Compiling anstyle v1.0.11
[INFO] [stderr]    Compiling regex-automata v0.4.10
[INFO] [stderr]    Compiling anstyle-query v1.1.4
[INFO] [stderr]    Compiling hashlink v0.8.4
[INFO] [stderr]    Compiling ordered-multimap v0.7.3
[INFO] [stderr]    Compiling convert_case v0.6.0
[INFO] [stderr]    Compiling anstream v0.6.20
[INFO] [stderr]    Compiling parking_lot v0.11.2
[INFO] [stderr]    Compiling rust-ini v0.20.0
[INFO] [stderr]    Compiling http-body-util v0.1.3
[INFO] [stderr]    Compiling crossbeam-epoch v0.9.18
[INFO] [stderr]    Compiling yaml-rust2 v0.8.1
[INFO] [stderr]    Compiling sha-1 v0.10.1
[INFO] [stderr]    Compiling nu-ansi-term v0.46.0
[INFO] [stderr]    Compiling fs2 v0.4.3
[INFO] [stderr]    Compiling nom v7.1.3
[INFO] [stderr]    Compiling http v0.2.12
[INFO] [stderr]    Compiling tracing-log v0.2.0
[INFO] [stderr]    Compiling fxhash v0.2.1
[INFO] [stderr]    Compiling thread_local v1.1.9
[INFO] [stderr]    Compiling matchers v0.1.0
[INFO] [stderr]    Compiling unsafe-libyaml v0.2.11
[INFO] [stderr]    Compiling pathdiff v0.2.3
[INFO] [stderr]    Compiling iri-string v0.7.8
[INFO] [stderr]    Compiling base64 v0.13.1
[INFO] [stderr]    Compiling clap_lex v0.7.5
[INFO] [stderr]    Compiling sled v0.34.7
[INFO] [stderr]    Compiling glob v0.3.3
[INFO] [stderr]    Compiling clap_builder v4.5.44
[INFO] [stderr]    Compiling synstructure v0.13.2
[INFO] [stderr]    Compiling serde_derive v1.0.219
[INFO] [stderr]    Compiling futures-macro v0.3.31
[INFO] [stderr]    Compiling zerovec-derive v0.11.1
[INFO] [stderr]    Compiling displaydoc v0.2.5
[INFO] [stderr]    Compiling thiserror-impl v1.0.69
[INFO] [stderr]    Compiling tracing-attributes v0.1.30
[INFO] [stderr]    Compiling thiserror-impl v2.0.16
[INFO] [stderr]    Compiling zeroize_derive v1.4.2
[INFO] [stderr]    Compiling curve25519-dalek-derive v0.1.1
[INFO] [stderr]    Compiling pin-project-internal v1.1.10
[INFO] [stderr]    Compiling zerofrom-derive v0.1.6
[INFO] [stderr]    Compiling yoke-derive v0.8.0
[INFO] [stderr]    Compiling data-encoding-macro-internal v0.1.16
[INFO] [stderr]    Compiling zeroize v1.8.1
[INFO] [stderr]    Compiling tokio-macros v2.5.0
[INFO] [stderr]    Compiling data-encoding-macro v0.1.18
[INFO] [stderr]    Compiling futures-util v0.3.31
[INFO] [stderr]    Compiling multibase v0.9.1
[INFO] [stderr]    Compiling pin-project v1.1.10
[INFO] [stderr]    Compiling async-trait v0.1.89
[INFO] [stderr]    Compiling regex v1.11.2
[INFO] [stderr]    Compiling tokio v1.47.1
[INFO] [stderr]    Compiling pest v2.8.1
[INFO] [stderr]    Compiling tracing v0.1.41
[INFO] [stderr]    Compiling prometheus-client-derive-encode v0.4.2
[INFO] [stderr]    Compiling enum-as-inner v0.6.1
[INFO] [stderr]    Compiling openssl-macros v0.1.1
[INFO] [stderr]    Compiling thiserror v1.0.69
[INFO] [stderr]    Compiling ed25519-dalek v2.2.0
[INFO] [stderr]    Compiling netlink-packet-utils v0.5.2
[INFO] [stderr]    Compiling x25519-dalek v2.0.1
[INFO] [stderr]    Compiling tracing-subscriber v0.3.19
[INFO] [stderr]    Compiling rustls-pki-types v1.12.0
[INFO] [stderr]    Compiling clap_derive v4.5.45
[INFO] [stderr]    Compiling zerofrom v0.1.6
[INFO] [stderr]    Compiling yoke v0.8.0
[INFO] [stderr]    Compiling netlink-packet-core v0.7.0
[INFO] [stderr]    Compiling netlink-packet-route v0.17.1
[INFO] [stderr]    Compiling zerovec v0.11.4
[INFO] [stderr]    Compiling zerotrie v0.2.2
[INFO] [stderr]    Compiling libp2p-identity v0.2.12
[INFO] [stderr]    Compiling pest_meta v2.8.1
[INFO] [stderr]    Compiling tinystr v0.8.1
[INFO] [stderr]    Compiling potential_utf v0.1.2
[INFO] [stderr]    Compiling clap v4.5.45
[INFO] [stderr]    Compiling icu_collections v2.0.0
[INFO] [stderr]    Compiling pest_generator v2.8.1
[INFO] [stderr]    Compiling icu_locale_core v2.0.0
[INFO] [stderr]    Compiling futures-executor v0.3.31
[INFO] [stderr]    Compiling asynchronous-codec v0.7.0
[INFO] [stderr]    Compiling futures-bounded v0.2.4
[INFO] [stderr]    Compiling quick-protobuf-codec v0.3.1
[INFO] [stderr]    Compiling futures v0.3.31
[INFO] [stderr]    Compiling rw-stream-sink v0.4.0
[INFO] [stderr]    Compiling multistream-select v0.13.0
[INFO] [stderr]    Compiling netlink-proto v0.11.5
[INFO] [stderr]    Compiling futures-ticker v0.0.3
[INFO] [stderr]    Compiling yamux v0.12.1
[INFO] [stderr]    Compiling yamux v0.13.6
[INFO] [stderr]    Compiling icu_provider v2.0.0
[INFO] [stderr]    Compiling rtnetlink v0.13.1
[INFO] [stderr]    Compiling pest_derive v2.8.1
[INFO] [stderr]    Compiling icu_normalizer v2.0.0
[INFO] [stderr]    Compiling icu_properties v2.0.1
[INFO] [stderr]    Compiling if-watch v3.2.1
[INFO] [stderr]    Compiling idna_adapter v1.2.1
[INFO] [stderr]    Compiling idna v1.1.0
[INFO] [stderr]    Compiling url v2.5.7
[INFO] [stderr]    Compiling bitflags v2.9.3
[INFO] [stderr]    Compiling chrono v0.4.41
[INFO] [stderr]    Compiling uuid v1.18.0
[INFO] [stderr]    Compiling toml_datetime v0.6.11
[INFO] [stderr]    Compiling serde_spanned v0.6.9
[INFO] [stderr]    Compiling bincode v1.3.3
[INFO] [stderr]    Compiling json5 v0.4.1
[INFO] [stderr]    Compiling serde_urlencoded v0.7.1
[INFO] [stderr]    Compiling serde_yaml v0.9.34+deprecated
[INFO] [stderr]    Compiling ron v0.8.1
[INFO] [stderr]    Compiling toml_edit v0.22.27
[INFO] [stderr]    Compiling multiaddr v0.18.2
[INFO] [stderr]    Compiling hickory-proto v0.24.4
[INFO] [stderr]    Compiling tungstenite v0.17.3
[INFO] [stderr]    Compiling tokio-util v0.7.16
[INFO] [stderr]    Compiling tower v0.5.2
[INFO] [stderr]    Compiling libp2p-core v0.42.0
[INFO] [stderr]    Compiling tokio-tungstenite v0.17.2
[INFO] [stderr]    Compiling h2 v0.4.12
[INFO] [stderr]    Compiling tower-http v0.6.6
[INFO] [stderr]    Compiling libp2p-swarm v0.45.1
[INFO] [stderr]    Compiling libp2p-tcp v0.42.0
[INFO] [stderr]    Compiling libp2p-yamux v0.46.0
[INFO] [stderr]    Compiling libp2p-noise v0.45.0
[INFO] [stderr]    Compiling pulse-core v0.1.0 (/opt/rustwide/workdir/crates/pulse-core)
[INFO] [stderr]    Compiling toml v0.8.23
[INFO] [stderr]    Compiling config v0.14.1
[INFO] [stderr]    Compiling tokio-native-tls v0.3.1
[INFO] [stderr]    Compiling libp2p-kad v0.46.2
[INFO] [stderr]    Compiling libp2p-gossipsub v0.47.0
[INFO] [stderr]    Compiling libp2p-allow-block-list v0.4.0
[INFO] [stderr]    Compiling libp2p-identify v0.45.0
[INFO] [stderr]    Compiling libp2p-mdns v0.46.0
[INFO] [stderr]    Compiling libp2p-connection-limits v0.4.0
[INFO] [stderr]    Compiling pulse-parser v0.1.0 (/opt/rustwide/workdir/crates/pulse-parser)
[INFO] [stderr]    Compiling pulse-executor v0.1.0 (/opt/rustwide/workdir/crates/pulse-executor)
[INFO] [stdout] warning: unused import: `TaskDefinition`
[INFO] [stdout]  --> crates/pulse-parser/src/workflow.rs:1:23
[INFO] [stdout]   |
[INFO] [stdout] 1 | use pulse_core::{Job, TaskDefinition, WorkflowDefinition};
[INFO] [stdout]   |                       ^^^^^^^^^^^^^^
[INFO] [stdout]   |
[INFO] [stdout]   = note: `#[warn(unused_imports)]` (part of `#[warn(unused)]`) on by default
[INFO] [stdout] 
[INFO] [stdout] 
[INFO] [stdout] warning: unused import: `uuid::Uuid`
[INFO] [stdout]  --> crates/pulse-parser/src/workflow.rs:6:5
[INFO] [stdout]   |
[INFO] [stdout] 6 | use uuid::Uuid;
[INFO] [stdout]   |     ^^^^^^^^^^
[INFO] [stdout] 
[INFO] [stdout] 
[INFO] [stdout] warning: unused imports: `ExecutionArtifact` and `TaskStatus`
[INFO] [stdout]  --> crates/pulse-executor/src/shell.rs:3:21
[INFO] [stdout]   |
[INFO] [stdout] 3 |     ActionExecutor, ExecutionArtifact, ExecutionContext, ResourceLimits, TaskDefinition,
[INFO] [stdout]   |                     ^^^^^^^^^^^^^^^^^
[INFO] [stdout] 4 |     TaskExecution, TaskExecutionResult, TaskExecutor, TaskStatus,
[INFO] [stdout]   |                                                       ^^^^^^^^^^
[INFO] [stdout]   |
[INFO] [stdout]   = note: `#[warn(unused_imports)]` (part of `#[warn(unused)]`) on by default
[INFO] [stdout] 
[INFO] [stdout] 
[INFO] [stdout] warning: unused import: `Child`
[INFO] [stdout]  --> crates/pulse-executor/src/process_manager.rs:3:20
[INFO] [stdout]   |
[INFO] [stdout] 3 | use std::process::{Child, Stdio};
[INFO] [stdout]   |                    ^^^^^
[INFO] [stdout] 
[INFO] [stdout] 
[INFO] [stdout] error[E0382]: use of moved value: `stdout_output`
[INFO] [stdout]    --> crates/pulse-executor/src/shell.rs:112:96
[INFO] [stdout]     |
[INFO] [stdout]  89 |             let mut stdout_output = Vec::new();
[INFO] [stdout]     |                 ----------------- move occurs because `stdout_output` has type `Vec<std::string::String>`, which does not implement the `Copy` trait
[INFO] [stdout] ...
[INFO] [stdout]  93 |             tokio::spawn(async move {
[INFO] [stdout]     |                          ---------- value moved here
[INFO] [stdout]  94 |                 while let Ok(Some(line)) = stdout_lines.next_line().await {
[INFO] [stdout]     |                 --------------------------------------------------------- inside of this loop
[INFO] [stdout]  95 |                     debug!("STDOUT: {}", line);
[INFO] [stdout]  96 |                     stdout_output.push(line);
[INFO] [stdout]     |                     ------------- variable moved due to use in coroutine
[INFO] [stdout] ...
[INFO] [stdout] 112 |             Ok::<(std::process::ExitStatus, Vec<String>, Vec<String>), ExecutorError>((status, stdout_output, stderr_output))
[INFO] [stdout]     |                                                                                                ^^^^^^^^^^^^^ value used here after move
[INFO] [stdout]     |
[INFO] [stdout] help: consider cloning the value before moving it into the closure
[INFO] [stdout]     |
[INFO] [stdout]  93 ~             let value = stdout_output.clone();
[INFO] [stdout]  94 ~             tokio::spawn(async move {
[INFO] [stdout]  95 |                 while let Ok(Some(line)) = stdout_lines.next_line().await {
[INFO] [stdout]  96 |                     debug!("STDOUT: {}", line);
[INFO] [stdout]  97 ~                     value.push(line);
[INFO] [stdout]     |
[INFO] [stdout] 
[INFO] [stdout] 
[INFO] [stdout] error[E0382]: use of moved value: `stderr_output`
[INFO] [stdout]    --> crates/pulse-executor/src/shell.rs:112:111
[INFO] [stdout]     |
[INFO] [stdout]  90 |             let mut stderr_output = Vec::new();
[INFO] [stdout]     |                 ----------------- move occurs because `stderr_output` has type `Vec<std::string::String>`, which does not implement the `Copy` trait
[INFO] [stdout] ...
[INFO] [stdout] 101 |             tokio::spawn(async move {
[INFO] [stdout]     |                          ---------- value moved here
[INFO] [stdout] 102 |                 while let Ok(Some(line)) = stderr_lines.next_line().await {
[INFO] [stdout]     |                 --------------------------------------------------------- inside of this loop
[INFO] [stdout] 103 |                     debug!("STDERR: {}", line);
[INFO] [stdout] 104 |                     stderr_output.push(line);
[INFO] [stdout]     |                     ------------- variable moved due to use in coroutine
[INFO] [stdout] ...
[INFO] [stdout] 112 |             Ok::<(std::process::ExitStatus, Vec<String>, Vec<String>), ExecutorError>((status, stdout_output, stderr_output))
[INFO] [stdout]     |                                                                                                               ^^^^^^^^^^^^^ value used here after move
[INFO] [stdout]     |
[INFO] [stdout] help: consider cloning the value before moving it into the closure
[INFO] [stdout]     |
[INFO] [stdout] 101 ~             let value = stderr_output.clone();
[INFO] [stdout] 102 ~             tokio::spawn(async move {
[INFO] [stdout] 103 |                 while let Ok(Some(line)) = stderr_lines.next_line().await {
[INFO] [stdout] 104 |                     debug!("STDERR: {}", line);
[INFO] [stdout] 105 ~                     value.push(line);
[INFO] [stdout]     |
[INFO] [stdout] 
[INFO] [stdout] 
[INFO] [stdout] error[E0308]: mismatched types
[INFO] [stdout]    --> crates/pulse-executor/src/distributed.rs:151:40
[INFO] [stdout]     |
[INFO] [stdout] 151 |                     execution.complete(result.output.clone());
[INFO] [stdout]     |                               -------- ^^^^^^^^^^^^^^^^^^^^^ expected `Option<Value>`, found `Option<HashMap<String, Value>>`
[INFO] [stdout]     |                               |
[INFO] [stdout]     |                               arguments to this method are incorrect
[INFO] [stdout]     |
[INFO] [stdout]     = note: expected enum `Option<Value>`
[INFO] [stdout]                found enum `Option<HashMap<std::string::String, Value>>`
[INFO] [stdout] note: method defined here
[INFO] [stdout]    --> crates/pulse-core/src/task.rs:68:12
[INFO] [stdout]     |
[INFO] [stdout]  68 |     pub fn complete(&mut self, output: Option<serde_json::Value>) {
[INFO] [stdout]     |            ^^^^^^^^
[INFO] [stdout] 
[INFO] [stdout] 
[INFO] [stdout] error[E0599]: no associated function or constant named `new_pair` found for struct `AbortHandle` in the current scope
[INFO] [stdout]   --> crates/pulse-executor/src/process_manager.rs:89:76
[INFO] [stdout]    |
[INFO] [stdout] 89 |         let (abort_handle, abort_registration) = tokio::task::AbortHandle::new_pair();
[INFO] [stdout]    |                                                                            ^^^^^^^^ associated function or constant not found in `AbortHandle`
[INFO] [stdout] 
[INFO] [stdout] 
[INFO] [stdout] error[E0599]: no method named `with_abort_handle` found for struct `tokio::task::JoinHandle<T>` in the current scope
[INFO] [stdout]    --> crates/pulse-executor/src/process_manager.rs:107:10
[INFO] [stdout]     |
[INFO] [stdout] 104 |           let execution_future = tokio::task::spawn(async move {
[INFO] [stdout]     |  ________________________________-
[INFO] [stdout] 105 | |             self.execute_with_streams(execution_id, stdout, stderr).await
[INFO] [stdout] 106 | |         })
[INFO] [stdout] 107 | |         .with_abort_handle(abort_registration);
[INFO] [stdout]     | |_________-^^^^^^^^^^^^^^^^^
[INFO] [stdout]     |
[INFO] [stdout] help: there is a method `abort_handle` with a similar name, but with different arguments
[INFO] [stdout]    --> /opt/rustwide/cargo-home/registry/src/index.crates.io-1949cf8c6b5b557f/tokio-1.47.1/src/runtime/task/join.rs:300:5
[INFO] [stdout]     |
[INFO] [stdout] 300 |     pub fn abort_handle(&self) -> super::AbortHandle {
[INFO] [stdout]     |     ^^^^^^^^^^^^^^^^^^^^^^^^^^^^^^^^^^^^^^^^^^^^^^^^
[INFO] [stdout] 
[INFO] [stdout] 
[INFO] [stdout] error[E0433]: cannot find module or crate `libc` in this scope
[INFO] [stdout]    --> crates/pulse-executor/src/process_manager.rs:221:25
[INFO] [stdout]     |
[INFO] [stdout] 221 |                         libc::killpg(pid as i32, libc::SIGTERM);
[INFO] [stdout]     |                         ^^^^ use of unresolved module or unlinked crate `libc`
[INFO] [stdout]     |
[INFO] [stdout]     = help: if you wanted to use a crate named `libc`, use `cargo add libc` to add it to your `Cargo.toml`
[INFO] [stdout] 
[INFO] [stdout] 
[INFO] [stdout] error[E0433]: cannot find module or crate `libc` in this scope
[INFO] [stdout]    --> crates/pulse-executor/src/process_manager.rs:221:50
[INFO] [stdout]     |
[INFO] [stdout] 221 |                         libc::killpg(pid as i32, libc::SIGTERM);
[INFO] [stdout]     |                                                  ^^^^ use of unresolved module or unlinked crate `libc`
[INFO] [stdout]     |
[INFO] [stdout]     = help: if you wanted to use a crate named `libc`, use `cargo add libc` to add it to your `Cargo.toml`
[INFO] [stdout] 
[INFO] [stdout] 
[INFO] [stdout] error[E0433]: cannot find module or crate `libc` in this scope
[INFO] [stdout]    --> crates/pulse-executor/src/process_manager.rs:225:25
[INFO] [stdout]     |
[INFO] [stdout] 225 |                         libc::killpg(pid as i32, libc::SIGKILL);
[INFO] [stdout]     |                         ^^^^ use of unresolved module or unlinked crate `libc`
[INFO] [stdout]     |
[INFO] [stdout]     = help: if you wanted to use a crate named `libc`, use `cargo add libc` to add it to your `Cargo.toml`
[INFO] [stdout] 
[INFO] [stdout] 
[INFO] [stdout] error[E0433]: cannot find module or crate `libc` in this scope
[INFO] [stdout]    --> crates/pulse-executor/src/process_manager.rs:225:50
[INFO] [stdout]     |
[INFO] [stdout] 225 |                         libc::killpg(pid as i32, libc::SIGKILL);
[INFO] [stdout]     |                                                  ^^^^ use of unresolved module or unlinked crate `libc`
[INFO] [stdout]     |
[INFO] [stdout]     = help: if you wanted to use a crate named `libc`, use `cargo add libc` to add it to your `Cargo.toml`
[INFO] [stdout] 
[INFO] [stdout] 
[INFO] [stdout] error[E0308]: mismatched types
[INFO] [stdout]    --> crates/pulse-executor/src/shell.rs:176:40
[INFO] [stdout]     |
[INFO] [stdout] 176 |                     execution.complete(result.output.clone());
[INFO] [stdout]     |                               -------- ^^^^^^^^^^^^^^^^^^^^^ expected `Option<Value>`, found `Option<HashMap<String, Value>>`
[INFO] [stdout]     |                               |
[INFO] [stdout]     |                               arguments to this method are incorrect
[INFO] [stdout]     |
[INFO] [stdout]     = note: expected enum `Option<Value>`
[INFO] [stdout]                found enum `Option<HashMap<std::string::String, Value>>`
[INFO] [stdout] note: method defined here
[INFO] [stdout]    --> crates/pulse-core/src/task.rs:68:12
[INFO] [stdout]     |
[INFO] [stdout]  68 |     pub fn complete(&mut self, output: Option<serde_json::Value>) {
[INFO] [stdout]     |            ^^^^^^^^
[INFO] [stdout] 
[INFO] [stdout] 
[INFO] [stdout] error[E0599]: no associated function or constant named `new_pair` found for struct `AbortHandle` in the current scope
[INFO] [stdout]    --> crates/pulse-executor/src/distributed.rs:230:76
[INFO] [stdout]     |
[INFO] [stdout] 230 |         let (abort_handle, abort_registration) = tokio::task::AbortHandle::new_pair();
[INFO] [stdout]     |                                                                            ^^^^^^^^ associated function or constant not found in `AbortHandle`
[INFO] [stdout] 
[INFO] [stdout] 
[INFO] [stdout] error[E0599]: no method named `with_abort_handle` found for struct `tokio::task::JoinHandle<T>` in the current scope
[INFO] [stdout]    --> crates/pulse-executor/src/distributed.rs:251:10
[INFO] [stdout]     |
[INFO] [stdout] 235 |           let result = tokio::spawn(async move {
[INFO] [stdout]     |  ______________________-
[INFO] [stdout] 236 | |             let executor = unsafe { &*executor_ref }; // Safe because we control the lifetime
[INFO] [stdout] 237 | |             
[INFO] [stdout] 238 | |             if task_clone.uses.is_some() {
[INFO] [stdout] ...   |
[INFO] [stdout] 250 | |         })
[INFO] [stdout] 251 | |         .with_abort_handle(abort_registration);
[INFO] [stdout]     | |_________-^^^^^^^^^^^^^^^^^
[INFO] [stdout]     |
[INFO] [stdout] help: there is a method `abort_handle` with a similar name, but with different arguments
[INFO] [stdout]    --> /opt/rustwide/cargo-home/registry/src/index.crates.io-1949cf8c6b5b557f/tokio-1.47.1/src/runtime/task/join.rs:300:5
[INFO] [stdout]     |
[INFO] [stdout] 300 |     pub fn abort_handle(&self) -> super::AbortHandle {
[INFO] [stdout]     |     ^^^^^^^^^^^^^^^^^^^^^^^^^^^^^^^^^^^^^^^^^^^^^^^^
[INFO] [stdout] 
[INFO] [stdout] 
[INFO] [stdout] error[E0308]: mismatched types
[INFO] [stdout]    --> crates/pulse-executor/src/distributed.rs:291:32
[INFO] [stdout]     |
[INFO] [stdout] 291 |             execution.complete(execution_result.output.clone());
[INFO] [stdout]     |                       -------- ^^^^^^^^^^^^^^^^^^^^^^^^^^^^^^^ expected `Option<Value>`, found `Option<HashMap<String, Value>>`
[INFO] [stdout]     |                       |
[INFO] [stdout]     |                       arguments to this method are incorrect
[INFO] [stdout]     |
[INFO] [stdout]     = note: expected enum `Option<Value>`
[INFO] [stdout]                found enum `Option<HashMap<std::string::String, Value>>`
[INFO] [stdout] note: method defined here
[INFO] [stdout]    --> crates/pulse-core/src/task.rs:68:12
[INFO] [stdout]     |
[INFO] [stdout]  68 |     pub fn complete(&mut self, output: Option<serde_json::Value>) {
[INFO] [stdout]     |            ^^^^^^^^
[INFO] [stdout] 
[INFO] [stdout] 
[INFO] [stderr]    Compiling hyper v1.7.0
[INFO] [stdout] warning: unused import: `AsyncWriteExt`
[INFO] [stdout]  --> crates/pulse-executor/src/artifact_manager.rs:6:31
[INFO] [stdout]   |
[INFO] [stdout] 6 | use tokio::io::{AsyncReadExt, AsyncWriteExt};
[INFO] [stdout]   |                               ^^^^^^^^^^^^^
[INFO] [stdout] 
[INFO] [stdout] 
[INFO] [stdout] warning: unused import: `AsyncReadExt`
[INFO] [stdout]  --> crates/pulse-executor/src/artifact_manager.rs:6:17
[INFO] [stdout]   |
[INFO] [stdout] 6 | use tokio::io::{AsyncReadExt, AsyncWriteExt};
[INFO] [stdout]   |                 ^^^^^^^^^^^^
[INFO] [stdout] 
[INFO] [stdout] 
[INFO] [stdout] Some errors have detailed explanations: E0308, E0382, E0433, E0599.
[INFO] [stdout] 
[INFO] [stdout] For more information about an error, try `rustc --explain E0308`.
[INFO] [stdout] 
[INFO] [stderr] error: could not compile `pulse-executor` (lib) due to 13 previous errors; 4 warnings emitted
[INFO] [stderr] warning: build failed, waiting for other jobs to finish...
[INFO] running `Command { std: "docker" "inspect" "6b38eec5b6368dbb5c04fc641d88750b2e2ed2cfa7c42ded179d234d07f0fa84", kill_on_drop: false }`
[INFO] running `Command { std: "docker" "rm" "-f" "6b38eec5b6368dbb5c04fc641d88750b2e2ed2cfa7c42ded179d234d07f0fa84", kill_on_drop: false }`
[INFO] [stdout] 6b38eec5b6368dbb5c04fc641d88750b2e2ed2cfa7c42ded179d234d07f0fa84
