[INFO] cloning repository https://github.com/sgh370/rustvalidity
[INFO] running `Command { std: "git" "-c" "credential.helper=" "-c" "credential.helper=/workspace/cargo-home/bin/git-credential-null" "clone" "--bare" "https://github.com/sgh370/rustvalidity" "/workspace/cache/git-repos/https%3A%2F%2Fgithub.com%2Fsgh370%2Frustvalidity", kill_on_drop: false }`
[INFO] [stderr] Cloning into bare repository '/workspace/cache/git-repos/https%3A%2F%2Fgithub.com%2Fsgh370%2Frustvalidity'...
[INFO] running `Command { std: "git" "rev-parse" "HEAD", kill_on_drop: false }`
[INFO] [stdout] be186d8f12b5135ce27df0a31f33a7a4c0a54571
[INFO] testing sgh370/rustvalidity against 1.99.0-beta.8 for beta-1.100-2
[INFO] running `Command { std: "git" "clone" "/workspace/cache/git-repos/https%3A%2F%2Fgithub.com%2Fsgh370%2Frustvalidity" "/workspace/builds/worker-3-tc1/source", kill_on_drop: false }`
[INFO] [stderr] Cloning into '/workspace/builds/worker-3-tc1/source'...
[INFO] [stderr] done.
[INFO] started tweaking git repo https://github.com/sgh370/rustvalidity
[INFO] finished tweaking git repo https://github.com/sgh370/rustvalidity
[INFO] tweaked toml for git repo https://github.com/sgh370/rustvalidity written to /workspace/builds/worker-3-tc1/source/Cargo.toml
[INFO] validating manifest of git repo https://github.com/sgh370/rustvalidity on toolchain 1.99.0-beta.8
[INFO] running `Command { std: CARGO_HOME="/workspace/cargo-home" RUSTUP_HOME="/workspace/rustup-home" "/workspace/cargo-home/bin/cargo" "+1.99.0-beta.8" "metadata" "--manifest-path" "Cargo.toml" "--no-deps", kill_on_drop: false }`
[INFO] crate git repo https://github.com/sgh370/rustvalidity already has a lockfile, it will not be regenerated
[INFO] running `Command { std: CARGO_HOME="/workspace/cargo-home" RUSTUP_HOME="/workspace/rustup-home" "/workspace/cargo-home/bin/cargo" "+1.99.0-beta.8" "fetch" "--manifest-path" "Cargo.toml", kill_on_drop: false }`
[INFO] running `Command { std: "docker" "create" "-v" "/var/lib/crater-agent-workspace/builds/worker-3-tc1/source:/opt/rustwide/workdir:ro,Z" "-v" "/var/lib/crater-agent-workspace/builds/worker-3-tc1/target:/opt/rustwide/target:rw,Z" "-v" "/var/lib/crater-agent-workspace/cargo-home:/opt/rustwide/cargo-home:ro,Z" "-v" "/var/lib/crater-agent-workspace/rustup-home:/opt/rustwide/rustup-home:ro,Z" "-m" "1610612736" "--network" "none" "ghcr.io/rust-lang/crates-build-env/linux@sha256:3111399a4047eeb3a02b7a90e478d715f38a8c6669b5c4b49d30a17385265909" "sleep" "infinity", kill_on_drop: false }`
[INFO] [stdout] 7e0f2ee5d7db0097c4cef631c4e47eaeccb8a161c13fc1f706d61146ca6bed77
[INFO] running `Command { std: "docker" "start" "7e0f2ee5d7db0097c4cef631c4e47eaeccb8a161c13fc1f706d61146ca6bed77", kill_on_drop: false }`
[INFO] running `Command { std: "docker" "inspect" "7e0f2ee5d7db0097c4cef631c4e47eaeccb8a161c13fc1f706d61146ca6bed77", kill_on_drop: false }`
[INFO] running `Command { std: "docker" "exec" "-e" "SOURCE_DIR=/opt/rustwide/workdir" "-e" "CARGO_HOME=/opt/rustwide/cargo-home" "-e" "RUSTUP_HOME=/opt/rustwide/rustup-home" "-e" "CARGO_TARGET_DIR=/opt/rustwide/target" "-w" "/opt/rustwide/workdir" "--user" "0:0" "7e0f2ee5d7db0097c4cef631c4e47eaeccb8a161c13fc1f706d61146ca6bed77" "/opt/rustwide/cargo-home/bin/cargo" "+1.99.0-beta.8" "metadata" "--no-deps" "--format-version=1", kill_on_drop: false }`
[INFO] running `Command { std: "docker" "inspect" "7e0f2ee5d7db0097c4cef631c4e47eaeccb8a161c13fc1f706d61146ca6bed77", kill_on_drop: false }`
[INFO] running `Command { std: "docker" "exec" "-e" "SOURCE_DIR=/opt/rustwide/workdir" "-e" "CARGO_HOME=/opt/rustwide/cargo-home" "-e" "RUSTUP_HOME=/opt/rustwide/rustup-home" "-e" "CARGO_TARGET_DIR=/opt/rustwide/target" "-e" "CARGO_INCREMENTAL=0" "-e" "RUST_BACKTRACE=full" "-e" "RUSTFLAGS=--cap-lints=warn" "-e" "RUSTDOCFLAGS=--cap-lints=warn" "-w" "/opt/rustwide/workdir" "--user" "0:0" "7e0f2ee5d7db0097c4cef631c4e47eaeccb8a161c13fc1f706d61146ca6bed77" "/opt/rustwide/cargo-home/bin/cargo" "+1.99.0-beta.8" "build" "--frozen" "--message-format=json", kill_on_drop: false }`
[INFO] [stderr]    Compiling proc-macro2 v1.0.95
[INFO] [stderr]    Compiling unicode-ident v1.0.18
[INFO] [stderr]    Compiling stable_deref_trait v1.2.0
[INFO] [stderr]    Compiling icu_locid_transform_data v1.5.1
[INFO] [stderr]    Compiling writeable v0.5.5
[INFO] [stderr]    Compiling litemap v0.7.5
[INFO] [stderr]    Compiling icu_properties_data v1.5.1
[INFO] [stderr]    Compiling icu_normalizer_data v1.5.1
[INFO] [stderr]    Compiling write16 v1.0.0
[INFO] [stderr]    Compiling libc v0.2.172
[INFO] [stderr]    Compiling utf16_iter v1.0.5
[INFO] [stderr]    Compiling smallvec v1.15.0
[INFO] [stderr]    Compiling memchr v2.7.4
[INFO] [stderr]    Compiling getrandom v0.3.2
[INFO] [stderr]    Compiling num-traits v0.2.19
[INFO] [stderr]    Compiling serde v1.0.219
[INFO] [stderr]    Compiling percent-encoding v2.3.1
[INFO] [stderr]    Compiling serde_json v1.0.140
[INFO] [stderr]    Compiling regex-syntax v0.8.5
[INFO] [stderr]    Compiling itoa v1.0.15
[INFO] [stderr]    Compiling form_urlencoded v1.2.1
[INFO] [stderr]    Compiling iana-time-zone v0.1.63
[INFO] [stderr]    Compiling ryu v1.0.20
[INFO] [stderr]    Compiling quote v1.0.40
[INFO] [stderr]    Compiling aho-corasick v1.1.3
[INFO] [stderr]    Compiling syn v2.0.100
[INFO] [stderr]    Compiling chrono v0.4.40
[INFO] [stderr]    Compiling uuid v1.16.0
[INFO] [stderr]    Compiling regex-automata v0.4.9
[INFO] [stderr]    Compiling synstructure v0.13.1
[INFO] [stderr]    Compiling zerovec-derive v0.10.3
[INFO] [stderr]    Compiling displaydoc v0.2.5
[INFO] [stderr]    Compiling icu_provider_macros v1.5.0
[INFO] [stderr]    Compiling serde_derive v1.0.219
[INFO] [stderr]    Compiling thiserror-impl v1.0.69
[INFO] [stderr]    Compiling zerofrom-derive v0.1.6
[INFO] [stderr]    Compiling yoke-derive v0.7.5
[INFO] [stderr]    Compiling zerofrom v0.1.6
[INFO] [stderr]    Compiling yoke v0.7.5
[INFO] [stderr]    Compiling zerovec v0.10.4
[INFO] [stderr]    Compiling thiserror v1.0.69
[INFO] [stderr]    Compiling regex v1.11.1
[INFO] [stderr]    Compiling tinystr v0.7.6
[INFO] [stderr]    Compiling icu_collections v1.5.0
[INFO] [stderr]    Compiling icu_locid v1.5.0
[INFO] [stderr]    Compiling icu_provider v1.5.0
[INFO] [stderr]    Compiling icu_locid_transform v1.5.0
[INFO] [stderr]    Compiling icu_properties v1.5.1
[INFO] [stderr]    Compiling icu_normalizer v1.5.0
[INFO] [stderr]    Compiling idna_adapter v1.2.0
[INFO] [stderr]    Compiling idna v1.0.3
[INFO] [stderr]    Compiling url v2.5.4
[INFO] [stderr]    Compiling rustvalidity v0.1.0 (/opt/rustwide/workdir)
[INFO] [stdout] warning: unused import: `DateTime`
[INFO] [stdout]  --> src/rules/common.rs:3:14
[INFO] [stdout]   |
[INFO] [stdout] 3 | use chrono::{DateTime, NaiveDate};
[INFO] [stdout]   |              ^^^^^^^^
[INFO] [stdout]   |
[INFO] [stdout]   = note: `#[warn(unused_imports)]` (part of `#[warn(unused)]`) on by default
[INFO] [stdout] 
[INFO] [stdout] 
[INFO] [stdout] warning: unused import: `url::Url`
[INFO] [stdout]  --> src/rules/common.rs:4:5
[INFO] [stdout]   |
[INFO] [stdout] 4 | use url::Url;
[INFO] [stdout]   |     ^^^^^^^^
[INFO] [stdout] 
[INFO] [stdout] 
[INFO] [stdout] warning: unused import: `uuid::Uuid`
[INFO] [stdout]  --> src/rules/common.rs:5:5
[INFO] [stdout]   |
[INFO] [stdout] 5 | use uuid::Uuid;
[INFO] [stdout]   |     ^^^^^^^^^^
[INFO] [stdout] 
[INFO] [stdout] 
[INFO] [stdout] warning: unused import: `std::fmt::Debug`
[INFO] [stdout]  --> src/rules/common.rs:7:5
[INFO] [stdout]   |
[INFO] [stdout] 7 | use std::fmt::Debug;
[INFO] [stdout]   |     ^^^^^^^^^^^^^^^
[INFO] [stdout] 
[INFO] [stdout] 
[INFO] [stdout] warning: unused import: `std::hash::Hash`
[INFO] [stdout]  --> src/rules/collection.rs:2:5
[INFO] [stdout]   |
[INFO] [stdout] 2 | use std::hash::Hash;
[INFO] [stdout]   |     ^^^^^^^^^^^^^^^
[INFO] [stdout] 
[INFO] [stdout] 
[INFO] [stdout] warning: unused import: `regex::Regex`
[INFO] [stdout]  --> src/rules/advanced.rs:1:5
[INFO] [stdout]   |
[INFO] [stdout] 1 | use regex::Regex;
[INFO] [stdout]   |     ^^^^^^^^^^^^
[INFO] [stdout] 
[INFO] [stdout] 
[INFO] [stdout] warning: unused import: `thiserror::Error`
[INFO] [stdout]  --> src/error.rs:3:5
[INFO] [stdout]   |
[INFO] [stdout] 3 | use thiserror::Error;
[INFO] [stdout]   |     ^^^^^^^^^^^^^^^^
[INFO] [stdout] 
[INFO] [stdout] 
[INFO] [stderr]     Finished `dev` profile [unoptimized + debuginfo] target(s) in 24.41s
[INFO] running `Command { std: "docker" "inspect" "7e0f2ee5d7db0097c4cef631c4e47eaeccb8a161c13fc1f706d61146ca6bed77", kill_on_drop: false }`
[INFO] running `Command { std: "docker" "exec" "-e" "SOURCE_DIR=/opt/rustwide/workdir" "-e" "CARGO_HOME=/opt/rustwide/cargo-home" "-e" "RUSTUP_HOME=/opt/rustwide/rustup-home" "-e" "CARGO_TARGET_DIR=/opt/rustwide/target" "-e" "CARGO_INCREMENTAL=0" "-e" "RUST_BACKTRACE=full" "-e" "RUSTFLAGS=--cap-lints=warn" "-e" "RUSTDOCFLAGS=--cap-lints=warn" "-w" "/opt/rustwide/workdir" "--user" "0:0" "7e0f2ee5d7db0097c4cef631c4e47eaeccb8a161c13fc1f706d61146ca6bed77" "/opt/rustwide/cargo-home/bin/cargo" "+1.99.0-beta.8" "test" "--frozen" "--no-run" "--message-format=json", kill_on_drop: false }`
[INFO] [stderr]    Compiling rustvalidity v0.1.0 (/opt/rustwide/workdir)
[INFO] [stdout] warning: unused import: `DateTime`
[INFO] [stdout]  --> src/rules/common.rs:3:14
[INFO] [stdout]   |
[INFO] [stdout] 3 | use chrono::{DateTime, NaiveDate};
[INFO] [stdout]   |              ^^^^^^^^
[INFO] [stdout]   |
[INFO] [stdout]   = note: `#[warn(unused_imports)]` (part of `#[warn(unused)]`) on by default
[INFO] [stdout] 
[INFO] [stdout] 
[INFO] [stdout] warning: unused import: `url::Url`
[INFO] [stdout]  --> src/rules/common.rs:4:5
[INFO] [stdout]   |
[INFO] [stdout] 4 | use url::Url;
[INFO] [stdout]   |     ^^^^^^^^
[INFO] [stdout] 
[INFO] [stdout] 
[INFO] [stdout] warning: unused import: `uuid::Uuid`
[INFO] [stdout]  --> src/rules/common.rs:5:5
[INFO] [stdout]   |
[INFO] [stdout] 5 | use uuid::Uuid;
[INFO] [stdout]   |     ^^^^^^^^^^
[INFO] [stdout] 
[INFO] [stdout] 
[INFO] [stdout] warning: unused import: `std::fmt::Debug`
[INFO] [stdout]  --> src/rules/common.rs:7:5
[INFO] [stdout]   |
[INFO] [stdout] 7 | use std::fmt::Debug;
[INFO] [stdout]   |     ^^^^^^^^^^^^^^^
[INFO] [stdout] 
[INFO] [stdout] 
[INFO] [stdout] warning: unused import: `std::hash::Hash`
[INFO] [stdout]  --> src/rules/collection.rs:2:5
[INFO] [stdout]   |
[INFO] [stdout] 2 | use std::hash::Hash;
[INFO] [stdout]   |     ^^^^^^^^^^^^^^^
[INFO] [stdout] 
[INFO] [stdout] 
[INFO] [stdout] warning: unused import: `regex::Regex`
[INFO] [stdout]  --> src/rules/advanced.rs:1:5
[INFO] [stdout]   |
[INFO] [stdout] 1 | use regex::Regex;
[INFO] [stdout]   |     ^^^^^^^^^^^^
[INFO] [stdout] 
[INFO] [stdout] 
[INFO] [stdout] warning: unused import: `thiserror::Error`
[INFO] [stdout]  --> src/error.rs:3:5
[INFO] [stdout]   |
[INFO] [stdout] 3 | use thiserror::Error;
[INFO] [stdout]   |     ^^^^^^^^^^^^^^^^
[INFO] [stdout] 
[INFO] [stdout] 
[INFO] [stdout] error[E0603]: struct `Url` is private
[INFO] [stdout]   --> examples/attribute_validation.rs:37:43
[INFO] [stdout]    |
[INFO] [stdout] 37 |         validator.add_rule("url", common::Url { allowed_schemes: Some(vec!["http".to_string(), "https".to_string()]) });
[INFO] [stdout]    |                                           ^^^ private struct
[INFO] [stdout]    |
[INFO] [stdout] note: the struct `Url` is defined here
[INFO] [stdout]   --> src/rules/common.rs:4:5
[INFO] [stdout]    |
[INFO] [stdout]  4 | use url::Url;
[INFO] [stdout]    |     ^^^^^^^^
[INFO] [stdout] help: import `Url` directly
[INFO] [stdout]    |
[INFO] [stdout] 37 -         validator.add_rule("url", common::Url { allowed_schemes: Some(vec!["http".to_string(), "https".to_string()]) });
[INFO] [stdout] 37 +         validator.add_rule("url", url::Url { allowed_schemes: Some(vec!["http".to_string(), "https".to_string()]) });
[INFO] [stdout]    |
[INFO] [stdout] 
[INFO] [stdout] 
[INFO] [stdout] warning: unused import: `rustvalidity::prelude::*`
[INFO] [stdout]  --> examples/attribute_validation.rs:4:5
[INFO] [stdout]   |
[INFO] [stdout] 4 | use rustvalidity::prelude::*;
[INFO] [stdout]   |     ^^^^^^^^^^^^^^^^^^^^^^^^
[INFO] [stdout]   |
[INFO] [stdout]   = note: `#[warn(unused_imports)]` (part of `#[warn(unused)]`) on by default
[INFO] [stdout] 
[INFO] [stdout] 
[INFO] [stdout] warning: unused imports: `Rule` and `advanced`
[INFO] [stdout]  --> examples/attribute_validation.rs:7:27
[INFO] [stdout]   |
[INFO] [stdout] 7 | use rustvalidity::rules::{Rule, common, numeric, collection, advanced};
[INFO] [stdout]   |                           ^^^^                               ^^^^^^^^
[INFO] [stdout] 
[INFO] [stdout] 
[INFO] [stdout] error: cannot find derive macro `Validate` in this scope
[INFO] [stdout]  --> examples/derive_validation.rs:4:17
[INFO] [stdout]   |
[INFO] [stdout] 4 | #[derive(Debug, Validate)]
[INFO] [stdout]   |                 ^^^^^^^^
[INFO] [stdout]   |
[INFO] [stdout] note: `Validate` is a trait, not a derive macro
[INFO] [stdout]  --> src/validator.rs:9:1
[INFO] [stdout]   |
[INFO] [stdout] 9 | pub trait Validate {
[INFO] [stdout]   | ^^^^^^^^^^^^^^^^^^
[INFO] [stdout]   = help: consider implementing `Validate` for your type manually
[INFO] [stdout] 
[INFO] [stdout] 
[INFO] [stdout] error: cannot find attribute `validate` in this scope
[INFO] [stdout]  --> examples/derive_validation.rs:6:7
[INFO] [stdout]   |
[INFO] [stdout] 6 |     #[validate(required, length(min = 3, max = 50))]
[INFO] [stdout]   |       ^^^^^^^^
[INFO] [stdout] 
[INFO] [stdout] 
[INFO] [stdout] error: cannot find attribute `validate` in this scope
[INFO] [stdout]  --> examples/derive_validation.rs:9:7
[INFO] [stdout]   |
[INFO] [stdout] 9 |     #[validate(min = 0)]
[INFO] [stdout]   |       ^^^^^^^^
[INFO] [stdout] 
[INFO] [stdout] 
[INFO] [stdout] error[E0560]: struct `url::Url` has no field named `allowed_schemes`
[INFO] [stdout]   --> examples/attribute_validation.rs:37:49
[INFO] [stdout]    |
[INFO] [stdout] 37 |         validator.add_rule("url", common::Url { allowed_schemes: Some(vec!["http".to_string(), "https".to_string()]) });
[INFO] [stdout]    |                                                 ^^^^^^^^^^^^^^^ `url::Url` does not have this field
[INFO] [stdout]    |
[INFO] [stdout]    = note: all struct fields are already assigned
[INFO] [stdout] 
[INFO] [stdout] 
[INFO] [stdout] error: cannot find attribute `validate` in this scope
[INFO] [stdout]   --> examples/derive_validation.rs:12:7
[INFO] [stdout]    |
[INFO] [stdout] 12 |     #[validate(required, email)]
[INFO] [stdout]    |       ^^^^^^^^
[INFO] [stdout] 
[INFO] [stdout] 
[INFO] [stdout] error: cannot find attribute `validate` in this scope
[INFO] [stdout]   --> examples/derive_validation.rs:15:7
[INFO] [stdout]    |
[INFO] [stdout] 15 |     #[validate(min = 1)]
[INFO] [stdout]    |       ^^^^^^^^
[INFO] [stdout] 
[INFO] [stdout] 
[INFO] [stdout] error[E0277]: the trait bound `url::Url: Rule` is not satisfied
[INFO] [stdout]   --> examples/attribute_validation.rs:37:35
[INFO] [stdout]    |
[INFO] [stdout] 37 |         validator.add_rule("url", common::Url { allowed_schemes: Some(vec!["http".to_string(), "https".to_string()]) });
[INFO] [stdout]    |                   --------        ^^^^^^^^^^^^^^^^^^^^^^^^^^^^^^^^^^^^^^^^^^^^^^^^^^^^^^^^^^^^^^^^^^^^^^^^^^^^^^^^^^^^ the trait `Rule` is not implemented for `url::Url`
[INFO] [stdout]    |                   |
[INFO] [stdout]    |                   required by a bound introduced by this call
[INFO] [stdout]    |
[INFO] [stdout]    = help: the following other types implement trait `Rule`:
[INFO] [stdout]              Contains<T>
[INFO] [stdout]              CreditCard
[INFO] [stdout]              Custom<F>
[INFO] [stdout]              Date
[INFO] [stdout]              DivisibleBy<i32>
[INFO] [stdout]              Domain
[INFO] [stdout]              Each<R>
[INFO] [stdout]              Email
[INFO] [stdout]            and 29 others
[INFO] [stdout] note: required by a bound in `Validator::add_rule`
[INFO] [stdout]   --> src/validator.rs:30:12
[INFO] [stdout]    |
[INFO] [stdout] 28 |     pub fn add_rule<R>(&mut self, name: &str, rule: R) 
[INFO] [stdout]    |            -------- required by a bound in this associated function
[INFO] [stdout] 29 |     where
[INFO] [stdout] 30 |         R: Rule + 'static,
[INFO] [stdout]    |            ^^^^ required by this bound in `Validator::add_rule`
[INFO] [stdout] 
[INFO] [stdout] 
[INFO] [stdout] error: cannot find attribute `validate` in this scope
[INFO] [stdout]   --> examples/derive_validation.rs:18:7
[INFO] [stdout]    |
[INFO] [stdout] 18 |     #[validate(url)]
[INFO] [stdout]    |       ^^^^^^^^
[INFO] [stdout] 
[INFO] [stdout] 
[INFO] [stdout] error[E0599]: no method named `validate` found for struct `Product` in the current scope
[INFO] [stdout]   --> examples/derive_validation.rs:33:25
[INFO] [stdout]    |
[INFO] [stdout]  5 | struct Product {
[INFO] [stdout]    | -------------- method `validate` not found for this struct
[INFO] [stdout] ...
[INFO] [stdout] 33 |     match valid_product.validate() {
[INFO] [stdout]    |                         ^^^^^^^^ method not found in `Product`
[INFO] [stdout]    |
[INFO] [stdout]    = help: items from traits can only be used if the trait is implemented and in scope
[INFO] [stdout]    = note: the following trait defines an item `validate`, perhaps you need to implement it:
[INFO] [stdout]            candidate #1: `rustvalidity::validator::Validate`
[INFO] [stdout] 
[INFO] [stdout] 
[INFO] [stdout] error[E0599]: no method named `validate` found for reference `&dyn Rule` in the current scope
[INFO] [stdout]   --> examples/attribute_validation.rs:43:67
[INFO] [stdout]    |
[INFO] [stdout] 43 |         if let Err(err) = validator.get_rule("required").unwrap().validate(&self.name as &dyn Any) {
[INFO] [stdout]    |                           ---------                               ^^^^^^^^
[INFO] [stdout]    |                           |
[INFO] [stdout]    |                           method `validate` is available on `&Validator`
[INFO] [stdout]    |
[INFO] [stdout] help: there is a method `validate_any` with a similar name
[INFO] [stdout]    |
[INFO] [stdout] 43 |         if let Err(err) = validator.get_rule("required").unwrap().validate_any(&self.name as &dyn Any) {
[INFO] [stdout]    |                                                                           ++++
[INFO] [stdout] 
[INFO] [stdout] 
[INFO] [stdout] error[E0599]: no method named `validate` found for struct `Product` in the current scope
[INFO] [stdout]   --> examples/derive_validation.rs:48:27
[INFO] [stdout]    |
[INFO] [stdout]  5 | struct Product {
[INFO] [stdout]    | -------------- method `validate` not found for this struct
[INFO] [stdout] ...
[INFO] [stdout] 48 |     match invalid_product.validate() {
[INFO] [stdout]    |                           ^^^^^^^^ method not found in `Product`
[INFO] [stdout]    |
[INFO] [stdout]    = help: items from traits can only be used if the trait is implemented and in scope
[INFO] [stdout]    = note: the following trait defines an item `validate`, perhaps you need to implement it:
[INFO] [stdout]            candidate #1: `rustvalidity::validator::Validate`
[INFO] [stdout] 
[INFO] [stdout] 
[INFO] [stdout] For more information about this error, try `rustc --explain E0599`.
[INFO] [stdout] 
[INFO] [stderr] error: could not compile `rustvalidity` (example "derive_validation") due to 8 previous errors
[INFO] [stderr] warning: build failed, waiting for other jobs to finish...
[INFO] [stdout] error[E0599]: no method named `validate` found for reference `&dyn Rule` in the current scope
[INFO] [stdout]   --> examples/attribute_validation.rs:45:77
[INFO] [stdout]    |
[INFO] [stdout] 45 |         } else if let Err(err) = validator.get_rule("name_length").unwrap().validate(&self.name as &dyn Any) {
[INFO] [stdout]    |                                  ---------                                  ^^^^^^^^
[INFO] [stdout]    |                                  |
[INFO] [stdout]    |                                  method `validate` is available on `&Validator`
[INFO] [stdout]    |
[INFO] [stdout] help: there is a method `validate_any` with a similar name
[INFO] [stdout]    |
[INFO] [stdout] 45 |         } else if let Err(err) = validator.get_rule("name_length").unwrap().validate_any(&self.name as &dyn Any) {
[INFO] [stdout]    |                                                                                     ++++
[INFO] [stdout] 
[INFO] [stdout] 
[INFO] [stdout] error[E0599]: no method named `validate` found for reference `&dyn Rule` in the current scope
[INFO] [stdout]   --> examples/attribute_validation.rs:50:68
[INFO] [stdout]    |
[INFO] [stdout] 50 |         if let Err(err) = validator.get_rule("min_price").unwrap().validate(&self.price as &dyn Any) {
[INFO] [stdout]    |                           ---------                                ^^^^^^^^
[INFO] [stdout]    |                           |
[INFO] [stdout]    |                           method `validate` is available on `&Validator`
[INFO] [stdout]    |
[INFO] [stdout] help: there is a method `validate_any` with a similar name
[INFO] [stdout]    |
[INFO] [stdout] 50 |         if let Err(err) = validator.get_rule("min_price").unwrap().validate_any(&self.price as &dyn Any) {
[INFO] [stdout]    |                                                                            ++++
[INFO] [stdout] 
[INFO] [stdout] 
[INFO] [stdout] warning: unused import: `rustvalidity::prelude::*`
[INFO] [stdout]  --> examples/user_validation.rs:3:5
[INFO] [stdout]   |
[INFO] [stdout] 3 | use rustvalidity::prelude::*;
[INFO] [stdout]   |     ^^^^^^^^^^^^^^^^^^^^^^^^
[INFO] [stdout]   |
[INFO] [stdout]   = note: `#[warn(unused_imports)]` (part of `#[warn(unused)]`) on by default
[INFO] [stdout] 
[INFO] [stdout] 
[INFO] [stdout] error[E0599]: no method named `validate` found for reference `&dyn Rule` in the current scope
[INFO] [stdout]   --> examples/attribute_validation.rs:55:67
[INFO] [stdout]    |
[INFO] [stdout] 55 |         if let Err(err) = validator.get_rule("required").unwrap().validate(&self.contact_email as &dyn Any) {
[INFO] [stdout]    |                           ---------                               ^^^^^^^^
[INFO] [stdout]    |                           |
[INFO] [stdout]    |                           method `validate` is available on `&Validator`
[INFO] [stdout]    |
[INFO] [stdout] help: there is a method `validate_any` with a similar name
[INFO] [stdout]    |
[INFO] [stdout] 55 |         if let Err(err) = validator.get_rule("required").unwrap().validate_any(&self.contact_email as &dyn Any) {
[INFO] [stdout]    |                                                                           ++++
[INFO] [stdout] 
[INFO] [stdout] 
[INFO] [stdout] error[E0599]: no method named `validate` found for reference `&dyn Rule` in the current scope
[INFO] [stdout]   --> examples/attribute_validation.rs:57:71
[INFO] [stdout]    |
[INFO] [stdout] 57 |         } else if let Err(err) = validator.get_rule("email").unwrap().validate(&self.contact_email as &dyn Any) {
[INFO] [stdout]    |                                  ---------                            ^^^^^^^^
[INFO] [stdout]    |                                  |
[INFO] [stdout]    |                                  method `validate` is available on `&Validator`
[INFO] [stdout]    |
[INFO] [stdout] help: there is a method `validate_any` with a similar name
[INFO] [stdout]    |
[INFO] [stdout] 57 |         } else if let Err(err) = validator.get_rule("email").unwrap().validate_any(&self.contact_email as &dyn Any) {
[INFO] [stdout]    |                                                                               ++++
[INFO] [stdout] 
[INFO] [stdout] 
[INFO] [stdout] warning: unused import: `Rule`
[INFO] [stdout]  --> examples/user_validation.rs:6:27
[INFO] [stdout]   |
[INFO] [stdout] 6 | use rustvalidity::rules::{Rule, common, numeric, collection};
[INFO] [stdout]   |                           ^^^^
[INFO] [stdout] 
[INFO] [stdout] 
[INFO] [stdout] warning: unused import: `DateTime`
[INFO] [stdout]  --> src/rules/common.rs:3:14
[INFO] [stdout]   |
[INFO] [stdout] 3 | use chrono::{DateTime, NaiveDate};
[INFO] [stdout]   |              ^^^^^^^^
[INFO] [stdout]   |
[INFO] [stdout]   = note: `#[warn(unused_imports)]` (part of `#[warn(unused)]`) on by default
[INFO] [stdout] 
[INFO] [stdout] 
[INFO] [stdout] warning: unused import: `url::Url`
[INFO] [stdout]  --> src/rules/common.rs:4:5
[INFO] [stdout]   |
[INFO] [stdout] 4 | use url::Url;
[INFO] [stdout]   |     ^^^^^^^^
[INFO] [stdout] 
[INFO] [stdout] 
[INFO] [stdout] warning: unused import: `uuid::Uuid`
[INFO] [stdout]  --> src/rules/common.rs:5:5
[INFO] [stdout]   |
[INFO] [stdout] 5 | use uuid::Uuid;
[INFO] [stdout]   |     ^^^^^^^^^^
[INFO] [stdout] 
[INFO] [stdout] 
[INFO] [stdout] warning: unused import: `std::fmt::Debug`
[INFO] [stdout]  --> src/rules/common.rs:7:5
[INFO] [stdout]   |
[INFO] [stdout] 7 | use std::fmt::Debug;
[INFO] [stdout]   |     ^^^^^^^^^^^^^^^
[INFO] [stdout] 
[INFO] [stdout] 
[INFO] [stdout] warning: unused import: `std::hash::Hash`
[INFO] [stdout]  --> src/rules/collection.rs:2:5
[INFO] [stdout]   |
[INFO] [stdout] 2 | use std::hash::Hash;
[INFO] [stdout]   |     ^^^^^^^^^^^^^^^
[INFO] [stdout] 
[INFO] [stdout] 
[INFO] [stdout] warning: unused import: `regex::Regex`
[INFO] [stdout]  --> src/rules/advanced.rs:1:5
[INFO] [stdout]   |
[INFO] [stdout] 1 | use regex::Regex;
[INFO] [stdout]   |     ^^^^^^^^^^^^
[INFO] [stdout] 
[INFO] [stdout] 
[INFO] [stdout] warning: unused import: `thiserror::Error`
[INFO] [stdout]  --> src/error.rs:3:5
[INFO] [stdout]   |
[INFO] [stdout] 3 | use thiserror::Error;
[INFO] [stdout]   |     ^^^^^^^^^^^^^^^^
[INFO] [stdout] 
[INFO] [stdout] 
[INFO] [stdout] error[E0599]: no method named `validate` found for reference `&dyn Rule` in the current scope
[INFO] [stdout]   --> examples/attribute_validation.rs:62:78
[INFO] [stdout]    |
[INFO] [stdout] 62 |         if let Err(err) = validator.get_rule("categories_required").unwrap().validate(&self.categories as &dyn Any) {
[INFO] [stdout]    |                           ---------                                          ^^^^^^^^
[INFO] [stdout]    |                           |
[INFO] [stdout]    |                           method `validate` is available on `&Validator`
[INFO] [stdout]    |
[INFO] [stdout] help: there is a method `validate_any` with a similar name
[INFO] [stdout]    |
[INFO] [stdout] 62 |         if let Err(err) = validator.get_rule("categories_required").unwrap().validate_any(&self.categories as &dyn Any) {
[INFO] [stdout]    |                                                                                      ++++
[INFO] [stdout] 
[INFO] [stdout] 
[INFO] [stdout] error[E0599]: no method named `validate` found for reference `&dyn Rule` in the current scope
[INFO] [stdout]   --> examples/attribute_validation.rs:68:71
[INFO] [stdout]    |
[INFO] [stdout] 68 |             if let Err(err) = validator.get_rule("required").unwrap().validate(category as &dyn Any) {
[INFO] [stdout]    |                               ---------                               ^^^^^^^^
[INFO] [stdout]    |                               |
[INFO] [stdout]    |                               method `validate` is available on `&Validator`
[INFO] [stdout]    |
[INFO] [stdout] help: there is a method `validate_any` with a similar name
[INFO] [stdout]    |
[INFO] [stdout] 68 |             if let Err(err) = validator.get_rule("required").unwrap().validate_any(category as &dyn Any) {
[INFO] [stdout]    |                                                                               ++++
[INFO] [stdout] 
[INFO] [stdout] 
[INFO] [stdout] error[E0599]: no method named `validate` found for reference `&dyn Rule` in the current scope
[INFO] [stdout]   --> examples/attribute_validation.rs:75:66
[INFO] [stdout]    |
[INFO] [stdout] 75 |             if let Err(err) = validator.get_rule("url").unwrap().validate(&self.website as &dyn Any) {
[INFO] [stdout]    |                               ---------                          ^^^^^^^^
[INFO] [stdout]    |                               |
[INFO] [stdout]    |                               method `validate` is available on `&Validator`
[INFO] [stdout]    |
[INFO] [stdout] help: there is a method `validate_any` with a similar name
[INFO] [stdout]    |
[INFO] [stdout] 75 |             if let Err(err) = validator.get_rule("url").unwrap().validate_any(&self.website as &dyn Any) {
[INFO] [stdout]    |                                                                          ++++
[INFO] [stdout] 
[INFO] [stdout] 
[INFO] [stdout] Some errors have detailed explanations: E0277, E0560, E0599, E0603.
[INFO] [stdout] 
[INFO] [stdout] For more information about an error, try `rustc --explain E0277`.
[INFO] [stdout] 
[INFO] [stderr] error: could not compile `rustvalidity` (example "attribute_validation") due to 11 previous errors; 2 warnings emitted
[INFO] running `Command { std: "docker" "inspect" "7e0f2ee5d7db0097c4cef631c4e47eaeccb8a161c13fc1f706d61146ca6bed77", kill_on_drop: false }`
[INFO] running `Command { std: "docker" "rm" "-f" "7e0f2ee5d7db0097c4cef631c4e47eaeccb8a161c13fc1f706d61146ca6bed77", kill_on_drop: false }`
[INFO] [stdout] 7e0f2ee5d7db0097c4cef631c4e47eaeccb8a161c13fc1f706d61146ca6bed77
