[INFO] cloning repository https://github.com/rajatscode/agora
[INFO] running `Command { std: "git" "-c" "credential.helper=" "-c" "credential.helper=/workspace/cargo-home/bin/git-credential-null" "clone" "--bare" "https://github.com/rajatscode/agora" "/workspace/cache/git-repos/https%3A%2F%2Fgithub.com%2Frajatscode%2Fagora", kill_on_drop: false }`
[INFO] [stderr] Cloning into bare repository '/workspace/cache/git-repos/https%3A%2F%2Fgithub.com%2Frajatscode%2Fagora'...
[INFO] running `Command { std: "git" "rev-parse" "HEAD", kill_on_drop: false }`
[INFO] [stdout] 1d54238da1d4cf97a82837f51a5c86988c70e9dc
[INFO] testing rajatscode/agora against 1.99.0-beta.8 for beta-1.100-2
[INFO] running `Command { std: "git" "clone" "/workspace/cache/git-repos/https%3A%2F%2Fgithub.com%2Frajatscode%2Fagora" "/workspace/builds/worker-7-tc1/source", kill_on_drop: false }`
[INFO] [stderr] Cloning into '/workspace/builds/worker-7-tc1/source'...
[INFO] [stderr] done.
[INFO] started tweaking git repo https://github.com/rajatscode/agora
[INFO] finished tweaking git repo https://github.com/rajatscode/agora
[INFO] tweaked toml for git repo https://github.com/rajatscode/agora written to /workspace/builds/worker-7-tc1/source/Cargo.toml
[INFO] validating manifest of git repo https://github.com/rajatscode/agora on toolchain 1.99.0-beta.8
[INFO] running `Command { std: CARGO_HOME="/workspace/cargo-home" RUSTUP_HOME="/workspace/rustup-home" "/workspace/cargo-home/bin/cargo" "+1.99.0-beta.8" "metadata" "--manifest-path" "Cargo.toml" "--no-deps", kill_on_drop: false }`
[INFO] crate git repo https://github.com/rajatscode/agora already has a lockfile, it will not be regenerated
[INFO] running `Command { std: CARGO_HOME="/workspace/cargo-home" RUSTUP_HOME="/workspace/rustup-home" "/workspace/cargo-home/bin/cargo" "+1.99.0-beta.8" "fetch" "--manifest-path" "Cargo.toml", kill_on_drop: false }`
[INFO] [stderr]     Updating crates.io index
[INFO] [stderr]  Downloading crates ...
[INFO] [stderr]   Downloaded prost-build v0.12.6
[INFO] [stderr]   Downloaded prost v0.12.6
[INFO] [stderr]   Downloaded prost-derive v0.12.6
[INFO] [stderr]   Downloaded wasm-bindgen-futures v0.4.71
[INFO] [stderr]   Downloaded prost-types v0.12.6
[INFO] [stderr]   Downloaded maud v0.26.0
[INFO] [stderr]   Downloaded multimap v0.10.1
[INFO] [stderr]   Downloaded maud_macros v0.26.0
[INFO] running `Command { std: "docker" "create" "-v" "/var/lib/crater-agent-workspace/builds/worker-7-tc1/source:/opt/rustwide/workdir:ro,Z" "-v" "/var/lib/crater-agent-workspace/builds/worker-7-tc1/target:/opt/rustwide/target:rw,Z" "-v" "/var/lib/crater-agent-workspace/cargo-home:/opt/rustwide/cargo-home:ro,Z" "-v" "/var/lib/crater-agent-workspace/rustup-home:/opt/rustwide/rustup-home:ro,Z" "-m" "1610612736" "--network" "none" "ghcr.io/rust-lang/crates-build-env/linux@sha256:3111399a4047eeb3a02b7a90e478d715f38a8c6669b5c4b49d30a17385265909" "sleep" "infinity", kill_on_drop: false }`
[INFO] [stdout] 8a7a0428b31d327f16caa8b30a267ae433c807e5164e631a7752db95f2a59249
[INFO] running `Command { std: "docker" "start" "8a7a0428b31d327f16caa8b30a267ae433c807e5164e631a7752db95f2a59249", kill_on_drop: false }`
[INFO] running `Command { std: "docker" "inspect" "8a7a0428b31d327f16caa8b30a267ae433c807e5164e631a7752db95f2a59249", kill_on_drop: false }`
[INFO] running `Command { std: "docker" "exec" "-e" "SOURCE_DIR=/opt/rustwide/workdir" "-e" "CARGO_HOME=/opt/rustwide/cargo-home" "-e" "RUSTUP_HOME=/opt/rustwide/rustup-home" "-e" "CARGO_TARGET_DIR=/opt/rustwide/target" "-w" "/opt/rustwide/workdir" "--user" "0:0" "8a7a0428b31d327f16caa8b30a267ae433c807e5164e631a7752db95f2a59249" "/opt/rustwide/cargo-home/bin/cargo" "+1.99.0-beta.8" "metadata" "--no-deps" "--format-version=1", kill_on_drop: false }`
[INFO] running `Command { std: "docker" "inspect" "8a7a0428b31d327f16caa8b30a267ae433c807e5164e631a7752db95f2a59249", kill_on_drop: false }`
[INFO] running `Command { std: "docker" "exec" "-e" "SOURCE_DIR=/opt/rustwide/workdir" "-e" "CARGO_HOME=/opt/rustwide/cargo-home" "-e" "RUSTUP_HOME=/opt/rustwide/rustup-home" "-e" "CARGO_TARGET_DIR=/opt/rustwide/target" "-e" "CARGO_INCREMENTAL=0" "-e" "RUST_BACKTRACE=full" "-e" "RUSTFLAGS=--cap-lints=warn" "-e" "RUSTDOCFLAGS=--cap-lints=warn" "-w" "/opt/rustwide/workdir" "--user" "0:0" "8a7a0428b31d327f16caa8b30a267ae433c807e5164e631a7752db95f2a59249" "/opt/rustwide/cargo-home/bin/cargo" "+1.99.0-beta.8" "build" "--frozen" "--message-format=json", kill_on_drop: false }`
[INFO] [stderr]    Compiling smallvec v1.15.1
[INFO] [stderr]    Compiling zerofrom v0.1.8
[INFO] [stderr]    Compiling cc v1.2.62
[INFO] [stderr]    Compiling serde v1.0.228
[INFO] [stderr]    Compiling tracing v0.1.44
[INFO] [stderr]    Compiling futures-util v0.3.32
[INFO] [stderr]    Compiling crypto-common v0.1.7
[INFO] [stderr]    Compiling num-traits v0.2.19
[INFO] [stderr]    Compiling serde_json v1.0.149
[INFO] [stderr]    Compiling ahash v0.8.12
[INFO] [stderr]    Compiling getrandom v0.4.2
[INFO] [stderr]    Compiling nom v7.1.3
[INFO] [stderr]    Compiling yoke v0.8.2
[INFO] [stderr]    Compiling crossbeam-queue v0.3.12
[INFO] [stderr]    Compiling tokio v1.52.3
[INFO] [stderr]    Compiling sync_wrapper v1.0.2
[INFO] [stderr]    Compiling digest v0.10.7
[INFO] [stderr]    Compiling bitflags v2.11.1
[INFO] [stderr]    Compiling parking_lot_core v0.9.12
[INFO] [stderr]    Compiling hashbrown v0.14.5
[INFO] [stderr]    Compiling parking_lot v0.12.5
[INFO] [stderr]    Compiling anyhow v1.0.102
[INFO] [stderr]    Compiling zerovec v0.11.6
[INFO] [stderr]    Compiling zerotrie v0.2.4
[INFO] [stderr]    Compiling sha2 v0.10.9
[INFO] [stderr]    Compiling hmac v0.12.1
[INFO] [stderr]    Compiling md-5 v0.10.6
[INFO] [stderr]    Compiling hkdf v0.12.4
[INFO] [stderr]    Compiling uuid v1.23.1
[INFO] [stderr]    Compiling rustix v1.1.4
[INFO] [stderr]    Compiling either v1.15.0
[INFO] [stderr]    Compiling proc-macro-error v1.0.4
[INFO] [stderr]    Compiling regex-syntax v0.8.10
[INFO] [stderr]    Compiling futures-intrusive v0.5.0
[INFO] [stderr]    Compiling base64 v0.22.1
[INFO] [stderr]    Compiling hashlink v0.8.4
[INFO] [stderr]    Compiling unicode-segmentation v1.13.2
[INFO] [stderr]    Compiling atoi v2.0.0
[INFO] [stderr]    Compiling chrono v0.4.44
[INFO] [stderr]    Compiling itertools v0.12.1
[INFO] [stderr]    Compiling heck v0.4.1
[INFO] [stderr]    Compiling proc-macro-error-attr v1.0.4
[INFO] [stderr]    Compiling tinystr v0.8.3
[INFO] [stderr]    Compiling icu_locale_core v2.2.0
[INFO] [stderr]    Compiling potential_utf v0.1.5
[INFO] [stderr]    Compiling syn v1.0.109
[INFO] [stderr]    Compiling icu_collections v2.2.0
[INFO] [stderr]    Compiling ring v0.17.14
[INFO] [stderr]    Compiling sqlformat v0.2.6
[INFO] [stderr]    Compiling async-trait v0.1.89
[INFO] [stderr]    Compiling anstream v1.0.0
[INFO] [stderr]    Compiling serde_urlencoded v0.7.1
[INFO] [stderr]    Compiling clap_lex v1.1.0
[INFO] [stderr]    Compiling clap_derive v4.6.1
[INFO] [stderr]    Compiling maud_macros v0.26.0
[INFO] [stderr]    Compiling clap_builder v4.6.0
[INFO] [stderr]    Compiling tracing-log v0.2.0
[INFO] [stderr]    Compiling tempfile v3.27.0
[INFO] [stderr]    Compiling tower-http v0.5.2
[INFO] [stderr]    Compiling tower v0.4.13
[INFO] [stderr]    Compiling icu_provider v2.2.0
[INFO] [stderr]    Compiling icu_properties v2.2.0
[INFO] [stderr]    Compiling icu_normalizer v2.2.0
[INFO] [stderr]    Compiling prost-derive v0.12.6
[INFO] [stderr]    Compiling axum-core v0.4.5
[INFO] [stderr]    Compiling regex-automata v0.4.14
[INFO] [stderr]    Compiling idna_adapter v1.2.2
[INFO] [stderr]    Compiling idna v1.1.0
[INFO] [stderr]    Compiling rustls v0.21.12
[INFO] [stderr]    Compiling rustls v0.23.40
[INFO] [stderr]    Compiling url v2.5.8
[INFO] [stderr]    Compiling prost v0.12.6
[INFO] [stderr]    Compiling prost-types v0.12.6
[INFO] [stderr]    Compiling clap v4.6.1
[INFO] [stderr]    Compiling tokio-stream v0.1.18
[INFO] [stderr]    Compiling matchers v0.2.0
[INFO] [stderr]    Compiling regex v1.12.3
[INFO] [stderr]    Compiling rustls-webpki v0.101.7
[INFO] [stderr]    Compiling sct v0.7.1
[INFO] [stderr]    Compiling rustls-webpki v0.103.13
[INFO] [stderr]    Compiling tracing-subscriber v0.3.23
[INFO] [stderr]    Compiling maud v0.26.0
[INFO] [stderr]    Compiling hyper v1.9.0
[INFO] [stderr]    Compiling tower v0.5.3
[INFO] [stderr]    Compiling tower-http v0.6.10
[INFO] [stderr]    Compiling hyper-util v0.1.20
[INFO] [stderr]    Compiling sqlx-core v0.7.4
[INFO] [stderr]    Compiling tokio-rustls v0.26.4
[INFO] [stderr]    Compiling axum v0.7.9
[INFO] [stderr]    Compiling hyper-rustls v0.27.9
[INFO] [stderr]    Compiling reqwest v0.12.28
[INFO] [stderr]    Compiling sqlx-postgres v0.7.4
[INFO] [stderr]    Compiling sqlx-macros-core v0.7.4
[INFO] [stderr]    Compiling sqlx-macros v0.7.4
[INFO] [stderr]    Compiling sqlx v0.7.4
[INFO] [stderr]    Compiling agora v0.1.0 (/opt/rustwide/workdir)
[INFO] [stderr]     Finished `dev` profile [unoptimized + debuginfo] target(s) in 1m 22s
[INFO] [stderr] warning: the following packages contain code that will be rejected by a future version of Rust: sqlx-postgres v0.7.4
[INFO] [stderr] note: to see what the problems were, use the option `--future-incompat-report`, or run `cargo report future-incompatibilities --id 2`
[INFO] running `Command { std: "docker" "inspect" "8a7a0428b31d327f16caa8b30a267ae433c807e5164e631a7752db95f2a59249", kill_on_drop: false }`
[INFO] running `Command { std: "docker" "exec" "-e" "SOURCE_DIR=/opt/rustwide/workdir" "-e" "CARGO_HOME=/opt/rustwide/cargo-home" "-e" "RUSTUP_HOME=/opt/rustwide/rustup-home" "-e" "CARGO_TARGET_DIR=/opt/rustwide/target" "-e" "CARGO_INCREMENTAL=0" "-e" "RUST_BACKTRACE=full" "-e" "RUSTFLAGS=--cap-lints=warn" "-e" "RUSTDOCFLAGS=--cap-lints=warn" "-w" "/opt/rustwide/workdir" "--user" "0:0" "8a7a0428b31d327f16caa8b30a267ae433c807e5164e631a7752db95f2a59249" "/opt/rustwide/cargo-home/bin/cargo" "+1.99.0-beta.8" "test" "--frozen" "--no-run" "--message-format=json", kill_on_drop: false }`
[INFO] [stderr]    Compiling bitflags v2.11.1
[INFO] [stderr]    Compiling rustix v1.1.4
[INFO] [stderr]    Compiling linux-raw-sys v0.12.1
[INFO] [stderr]    Compiling fastrand v2.4.1
[INFO] [stderr]    Compiling sqlx-postgres v0.7.4
[INFO] [stderr]    Compiling tower-http v0.6.10
[INFO] [stderr]    Compiling tower-http v0.5.2
[INFO] [stderr]    Compiling reqwest v0.12.28
[INFO] [stderr]    Compiling tempfile v3.27.0
[INFO] [stderr]    Compiling sqlx-macros-core v0.7.4
[INFO] [stderr]    Compiling sqlx-macros v0.7.4
[INFO] [stderr]    Compiling sqlx v0.7.4
[INFO] [stderr]    Compiling agora v0.1.0 (/opt/rustwide/workdir)
[INFO] [stdout] warning: unused imports: `TYPE_AUDIT_FINDING`, `TYPE_BANK_INTEGRATION`, and `TYPE_CUSTOMER`
[INFO] [stdout]   --> tests/admin_reset.rs:18:27
[INFO] [stdout]    |
[INFO] [stdout] 18 | use agora::entity_write::{TYPE_AUDIT_FINDING, TYPE_BANK_INTEGRATION, TYPE_CUSTOMER};
[INFO] [stdout]    |                           ^^^^^^^^^^^^^^^^^^  ^^^^^^^^^^^^^^^^^^^^^  ^^^^^^^^^^^^^
[INFO] [stdout]    |
[INFO] [stdout]    = note: `#[warn(unused_imports)]` (part of `#[warn(unused)]`) on by default
[INFO] [stdout] 
[INFO] [stdout] 
[INFO] [stderr] error: could not compile `agora` (lib test)
[INFO] [stderr] 
[INFO] [stderr] Caused by:
[INFO] [stderr]   process didn't exit successfully: `/opt/rustwide/rustup-home/toolchains/1.99.0-beta.8-x86_64-unknown-linux-gnu/bin/rustc --crate-name agora --edition=2021 src/lib.rs --error-format=json --json=diagnostic-rendered-ansi,artifacts,future-incompat --emit=dep-info,link -C embed-bitcode=no -C debuginfo=2 --test --check-cfg 'cfg(docsrs,test)' --check-cfg 'cfg(feature, values())' -C metadata=1921554a08211e77 -C extra-filename=-d83c990ee692b2f8 --out-dir /opt/rustwide/target/debug/deps -L dependency=/opt/rustwide/target/debug/deps --extern anyhow=/opt/rustwide/target/debug/deps/libanyhow-9e4c44ac98d8e4ea.rlib --extern async_trait=/opt/rustwide/target/debug/deps/libasync_trait-3453bb6e76f3ba47.so --extern axum=/opt/rustwide/target/debug/deps/libaxum-d3cd3f2b6d90f4b3.rlib --extern chrono=/opt/rustwide/target/debug/deps/libchrono-da149c5dd4b34fa7.rlib --extern clap=/opt/rustwide/target/debug/deps/libclap-275d4702ec2eb304.rlib --extern hex=/opt/rustwide/target/debug/deps/libhex-13e08b3b00984ab7.rlib --extern maud=/opt/rustwide/target/debug/deps/libmaud-eec552d8bd4fdd20.rlib --extern prost=/opt/rustwide/target/debug/deps/libprost-92b6594152073764.rlib --extern prost_types=/opt/rustwide/target/debug/deps/libprost_types-0196250ec59d7ace.rlib --extern regex=/opt/rustwide/target/debug/deps/libregex-1342197ac76a7579.rlib --extern reqwest=/opt/rustwide/target/debug/deps/libreqwest-b4e7b410339feb3b.rlib --extern serde=/opt/rustwide/target/debug/deps/libserde-5888ac5c23c18421.rlib --extern serde_json=/opt/rustwide/target/debug/deps/libserde_json-ac8da3a9c779f800.rlib --extern sha2=/opt/rustwide/target/debug/deps/libsha2-d6e582a599abd2ad.rlib --extern sqlx=/opt/rustwide/target/debug/deps/libsqlx-14e124966c57b612.rlib --extern tempfile=/opt/rustwide/target/debug/deps/libtempfile-50ad8fd3a6f486c7.rlib --extern thiserror=/opt/rustwide/target/debug/deps/libthiserror-305297abc8a52265.rlib --extern tokio=/opt/rustwide/target/debug/deps/libtokio-1de89bb9e33c3a27.rlib --extern tower=/opt/rustwide/target/debug/deps/libtower-0acd9a7e85e63675.rlib --extern tower_http=/opt/rustwide/target/debug/deps/libtower_http-583405c88b76a053.rlib --extern tracing=/opt/rustwide/target/debug/deps/libtracing-4cef0f2badfdb422.rlib --extern tracing_subscriber=/opt/rustwide/target/debug/deps/libtracing_subscriber-603b24982feae101.rlib --extern uuid=/opt/rustwide/target/debug/deps/libuuid-f0b2893609309643.rlib --cap-lints=warn -L native=/opt/rustwide/target/debug/build/ring-dde6d2ed2307ef2a/out` (signal: 9, SIGKILL: kill)
[INFO] [stderr] warning: build failed, waiting for other jobs to finish...
[INFO] [stdout] error: linking with `cc` failed: exit status: 1
[INFO] [stdout]   |
[INFO] [stdout]   = note:  "cc" "-m64" "/opt/rustwide/target/debug/deps/rustc3qfQ9t/symbols.o" "<4 object files omitted>" "-Wl,--as-needed" "-Wl,-Bstatic" "/opt/rustwide/target/debug/deps/{libagora-98ce8e6c87ea623c,libreqwest-b4e7b410339feb3b,libhyper_rustls-ffee6f142010ebf0,libwebpki_roots-4ac2131d17f69b0d,libtokio_rustls-2867dccaf333a274,librustls-4eb91defdb5dd78d,libwebpki-45e660d9ffdc1779,librustls_pki_types-fc5637970849fdde,libzeroize-7f213bea776ca5b6,libtower_http-db9a03bfab015526,libmaud-eec552d8bd4fdd20,libtower_http-583405c88b76a053,libaxum-d3cd3f2b6d90f4b3,libserde_path_to_error-27ee74d3083bd57a,libserde_urlencoded-cbe7bd48af8eba00,libryu-1f4f40e4352371e5,libhyper_util-e45a706bc0c0fc5b,libbase64-32787b0325ea6df8,libipnet-61ca7a5e1c2863d4,libhyper-39f8136c48acecff,libwant-7a6260b9c50f1479,libtry_lock-8fa2f6971035be84,libhttparse-8c9b827b8f345444,libatomic_waker-06950c8c08d2b8fa,libhttpdate-331798cefc82cc7e,libmatchit-616cb01453b9e7d4,libaxum_core-e471a8781ae36589,libmime-0188e0814ca7ddbf,libhttp_body_util-ed5fbd1db1f6d6fc,libhttp_body-8d8f9f8398f09fa7,libhttp-563f2cb150350555,libtower-9ee796f5abe74634,libsync_wrapper-6bdfbc29c4269203,libtower_layer-d908dd771b239ecd,libtower_service-3fb88d28c2218805,libsqlx-14e124966c57b612,libsqlx_postgres-9b0bc2a1f1b293e7,libdotenvy-6d8015f91495fe74,libcrc-c7d92037d8a82253,libcrc_catalog-229f3d571887ef81,libhex-13e08b3b00984ab7,libwhoami-679b18861a32e944,libhome-2459c00c573c2c5a,libbitflags-db7b9c0337a7ee76,libmd5-da17141a20d9c4c6,libbyteorder-7fb216e967c6a54f,libatoi-0b4bb2197bb1ff28,libfutures_channel-98286f337f8c2629,libstringprep-4d35882c7579d9cf,libunicode_properties-d98df78cf9438258,libunicode_normalization-38897611c04e14d9,libtinyvec-aaac35e3e185f648,libtinyvec_macros-7b77ea21c73594ca,libunicode_bidi-a9d2c96e849c6f3c,librand-2cbd25fb8cec114d,librand_chacha-76d6ebc8278a62a6,libppv_lite86-7f5ba35fc3b17562,librand_core-86e43b95b9d88fa9,libhkdf-3b5d575a0fd4bb01,libhmac-e7c370bcf63a0a27,libsqlx_core-f45816b42f8d1e78,librustls_pemfile-30aaf682314043cb,libbase64-13144a1f1e192158,libwebpki_roots-da6c00699c81e448,libthiserror-305297abc8a52265,libindexmap-b92bb9c25241b995,libequivalent-6a754676e6af62ae,libhashbrown-d7214d631586fd51,librustls-0c72f189292aed66,libsct-1eddf800a795d4bc,libwebpki-71d58aecd83fab79,libring-fafa37576a22d673,libgetrandom-f25a51f78d9871ba,libuntrusted-b2f816886faf2178,libsqlformat-8c9a3639caa872b3,libunicode_categories-6f2b7f5ace1e9985,libnom-0c9803b862b97aa1,libhashlink-719db6f4aefa89a2,libhashbrown-60b3a07b6807eb6d,libahash-a8a65031a050dd78,libgetrandom-4a620aea7c55d024,libzerocopy-ad92ccf16844b543,liballocator_api2-8d9c1e895dea53bd,libuuid-f0b2893609309643,libgetrandom-fb4c32fda73a41c0,liburl-bc9c7c164a9ff56b,libidna-8b5e3e0dc097cd32,libidna_adapter-f8f64cfb19688ecd,libicu_properties-8b9c68197d30b563,libicu_properties_data-e6cf238fc98dd59d,libicu_normalizer-1a3d673d128bd84c,libicu_normalizer_data-8fea05bee0bb4e49,libicu_collections-b31ce9c366cae2eb,libutf8_iter-51566bbad89f3a68,libpotential_utf-0c3d767a9fda37b1,libicu_provider-652b67b6be3d547b,libicu_locale_core-e0060a6bc1a51fa0,libtinystr-6915b4c566b3f487,liblitemap-dc288f07f8f61193,libwriteable-48b3e52227924bb5,libzerovec-64453c2b57e04116,libzerotrie-3f8d6fa26c658b68,libyoke-477b98923d9496a9,libstable_deref_trait-63cbf3f3d3f94e56,libzerofrom-aa2bed5d30bbc07f,libform_urlencoded-58b0f0edb59b40d2,libpercent_encoding-fa055ecaa1e57cfa,libcrossbeam_queue-7c6dbf82c0535e67,libcrossbeam_utils-076f45bf81d9c2d2,libeither-1bb54d0fb61dfb6c,libevent_listener-0282a877755a83ef,libfutures_util-a348ccf9c9b0aa7c,libfutures_io-3814ffd654d7040e,libslab-ed301aba3460fb05,libfutures_sink-799228b77d0964c7,libfutures_task-36f327cfab86eddc,libfutures_core-1121ff913ed87f93,libsha2-d6e582a599abd2ad,libcpufeatures-e04321643d03190d,libdigest-9d15f55784b8157b,libsubtle-2ae6a7038b9a0630,libblock_buffer-bba24321e7b40706,libcrypto_common-25561c32e2e433f4,libgeneric_array-c2fdd0cc081e51ad,libtypenum-ec75592541d0a339,libserde_json-ac8da3a9c779f800,libitoa-5de11b3b23bfe572,libzmij-ef63f1da73704b4c,libchrono-da149c5dd4b34fa7,libiana_time_zone-bcd81aefedc374a6,libnum_traits-78e6e49ea324715f,libserde-5888ac5c23c18421,libserde_core-49c5f0449f9ff544,libtracing_subscriber-603b24982feae101,libsharded_slab-bd3e89e1e50b7c87,liblazy_static-3674be3f4245d19b,libmatchers-657b767e2e15aeb8,libregex_automata-e4e8d49138828df4,libaho_corasick-fa94425a423a79cf,libmemchr-5cfa70d22cb32987,libregex_syntax-6d6ee545e2ffad72,libnu_ansi_term-745c727bb3e87c52,libtracing-4cef0f2badfdb422,libthread_local-b4f6fe44d641c0b1,libtracing_log-510f2bf8b9768cfe,liblog-b262261d47bd2eba,libtracing_core-d26029c784af5925,libonce_cell-b5bdc597ed9676b3,libtokio-1de89bb9e33c3a27,libsignal_hook_registry-97fb91977beb15cc,liberrno-40a43d7c8a9b8122,libsocket2-2367bcf2eb96355a,libbytes-2ed9460101f17bbf,libmio-3f5f6fa89ecad527,libparking_lot-080783593a730975,libparking_lot_core-bccd0786fb787739,liblibc-612664c2206eec43,libcfg_if-83060ec5685761ae,libsmallvec-bc3128fdd57228fc,liblock_api-16d46fed645f7bff,libscopeguard-7ec2214574194454,libpin_project_lite-0a15d51c77964692,libclap-275d4702ec2eb304,libclap_builder-04fcc109377776a2,libstrsim-4d1ed08a123238dc,libanstream-14b271bd294f0187,libanstyle_query-635080b1d6343734,libis_terminal_polyfill-3ca4268cb2568267,libcolorchoice-33c0bd1745dd5ace,libanstyle_parse-88399b635fc44f8e,libutf8parse-92d0158219063202,libclap_lex-2acbcd0288e51058,libanstyle-9beaeb754742faae,libanyhow-9e4c44ac98d8e4ea}.rlib" "<sysroot>/lib/rustlib/x86_64-unknown-linux-gnu/lib/{libstd-*,libpanic_unwind-*,libobject-*,libmemchr-*,libaddr2line-*,libgimli-*,libcfg_if-*,librustc_demangle-*,libstd_detect-*,libhashbrown-*,librustc_std_workspace_alloc-*,libminiz_oxide-*,libadler2-*,libunwind-*,liblibc-*,librustc_std_workspace_core-*,liballoc-*,libcore-*,libcompiler_builtins-*}.rlib" "-Wl,-Bdynamic" "-lgcc_s" "-lutil" "-lrt" "-lpthread" "-lm" "-ldl" "-lc" "-L" "/opt/rustwide/target/debug/deps/rustc3qfQ9t/raw-dylibs" "-B<sysroot>/lib/rustlib/x86_64-unknown-linux-gnu/bin/gcc-ld" "-fuse-ld=lld" "-Wl,--eh-frame-hdr" "-Wl,-z,noexecstack" "-L" "/opt/rustwide/target/debug/build/ring-dde6d2ed2307ef2a/out" "-L" "<sysroot>/lib/rustlib/x86_64-unknown-linux-gnu/lib" "-o" "/opt/rustwide/target/debug/deps/agora-a2851204d3b2a0b9" "-Wl,--gc-sections" "-pie" "-Wl,-z,relro,-z,now" "-nodefaultlibs"
[INFO] [stdout]   = note: some arguments are omitted. use `--verbose` to show all linker arguments
[INFO] [stdout]   = note: collect2: fatal error: ld terminated with signal 9 [Killed]
[INFO] [stdout]           compilation terminated.
[INFO] [stdout]           
[INFO] [stdout] 
[INFO] [stdout] 
[INFO] [stderr] error: could not compile `agora` (bin "agora") due to 1 previous error
[INFO] [stdout] error: linking with `cc` failed: exit status: 1
[INFO] [stdout]   |
[INFO] [stdout]   = note:  "cc" "-m64" "/opt/rustwide/target/debug/deps/rustcwHLdXK/symbols.o" "<2 object files omitted>" "-Wl,--as-needed" "-Wl,-Bstatic" "<sysroot>/lib/rustlib/x86_64-unknown-linux-gnu/lib/{libtest-*,libgetopts-*,librustc_std_workspace_std-*}.rlib" "/opt/rustwide/target/debug/deps/{libagora-98ce8e6c87ea623c,libreqwest-b4e7b410339feb3b,libhyper_rustls-ffee6f142010ebf0,libwebpki_roots-4ac2131d17f69b0d,libtokio_rustls-2867dccaf333a274,librustls-4eb91defdb5dd78d,libwebpki-45e660d9ffdc1779,librustls_pki_types-fc5637970849fdde,libzeroize-7f213bea776ca5b6,libtower_http-db9a03bfab015526,libmaud-eec552d8bd4fdd20,libtower_http-583405c88b76a053,libaxum-d3cd3f2b6d90f4b3,libserde_path_to_error-27ee74d3083bd57a,libserde_urlencoded-cbe7bd48af8eba00,libryu-1f4f40e4352371e5,libhyper_util-e45a706bc0c0fc5b,libbase64-32787b0325ea6df8,libipnet-61ca7a5e1c2863d4,libhyper-39f8136c48acecff,libwant-7a6260b9c50f1479,libtry_lock-8fa2f6971035be84,libhttparse-8c9b827b8f345444,libatomic_waker-06950c8c08d2b8fa,libhttpdate-331798cefc82cc7e,libmatchit-616cb01453b9e7d4,libaxum_core-e471a8781ae36589,libmime-0188e0814ca7ddbf,libhttp_body_util-ed5fbd1db1f6d6fc,libhttp_body-8d8f9f8398f09fa7,libhttp-563f2cb150350555,libtower-9ee796f5abe74634,libsync_wrapper-6bdfbc29c4269203,libtower_layer-d908dd771b239ecd,libtower_service-3fb88d28c2218805,libsqlx-14e124966c57b612,libsqlx_postgres-9b0bc2a1f1b293e7,libdotenvy-6d8015f91495fe74,libcrc-c7d92037d8a82253,libcrc_catalog-229f3d571887ef81,libhex-13e08b3b00984ab7,libwhoami-679b18861a32e944,libhome-2459c00c573c2c5a,libbitflags-db7b9c0337a7ee76,libmd5-da17141a20d9c4c6,libbyteorder-7fb216e967c6a54f,libatoi-0b4bb2197bb1ff28,libfutures_channel-98286f337f8c2629,libstringprep-4d35882c7579d9cf,libunicode_properties-d98df78cf9438258,libunicode_normalization-38897611c04e14d9,libtinyvec-aaac35e3e185f648,libtinyvec_macros-7b77ea21c73594ca,libunicode_bidi-a9d2c96e849c6f3c,librand-2cbd25fb8cec114d,librand_chacha-76d6ebc8278a62a6,libppv_lite86-7f5ba35fc3b17562,librand_core-86e43b95b9d88fa9,libhkdf-3b5d575a0fd4bb01,libhmac-e7c370bcf63a0a27,libsqlx_core-f45816b42f8d1e78,librustls_pemfile-30aaf682314043cb,libbase64-13144a1f1e192158,libwebpki_roots-da6c00699c81e448,libtracing-4cef0f2badfdb422,libtracing_core-d26029c784af5925,libthiserror-305297abc8a52265,libindexmap-b92bb9c25241b995,libequivalent-6a754676e6af62ae,libhashbrown-d7214d631586fd51,librustls-0c72f189292aed66,libsct-1eddf800a795d4bc,libwebpki-71d58aecd83fab79,libring-fafa37576a22d673,libgetrandom-f25a51f78d9871ba,libuntrusted-b2f816886faf2178,libsqlformat-8c9a3639caa872b3,libunicode_categories-6f2b7f5ace1e9985,libnom-0c9803b862b97aa1,libtokio-1de89bb9e33c3a27,libsignal_hook_registry-97fb91977beb15cc,liberrno-40a43d7c8a9b8122,libsocket2-2367bcf2eb96355a,libmio-3f5f6fa89ecad527,libparking_lot-080783593a730975,libparking_lot_core-bccd0786fb787739,liblock_api-16d46fed645f7bff,libscopeguard-7ec2214574194454,libbytes-2ed9460101f17bbf,libhashlink-719db6f4aefa89a2,libhashbrown-60b3a07b6807eb6d,libahash-a8a65031a050dd78,libgetrandom-4a620aea7c55d024,libonce_cell-b5bdc597ed9676b3,libzerocopy-ad92ccf16844b543,liballocator_api2-8d9c1e895dea53bd,libuuid-f0b2893609309643,libgetrandom-fb4c32fda73a41c0,liblibc-612664c2206eec43,liburl-bc9c7c164a9ff56b,libidna-8b5e3e0dc097cd32,libidna_adapter-f8f64cfb19688ecd,libicu_properties-8b9c68197d30b563,libicu_properties_data-e6cf238fc98dd59d,libicu_normalizer-1a3d673d128bd84c,libsmallvec-bc3128fdd57228fc,libicu_normalizer_data-8fea05bee0bb4e49,libicu_collections-b31ce9c366cae2eb,libutf8_iter-51566bbad89f3a68,libpotential_utf-0c3d767a9fda37b1,libicu_provider-652b67b6be3d547b,libicu_locale_core-e0060a6bc1a51fa0,libtinystr-6915b4c566b3f487,liblitemap-dc288f07f8f61193,libwriteable-48b3e52227924bb5,libzerovec-64453c2b57e04116,libzerotrie-3f8d6fa26c658b68,libyoke-477b98923d9496a9,libstable_deref_trait-63cbf3f3d3f94e56,libzerofrom-aa2bed5d30bbc07f,libform_urlencoded-58b0f0edb59b40d2,libpercent_encoding-fa055ecaa1e57cfa,liblog-b262261d47bd2eba,libcrossbeam_queue-7c6dbf82c0535e67,libcrossbeam_utils-076f45bf81d9c2d2,libeither-1bb54d0fb61dfb6c,libevent_listener-0282a877755a83ef,libfutures_util-a348ccf9c9b0aa7c,libfutures_io-3814ffd654d7040e,libslab-ed301aba3460fb05,libpin_project_lite-0a15d51c77964692,libfutures_sink-799228b77d0964c7,libfutures_task-36f327cfab86eddc,libfutures_core-1121ff913ed87f93,libsha2-d6e582a599abd2ad,libcpufeatures-e04321643d03190d,libcfg_if-83060ec5685761ae,libdigest-9d15f55784b8157b,libsubtle-2ae6a7038b9a0630,libblock_buffer-bba24321e7b40706,libcrypto_common-25561c32e2e433f4,libgeneric_array-c2fdd0cc081e51ad,libtypenum-ec75592541d0a339,libserde_json-ac8da3a9c779f800,libmemchr-5cfa70d22cb32987,libitoa-5de11b3b23bfe572,libzmij-ef63f1da73704b4c,libchrono-da149c5dd4b34fa7,libiana_time_zone-bcd81aefedc374a6,libnum_traits-78e6e49ea324715f,libclap-275d4702ec2eb304,libclap_builder-04fcc109377776a2,libstrsim-4d1ed08a123238dc,libanstream-14b271bd294f0187,libanstyle_query-635080b1d6343734,libis_terminal_polyfill-3ca4268cb2568267,libcolorchoice-33c0bd1745dd5ace,libanstyle_parse-88399b635fc44f8e,libutf8parse-92d0158219063202,libclap_lex-2acbcd0288e51058,libanstyle-9beaeb754742faae,libanyhow-9e4c44ac98d8e4ea,libserde-5888ac5c23c18421,libserde_core-49c5f0449f9ff544}.rlib" "<sysroot>/lib/rustlib/x86_64-unknown-linux-gnu/lib/{libstd-*,libpanic_unwind-*,libobject-*,libmemchr-*,libaddr2line-*,libgimli-*,libcfg_if-*,librustc_demangle-*,libstd_detect-*,libhashbrown-*,librustc_std_workspace_alloc-*,libminiz_oxide-*,libadler2-*,libunwind-*,liblibc-*,librustc_std_workspace_core-*,liballoc-*,libcore-*,libcompiler_builtins-*}.rlib" "-Wl,-Bdynamic" "-lgcc_s" "-lutil" "-lrt" "-lpthread" "-lm" "-ldl" "-lc" "-L" "/opt/rustwide/target/debug/deps/rustcwHLdXK/raw-dylibs" "-B<sysroot>/lib/rustlib/x86_64-unknown-linux-gnu/bin/gcc-ld" "-fuse-ld=lld" "-Wl,--eh-frame-hdr" "-Wl,-z,noexecstack" "-L" "/opt/rustwide/target/debug/build/ring-dde6d2ed2307ef2a/out" "-L" "<sysroot>/lib/rustlib/x86_64-unknown-linux-gnu/lib" "-o" "/opt/rustwide/target/debug/deps/risk_gate-efdb635d058f99e3" "-Wl,--gc-sections" "-pie" "-Wl,-z,relro,-z,now" "-nodefaultlibs"
[INFO] [stdout]   = note: some arguments are omitted. use `--verbose` to show all linker arguments
[INFO] [stdout]   = note: collect2: fatal error: ld terminated with signal 9 [Killed]
[INFO] [stdout]           compilation terminated.
[INFO] [stdout]           
[INFO] [stdout] 
[INFO] [stdout] 
[INFO] [stderr] error: could not compile `agora` (test "risk_gate") due to 1 previous error
[INFO] [stdout] error: linking with `cc` failed: exit status: 1
[INFO] [stdout]   |
[INFO] [stdout]   = note:  "cc" "-m64" "/opt/rustwide/target/debug/deps/rustcYnKsSO/symbols.o" "<3 object files omitted>" "-Wl,--as-needed" "-Wl,-Bstatic" "<sysroot>/lib/rustlib/x86_64-unknown-linux-gnu/lib/{libtest-*,libgetopts-*,librustc_std_workspace_std-*}.rlib" "/opt/rustwide/target/debug/deps/{libagora-98ce8e6c87ea623c,libreqwest-b4e7b410339feb3b,libhyper_rustls-ffee6f142010ebf0,libwebpki_roots-4ac2131d17f69b0d,libtokio_rustls-2867dccaf333a274,librustls-4eb91defdb5dd78d,libwebpki-45e660d9ffdc1779,librustls_pki_types-fc5637970849fdde,libzeroize-7f213bea776ca5b6,libtower_http-db9a03bfab015526,libmaud-eec552d8bd4fdd20,libtower_http-583405c88b76a053,libaxum-d3cd3f2b6d90f4b3,libserde_path_to_error-27ee74d3083bd57a,libserde_urlencoded-cbe7bd48af8eba00,libryu-1f4f40e4352371e5,libhyper_util-e45a706bc0c0fc5b,libbase64-32787b0325ea6df8,libipnet-61ca7a5e1c2863d4,libhyper-39f8136c48acecff,libwant-7a6260b9c50f1479,libtry_lock-8fa2f6971035be84,libhttparse-8c9b827b8f345444,libatomic_waker-06950c8c08d2b8fa,libhttpdate-331798cefc82cc7e,libmatchit-616cb01453b9e7d4,libaxum_core-e471a8781ae36589,libmime-0188e0814ca7ddbf,libhttp_body_util-ed5fbd1db1f6d6fc,libhttp_body-8d8f9f8398f09fa7,libhttp-563f2cb150350555,libtower-9ee796f5abe74634,libsync_wrapper-6bdfbc29c4269203,libtower_layer-d908dd771b239ecd,libtower_service-3fb88d28c2218805,libsqlx-14e124966c57b612,libsqlx_postgres-9b0bc2a1f1b293e7,libdotenvy-6d8015f91495fe74,libcrc-c7d92037d8a82253,libcrc_catalog-229f3d571887ef81,libhex-13e08b3b00984ab7,libwhoami-679b18861a32e944,libhome-2459c00c573c2c5a,libbitflags-db7b9c0337a7ee76,libmd5-da17141a20d9c4c6,libbyteorder-7fb216e967c6a54f,libatoi-0b4bb2197bb1ff28,libfutures_channel-98286f337f8c2629,libstringprep-4d35882c7579d9cf,libunicode_properties-d98df78cf9438258,libunicode_normalization-38897611c04e14d9,libtinyvec-aaac35e3e185f648,libtinyvec_macros-7b77ea21c73594ca,libunicode_bidi-a9d2c96e849c6f3c,librand-2cbd25fb8cec114d,librand_chacha-76d6ebc8278a62a6,libppv_lite86-7f5ba35fc3b17562,librand_core-86e43b95b9d88fa9,libhkdf-3b5d575a0fd4bb01,libhmac-e7c370bcf63a0a27,libsqlx_core-f45816b42f8d1e78,librustls_pemfile-30aaf682314043cb,libbase64-13144a1f1e192158,libwebpki_roots-da6c00699c81e448,libtracing-4cef0f2badfdb422,libtracing_core-d26029c784af5925,libthiserror-305297abc8a52265,libindexmap-b92bb9c25241b995,libequivalent-6a754676e6af62ae,libhashbrown-d7214d631586fd51,librustls-0c72f189292aed66,libsct-1eddf800a795d4bc,libwebpki-71d58aecd83fab79,libring-fafa37576a22d673,libgetrandom-f25a51f78d9871ba,libuntrusted-b2f816886faf2178,libsqlformat-8c9a3639caa872b3,libunicode_categories-6f2b7f5ace1e9985,libnom-0c9803b862b97aa1,libtokio-1de89bb9e33c3a27,libsignal_hook_registry-97fb91977beb15cc,liberrno-40a43d7c8a9b8122,libsocket2-2367bcf2eb96355a,libmio-3f5f6fa89ecad527,libparking_lot-080783593a730975,libparking_lot_core-bccd0786fb787739,liblock_api-16d46fed645f7bff,libscopeguard-7ec2214574194454,libbytes-2ed9460101f17bbf,libhashlink-719db6f4aefa89a2,libhashbrown-60b3a07b6807eb6d,libahash-a8a65031a050dd78,libgetrandom-4a620aea7c55d024,libonce_cell-b5bdc597ed9676b3,libzerocopy-ad92ccf16844b543,liballocator_api2-8d9c1e895dea53bd,libuuid-f0b2893609309643,libgetrandom-fb4c32fda73a41c0,liblibc-612664c2206eec43,liburl-bc9c7c164a9ff56b,libidna-8b5e3e0dc097cd32,libidna_adapter-f8f64cfb19688ecd,libicu_properties-8b9c68197d30b563,libicu_properties_data-e6cf238fc98dd59d,libicu_normalizer-1a3d673d128bd84c,libsmallvec-bc3128fdd57228fc,libicu_normalizer_data-8fea05bee0bb4e49,libicu_collections-b31ce9c366cae2eb,libutf8_iter-51566bbad89f3a68,libpotential_utf-0c3d767a9fda37b1,libicu_provider-652b67b6be3d547b,libicu_locale_core-e0060a6bc1a51fa0,libtinystr-6915b4c566b3f487,liblitemap-dc288f07f8f61193,libwriteable-48b3e52227924bb5,libzerovec-64453c2b57e04116,libzerotrie-3f8d6fa26c658b68,libyoke-477b98923d9496a9,libstable_deref_trait-63cbf3f3d3f94e56,libzerofrom-aa2bed5d30bbc07f,libform_urlencoded-58b0f0edb59b40d2,libpercent_encoding-fa055ecaa1e57cfa,liblog-b262261d47bd2eba,libcrossbeam_queue-7c6dbf82c0535e67,libcrossbeam_utils-076f45bf81d9c2d2,libeither-1bb54d0fb61dfb6c,libevent_listener-0282a877755a83ef,libfutures_util-a348ccf9c9b0aa7c,libfutures_io-3814ffd654d7040e,libslab-ed301aba3460fb05,libpin_project_lite-0a15d51c77964692,libfutures_sink-799228b77d0964c7,libfutures_task-36f327cfab86eddc,libfutures_core-1121ff913ed87f93,libsha2-d6e582a599abd2ad,libcpufeatures-e04321643d03190d,libcfg_if-83060ec5685761ae,libdigest-9d15f55784b8157b,libsubtle-2ae6a7038b9a0630,libblock_buffer-bba24321e7b40706,libcrypto_common-25561c32e2e433f4,libgeneric_array-c2fdd0cc081e51ad,libtypenum-ec75592541d0a339,libserde_json-ac8da3a9c779f800,libmemchr-5cfa70d22cb32987,libitoa-5de11b3b23bfe572,libzmij-ef63f1da73704b4c,libchrono-da149c5dd4b34fa7,libiana_time_zone-bcd81aefedc374a6,libnum_traits-78e6e49ea324715f,libclap-275d4702ec2eb304,libclap_builder-04fcc109377776a2,libstrsim-4d1ed08a123238dc,libanstream-14b271bd294f0187,libanstyle_query-635080b1d6343734,libis_terminal_polyfill-3ca4268cb2568267,libcolorchoice-33c0bd1745dd5ace,libanstyle_parse-88399b635fc44f8e,libutf8parse-92d0158219063202,libclap_lex-2acbcd0288e51058,libanstyle-9beaeb754742faae,libanyhow-9e4c44ac98d8e4ea,libserde-5888ac5c23c18421,libserde_core-49c5f0449f9ff544}.rlib" "<sysroot>/lib/rustlib/x86_64-unknown-linux-gnu/lib/{libstd-*,libpanic_unwind-*,libobject-*,libmemchr-*,libaddr2line-*,libgimli-*,libcfg_if-*,librustc_demangle-*,libstd_detect-*,libhashbrown-*,librustc_std_workspace_alloc-*,libminiz_oxide-*,libadler2-*,libunwind-*,liblibc-*,librustc_std_workspace_core-*,liballoc-*,libcore-*,libcompiler_builtins-*}.rlib" "-Wl,-Bdynamic" "-lgcc_s" "-lutil" "-lrt" "-lpthread" "-lm" "-ldl" "-lc" "-L" "/opt/rustwide/target/debug/deps/rustcYnKsSO/raw-dylibs" "-B<sysroot>/lib/rustlib/x86_64-unknown-linux-gnu/bin/gcc-ld" "-fuse-ld=lld" "-Wl,--eh-frame-hdr" "-Wl,-z,noexecstack" "-L" "/opt/rustwide/target/debug/build/ring-dde6d2ed2307ef2a/out" "-L" "<sysroot>/lib/rustlib/x86_64-unknown-linux-gnu/lib" "-o" "/opt/rustwide/target/debug/deps/mutation_log_verify-899d0b6ce59b7706" "-Wl,--gc-sections" "-pie" "-Wl,-z,relro,-z,now" "-nodefaultlibs"
[INFO] [stdout]   = note: some arguments are omitted. use `--verbose` to show all linker arguments
[INFO] [stdout]   = note: collect2: fatal error: ld terminated with signal 9 [Killed]
[INFO] [stdout]           compilation terminated.
[INFO] [stdout]           
[INFO] [stdout] 
[INFO] [stdout] 
[INFO] [stderr] error: could not compile `agora` (test "mutation_log_verify") due to 1 previous error
[INFO] [stdout] error: linking with `cc` failed: exit status: 1
[INFO] [stdout]   |
[INFO] [stdout]   = note:  "cc" "-m64" "/opt/rustwide/target/debug/deps/rustcn74m5O/symbols.o" "<6 object files omitted>" "-Wl,--as-needed" "-Wl,-Bstatic" "<sysroot>/lib/rustlib/x86_64-unknown-linux-gnu/lib/{libtest-*,libgetopts-*,librustc_std_workspace_std-*}.rlib" "/opt/rustwide/target/debug/deps/{libtempfile-50ad8fd3a6f486c7,libfastrand-8c711c36072d5b5b,librustix-66eac2e94111ec6f,liblinux_raw_sys-0b6cde911e9a3109,libagora-98ce8e6c87ea623c,libreqwest-b4e7b410339feb3b,libhyper_rustls-ffee6f142010ebf0,libwebpki_roots-4ac2131d17f69b0d,libtokio_rustls-2867dccaf333a274,librustls-4eb91defdb5dd78d,libwebpki-45e660d9ffdc1779,librustls_pki_types-fc5637970849fdde,libzeroize-7f213bea776ca5b6,libtower_http-db9a03bfab015526,libmaud-eec552d8bd4fdd20,libtower_http-583405c88b76a053,libaxum-d3cd3f2b6d90f4b3,libserde_path_to_error-27ee74d3083bd57a,libserde_urlencoded-cbe7bd48af8eba00,libryu-1f4f40e4352371e5,libhyper_util-e45a706bc0c0fc5b,libbase64-32787b0325ea6df8,libipnet-61ca7a5e1c2863d4,libhyper-39f8136c48acecff,libwant-7a6260b9c50f1479,libtry_lock-8fa2f6971035be84,libhttparse-8c9b827b8f345444,libatomic_waker-06950c8c08d2b8fa,libhttpdate-331798cefc82cc7e,libmatchit-616cb01453b9e7d4,libaxum_core-e471a8781ae36589,libmime-0188e0814ca7ddbf,libhttp_body_util-ed5fbd1db1f6d6fc,libhttp_body-8d8f9f8398f09fa7,libhttp-563f2cb150350555,libtower-9ee796f5abe74634,libsync_wrapper-6bdfbc29c4269203,libtower_layer-d908dd771b239ecd,libtower_service-3fb88d28c2218805,libsqlx-14e124966c57b612,libsqlx_postgres-9b0bc2a1f1b293e7,libdotenvy-6d8015f91495fe74,libcrc-c7d92037d8a82253,libcrc_catalog-229f3d571887ef81,libhex-13e08b3b00984ab7,libwhoami-679b18861a32e944,libhome-2459c00c573c2c5a,libbitflags-db7b9c0337a7ee76,libmd5-da17141a20d9c4c6,libbyteorder-7fb216e967c6a54f,libatoi-0b4bb2197bb1ff28,libfutures_channel-98286f337f8c2629,libstringprep-4d35882c7579d9cf,libunicode_properties-d98df78cf9438258,libunicode_normalization-38897611c04e14d9,libtinyvec-aaac35e3e185f648,libtinyvec_macros-7b77ea21c73594ca,libunicode_bidi-a9d2c96e849c6f3c,librand-2cbd25fb8cec114d,librand_chacha-76d6ebc8278a62a6,libppv_lite86-7f5ba35fc3b17562,librand_core-86e43b95b9d88fa9,libhkdf-3b5d575a0fd4bb01,libhmac-e7c370bcf63a0a27,libsqlx_core-f45816b42f8d1e78,librustls_pemfile-30aaf682314043cb,libbase64-13144a1f1e192158,libwebpki_roots-da6c00699c81e448,libtracing-4cef0f2badfdb422,libtracing_core-d26029c784af5925,libthiserror-305297abc8a52265,libindexmap-b92bb9c25241b995,libequivalent-6a754676e6af62ae,libhashbrown-d7214d631586fd51,librustls-0c72f189292aed66,libsct-1eddf800a795d4bc,libwebpki-71d58aecd83fab79,libring-fafa37576a22d673,libgetrandom-f25a51f78d9871ba,libuntrusted-b2f816886faf2178,libsqlformat-8c9a3639caa872b3,libunicode_categories-6f2b7f5ace1e9985,libnom-0c9803b862b97aa1,libtokio-1de89bb9e33c3a27,libsignal_hook_registry-97fb91977beb15cc,liberrno-40a43d7c8a9b8122,libsocket2-2367bcf2eb96355a,libmio-3f5f6fa89ecad527,libparking_lot-080783593a730975,libparking_lot_core-bccd0786fb787739,liblock_api-16d46fed645f7bff,libscopeguard-7ec2214574194454,libbytes-2ed9460101f17bbf,libhashlink-719db6f4aefa89a2,libhashbrown-60b3a07b6807eb6d,libahash-a8a65031a050dd78,libgetrandom-4a620aea7c55d024,libonce_cell-b5bdc597ed9676b3,libzerocopy-ad92ccf16844b543,liballocator_api2-8d9c1e895dea53bd,libuuid-f0b2893609309643,libgetrandom-fb4c32fda73a41c0,liblibc-612664c2206eec43,liburl-bc9c7c164a9ff56b,libidna-8b5e3e0dc097cd32,libidna_adapter-f8f64cfb19688ecd,libicu_properties-8b9c68197d30b563,libicu_properties_data-e6cf238fc98dd59d,libicu_normalizer-1a3d673d128bd84c,libsmallvec-bc3128fdd57228fc,libicu_normalizer_data-8fea05bee0bb4e49,libicu_collections-b31ce9c366cae2eb,libutf8_iter-51566bbad89f3a68,libpotential_utf-0c3d767a9fda37b1,libicu_provider-652b67b6be3d547b,libicu_locale_core-e0060a6bc1a51fa0,libtinystr-6915b4c566b3f487,liblitemap-dc288f07f8f61193,libwriteable-48b3e52227924bb5,libzerovec-64453c2b57e04116,libzerotrie-3f8d6fa26c658b68,libyoke-477b98923d9496a9,libstable_deref_trait-63cbf3f3d3f94e56,libzerofrom-aa2bed5d30bbc07f,libform_urlencoded-58b0f0edb59b40d2,libpercent_encoding-fa055ecaa1e57cfa,liblog-b262261d47bd2eba,libcrossbeam_queue-7c6dbf82c0535e67,libcrossbeam_utils-076f45bf81d9c2d2,libeither-1bb54d0fb61dfb6c,libevent_listener-0282a877755a83ef,libfutures_util-a348ccf9c9b0aa7c,libfutures_io-3814ffd654d7040e,libslab-ed301aba3460fb05,libpin_project_lite-0a15d51c77964692,libfutures_sink-799228b77d0964c7,libfutures_task-36f327cfab86eddc,libfutures_core-1121ff913ed87f93,libsha2-d6e582a599abd2ad,libcpufeatures-e04321643d03190d,libcfg_if-83060ec5685761ae,libdigest-9d15f55784b8157b,libsubtle-2ae6a7038b9a0630,libblock_buffer-bba24321e7b40706,libcrypto_common-25561c32e2e433f4,libgeneric_array-c2fdd0cc081e51ad,libtypenum-ec75592541d0a339,libserde_json-ac8da3a9c779f800,libmemchr-5cfa70d22cb32987,libitoa-5de11b3b23bfe572,libzmij-ef63f1da73704b4c,libchrono-da149c5dd4b34fa7,libiana_time_zone-bcd81aefedc374a6,libnum_traits-78e6e49ea324715f,libclap-275d4702ec2eb304,libclap_builder-04fcc109377776a2,libstrsim-4d1ed08a123238dc,libanstream-14b271bd294f0187,libanstyle_query-635080b1d6343734,libis_terminal_polyfill-3ca4268cb2568267,libcolorchoice-33c0bd1745dd5ace,libanstyle_parse-88399b635fc44f8e,libutf8parse-92d0158219063202,libclap_lex-2acbcd0288e51058,libanstyle-9beaeb754742faae,libanyhow-9e4c44ac98d8e4ea,libserde-5888ac5c23c18421,libserde_core-49c5f0449f9ff544}.rlib" "<sysroot>/lib/rustlib/x86_64-unknown-linux-gnu/lib/{libstd-*,libpanic_unwind-*,libobject-*,libmemchr-*,libaddr2line-*,libgimli-*,libcfg_if-*,librustc_demangle-*,libstd_detect-*,libhashbrown-*,librustc_std_workspace_alloc-*,libminiz_oxide-*,libadler2-*,libunwind-*,liblibc-*,librustc_std_workspace_core-*,liballoc-*,libcore-*,libcompiler_builtins-*}.rlib" "-Wl,-Bdynamic" "-lgcc_s" "-lutil" "-lrt" "-lpthread" "-lm" "-ldl" "-lc" "-L" "/opt/rustwide/target/debug/deps/rustcn74m5O/raw-dylibs" "-B<sysroot>/lib/rustlib/x86_64-unknown-linux-gnu/bin/gcc-ld" "-fuse-ld=lld" "-Wl,--eh-frame-hdr" "-Wl,-z,noexecstack" "-L" "/opt/rustwide/target/debug/build/ring-dde6d2ed2307ef2a/out" "-L" "<sysroot>/lib/rustlib/x86_64-unknown-linux-gnu/lib" "-o" "/opt/rustwide/target/debug/deps/compliance_domain-5ad2eb0a733fa581" "-Wl,--gc-sections" "-pie" "-Wl,-z,relro,-z,now" "-nodefaultlibs"
[INFO] [stdout]   = note: some arguments are omitted. use `--verbose` to show all linker arguments
[INFO] [stdout]   = note: collect2: fatal error: ld terminated with signal 9 [Killed]
[INFO] [stdout]           compilation terminated.
[INFO] [stdout]           
[INFO] [stdout] 
[INFO] [stdout] 
[INFO] [stderr] error: could not compile `agora` (test "compliance_domain") due to 1 previous error
[INFO] running `Command { std: "docker" "inspect" "8a7a0428b31d327f16caa8b30a267ae433c807e5164e631a7752db95f2a59249", kill_on_drop: false }`
[INFO] running `Command { std: "docker" "rm" "-f" "8a7a0428b31d327f16caa8b30a267ae433c807e5164e631a7752db95f2a59249", kill_on_drop: false }`
[INFO] [stdout] 8a7a0428b31d327f16caa8b30a267ae433c807e5164e631a7752db95f2a59249
