[INFO] cloning repository https://github.com/q3874758/pole--1
[INFO] running `Command { std: "git" "-c" "credential.helper=" "-c" "credential.helper=/workspace/cargo-home/bin/git-credential-null" "clone" "--bare" "https://github.com/q3874758/pole--1" "/workspace/cache/git-repos/https%3A%2F%2Fgithub.com%2Fq3874758%2Fpole--1", kill_on_drop: false }`
[INFO] [stderr] Cloning into bare repository '/workspace/cache/git-repos/https%3A%2F%2Fgithub.com%2Fq3874758%2Fpole--1'...
[INFO] running `Command { std: "git" "rev-parse" "HEAD", kill_on_drop: false }`
[INFO] [stdout] 54079fe9a987982aa135820a92bbc7dd3a1adefb
[INFO] testing q3874758/pole--1 against 1.100.0-beta.1 for beta-1.100-2
[INFO] running `Command { std: "git" "clone" "/workspace/cache/git-repos/https%3A%2F%2Fgithub.com%2Fq3874758%2Fpole--1" "/workspace/builds/worker-5-tc2/source", kill_on_drop: false }`
[INFO] [stderr] Cloning into '/workspace/builds/worker-5-tc2/source'...
[INFO] [stderr] done.
[INFO] started tweaking git repo https://github.com/q3874758/pole--1
[INFO] finished tweaking git repo https://github.com/q3874758/pole--1
[INFO] tweaked toml for git repo https://github.com/q3874758/pole--1 written to /workspace/builds/worker-5-tc2/source/Cargo.toml
[INFO] validating manifest of git repo https://github.com/q3874758/pole--1 on toolchain 1.100.0-beta.1
[INFO] running `Command { std: CARGO_HOME="/workspace/cargo-home" RUSTUP_HOME="/workspace/rustup-home" "/workspace/cargo-home/bin/cargo" "+1.100.0-beta.1" "metadata" "--manifest-path" "Cargo.toml" "--no-deps", kill_on_drop: false }`
[INFO] crate git repo https://github.com/q3874758/pole--1 already has a lockfile, it will not be regenerated
[INFO] running `Command { std: CARGO_HOME="/workspace/cargo-home" RUSTUP_HOME="/workspace/rustup-home" "/workspace/cargo-home/bin/cargo" "+1.100.0-beta.1" "fetch" "--manifest-path" "Cargo.toml", kill_on_drop: false }`
[INFO] running `Command { std: "docker" "create" "-v" "/var/lib/crater-agent-workspace/builds/worker-5-tc2/source:/opt/rustwide/workdir:ro,Z" "-v" "/var/lib/crater-agent-workspace/builds/worker-5-tc2/target:/opt/rustwide/target:rw,Z" "-v" "/var/lib/crater-agent-workspace/cargo-home:/opt/rustwide/cargo-home:ro,Z" "-v" "/var/lib/crater-agent-workspace/rustup-home:/opt/rustwide/rustup-home:ro,Z" "-m" "1610612736" "--network" "none" "ghcr.io/rust-lang/crates-build-env/linux@sha256:3111399a4047eeb3a02b7a90e478d715f38a8c6669b5c4b49d30a17385265909" "sleep" "infinity", kill_on_drop: false }`
[INFO] [stdout] 601fe92a7b0bfc890262ed4579b4a4db8163f45bfdcb26dd6069528e2b864579
[INFO] running `Command { std: "docker" "start" "601fe92a7b0bfc890262ed4579b4a4db8163f45bfdcb26dd6069528e2b864579", kill_on_drop: false }`
[INFO] running `Command { std: "docker" "inspect" "601fe92a7b0bfc890262ed4579b4a4db8163f45bfdcb26dd6069528e2b864579", kill_on_drop: false }`
[INFO] running `Command { std: "docker" "exec" "-e" "SOURCE_DIR=/opt/rustwide/workdir" "-e" "CARGO_HOME=/opt/rustwide/cargo-home" "-e" "RUSTUP_HOME=/opt/rustwide/rustup-home" "-e" "CARGO_TARGET_DIR=/opt/rustwide/target" "-w" "/opt/rustwide/workdir" "--user" "0:0" "601fe92a7b0bfc890262ed4579b4a4db8163f45bfdcb26dd6069528e2b864579" "/opt/rustwide/cargo-home/bin/cargo" "+1.100.0-beta.1" "metadata" "--no-deps" "--format-version=1", kill_on_drop: false }`
[INFO] running `Command { std: "docker" "inspect" "601fe92a7b0bfc890262ed4579b4a4db8163f45bfdcb26dd6069528e2b864579", kill_on_drop: false }`
[INFO] running `Command { std: "docker" "exec" "-e" "SOURCE_DIR=/opt/rustwide/workdir" "-e" "CARGO_HOME=/opt/rustwide/cargo-home" "-e" "RUSTUP_HOME=/opt/rustwide/rustup-home" "-e" "CARGO_TARGET_DIR=/opt/rustwide/target" "-e" "CARGO_INCREMENTAL=0" "-e" "RUST_BACKTRACE=full" "-e" "RUSTFLAGS=--cap-lints=warn" "-e" "RUSTDOCFLAGS=--cap-lints=warn" "-w" "/opt/rustwide/workdir" "--user" "0:0" "601fe92a7b0bfc890262ed4579b4a4db8163f45bfdcb26dd6069528e2b864579" "/opt/rustwide/cargo-home/bin/cargo" "+1.100.0-beta.1" "build" "--frozen" "--message-format=json", kill_on_drop: false }`
[INFO] [stderr]    Compiling libc v0.2.184
[INFO] [stderr]    Compiling subtle v2.6.1
[INFO] [stderr]    Compiling serde_core v1.0.228
[INFO] [stderr]    Compiling serde v1.0.228
[INFO] [stderr]    Compiling const-oid v0.9.6
[INFO] [stderr]    Compiling base64ct v1.8.3
[INFO] [stderr]    Compiling generic-array v0.14.7
[INFO] [stderr]    Compiling syn v2.0.117
[INFO] [stderr]    Compiling num-traits v0.2.19
[INFO] [stderr]    Compiling cc v1.2.59
[INFO] [stderr]    Compiling litemap v0.8.2
[INFO] [stderr]    Compiling smallvec v1.15.1
[INFO] [stderr]    Compiling writeable v0.6.3
[INFO] [stderr]    Compiling time-core v0.1.8
[INFO] [stderr]    Compiling num-conv v0.2.1
[INFO] [stderr]    Compiling deranged v0.5.8
[INFO] [stderr]    Compiling icu_normalizer_data v2.2.0
[INFO] [stderr]    Compiling time-macros v0.2.27
[INFO] [stderr]    Compiling icu_properties_data v2.2.0
[INFO] [stderr]    Compiling anyhow v1.0.102
[INFO] [stderr]    Compiling either v1.15.0
[INFO] [stderr]    Compiling futures-io v0.3.32
[INFO] [stderr]    Compiling minimal-lexical v0.2.1
[INFO] [stderr]    Compiling pem-rfc7468 v0.7.0
[INFO] [stderr]    Compiling zerocopy v0.8.48
[INFO] [stderr]    Compiling base16ct v0.2.0
[INFO] [stderr]    Compiling futures-util v0.3.32
[INFO] [stderr]    Compiling itertools v0.12.1
[INFO] [stderr]    Compiling paste v1.0.15
[INFO] [stderr]    Compiling getrandom v0.3.4
[INFO] [stderr]    Compiling rustls v0.23.45
[INFO] [stderr]    Compiling nom v7.1.3
[INFO] [stderr]    Compiling hashbrown v0.16.1
[INFO] [stderr]    Compiling syn v1.0.109
[INFO] [stderr]    Compiling equivalent v1.0.2
[INFO] [stderr]    Compiling der v0.7.10
[INFO] [stderr]    Compiling winnow v1.0.1
[INFO] [stderr]    Compiling block-buffer v0.10.4
[INFO] [stderr]    Compiling inout v0.1.4
[INFO] [stderr]    Compiling futures-channel v0.3.32
[INFO] [stderr]    Compiling tracing-core v0.1.36
[INFO] [stderr]    Compiling toml_datetime v1.1.1+spec-1.1.0
[INFO] [stderr]    Compiling indexmap v2.13.1
[INFO] [stderr]    Compiling ring v0.17.14
[INFO] [stderr]    Compiling serde_json v1.0.149
[INFO] [stderr]    Compiling num-integer v0.1.46
[INFO] [stderr]    Compiling sync_wrapper v1.0.2
[INFO] [stderr]    Compiling getrandom v0.2.17
[INFO] [stderr]    Compiling mio v1.2.0
[INFO] [stderr]    Compiling socket2 v0.6.3
[INFO] [stderr]    Compiling rand_core v0.6.4
[INFO] [stderr]    Compiling rusticata-macros v4.1.0
[INFO] [stderr]    Compiling tracing v0.1.44
[INFO] [stderr]    Compiling crypto-common v0.1.7
[INFO] [stderr]    Compiling time v0.3.47
[INFO] [stderr]    Compiling ff v0.13.1
[INFO] [stderr]    Compiling digest v0.10.7
[INFO] [stderr]    Compiling cipher v0.4.4
[INFO] [stderr]    Compiling crypto-bigint v0.5.5
[INFO] [stderr]    Compiling group v0.13.0
[INFO] [stderr]    Compiling universal-hash v0.5.1
[INFO] [stderr]    Compiling hmac v0.12.1
[INFO] [stderr]    Compiling signature v2.2.0
[INFO] [stderr]    Compiling sha2 v0.10.9
[INFO] [stderr]    Compiling camino v1.2.2
[INFO] [stderr]    Compiling cfg_aliases v0.2.1
[INFO] [stderr]    Compiling opaque-debug v0.3.1
[INFO] [stderr]    Compiling ipnet v2.12.0
[INFO] [stderr]    Compiling oid-registry v0.8.1
[INFO] [stderr]    Compiling spki v0.7.3
[INFO] [stderr]    Compiling toml_parser v1.1.2+spec-1.1.0
[INFO] [stderr]    Compiling serde_bytes v0.11.19
[INFO] [stderr]    Compiling rand_core v0.9.5
[INFO] [stderr]    Compiling polyval v0.6.2
[INFO] [stderr]    Compiling borsh v1.6.1
[INFO] [stderr]    Compiling pkcs8 v0.10.2
[INFO] [stderr]    Compiling rfc6979 v0.4.0
[INFO] [stderr]    Compiling sec1 v0.7.3
[INFO] [stderr]    Compiling toml_edit v0.25.11+spec-1.1.0
[INFO] [stderr]    Compiling num-bigint v0.4.6
[INFO] [stderr]    Compiling flex-error v0.4.4
[INFO] [stderr]    Compiling subtle-encoding v0.5.1
[INFO] [stderr]    Compiling synstructure v0.13.2
[INFO] [stderr]    Compiling iri-string v0.7.12
[INFO] [stderr]    Compiling ghash v0.5.1
[INFO] [stderr]    Compiling semver v1.0.28
[INFO] [stderr]    Compiling cargo-platform v0.3.3
[INFO] [stderr]    Compiling pbkdf2 v0.12.2
[INFO] [stderr]    Compiling elliptic-curve v0.13.8
[INFO] [stderr]    Compiling aes v0.8.4
[INFO] [stderr]    Compiling ctr v0.9.2
[INFO] [stderr]    Compiling salsa20 v0.10.2
[INFO] [stderr]    Compiling ed25519 v2.2.3
[INFO] [stderr]    Compiling proc-macro-crate v3.5.0
[INFO] [stderr]    Compiling aead v0.5.2
[INFO] [stderr]    Compiling password-hash v0.5.0
[INFO] [stderr]    Compiling rtoolbox v0.0.5
[INFO] [stderr]    Compiling keccak v0.1.6
[INFO] [stderr]    Compiling data-encoding v2.10.0
[INFO] [stderr]    Compiling primeorder v0.13.6
[INFO] [stderr]    Compiling ecdsa v0.16.9
[INFO] [stderr]    Compiling num-derive v0.3.3
[INFO] [stderr]    Compiling scrypt v0.11.0
[INFO] [stderr]    Compiling sha3 v0.10.9
[INFO] [stderr]    Compiling rpassword v7.4.0
[INFO] [stderr]    Compiling aes-gcm v0.10.3
[INFO] [stderr]    Compiling bech32 v0.9.1
[INFO] [stderr]    Compiling p256 v0.13.2
[INFO] [stderr]    Compiling serde_derive v1.0.228
[INFO] [stderr]    Compiling zerofrom-derive v0.1.7
[INFO] [stderr]    Compiling displaydoc v0.2.5
[INFO] [stderr]    Compiling yoke-derive v0.8.2
[INFO] [stderr]    Compiling zerovec-derive v0.11.3
[INFO] [stderr]    Compiling thiserror-impl v2.0.18
[INFO] [stderr]    Compiling asn1-rs-derive v0.6.0
[INFO] [stderr]    Compiling asn1-rs-impl v0.2.0
[INFO] [stderr]    Compiling prost-derive v0.12.6
[INFO] [stderr]    Compiling curve25519-dalek-derive v0.1.1
[INFO] [stderr]    Compiling borsh-derive v1.6.1
[INFO] [stderr]    Compiling rustls-webpki v0.103.15
[INFO] [stderr]    Compiling curve25519-dalek v4.1.3
[INFO] [stderr]    Compiling ppv-lite86 v0.2.21
[INFO] [stderr]    Compiling thiserror v2.0.18
[INFO] [stderr]    Compiling asn1-rs v0.7.1
[INFO] [stderr]    Compiling rand_chacha v0.9.0
[INFO] [stderr]    Compiling zerofrom v0.1.7
[INFO] [stderr]    Compiling rand v0.9.2
[INFO] [stderr]    Compiling yoke v0.8.2
[INFO] [stderr]    Compiling zerovec v0.11.6
[INFO] [stderr]    Compiling zerotrie v0.2.4
[INFO] [stderr]    Compiling der-parser v10.0.0
[INFO] [stderr]    Compiling ed25519-dalek v2.2.0
[INFO] [stderr]    Compiling tinystr v0.8.3
[INFO] [stderr]    Compiling potential_utf v0.1.5
[INFO] [stderr]    Compiling x509-parser v0.17.0
[INFO] [stderr]    Compiling icu_collections v2.2.0
[INFO] [stderr]    Compiling icu_locale_core v2.2.0
[INFO] [stderr]    Compiling bytes v1.11.1
[INFO] [stderr]    Compiling serde_urlencoded v0.7.1
[INFO] [stderr]    Compiling cargo_metadata v0.23.1
[INFO] [stderr]    Compiling tokio v1.51.0
[INFO] [stderr]    Compiling http v1.4.0
[INFO] [stderr]    Compiling prost v0.12.6
[INFO] [stderr]    Compiling icu_provider v2.2.0
[INFO] [stderr]    Compiling prost-types v0.12.6
[INFO] [stderr]    Compiling icu_properties v2.2.0
[INFO] [stderr]    Compiling icu_normalizer v2.2.0
[INFO] [stderr]    Compiling http-body v1.0.1
[INFO] [stderr]    Compiling http-body-util v0.1.3
[INFO] [stderr]    Compiling tendermint-proto v0.34.1
[INFO] [stderr]    Compiling idna_adapter v1.2.1
[INFO] [stderr]    Compiling idna v1.1.0
[INFO] [stderr]    Compiling url v2.5.8
[INFO] [stderr]    Compiling hyper v1.9.0
[INFO] [stderr]    Compiling tower v0.5.3
[INFO] [stderr]    Compiling tokio-rustls v0.26.4
[INFO] [stderr]    Compiling tower-http v0.6.8
[INFO] [stderr]    Compiling hyper-util v0.1.20
[INFO] [stderr]    Compiling hyper-rustls v0.27.7
[INFO] [stderr]    Compiling reqwest v0.12.28
[INFO] [stderr]    Compiling cosmos-sdk-proto v0.20.0
[INFO] [stderr]    Compiling pole v0.1.3 (/opt/rustwide/workdir)
[INFO] [stdout] error[E0425]: cannot find value `status` in this scope
[INFO] [stdout]     --> src/cli_client.rs:3602:12
[INFO] [stdout]      |
[INFO] [stdout] 3602 |         if status.success() {
[INFO] [stdout]      |            ^^^^^^ not found in this scope
[INFO] [stdout]      |
[INFO] [stdout] note: function `crate::cli_node::status` exists but is inaccessible
[INFO] [stdout]     --> src/cli_node.rs:542:1
[INFO] [stdout]      |
[INFO] [stdout]  542 | fn status(args: &[String]) -> Result<(), Box<dyn std::error::Error>> {
[INFO] [stdout]      | ^^^^^^^^^^^^^^^^^^^^^^^^^^^^^^^^^^^^^^^^^^^^^^^^^^^^^^^^^^^^^^^^^^^^ not accessible
[INFO] [stdout] 
[INFO] [stdout] 
[INFO] [stdout] error[E0425]: cannot find function `player_launcher_filename` in this scope
[INFO] [stdout]     --> src/cli_client.rs:3298:42
[INFO] [stdout]      |
[INFO] [stdout] 3298 |     let launcher_path = startup_dir.join(player_launcher_filename(config_path));
[INFO] [stdout]      |                                          ^^^^^^^^^^^^^^^^^^^^^^^^ not found in this scope
[INFO] [stdout] 
[INFO] [stdout] 
[INFO] [stdout] error[E0425]: cannot find function `render_windows_startup_launcher` in this scope
[INFO] [stdout]     --> src/cli_client.rs:3307:29
[INFO] [stdout]      |
[INFO] [stdout] 3307 |     let launcher_contents = render_windows_startup_launcher(&current_exe, config_path);
[INFO] [stdout]      |                             ^^^^^^^^^^^^^^^^^^^^^^^^^^^^^^^ not found in this scope
[INFO] [stdout] 
[INFO] [stdout] 
[INFO] [stdout] error[E0425]: cannot find function `player_launcher_filename` in this scope
[INFO] [stdout]     --> src/cli_client.rs:3324:15
[INFO] [stdout]      |
[INFO] [stdout] 3324 |         .join(player_launcher_filename(config_path));
[INFO] [stdout]      |               ^^^^^^^^^^^^^^^^^^^^^^^^ not found in this scope
[INFO] [stdout] 
[INFO] [stdout] 
[INFO] [stdout] warning: unused variable: `config`
[INFO] [stdout]    --> src/cli_node.rs:738:23
[INFO] [stdout]     |
[INFO] [stdout] 738 |     let (config_path, config) = NodeConfig::load_json_with_runtime_paths(&args[2])?;
[INFO] [stdout]     |                       ^^^^^^ help: if this is intentional, prefix it with an underscore: `_config`
[INFO] [stdout]     |
[INFO] [stdout]     = note: `#[warn(unused_variables)]` (part of `#[warn(unused)]`) on by default
[INFO] [stdout] 
[INFO] [stdout] 
[INFO] [stdout] For more information about this error, try `rustc --explain E0425`.
[INFO] [stdout] 
[INFO] [stderr] error: could not compile `pole` (lib) due to 4 previous errors; 1 warning emitted
[INFO] running `Command { std: "docker" "inspect" "601fe92a7b0bfc890262ed4579b4a4db8163f45bfdcb26dd6069528e2b864579", kill_on_drop: false }`
[INFO] running `Command { std: "docker" "rm" "-f" "601fe92a7b0bfc890262ed4579b4a4db8163f45bfdcb26dd6069528e2b864579", kill_on_drop: false }`
[INFO] [stdout] 601fe92a7b0bfc890262ed4579b4a4db8163f45bfdcb26dd6069528e2b864579
