[INFO] cloning repository https://github.com/mich101mich/aoc-2021
[INFO] running `Command { std: "git" "-c" "credential.helper=" "-c" "credential.helper=/workspace/cargo-home/bin/git-credential-null" "clone" "--bare" "https://github.com/mich101mich/aoc-2021" "/workspace/cache/git-repos/https%3A%2F%2Fgithub.com%2Fmich101mich%2Faoc-2021", kill_on_drop: false }`
[INFO] [stderr] Cloning into bare repository '/workspace/cache/git-repos/https%3A%2F%2Fgithub.com%2Fmich101mich%2Faoc-2021'...
[INFO] running `Command { std: "git" "rev-parse" "HEAD", kill_on_drop: false }`
[INFO] [stdout] 906bc7b4cb1c07449970f2d07ee93d507f70a237
[INFO] testing mich101mich/aoc-2021 against 1.99.0-beta.8 for beta-1.100-2
[INFO] running `Command { std: "git" "clone" "/workspace/cache/git-repos/https%3A%2F%2Fgithub.com%2Fmich101mich%2Faoc-2021" "/workspace/builds/worker-0-tc1/source", kill_on_drop: false }`
[INFO] [stderr] Cloning into '/workspace/builds/worker-0-tc1/source'...
[INFO] [stderr] done.
[INFO] started tweaking git repo https://github.com/mich101mich/aoc-2021
[INFO] finished tweaking git repo https://github.com/mich101mich/aoc-2021
[INFO] tweaked toml for git repo https://github.com/mich101mich/aoc-2021 written to /workspace/builds/worker-0-tc1/source/Cargo.toml
[INFO] validating manifest of git repo https://github.com/mich101mich/aoc-2021 on toolchain 1.99.0-beta.8
[INFO] running `Command { std: CARGO_HOME="/workspace/cargo-home" RUSTUP_HOME="/workspace/rustup-home" "/workspace/cargo-home/bin/cargo" "+1.99.0-beta.8" "metadata" "--manifest-path" "Cargo.toml" "--no-deps", kill_on_drop: false }`
[INFO] crate git repo https://github.com/mich101mich/aoc-2021 already has a lockfile, it will not be regenerated
[INFO] running `Command { std: CARGO_HOME="/workspace/cargo-home" RUSTUP_HOME="/workspace/rustup-home" "/workspace/cargo-home/bin/cargo" "+1.99.0-beta.8" "fetch" "--manifest-path" "Cargo.toml", kill_on_drop: false }`
[INFO] [stderr]     Updating crates.io index
[INFO] [stderr]     Updating git repository `https://github.com/mich101mich/sscanf`
[INFO] [stderr]  Downloading crates ...
[INFO] [stderr]   Downloaded unicode-xid v0.2.2
[INFO] [stderr]   Downloaded rand_hc v0.3.1
[INFO] [stderr]   Downloaded autocfg v1.0.1
[INFO] [stderr]   Downloaded num v0.4.0
[INFO] [stderr]   Downloaded approx v0.4.0
[INFO] [stderr]   Downloaded num-iter v0.1.42
[INFO] [stderr]   Downloaded version_check v0.9.3
[INFO] [stderr]   Downloaded either v1.6.1
[INFO] [stderr]   Downloaded permutohedron v0.2.4
[INFO] [stderr]   Downloaded num_cpus v1.13.0
[INFO] [stderr]   Downloaded memoffset v0.6.4
[INFO] [stderr]   Downloaded getrandom v0.2.3
[INFO] [stderr]   Downloaded crossbeam-deque v0.8.1
[INFO] [stderr]   Downloaded quote v1.0.10
[INFO] [stderr]   Downloaded num-complex v0.4.0
[INFO] [stderr]   Downloaded const_format_proc_macros v0.2.22
[INFO] [stderr]   Downloaded rand_core v0.6.3
[INFO] [stderr]   Downloaded wasi v0.10.2+wasi-snapshot-preview1
[INFO] [stderr]   Downloaded num-rational v0.4.0
[INFO] [stderr]   Downloaded num-integer v0.1.44
[INFO] [stderr]   Downloaded crossbeam-epoch v0.9.5
[INFO] [stderr]   Downloaded ppv-lite86 v0.2.15
[INFO] [stderr]   Downloaded proc-macro2 v1.0.32
[INFO] [stderr]   Downloaded rayon-core v1.9.1
[INFO] [stderr]   Downloaded crossbeam-utils v0.8.5
[INFO] [stderr]   Downloaded memchr v2.4.1
[INFO] [stderr]   Downloaded num-traits v0.2.14
[INFO] [stderr]   Downloaded cgmath v0.18.0
[INFO] [stderr]   Downloaded syn v1.0.82
[INFO] [stderr]   Downloaded rand v0.8.4
[INFO] [stderr]   Downloaded const_format v0.2.22
[INFO] [stderr]   Downloaded crossbeam-channel v0.5.1
[INFO] [stderr]   Downloaded aho-corasick v0.7.18
[INFO] [stderr]   Downloaded nom v7.1.0
[INFO] [stderr]   Downloaded rayon v1.5.1
[INFO] [stderr]   Downloaded regex-syntax v0.6.25
[INFO] [stderr]   Downloaded regex v1.5.4
[INFO] [stderr]   Downloaded libc v0.2.108
[INFO] running `Command { std: "docker" "create" "-v" "/var/lib/crater-agent-workspace/builds/worker-0-tc1/source:/opt/rustwide/workdir:ro,Z" "-v" "/var/lib/crater-agent-workspace/builds/worker-0-tc1/target:/opt/rustwide/target:rw,Z" "-v" "/var/lib/crater-agent-workspace/cargo-home:/opt/rustwide/cargo-home:ro,Z" "-v" "/var/lib/crater-agent-workspace/rustup-home:/opt/rustwide/rustup-home:ro,Z" "-m" "1610612736" "--network" "none" "ghcr.io/rust-lang/crates-build-env/linux@sha256:3111399a4047eeb3a02b7a90e478d715f38a8c6669b5c4b49d30a17385265909" "sleep" "infinity", kill_on_drop: false }`
[INFO] [stdout] d164e044cf92322f7c4dd5ed4fc26ad76bb5e4b3fdd7130689a8f6a7b33649e4
[INFO] running `Command { std: "docker" "start" "d164e044cf92322f7c4dd5ed4fc26ad76bb5e4b3fdd7130689a8f6a7b33649e4", kill_on_drop: false }`
[INFO] running `Command { std: "docker" "inspect" "d164e044cf92322f7c4dd5ed4fc26ad76bb5e4b3fdd7130689a8f6a7b33649e4", kill_on_drop: false }`
[INFO] running `Command { std: "docker" "exec" "-e" "SOURCE_DIR=/opt/rustwide/workdir" "-e" "CARGO_HOME=/opt/rustwide/cargo-home" "-e" "RUSTUP_HOME=/opt/rustwide/rustup-home" "-e" "CARGO_TARGET_DIR=/opt/rustwide/target" "-w" "/opt/rustwide/workdir" "--user" "0:0" "d164e044cf92322f7c4dd5ed4fc26ad76bb5e4b3fdd7130689a8f6a7b33649e4" "/opt/rustwide/cargo-home/bin/cargo" "+1.99.0-beta.8" "metadata" "--no-deps" "--format-version=1", kill_on_drop: false }`
[INFO] running `Command { std: "docker" "inspect" "d164e044cf92322f7c4dd5ed4fc26ad76bb5e4b3fdd7130689a8f6a7b33649e4", kill_on_drop: false }`
[INFO] running `Command { std: "docker" "exec" "-e" "SOURCE_DIR=/opt/rustwide/workdir" "-e" "CARGO_HOME=/opt/rustwide/cargo-home" "-e" "RUSTUP_HOME=/opt/rustwide/rustup-home" "-e" "CARGO_TARGET_DIR=/opt/rustwide/target" "-e" "CARGO_INCREMENTAL=0" "-e" "RUST_BACKTRACE=full" "-e" "RUSTFLAGS=--cap-lints=warn" "-e" "RUSTDOCFLAGS=--cap-lints=warn" "-w" "/opt/rustwide/workdir" "--user" "0:0" "d164e044cf92322f7c4dd5ed4fc26ad76bb5e4b3fdd7130689a8f6a7b33649e4" "/opt/rustwide/cargo-home/bin/cargo" "+1.99.0-beta.8" "build" "--frozen" "--message-format=json", kill_on_drop: false }`
[INFO] [stderr]    Compiling autocfg v1.0.1
[INFO] [stderr]    Compiling libc v0.2.108
[INFO] [stderr]    Compiling proc-macro2 v1.0.32
[INFO] [stderr]    Compiling crossbeam-utils v0.8.5
[INFO] [stderr]    Compiling unicode-xid v0.2.2
[INFO] [stderr]    Compiling lazy_static v1.4.0
[INFO] [stderr]    Compiling memchr v2.4.1
[INFO] [stderr]    Compiling crossbeam-epoch v0.9.5
[INFO] [stderr]    Compiling syn v1.0.82
[INFO] [stderr]    Compiling rayon-core v1.9.1
[INFO] [stderr]    Compiling version_check v0.9.3
[INFO] [stderr]    Compiling regex-syntax v0.6.25
[INFO] [stderr]    Compiling ppv-lite86 v0.2.15
[INFO] [stderr]    Compiling nom v7.1.0
[INFO] [stderr]    Compiling num-traits v0.2.14
[INFO] [stderr]    Compiling memoffset v0.6.4
[INFO] [stderr]    Compiling num-integer v0.1.44
[INFO] [stderr]    Compiling quote v1.0.10
[INFO] [stderr]    Compiling num-bigint v0.4.3
[INFO] [stderr]    Compiling getrandom v0.2.3
[INFO] [stderr]    Compiling num-iter v0.1.42
[INFO] [stderr]    Compiling num-rational v0.4.0
[INFO] [stderr]    Compiling rand_core v0.6.3
[INFO] [stderr]    Compiling const_format_proc_macros v0.2.22
[INFO] [stderr]    Compiling num_cpus v1.13.0
[INFO] [stderr]    Compiling crossbeam-deque v0.8.1
[INFO] [stderr]    Compiling aho-corasick v0.7.18
[INFO] [stderr]    Compiling crossbeam-channel v0.5.1
[INFO] [stderr]    Compiling rayon v1.5.1
[INFO] [stderr]    Compiling cgmath v0.18.0
[INFO] [stderr]    Compiling approx v0.4.0
[INFO] [stderr]    Compiling num-complex v0.4.0
[INFO] [stderr]    Compiling rand_chacha v0.3.1
[INFO] [stderr]    Compiling const_format v0.2.22
[INFO] [stderr]    Compiling either v1.6.1
[INFO] [stderr]    Compiling rand v0.8.4
[INFO] [stderr]    Compiling permutohedron v0.2.4
[INFO] [stderr]    Compiling regex v1.5.4
[INFO] [stderr]    Compiling num v0.4.0
[INFO] [stderr]    Compiling sscanf_macro v0.1.3 (https://github.com/mich101mich/sscanf#0c999ae2)
[INFO] [stderr]    Compiling sscanf v0.1.3 (https://github.com/mich101mich/sscanf#0c999ae2)
[INFO] [stderr]    Compiling aoc-2021 v0.1.0 (/opt/rustwide/workdir)
[INFO] [stdout] error[E0583]: file not found for module `utils`
[INFO] [stdout]  --> src/main.rs:4:1
[INFO] [stdout]   |
[INFO] [stdout] 4 | mod utils;
[INFO] [stdout]   | ^^^^^^^^^^
[INFO] [stdout]   |
[INFO] [stdout]   = help: to create the module `utils`, create file "src/utils.rs" or "src/utils/mod.rs"
[INFO] [stdout]   = note: if there is a `mod utils` elsewhere in the crate already, import it with `use crate::...` instead
[INFO] [stdout] 
[INFO] [stdout] 
[INFO] [stdout] error: couldn't read `src/days/../input/25.txt`: No such file or directory (os error 2)
[INFO] [stdout]  --> src/days/day_25.rs:6:17
[INFO] [stdout]   |
[INFO] [stdout] 6 |     let input = include_str!("../input/25.txt");
[INFO] [stdout]   |                 ^^^^^^^^^^^^^^^^^^^^^^^^^^^^^^^
[INFO] [stdout] 
[INFO] [stdout] 
[INFO] [stdout] error: cannot find macro `pv` in this scope
[INFO] [stdout]   --> src/days/day_25.rs:56:13
[INFO] [stdout]    |
[INFO] [stdout] 56 |             pv!(step);
[INFO] [stdout]    |             ^^
[INFO] [stdout] 
[INFO] [stdout] 
[INFO] [stdout] error[E0433]: cannot find type `HashSet` in this scope
[INFO] [stdout]   --> src/days/day_25.rs:11:20
[INFO] [stdout]    |
[INFO] [stdout] 11 |     let mut east = HashSet::new();
[INFO] [stdout]    |                    ^^^^^^^ use of undeclared type `HashSet`
[INFO] [stdout]    |
[INFO] [stdout] help: consider importing this struct
[INFO] [stdout]    |
[INFO] [stdout]  1 + use std::collections::HashSet;
[INFO] [stdout]    |
[INFO] [stdout] 
[INFO] [stdout] 
[INFO] [stdout] error[E0433]: cannot find type `HashSet` in this scope
[INFO] [stdout]   --> src/days/day_25.rs:12:21
[INFO] [stdout]    |
[INFO] [stdout] 12 |     let mut south = HashSet::new();
[INFO] [stdout]    |                     ^^^^^^^ use of undeclared type `HashSet`
[INFO] [stdout]    |
[INFO] [stdout] help: consider importing this struct
[INFO] [stdout]    |
[INFO] [stdout]  1 + use std::collections::HashSet;
[INFO] [stdout]    |
[INFO] [stdout] 
[INFO] [stdout] 
[INFO] [stdout] error[E0433]: cannot find type `HashSet` in this scope
[INFO] [stdout]   --> src/days/day_25.rs:23:24
[INFO] [stdout]    |
[INFO] [stdout] 23 |     let mut new_east = HashSet::new();
[INFO] [stdout]    |                        ^^^^^^^ use of undeclared type `HashSet`
[INFO] [stdout]    |
[INFO] [stdout] help: consider importing this struct
[INFO] [stdout]    |
[INFO] [stdout]  1 + use std::collections::HashSet;
[INFO] [stdout]    |
[INFO] [stdout] 
[INFO] [stdout] 
[INFO] [stdout] error[E0433]: cannot find type `HashSet` in this scope
[INFO] [stdout]   --> src/days/day_25.rs:24:25
[INFO] [stdout]    |
[INFO] [stdout] 24 |     let mut new_south = HashSet::new();
[INFO] [stdout]    |                         ^^^^^^^ use of undeclared type `HashSet`
[INFO] [stdout]    |
[INFO] [stdout] help: consider importing this struct
[INFO] [stdout]    |
[INFO] [stdout]  1 + use std::collections::HashSet;
[INFO] [stdout]    |
[INFO] [stdout] 
[INFO] [stdout] 
[INFO] [stdout] error[E0433]: cannot find type `Dir` in this scope
[INFO] [stdout]   --> src/days/day_25.rs:29:34
[INFO] [stdout]    |
[INFO] [stdout] 29 |             let mut new_p = *p + Dir::Right;
[INFO] [stdout]    |                                  ^^^ use of undeclared type `Dir`
[INFO] [stdout] 
[INFO] [stdout] 
[INFO] [stdout] error[E0433]: cannot find type `Dir` in this scope
[INFO] [stdout]   --> src/days/day_25.rs:43:34
[INFO] [stdout]    |
[INFO] [stdout] 43 |             let mut new_p = *p + Dir::Down;
[INFO] [stdout]    |                                  ^^^ use of undeclared type `Dir`
[INFO] [stdout] 
[INFO] [stdout] 
[INFO] [stdout] Some errors have detailed explanations: E0433, E0583.
[INFO] [stdout] 
[INFO] [stdout] For more information about an error, try `rustc --explain E0433`.
[INFO] [stdout] 
[INFO] [stderr] error: could not compile `aoc-2021` (bin "aoc-2021") due to 9 previous errors
[INFO] running `Command { std: "docker" "inspect" "d164e044cf92322f7c4dd5ed4fc26ad76bb5e4b3fdd7130689a8f6a7b33649e4", kill_on_drop: false }`
[INFO] running `Command { std: "docker" "rm" "-f" "d164e044cf92322f7c4dd5ed4fc26ad76bb5e4b3fdd7130689a8f6a7b33649e4", kill_on_drop: false }`
[INFO] [stdout] d164e044cf92322f7c4dd5ed4fc26ad76bb5e4b3fdd7130689a8f6a7b33649e4
