[INFO] cloning repository https://github.com/lhenry-dev/windows-users-rs
[INFO] running `Command { std: "git" "-c" "credential.helper=" "-c" "credential.helper=/workspace/cargo-home/bin/git-credential-null" "clone" "--bare" "https://github.com/lhenry-dev/windows-users-rs" "/workspace/cache/git-repos/https%3A%2F%2Fgithub.com%2Flhenry-dev%2Fwindows-users-rs", kill_on_drop: false }`
[INFO] [stderr] Cloning into bare repository '/workspace/cache/git-repos/https%3A%2F%2Fgithub.com%2Flhenry-dev%2Fwindows-users-rs'...
[INFO] running `Command { std: "git" "rev-parse" "HEAD", kill_on_drop: false }`
[INFO] [stdout] c437ca80e773c0e98679e139139f2e6425d6dafb
[INFO] testing lhenry-dev/windows-users-rs against 1.100.0-beta.1 for beta-1.100-2
[INFO] running `Command { std: "git" "clone" "/workspace/cache/git-repos/https%3A%2F%2Fgithub.com%2Flhenry-dev%2Fwindows-users-rs" "/workspace/builds/worker-1-tc2/source", kill_on_drop: false }`
[INFO] [stderr] Cloning into '/workspace/builds/worker-1-tc2/source'...
[INFO] [stderr] done.
[INFO] started tweaking git repo https://github.com/lhenry-dev/windows-users-rs
[INFO] finished tweaking git repo https://github.com/lhenry-dev/windows-users-rs
[INFO] tweaked toml for git repo https://github.com/lhenry-dev/windows-users-rs written to /workspace/builds/worker-1-tc2/source/Cargo.toml
[INFO] validating manifest of git repo https://github.com/lhenry-dev/windows-users-rs on toolchain 1.100.0-beta.1
[INFO] running `Command { std: CARGO_HOME="/workspace/cargo-home" RUSTUP_HOME="/workspace/rustup-home" "/workspace/cargo-home/bin/cargo" "+1.100.0-beta.1" "metadata" "--manifest-path" "Cargo.toml" "--no-deps", kill_on_drop: false }`
[INFO] crate git repo https://github.com/lhenry-dev/windows-users-rs already has a lockfile, it will not be regenerated
[INFO] running `Command { std: CARGO_HOME="/workspace/cargo-home" RUSTUP_HOME="/workspace/rustup-home" "/workspace/cargo-home/bin/cargo" "+1.100.0-beta.1" "fetch" "--manifest-path" "Cargo.toml", kill_on_drop: false }`
[INFO] [stderr]     Blocking waiting for file lock on package cache
[INFO] [stderr]     Blocking waiting for file lock on package cache
[ERROR] error running command: no output for 300 seconds
[INFO] testing lhenry-dev/windows-users-rs against 1.100.0-beta.1 for beta-1.100-2
[INFO] running `Command { std: "git" "clone" "/workspace/cache/git-repos/https%3A%2F%2Fgithub.com%2Flhenry-dev%2Fwindows-users-rs" "/workspace/builds/worker-1-tc2/source", kill_on_drop: false }`
[INFO] [stderr] Cloning into '/workspace/builds/worker-1-tc2/source'...
[INFO] [stderr] done.
[INFO] started tweaking git repo https://github.com/lhenry-dev/windows-users-rs
[INFO] finished tweaking git repo https://github.com/lhenry-dev/windows-users-rs
[INFO] tweaked toml for git repo https://github.com/lhenry-dev/windows-users-rs written to /workspace/builds/worker-1-tc2/source/Cargo.toml
[INFO] validating manifest of git repo https://github.com/lhenry-dev/windows-users-rs on toolchain 1.100.0-beta.1
[INFO] running `Command { std: CARGO_HOME="/workspace/cargo-home" RUSTUP_HOME="/workspace/rustup-home" "/workspace/cargo-home/bin/cargo" "+1.100.0-beta.1" "metadata" "--manifest-path" "Cargo.toml" "--no-deps", kill_on_drop: false }`
[INFO] crate git repo https://github.com/lhenry-dev/windows-users-rs already has a lockfile, it will not be regenerated
[INFO] running `Command { std: CARGO_HOME="/workspace/cargo-home" RUSTUP_HOME="/workspace/rustup-home" "/workspace/cargo-home/bin/cargo" "+1.100.0-beta.1" "fetch" "--manifest-path" "Cargo.toml", kill_on_drop: false }`
[INFO] [stderr]     Blocking waiting for file lock on package cache
[INFO] [stderr]     Blocking waiting for file lock on package cache
[ERROR] error running command: no output for 300 seconds
[INFO] testing lhenry-dev/windows-users-rs against 1.100.0-beta.1 for beta-1.100-2
[INFO] running `Command { std: "git" "clone" "/workspace/cache/git-repos/https%3A%2F%2Fgithub.com%2Flhenry-dev%2Fwindows-users-rs" "/workspace/builds/worker-1-tc2/source", kill_on_drop: false }`
[INFO] [stderr] Cloning into '/workspace/builds/worker-1-tc2/source'...
[INFO] [stderr] done.
[INFO] started tweaking git repo https://github.com/lhenry-dev/windows-users-rs
[INFO] finished tweaking git repo https://github.com/lhenry-dev/windows-users-rs
[INFO] tweaked toml for git repo https://github.com/lhenry-dev/windows-users-rs written to /workspace/builds/worker-1-tc2/source/Cargo.toml
[INFO] validating manifest of git repo https://github.com/lhenry-dev/windows-users-rs on toolchain 1.100.0-beta.1
[INFO] running `Command { std: CARGO_HOME="/workspace/cargo-home" RUSTUP_HOME="/workspace/rustup-home" "/workspace/cargo-home/bin/cargo" "+1.100.0-beta.1" "metadata" "--manifest-path" "Cargo.toml" "--no-deps", kill_on_drop: false }`
[INFO] crate git repo https://github.com/lhenry-dev/windows-users-rs already has a lockfile, it will not be regenerated
[INFO] running `Command { std: CARGO_HOME="/workspace/cargo-home" RUSTUP_HOME="/workspace/rustup-home" "/workspace/cargo-home/bin/cargo" "+1.100.0-beta.1" "fetch" "--manifest-path" "Cargo.toml", kill_on_drop: false }`
[INFO] [stderr]     Blocking waiting for file lock on package cache
[ERROR] error running command: no output for 300 seconds
[INFO] testing lhenry-dev/windows-users-rs against 1.100.0-beta.1 for beta-1.100-2
[INFO] running `Command { std: "git" "clone" "/workspace/cache/git-repos/https%3A%2F%2Fgithub.com%2Flhenry-dev%2Fwindows-users-rs" "/workspace/builds/worker-1-tc2/source", kill_on_drop: false }`
[INFO] [stderr] Cloning into '/workspace/builds/worker-1-tc2/source'...
[INFO] [stderr] done.
[INFO] started tweaking git repo https://github.com/lhenry-dev/windows-users-rs
[INFO] finished tweaking git repo https://github.com/lhenry-dev/windows-users-rs
[INFO] tweaked toml for git repo https://github.com/lhenry-dev/windows-users-rs written to /workspace/builds/worker-1-tc2/source/Cargo.toml
[INFO] validating manifest of git repo https://github.com/lhenry-dev/windows-users-rs on toolchain 1.100.0-beta.1
[INFO] running `Command { std: CARGO_HOME="/workspace/cargo-home" RUSTUP_HOME="/workspace/rustup-home" "/workspace/cargo-home/bin/cargo" "+1.100.0-beta.1" "metadata" "--manifest-path" "Cargo.toml" "--no-deps", kill_on_drop: false }`
[INFO] crate git repo https://github.com/lhenry-dev/windows-users-rs already has a lockfile, it will not be regenerated
[INFO] running `Command { std: CARGO_HOME="/workspace/cargo-home" RUSTUP_HOME="/workspace/rustup-home" "/workspace/cargo-home/bin/cargo" "+1.100.0-beta.1" "fetch" "--manifest-path" "Cargo.toml", kill_on_drop: false }`
[INFO] [stderr]     Blocking waiting for file lock on package cache
[INFO] [stderr]     Blocking waiting for file lock on package cache
[ERROR] error running command: no output for 300 seconds
[INFO] testing lhenry-dev/windows-users-rs against 1.100.0-beta.1 for beta-1.100-2
[INFO] running `Command { std: "git" "clone" "/workspace/cache/git-repos/https%3A%2F%2Fgithub.com%2Flhenry-dev%2Fwindows-users-rs" "/workspace/builds/worker-1-tc2/source", kill_on_drop: false }`
[INFO] [stderr] Cloning into '/workspace/builds/worker-1-tc2/source'...
[INFO] [stderr] done.
[INFO] started tweaking git repo https://github.com/lhenry-dev/windows-users-rs
[INFO] finished tweaking git repo https://github.com/lhenry-dev/windows-users-rs
[INFO] tweaked toml for git repo https://github.com/lhenry-dev/windows-users-rs written to /workspace/builds/worker-1-tc2/source/Cargo.toml
[INFO] validating manifest of git repo https://github.com/lhenry-dev/windows-users-rs on toolchain 1.100.0-beta.1
[INFO] running `Command { std: CARGO_HOME="/workspace/cargo-home" RUSTUP_HOME="/workspace/rustup-home" "/workspace/cargo-home/bin/cargo" "+1.100.0-beta.1" "metadata" "--manifest-path" "Cargo.toml" "--no-deps", kill_on_drop: false }`
[INFO] crate git repo https://github.com/lhenry-dev/windows-users-rs already has a lockfile, it will not be regenerated
[INFO] running `Command { std: CARGO_HOME="/workspace/cargo-home" RUSTUP_HOME="/workspace/rustup-home" "/workspace/cargo-home/bin/cargo" "+1.100.0-beta.1" "fetch" "--manifest-path" "Cargo.toml", kill_on_drop: false }`
[INFO] [stderr]     Blocking waiting for file lock on package cache
[INFO] [stderr]     Blocking waiting for file lock on package cache
[INFO] [stderr]  Downloading crates ...
[INFO] [stderr]   Downloaded getset v0.1.6
[INFO] [stderr]   Downloaded cc v1.2.31
[INFO] running `Command { std: "docker" "create" "-v" "/var/lib/crater-agent-workspace/builds/worker-1-tc2/source:/opt/rustwide/workdir:ro,Z" "-v" "/var/lib/crater-agent-workspace/builds/worker-1-tc2/target:/opt/rustwide/target:rw,Z" "-v" "/var/lib/crater-agent-workspace/cargo-home:/opt/rustwide/cargo-home:ro,Z" "-v" "/var/lib/crater-agent-workspace/rustup-home:/opt/rustwide/rustup-home:ro,Z" "-m" "1610612736" "--network" "none" "ghcr.io/rust-lang/crates-build-env/linux@sha256:3111399a4047eeb3a02b7a90e478d715f38a8c6669b5c4b49d30a17385265909" "sleep" "infinity", kill_on_drop: false }`
[INFO] [stdout] 92ecf8fbec3032e9a06e4a4c808912abf55ee2eb980e7d6003b87846fe8ab959
[INFO] running `Command { std: "docker" "start" "92ecf8fbec3032e9a06e4a4c808912abf55ee2eb980e7d6003b87846fe8ab959", kill_on_drop: false }`
[INFO] running `Command { std: "docker" "inspect" "92ecf8fbec3032e9a06e4a4c808912abf55ee2eb980e7d6003b87846fe8ab959", kill_on_drop: false }`
[INFO] running `Command { std: "docker" "exec" "-e" "SOURCE_DIR=/opt/rustwide/workdir" "-e" "CARGO_HOME=/opt/rustwide/cargo-home" "-e" "RUSTUP_HOME=/opt/rustwide/rustup-home" "-e" "CARGO_TARGET_DIR=/opt/rustwide/target" "-w" "/opt/rustwide/workdir" "--user" "0:0" "92ecf8fbec3032e9a06e4a4c808912abf55ee2eb980e7d6003b87846fe8ab959" "/opt/rustwide/cargo-home/bin/cargo" "+1.100.0-beta.1" "metadata" "--no-deps" "--format-version=1", kill_on_drop: false }`
[INFO] running `Command { std: "docker" "inspect" "92ecf8fbec3032e9a06e4a4c808912abf55ee2eb980e7d6003b87846fe8ab959", kill_on_drop: false }`
[INFO] running `Command { std: "docker" "exec" "-e" "SOURCE_DIR=/opt/rustwide/workdir" "-e" "CARGO_HOME=/opt/rustwide/cargo-home" "-e" "RUSTUP_HOME=/opt/rustwide/rustup-home" "-e" "CARGO_TARGET_DIR=/opt/rustwide/target" "-e" "CARGO_INCREMENTAL=0" "-e" "RUST_BACKTRACE=full" "-e" "RUSTFLAGS=--cap-lints=warn" "-e" "RUSTDOCFLAGS=--cap-lints=warn" "-w" "/opt/rustwide/workdir" "--user" "0:0" "92ecf8fbec3032e9a06e4a4c808912abf55ee2eb980e7d6003b87846fe8ab959" "/opt/rustwide/cargo-home/bin/cargo" "+1.100.0-beta.1" "build" "--frozen" "--message-format=json", kill_on_drop: false }`
[INFO] [stderr]    Compiling windows_users v0.4.2 (/opt/rustwide/workdir)
[INFO] [stderr]    Compiling scopeguard v1.2.0
[INFO] [stderr]    Compiling syn v2.0.104
[INFO] [stderr]    Compiling proc-macro-error-attr2 v2.0.0
[INFO] [stderr]    Compiling chrono v0.4.44
[INFO] [stderr] warning: windows_users@0.4.2: This library is designed for Windows only.
[INFO] [stderr]    Compiling proc-macro-error2 v2.0.1
[INFO] [stderr]    Compiling thiserror-impl v2.0.18
[INFO] [stderr]    Compiling typed-builder-macro v0.23.2
[INFO] [stderr]    Compiling getset v0.1.6
[INFO] [stderr]    Compiling typed-builder v0.23.2
[INFO] [stderr]    Compiling thiserror v2.0.18
[INFO] [stderr] warning: unused dependency `bitflags`
[INFO] [stderr]  --> Cargo.toml:2:1
[INFO] [stderr]   |
[INFO] [stderr] 2 | bitflags = "2.11.1"
[INFO] [stderr]   | ^^^^^^^^^^^^^^^^^^^
[INFO] [stderr]   |
[INFO] [stderr]   = note: `cargo::unused_dependencies` is set to `warn` by default
[INFO] [stderr] help: consider removing the dependency on `bitflags`
[INFO] [stderr] warning: unused dependency `chrono`
[INFO] [stderr]  --> Cargo.toml:3:1
[INFO] [stderr]   |
[INFO] [stderr] 3 | chrono = "0.4.44"
[INFO] [stderr]   | ^^^^^^^^^^^^^^^^^
[INFO] [stderr]   |
[INFO] [stderr] help: consider removing the dependency on `chrono`
[INFO] [stderr] warning: unused dependency `getset`
[INFO] [stderr]  --> Cargo.toml:4:1
[INFO] [stderr]   |
[INFO] [stderr] 4 | getset = "0.1.6"
[INFO] [stderr]   | ^^^^^^^^^^^^^^^^
[INFO] [stderr]   |
[INFO] [stderr] help: consider removing the dependency on `getset`
[INFO] [stderr] warning: unused dependency `scopeguard`
[INFO] [stderr]  --> Cargo.toml:5:1
[INFO] [stderr]   |
[INFO] [stderr] 5 | scopeguard = "1.2.0"
[INFO] [stderr]   | ^^^^^^^^^^^^^^^^^^^^
[INFO] [stderr]   |
[INFO] [stderr] help: consider removing the dependency on `scopeguard`
[INFO] [stderr] warning: unused dependency `thiserror`
[INFO] [stderr]  --> Cargo.toml:6:1
[INFO] [stderr]   |
[INFO] [stderr] 6 | thiserror = "2.0.18"
[INFO] [stderr]   | ^^^^^^^^^^^^^^^^^^^^
[INFO] [stderr]   |
[INFO] [stderr] help: consider removing the dependency on `thiserror`
[INFO] [stderr] warning: unused dependency `typed-builder`
[INFO] [stderr]  --> Cargo.toml:7:1
[INFO] [stderr]   |
[INFO] [stderr] 7 | typed-builder = "0.23.0"
[INFO] [stderr]   | ^^^^^^^^^^^^^^^^^^^^^^^^
[INFO] [stderr]   |
[INFO] [stderr] help: consider removing the dependency on `typed-builder`
[INFO] [stderr] warning: `windows_users` (manifest) generated 6 warnings
[INFO] [stderr]     Finished `dev` profile [unoptimized + debuginfo] target(s) in 6.67s
[INFO] [stderr] warning: the following packages contain code that will be rejected by a future version of Rust: proc-macro-error2 v2.0.1
[INFO] [stderr] note: to see what the problems were, use the option `--future-incompat-report`, or run `cargo report future-incompatibilities --id 5`
[INFO] running `Command { std: "docker" "inspect" "92ecf8fbec3032e9a06e4a4c808912abf55ee2eb980e7d6003b87846fe8ab959", kill_on_drop: false }`
[INFO] running `Command { std: "docker" "exec" "-e" "SOURCE_DIR=/opt/rustwide/workdir" "-e" "CARGO_HOME=/opt/rustwide/cargo-home" "-e" "RUSTUP_HOME=/opt/rustwide/rustup-home" "-e" "CARGO_TARGET_DIR=/opt/rustwide/target" "-e" "CARGO_INCREMENTAL=0" "-e" "RUST_BACKTRACE=full" "-e" "RUSTFLAGS=--cap-lints=warn" "-e" "RUSTDOCFLAGS=--cap-lints=warn" "-w" "/opt/rustwide/workdir" "--user" "0:0" "92ecf8fbec3032e9a06e4a4c808912abf55ee2eb980e7d6003b87846fe8ab959" "/opt/rustwide/cargo-home/bin/cargo" "+1.100.0-beta.1" "test" "--frozen" "--no-run" "--message-format=json", kill_on_drop: false }`
[INFO] [stderr] warning: windows_users@0.4.2: This library is designed for Windows only.
[INFO] [stderr]    Compiling hostname v0.4.2
[INFO] [stderr]    Compiling windows_users v0.4.2 (/opt/rustwide/workdir)
[INFO] [stdout] error[E0432]: unresolved imports `windows_users::UserAccountFlags`, `windows_users::UserManager`, `windows_users::UserUpdate`
[INFO] [stdout]  --> tests/users_tests.rs:1:21
[INFO] [stdout]   |
[INFO] [stdout] 1 | use windows_users::{UserAccountFlags, UserManager, UserUpdate};
[INFO] [stdout]   |                     ^^^^^^^^^^^^^^^^  ^^^^^^^^^^^  ^^^^^^^^^^ no `UserUpdate` in the root
[INFO] [stdout]   |                     |                 |
[INFO] [stdout]   |                     |                 no `UserManager` in the root
[INFO] [stdout]   |                     no `UserAccountFlags` in the root
[INFO] [stdout] 
[INFO] [stdout] 
[INFO] [stdout] error[E0432]: unresolved imports `windows_users::Group`, `windows_users::UserManager`, `windows_users::WindowsUsersError`
[INFO] [stdout]  --> tests/helpers/auto_remove_group.rs:1:21
[INFO] [stdout]   |
[INFO] [stdout] 1 | use windows_users::{Group, UserManager, WindowsUsersError};
[INFO] [stdout]   |                     ^^^^^  ^^^^^^^^^^^  ^^^^^^^^^^^^^^^^^ no `WindowsUsersError` in the root
[INFO] [stdout]   |                     |      |
[INFO] [stdout]   |                     |      no `UserManager` in the root
[INFO] [stdout]   |                     no `Group` in the root
[INFO] [stdout] 
[INFO] [stdout] 
[INFO] [stdout] error[E0432]: unresolved imports `windows_users::UserAccountFlags`, `windows_users::UserFilterFlags`, `windows_users::UserManager`
[INFO] [stdout]  --> tests/users_list_tests.rs:1:21
[INFO] [stdout]   |
[INFO] [stdout] 1 | use windows_users::{UserAccountFlags, UserFilterFlags, UserManager};
[INFO] [stdout]   |                     ^^^^^^^^^^^^^^^^  ^^^^^^^^^^^^^^^  ^^^^^^^^^^^ no `UserManager` in the root
[INFO] [stdout]   |                     |                 |
[INFO] [stdout]   |                     |                 no `UserFilterFlags` in the root
[INFO] [stdout]   |                     no `UserAccountFlags` in the root
[INFO] [stdout] 
[INFO] [stdout] 
[INFO] [stdout] error[E0432]: unresolved imports `windows_users::Group`, `windows_users::UserManager`, `windows_users::well_known_sid`
[INFO] [stdout]  --> tests/groups_tests.rs:1:21
[INFO] [stdout]   |
[INFO] [stdout] 1 | use windows_users::{Group, UserManager, well_known_sid};
[INFO] [stdout]   |                     ^^^^^  ^^^^^^^^^^^  ^^^^^^^^^^^^^^ no `well_known_sid` in the root
[INFO] [stdout]   |                     |      |
[INFO] [stdout]   |                     |      no `UserManager` in the root
[INFO] [stdout]   |                     no `Group` in the root
[INFO] [stdout] 
[INFO] [stdout] 
[INFO] [stdout] error[E0432]: unresolved imports `windows_users::Group`, `windows_users::UserManager`, `windows_users::WindowsUsersError`
[INFO] [stdout]  --> tests/helpers/auto_remove_group.rs:1:21
[INFO] [stdout]   |
[INFO] [stdout] 1 | use windows_users::{Group, UserManager, WindowsUsersError};
[INFO] [stdout]   |                     ^^^^^  ^^^^^^^^^^^  ^^^^^^^^^^^^^^^^^ no `WindowsUsersError` in the root
[INFO] [stdout]   |                     |      |
[INFO] [stdout]   |                     |      no `UserManager` in the root
[INFO] [stdout]   |                     no `Group` in the root
[INFO] [stdout] 
[INFO] [stdout] 
[INFO] [stdout] error[E0432]: unresolved imports `windows_users::User`, `windows_users::UserManager`, `windows_users::WindowsUsersError`
[INFO] [stdout]  --> tests/helpers/auto_remove_user.rs:1:21
[INFO] [stdout]   |
[INFO] [stdout] 1 | use windows_users::{User, UserManager, WindowsUsersError};
[INFO] [stdout]   |                     ^^^^  ^^^^^^^^^^^  ^^^^^^^^^^^^^^^^^ no `WindowsUsersError` in the root
[INFO] [stdout]   |                     |     |
[INFO] [stdout]   |                     |     no `UserManager` in the root
[INFO] [stdout]   |                     no `User` in the root
[INFO] [stdout] 
[INFO] [stdout] 
[INFO] [stdout] error[E0432]: unresolved imports `windows_users::Group`, `windows_users::UserManager`, `windows_users::WindowsUsersError`
[INFO] [stdout]  --> tests/helpers/auto_remove_group.rs:1:21
[INFO] [stdout]   |
[INFO] [stdout] 1 | use windows_users::{Group, UserManager, WindowsUsersError};
[INFO] [stdout]   |                     ^^^^^  ^^^^^^^^^^^  ^^^^^^^^^^^^^^^^^ no `WindowsUsersError` in the root
[INFO] [stdout]   |                     |      |
[INFO] [stdout]   |                     |      no `UserManager` in the root
[INFO] [stdout]   |                     no `Group` in the root
[INFO] [stdout] 
[INFO] [stdout] 
[INFO] [stdout] error[E0432]: unresolved imports `windows_users::User`, `windows_users::UserManager`, `windows_users::WindowsUsersError`
[INFO] [stdout]  --> tests/helpers/auto_remove_user.rs:1:21
[INFO] [stdout]   |
[INFO] [stdout] 1 | use windows_users::{User, UserManager, WindowsUsersError};
[INFO] [stdout]   |                     ^^^^  ^^^^^^^^^^^  ^^^^^^^^^^^^^^^^^ no `WindowsUsersError` in the root
[INFO] [stdout]   |                     |     |
[INFO] [stdout]   |                     |     no `UserManager` in the root
[INFO] [stdout]   |                     no `User` in the root
[INFO] [stdout] 
[INFO] [stdout] 
[INFO] [stdout] error[E0432]: unresolved imports `windows_users::User`, `windows_users::UserManager`, `windows_users::WindowsUsersError`
[INFO] [stdout]  --> tests/helpers/auto_remove_user.rs:1:21
[INFO] [stdout]   |
[INFO] [stdout] 1 | use windows_users::{User, UserManager, WindowsUsersError};
[INFO] [stdout]   |                     ^^^^  ^^^^^^^^^^^  ^^^^^^^^^^^^^^^^^ no `WindowsUsersError` in the root
[INFO] [stdout]   |                     |     |
[INFO] [stdout]   |                     |     no `UserManager` in the root
[INFO] [stdout]   |                     no `User` in the root
[INFO] [stdout] 
[INFO] [stdout] 
[INFO] [stdout] error[E0432]: unresolved imports `windows_users::LogonHours`, `windows_users::User`, `windows_users::UserAccountFlags`
[INFO] [stdout]  --> tests/helpers/build.rs:4:21
[INFO] [stdout]   |
[INFO] [stdout] 4 | use windows_users::{LogonHours, User, UserAccountFlags};
[INFO] [stdout]   |                     ^^^^^^^^^^  ^^^^  ^^^^^^^^^^^^^^^^ no `UserAccountFlags` in the root
[INFO] [stdout]   |                     |           |
[INFO] [stdout]   |                     |           no `User` in the root
[INFO] [stdout]   |                     no `LogonHours` in the root
[INFO] [stdout] 
[INFO] [stdout] 
[INFO] [stdout] error[E0432]: unresolved import `windows_users::User`
[INFO] [stdout]  --> tests/helpers/utils.rs:3:5
[INFO] [stdout]   |
[INFO] [stdout] 3 | use windows_users::User;
[INFO] [stdout]   |     ^^^^^^^^^^^^^^^----
[INFO] [stdout]   |                    |
[INFO] [stdout]   |                    no `User` in the root
[INFO] [stdout] 
[INFO] [stdout] 
[INFO] [stdout] error[E0432]: unresolved imports `windows_users::LogonHours`, `windows_users::User`, `windows_users::UserAccountFlags`
[INFO] [stdout]  --> tests/helpers/build.rs:4:21
[INFO] [stdout]   |
[INFO] [stdout] 4 | use windows_users::{LogonHours, User, UserAccountFlags};
[INFO] [stdout]   |                     ^^^^^^^^^^  ^^^^  ^^^^^^^^^^^^^^^^ no `UserAccountFlags` in the root
[INFO] [stdout]   |                     |           |
[INFO] [stdout]   |                     |           no `User` in the root
[INFO] [stdout]   |                     no `LogonHours` in the root
[INFO] [stdout] 
[INFO] [stdout] 
[INFO] [stdout] error[E0432]: unresolved import `windows_users::User`
[INFO] [stdout]  --> tests/helpers/utils.rs:3:5
[INFO] [stdout]   |
[INFO] [stdout] 3 | use windows_users::User;
[INFO] [stdout]   |     ^^^^^^^^^^^^^^^----
[INFO] [stdout]   |                    |
[INFO] [stdout]   |                    no `User` in the root
[INFO] [stdout] 
[INFO] [stdout] 
[INFO] [stdout] error[E0433]: cannot find module or crate `windows` in this scope
[INFO] [stdout]    --> tests/users_tests.rs:177:9
[INFO] [stdout]     |
[INFO] [stdout] 177 |         windows::Win32::System::WindowsProgramming::GetUserNameW(
[INFO] [stdout]     |         ^^^^^^^ use of unresolved module or unlinked crate `windows`
[INFO] [stdout]     |
[INFO] [stdout]     = help: if you wanted to use a crate named `windows`, use `cargo add windows` to add it to your `Cargo.toml`
[INFO] [stdout] 
[INFO] [stdout] 
[INFO] [stdout] error[E0432]: unresolved imports `windows_users::LogonHours`, `windows_users::User`, `windows_users::UserAccountFlags`
[INFO] [stdout]  --> tests/helpers/build.rs:4:21
[INFO] [stdout]   |
[INFO] [stdout] 4 | use windows_users::{LogonHours, User, UserAccountFlags};
[INFO] [stdout]   |                     ^^^^^^^^^^  ^^^^  ^^^^^^^^^^^^^^^^ no `UserAccountFlags` in the root
[INFO] [stdout]   |                     |           |
[INFO] [stdout]   |                     |           no `User` in the root
[INFO] [stdout]   |                     no `LogonHours` in the root
[INFO] [stdout] 
[INFO] [stdout] 
[INFO] [stdout] error[E0432]: unresolved import `windows_users::User`
[INFO] [stdout]  --> tests/helpers/utils.rs:3:5
[INFO] [stdout]   |
[INFO] [stdout] 3 | use windows_users::User;
[INFO] [stdout]   |     ^^^^^^^^^^^^^^^----
[INFO] [stdout]   |                    |
[INFO] [stdout]   |                    no `User` in the root
[INFO] [stdout] 
[INFO] [stdout] 
[INFO] [stdout] error[E0433]: cannot find module or crate `windows` in this scope
[INFO] [stdout]    --> tests/users_tests.rs:178:18
[INFO] [stdout]     |
[INFO] [stdout] 178 |             Some(windows::core::PWSTR(buf.as_mut_ptr())),
[INFO] [stdout]     |                  ^^^^^^^ use of unresolved module or unlinked crate `windows`
[INFO] [stdout]     |
[INFO] [stdout]     = help: if you wanted to use a crate named `windows`, use `cargo add windows` to add it to your `Cargo.toml`
[INFO] [stdout] 
[INFO] [stdout] 
[INFO] [stdout] error[E0432]: unresolved imports `windows_users::UserFilterFlags`, `windows_users::UserManager`
[INFO] [stdout]  --> tests/user_manager_tests.rs:1:21
[INFO] [stdout]   |
[INFO] [stdout] 1 | use windows_users::{UserFilterFlags, UserManager};
[INFO] [stdout]   |                     ^^^^^^^^^^^^^^^  ^^^^^^^^^^^ no `UserManager` in the root
[INFO] [stdout]   |                     |
[INFO] [stdout]   |                     no `UserFilterFlags` in the root
[INFO] [stdout] 
[INFO] [stdout] 
[INFO] [stdout] error[E0432]: unresolved imports `windows_users::Group`, `windows_users::UserManager`, `windows_users::WindowsUsersError`
[INFO] [stdout]  --> tests/helpers/auto_remove_group.rs:1:21
[INFO] [stdout]   |
[INFO] [stdout] 1 | use windows_users::{Group, UserManager, WindowsUsersError};
[INFO] [stdout]   |                     ^^^^^  ^^^^^^^^^^^  ^^^^^^^^^^^^^^^^^ no `WindowsUsersError` in the root
[INFO] [stdout]   |                     |      |
[INFO] [stdout]   |                     |      no `UserManager` in the root
[INFO] [stdout]   |                     no `Group` in the root
[INFO] [stdout] 
[INFO] [stdout] 
[INFO] [stdout] For more information about this error, try `rustc --explain E0432`.
[INFO] [stdout] 
[INFO] [stdout] error[E0432]: unresolved imports `windows_users::User`, `windows_users::UserManager`, `windows_users::WindowsUsersError`
[INFO] [stdout]  --> tests/helpers/auto_remove_user.rs:1:21
[INFO] [stdout]   |
[INFO] [stdout] 1 | use windows_users::{User, UserManager, WindowsUsersError};
[INFO] [stdout]   |                     ^^^^  ^^^^^^^^^^^  ^^^^^^^^^^^^^^^^^ no `WindowsUsersError` in the root
[INFO] [stdout]   |                     |     |
[INFO] [stdout]   |                     |     no `UserManager` in the root
[INFO] [stdout]   |                     no `User` in the root
[INFO] [stdout] 
[INFO] [stdout] 
[INFO] [stderr] warning: windows_users@0.4.2: This library is designed for Windows only.
[INFO] [stderr] error: could not compile `windows_users` (test "users_list_tests") due to 5 previous errors
[INFO] [stderr] warning: build failed, waiting for other jobs to finish...
[INFO] [stdout] For more information about this error, try `rustc --explain E0432`.
[INFO] [stdout] 
[INFO] [stdout] error[E0432]: unresolved imports `windows_users::LogonHours`, `windows_users::User`, `windows_users::UserAccountFlags`
[INFO] [stdout]  --> tests/helpers/build.rs:4:21
[INFO] [stdout]   |
[INFO] [stdout] 4 | use windows_users::{LogonHours, User, UserAccountFlags};
[INFO] [stdout]   |                     ^^^^^^^^^^  ^^^^  ^^^^^^^^^^^^^^^^ no `UserAccountFlags` in the root
[INFO] [stdout]   |                     |           |
[INFO] [stdout]   |                     |           no `User` in the root
[INFO] [stdout]   |                     no `LogonHours` in the root
[INFO] [stdout] 
[INFO] [stdout] 
[INFO] [stdout] error[E0432]: unresolved import `windows_users::User`
[INFO] [stdout]  --> tests/helpers/utils.rs:3:5
[INFO] [stdout]   |
[INFO] [stdout] 3 | use windows_users::User;
[INFO] [stdout]   |     ^^^^^^^^^^^^^^^----
[INFO] [stdout]   |                    |
[INFO] [stdout]   |                    no `User` in the root
[INFO] [stdout] 
[INFO] [stdout] 
[INFO] [stdout] Some errors have detailed explanations: E0432, E0433.
[INFO] [stdout] 
[INFO] [stdout] For more information about an error, try `rustc --explain E0432`.
[INFO] [stdout] 
[INFO] [stderr] warning: windows_users@0.4.2: This library is designed for Windows only.
[INFO] [stderr] error: could not compile `windows_users` (test "groups_tests") due to 5 previous errors
[INFO] [stderr] warning: windows_users@0.4.2: This library is designed for Windows only.
[INFO] [stderr] error: could not compile `windows_users` (test "users_tests") due to 7 previous errors
[INFO] [stdout] For more information about this error, try `rustc --explain E0432`.
[INFO] [stdout] 
[INFO] [stderr] warning: windows_users@0.4.2: This library is designed for Windows only.
[INFO] [stderr] error: could not compile `windows_users` (test "user_manager_tests") due to 5 previous errors
[INFO] [stderr] warning: unused dependency `bitflags`
[INFO] [stderr]  --> Cargo.toml:2:1
[INFO] [stderr]   |
[INFO] [stderr] 2 | bitflags = "2.11.1"
[INFO] [stderr]   | ^^^^^^^^^^^^^^^^^^^
[INFO] [stderr]   |
[INFO] [stderr]   = note: `cargo::unused_dependencies` is set to `warn` by default
[INFO] [stderr] help: consider removing the dependency on `bitflags`
[INFO] [stderr] warning: unused dependency `chrono`
[INFO] [stderr]  --> Cargo.toml:3:1
[INFO] [stderr]   |
[INFO] [stderr] 3 | chrono = "0.4.44"
[INFO] [stderr]   | ^^^^^^^^^^^^^^^^^
[INFO] [stderr]   |
[INFO] [stderr] help: consider removing the dependency on `chrono`
[INFO] [stderr] help: to still use for development builds, move to `dev-dependencies`
[INFO] [stderr] warning: unused dependency `getset`
[INFO] [stderr]  --> Cargo.toml:4:1
[INFO] [stderr]   |
[INFO] [stderr] 4 | getset = "0.1.6"
[INFO] [stderr]   | ^^^^^^^^^^^^^^^^
[INFO] [stderr]   |
[INFO] [stderr] help: consider removing the dependency on `getset`
[INFO] [stderr] warning: unused dependency `scopeguard`
[INFO] [stderr]  --> Cargo.toml:5:1
[INFO] [stderr]   |
[INFO] [stderr] 5 | scopeguard = "1.2.0"
[INFO] [stderr]   | ^^^^^^^^^^^^^^^^^^^^
[INFO] [stderr]   |
[INFO] [stderr] help: consider removing the dependency on `scopeguard`
[INFO] [stderr] warning: unused dependency `thiserror`
[INFO] [stderr]  --> Cargo.toml:6:1
[INFO] [stderr]   |
[INFO] [stderr] 6 | thiserror = "2.0.18"
[INFO] [stderr]   | ^^^^^^^^^^^^^^^^^^^^
[INFO] [stderr]   |
[INFO] [stderr] help: consider removing the dependency on `thiserror`
[INFO] [stderr] warning: unused dependency `typed-builder`
[INFO] [stderr]  --> Cargo.toml:7:1
[INFO] [stderr]   |
[INFO] [stderr] 7 | typed-builder = "0.23.0"
[INFO] [stderr]   | ^^^^^^^^^^^^^^^^^^^^^^^^
[INFO] [stderr]   |
[INFO] [stderr] help: consider removing the dependency on `typed-builder`
[INFO] [stderr] warning: `windows_users` (manifest) generated 6 warnings
[INFO] running `Command { std: "docker" "inspect" "92ecf8fbec3032e9a06e4a4c808912abf55ee2eb980e7d6003b87846fe8ab959", kill_on_drop: false }`
[INFO] running `Command { std: "docker" "rm" "-f" "92ecf8fbec3032e9a06e4a4c808912abf55ee2eb980e7d6003b87846fe8ab959", kill_on_drop: false }`
[INFO] [stdout] 92ecf8fbec3032e9a06e4a4c808912abf55ee2eb980e7d6003b87846fe8ab959
