[INFO] cloning repository https://github.com/levimarkmuigai/grind-tracker
[INFO] running `Command { std: "git" "-c" "credential.helper=" "-c" "credential.helper=/workspace/cargo-home/bin/git-credential-null" "clone" "--bare" "https://github.com/levimarkmuigai/grind-tracker" "/workspace/cache/git-repos/https%3A%2F%2Fgithub.com%2Flevimarkmuigai%2Fgrind-tracker", kill_on_drop: false }`
[INFO] [stderr] Cloning into bare repository '/workspace/cache/git-repos/https%3A%2F%2Fgithub.com%2Flevimarkmuigai%2Fgrind-tracker'...
[INFO] running `Command { std: "git" "rev-parse" "HEAD", kill_on_drop: false }`
[INFO] [stdout] 3b02603081a785f0bc2f54929cb7d84c36a97eab
[INFO] testing levimarkmuigai/grind-tracker against 1.100.0-beta.1 for beta-1.100-2
[INFO] running `Command { std: "git" "clone" "/workspace/cache/git-repos/https%3A%2F%2Fgithub.com%2Flevimarkmuigai%2Fgrind-tracker" "/workspace/builds/worker-2-tc2/source", kill_on_drop: false }`
[INFO] [stderr] Cloning into '/workspace/builds/worker-2-tc2/source'...
[INFO] [stderr] done.
[INFO] started tweaking git repo https://github.com/levimarkmuigai/grind-tracker
[INFO] finished tweaking git repo https://github.com/levimarkmuigai/grind-tracker
[INFO] tweaked toml for git repo https://github.com/levimarkmuigai/grind-tracker written to /workspace/builds/worker-2-tc2/source/Cargo.toml
[INFO] validating manifest of git repo https://github.com/levimarkmuigai/grind-tracker on toolchain 1.100.0-beta.1
[INFO] running `Command { std: CARGO_HOME="/workspace/cargo-home" RUSTUP_HOME="/workspace/rustup-home" "/workspace/cargo-home/bin/cargo" "+1.100.0-beta.1" "metadata" "--manifest-path" "Cargo.toml" "--no-deps", kill_on_drop: false }`
[INFO] crate git repo https://github.com/levimarkmuigai/grind-tracker already has a lockfile, it will not be regenerated
[INFO] running `Command { std: CARGO_HOME="/workspace/cargo-home" RUSTUP_HOME="/workspace/rustup-home" "/workspace/cargo-home/bin/cargo" "+1.100.0-beta.1" "fetch" "--manifest-path" "Cargo.toml", kill_on_drop: false }`
[INFO] running `Command { std: "docker" "create" "-v" "/var/lib/crater-agent-workspace/builds/worker-2-tc2/source:/opt/rustwide/workdir:ro,Z" "-v" "/var/lib/crater-agent-workspace/builds/worker-2-tc2/target:/opt/rustwide/target:rw,Z" "-v" "/var/lib/crater-agent-workspace/cargo-home:/opt/rustwide/cargo-home:ro,Z" "-v" "/var/lib/crater-agent-workspace/rustup-home:/opt/rustwide/rustup-home:ro,Z" "-m" "1610612736" "--network" "none" "ghcr.io/rust-lang/crates-build-env/linux@sha256:3111399a4047eeb3a02b7a90e478d715f38a8c6669b5c4b49d30a17385265909" "sleep" "infinity", kill_on_drop: false }`
[INFO] [stdout] 48e7bd98a615c142da233c7e0036fdb1bfa863fd4b1c730d067cdcc8b053191b
[INFO] running `Command { std: "docker" "start" "48e7bd98a615c142da233c7e0036fdb1bfa863fd4b1c730d067cdcc8b053191b", kill_on_drop: false }`
[INFO] running `Command { std: "docker" "inspect" "48e7bd98a615c142da233c7e0036fdb1bfa863fd4b1c730d067cdcc8b053191b", kill_on_drop: false }`
[INFO] running `Command { std: "docker" "exec" "-e" "SOURCE_DIR=/opt/rustwide/workdir" "-e" "CARGO_HOME=/opt/rustwide/cargo-home" "-e" "RUSTUP_HOME=/opt/rustwide/rustup-home" "-e" "CARGO_TARGET_DIR=/opt/rustwide/target" "-w" "/opt/rustwide/workdir" "--user" "0:0" "48e7bd98a615c142da233c7e0036fdb1bfa863fd4b1c730d067cdcc8b053191b" "/opt/rustwide/cargo-home/bin/cargo" "+1.100.0-beta.1" "metadata" "--no-deps" "--format-version=1", kill_on_drop: false }`
[INFO] running `Command { std: "docker" "inspect" "48e7bd98a615c142da233c7e0036fdb1bfa863fd4b1c730d067cdcc8b053191b", kill_on_drop: false }`
[INFO] running `Command { std: "docker" "exec" "-e" "SOURCE_DIR=/opt/rustwide/workdir" "-e" "CARGO_HOME=/opt/rustwide/cargo-home" "-e" "RUSTUP_HOME=/opt/rustwide/rustup-home" "-e" "CARGO_TARGET_DIR=/opt/rustwide/target" "-e" "CARGO_INCREMENTAL=0" "-e" "RUST_BACKTRACE=full" "-e" "RUSTFLAGS=--cap-lints=warn" "-e" "RUSTDOCFLAGS=--cap-lints=warn" "-w" "/opt/rustwide/workdir" "--user" "0:0" "48e7bd98a615c142da233c7e0036fdb1bfa863fd4b1c730d067cdcc8b053191b" "/opt/rustwide/cargo-home/bin/cargo" "+1.100.0-beta.1" "build" "--frozen" "--message-format=json", kill_on_drop: false }`
[INFO] [stderr]    Compiling proc-macro2 v1.0.107
[INFO] [stderr]    Compiling quote v1.0.47
[INFO] [stderr]    Compiling libc v0.2.189
[INFO] [stderr]    Compiling futures-core v0.3.33
[INFO] [stderr]    Compiling log v0.4.33
[INFO] [stderr]    Compiling smallvec v1.15.2
[INFO] [stderr]    Compiling serde v1.0.229
[INFO] [stderr]    Compiling bytes v1.12.1
[INFO] [stderr]    Compiling autocfg v1.5.1
[INFO] [stderr]    Compiling shlex v2.0.1
[INFO] [stderr]    Compiling serde_core v1.0.229
[INFO] [stderr]    Compiling memchr v2.8.3
[INFO] [stderr]    Compiling foldhash v0.2.0
[INFO] [stderr]    Compiling futures-task v0.3.33
[INFO] [stderr]    Compiling hashbrown v0.17.1
[INFO] [stderr]    Compiling futures-io v0.3.33
[INFO] [stderr]    Compiling futures-sink v0.3.33
[INFO] [stderr]    Compiling typenum v1.20.1
[INFO] [stderr]    Compiling thiserror v2.0.19
[INFO] [stderr]    Compiling crossbeam-utils v0.8.22
[INFO] [stderr]    Compiling zmij v1.0.23
[INFO] [stderr]    Compiling syn v2.0.119
[INFO] [stderr]    Compiling syn v3.0.3
[INFO] [stderr]    Compiling fs_extra v1.3.0
[INFO] [stderr]    Compiling serde_json v1.0.151
[INFO] [stderr]    Compiling dunce v1.0.5
[INFO] [stderr]    Compiling generic-array v0.14.7
[INFO] [stderr]    Compiling indexmap v2.14.0
[INFO] [stderr]    Compiling jobserver v0.1.35
[INFO] [stderr]    Compiling socket2 v0.6.5
[INFO] [stderr]    Compiling cc v1.3.0
[INFO] [stderr]    Compiling errno v0.3.14
[INFO] [stderr]    Compiling signal-hook-registry v1.4.8
[INFO] [stderr]    Compiling parking_lot_core v0.9.12
[INFO] [stderr]    Compiling mio v1.2.2
[INFO] [stderr]    Compiling parking_lot v0.12.5
[INFO] [stderr]    Compiling block-buffer v0.10.4
[INFO] [stderr]    Compiling num-traits v0.2.19
[INFO] [stderr]    Compiling futures-util v0.3.33
[INFO] [stderr]    Compiling http v1.4.2
[INFO] [stderr]    Compiling bitflags v2.13.1
[INFO] [stderr]    Compiling unicode-segmentation v1.13.3
[INFO] [stderr]    Compiling cmake v0.1.58
[INFO] [stderr]    Compiling rustversion v1.0.23
[INFO] [stderr]    Compiling aws-lc-rs v1.17.3
[INFO] [stderr]    Compiling aws-lc-sys v0.43.0
[INFO] [stderr]    Compiling zeroize v1.9.0
[INFO] [stderr]    Compiling http-body v1.1.0
[INFO] [stderr]    Compiling serde_derive v1.0.229
[INFO] [stderr]    Compiling thiserror-impl v2.0.19
[INFO] [stderr]    Compiling crc-catalog v2.5.0
[INFO] [stderr]    Compiling crc v3.4.0
[INFO] [stderr]    Compiling libsqlite3-sys v0.30.1
[INFO] [stderr]    Compiling synstructure v0.13.2
[INFO] [stderr]    Compiling darling_core v0.23.0
[INFO] [stderr]    Compiling hashlink v0.10.0
[INFO] [stderr]    Compiling rustls-pki-types v1.15.0
[INFO] [stderr]    Compiling crypto-common v0.1.7
[INFO] [stderr]    Compiling futures-channel v0.3.33
[INFO] [stderr]    Compiling spin v0.9.9
[INFO] [stderr]    Compiling slab v0.4.12
[INFO] [stderr]    Compiling tokio v1.53.1
[INFO] [stderr]    Compiling digest v0.10.7
[INFO] [stderr]    Compiling castaway v0.2.4
[INFO] [stderr]    Compiling concurrent-queue v2.5.0
[INFO] [stderr]    Compiling hashbrown v0.16.1
[INFO] [stderr]    Compiling zerofrom-derive v0.1.7
[INFO] [stderr]    Compiling yoke-derive v0.8.2
[INFO] [stderr]    Compiling zerovec-derive v0.11.3
[INFO] [stderr]    Compiling displaydoc v0.2.6
[INFO] [stderr]    Compiling zerofrom v0.1.8
[INFO] [stderr]    Compiling tracing-attributes v0.1.31
[INFO] [stderr]    Compiling yoke v0.8.3
[INFO] [stderr]    Compiling zerotrie v0.2.4
[INFO] [stderr]    Compiling zerovec v0.11.6
[INFO] [stderr]    Compiling tokio-macros v2.7.1
[INFO] [stderr]    Compiling either v1.16.0
[INFO] [stderr]    Compiling tinystr v0.8.3
[INFO] [stderr]    Compiling potential_utf v0.1.5
[INFO] [stderr]    Compiling tracing v0.1.44
[INFO] [stderr]    Compiling icu_collections v2.2.0
[INFO] [stderr]    Compiling icu_locale_core v2.2.0
[INFO] [stderr]    Compiling itertools v0.14.0
[INFO] [stderr]    Compiling strum_macros v0.28.0
[INFO] [stderr]    Compiling darling_macro v0.23.0
[INFO] [stderr]    Compiling tracing-core v0.1.36
[INFO] [stderr]    Compiling icu_provider v2.2.0
[INFO] [stderr]    Compiling icu_properties v2.2.0
[INFO] [stderr]    Compiling icu_normalizer v2.2.0
[INFO] [stderr]    Compiling rustls v0.23.42
[INFO] [stderr]    Compiling unicode-width v0.2.2
[INFO] [stderr]    Compiling crossbeam-epoch v0.9.20
[INFO] [stderr]    Compiling strum v0.28.0
[INFO] [stderr]    Compiling compact_str v0.9.1
[INFO] [stderr]    Compiling unicode-truncate v2.0.1
[INFO] [stderr]    Compiling tokio-stream v0.1.19
[INFO] [stderr]    Compiling idna_adapter v1.2.2
[INFO] [stderr]    Compiling idna v1.1.0
[INFO] [stderr]    Compiling darling v0.23.0
[INFO] [stderr]    Compiling kasuari v0.4.12
[INFO] [stderr]    Compiling url v2.5.8
[INFO] [stderr]    Compiling event-listener v5.4.1
[INFO] [stderr]    Compiling futures-intrusive v0.5.0
[INFO] [stderr]    Compiling sha2 v0.10.9
[INFO] [stderr]    Compiling chrono v0.4.45
[INFO] [stderr]    Compiling crossbeam-queue v0.3.13
[INFO] [stderr]    Compiling convert_case v0.10.0
[INFO] [stderr]    Compiling lru v0.18.1
[INFO] [stderr]    Compiling sync_wrapper v1.0.2
[INFO] [stderr]    Compiling critical-section v1.2.0
[INFO] [stderr]    Compiling crossbeam-deque v0.8.7
[INFO] [stderr]    Compiling base64 v0.22.1
[INFO] [stderr]    Compiling rustix v1.1.4
[INFO] [stderr]    Compiling ratatui-core v0.1.2
[INFO] [stderr]    Compiling instability v0.3.12
[INFO] [stderr]    Compiling tokio-util v0.7.19
[INFO] [stderr]    Compiling sqlx-core v0.8.6
[INFO] [stderr]    Compiling derive_more-impl v2.1.1
[INFO] [stderr]    Compiling h2 v0.4.15
[INFO] [stderr]    Compiling signal-hook v0.3.18
[INFO] [stderr]    Compiling serde_urlencoded v0.7.1
[INFO] [stderr]    Compiling futures-executor v0.3.33
[INFO] [stderr]    Compiling flume v0.11.1
[INFO] [stderr]    Compiling atoi v2.0.0
[INFO] [stderr]    Compiling matrixmultiply v0.3.11
[INFO] [stderr]    Compiling tracing-log v0.2.0
[INFO] [stderr]    Compiling thread_local v1.1.10
[INFO] [stderr]    Compiling time-core v0.1.9
[INFO] [stderr]    Compiling getrandom v0.4.3
[INFO] [stderr]    Compiling object v0.37.3
[INFO] [stderr]    Compiling deranged v0.5.8
[INFO] [stderr]    Compiling num-conv v0.2.2
[INFO] [stderr]    Compiling owo-colors v4.3.0
[INFO] [stderr]    Compiling num_threads v0.1.7
[INFO] [stderr]    Compiling rand_core v0.10.1
[INFO] [stderr]    Compiling tracing-subscriber v0.3.23
[INFO] [stderr]    Compiling signal-hook-mio v0.2.5
[INFO] [stderr]    Compiling derive_more v2.1.1
[INFO] [stderr]    Compiling sqlx-sqlite v0.8.6
[INFO] [stderr]    Compiling tower v0.5.3
[INFO] [stderr]    Compiling time v0.3.54
[INFO] [stderr]    Compiling http-body-util v0.1.4
[INFO] [stderr]    Compiling line-clipping v0.3.7
[INFO] [stderr]    Compiling gimli v0.32.3
[INFO] [stderr]    Compiling eyre v0.6.12
[INFO] [stderr]    Compiling hex v0.4.3
[INFO] [stderr]    Compiling cpufeatures v0.3.0
[INFO] [stderr]    Compiling dotenvy v0.15.7
[INFO] [stderr]    Compiling color-spantrace v0.3.0
[INFO] [stderr]    Compiling chacha20 v0.10.1
[INFO] [stderr]    Compiling miniz_oxide v0.8.9
[INFO] [stderr]    Compiling rustls-native-certs v0.8.4
[INFO] [stderr]    Compiling ratatui-widgets v0.3.2
[INFO] [stderr]    Compiling hyper v1.11.0
[INFO] [stderr]    Compiling sqlx-macros-core v0.8.6
[INFO] [stderr]    Compiling addr2line v0.25.1
[INFO] [stderr]    Compiling hyper-util v0.1.20
[INFO] [stderr]    Compiling tracing-error v0.2.1
[INFO] [stderr]    Compiling crossterm v0.29.0
[INFO] [stderr]    Compiling rayon-core v1.13.0
[INFO] [stderr]    Compiling snafu-derive v0.9.2
[INFO] [stderr]    Compiling num-integer v0.1.46
[INFO] [stderr]    Compiling num-complex v0.4.6
[INFO] [stderr]    Compiling anyhow v1.0.104
[INFO] [stderr]    Compiling indenter v0.3.4
[INFO] [stderr]    Compiling rustc-demangle v0.1.28
[INFO] [stderr]    Compiling ndarray v0.17.2
[INFO] [stderr]    Compiling snafu v0.9.2
[INFO] [stderr]    Compiling ratatui-crossterm v0.1.2
[INFO] [stderr]    Compiling rayon v1.12.0
[INFO] [stderr]    Compiling rand v0.10.2
[INFO] [stderr]    Compiling sqlx-macros v0.8.6
[INFO] [stderr]    Compiling ratatui-macros v0.7.2
[INFO] [stderr]    Compiling axum-core v0.5.6
[INFO] [stderr]    Compiling tower-http v0.6.11
[INFO] [stderr]    Compiling serde_path_to_error v0.1.20
[INFO] [stderr]    Compiling backtrace v0.3.76
[INFO] [stderr]    Compiling priority-queue v2.7.0
[INFO] [stderr]    Compiling matchit v0.8.4
[INFO] [stderr]    Compiling ratatui v0.30.2
[INFO] [stderr]    Compiling axum v0.8.9
[INFO] [stderr]    Compiling color-eyre v0.6.5
[INFO] [stderr]    Compiling sqlx v0.8.6
[INFO] [stderr]    Compiling fsrs v6.6.1
[INFO] [stderr]    Compiling rustls-webpki v0.103.13
[INFO] [stderr]    Compiling tokio-rustls v0.26.4
[INFO] [stderr]    Compiling rustls-platform-verifier v0.7.0
[INFO] [stderr]    Compiling hyper-rustls v0.27.9
[INFO] [stderr]    Compiling reqwest v0.13.4
[INFO] [stderr]    Compiling grind-tracker v0.1.0 (/opt/rustwide/workdir)
[INFO] [stdout] error: set `DATABASE_URL` to use query macros online, or run `cargo sqlx prepare` to update the query cache
[INFO] [stdout]   --> src/server/db.rs:21:26
[INFO] [stdout]    |
[INFO] [stdout] 21 |       let problem_result = sqlx::query!(
[INFO] [stdout]    |  __________________________^
[INFO] [stdout] 22 | |         r#"
[INFO] [stdout] 23 | |         INSERT INTO leetcode_problems (frontend_id, title, slug, topic_tag, level)
[INFO] [stdout] 24 | |         VALUES($1,$2,$3,$4,$5)
[INFO] [stdout] ...  |
[INFO] [stdout] 30 | |         level,
[INFO] [stdout] 31 | |     )
[INFO] [stdout]    | |_____^
[INFO] [stdout]    |
[INFO] [stdout]    = note: this error originates in the macro `$crate::sqlx_macros::expand_query` which comes from the expansion of the macro `sqlx::query` (in Nightly builds, run with -Z macro-backtrace for more info)
[INFO] [stdout] 
[INFO] [stdout] 
[INFO] [stdout] error: set `DATABASE_URL` to use query macros online, or run `cargo sqlx prepare` to update the query cache
[INFO] [stdout]   --> src/server/db.rs:37:5
[INFO] [stdout]    |
[INFO] [stdout] 37 | /     sqlx::query!(
[INFO] [stdout] 38 | |         r#"
[INFO] [stdout] 39 | |         INSERT INTO fsrs_cards (problem_id)
[INFO] [stdout] 40 | |         VALUES($1)
[INFO] [stdout] 41 | |         "#,
[INFO] [stdout] 42 | |         problem_id
[INFO] [stdout] 43 | |     )
[INFO] [stdout]    | |_____^
[INFO] [stdout]    |
[INFO] [stdout]    = note: this error originates in the macro `$crate::sqlx_macros::expand_query` which comes from the expansion of the macro `sqlx::query` (in Nightly builds, run with -Z macro-backtrace for more info)
[INFO] [stdout] 
[INFO] [stdout] 
[INFO] [stdout] error: set `DATABASE_URL` to use query macros online, or run `cargo sqlx prepare` to update the query cache
[INFO] [stdout]   --> src/server/db.rs:55:8
[INFO] [stdout]    |
[INFO] [stdout] 55 |       Ok(sqlx::query_as!(
[INFO] [stdout]    |  ________^
[INFO] [stdout] 56 | |         LeetcodeProblem,
[INFO] [stdout] 57 | |         r#"SELECT
[INFO] [stdout] 58 | |             id,
[INFO] [stdout] ...  |
[INFO] [stdout] 65 | |         id,
[INFO] [stdout] 66 | |     )
[INFO] [stdout]    | |_____^
[INFO] [stdout]    |
[INFO] [stdout]    = note: this error originates in the macro `$crate::sqlx_macros::expand_query` which comes from the expansion of the macro `sqlx::query_as` (in Nightly builds, run with -Z macro-backtrace for more info)
[INFO] [stdout] 
[INFO] [stdout] 
[INFO] [stdout] error: set `DATABASE_URL` to use query macros online, or run `cargo sqlx prepare` to update the query cache
[INFO] [stdout]   --> src/server/db.rs:72:17
[INFO] [stdout]    |
[INFO] [stdout] 72 |       let count = sqlx::query_scalar!(
[INFO] [stdout]    |  _________________^
[INFO] [stdout] 73 | |         r#"
[INFO] [stdout] 74 | |         SELECT COUNT(*) FROM leetcode_problems
[INFO] [stdout] 75 | |         "#
[INFO] [stdout] 76 | |     )
[INFO] [stdout]    | |_____^
[INFO] [stdout]    |
[INFO] [stdout]    = note: this error originates in the macro `$crate::sqlx_macros::expand_query` which comes from the expansion of the macro `sqlx::query_scalar` (in Nightly builds, run with -Z macro-backtrace for more info)
[INFO] [stdout] 
[INFO] [stdout] 
[INFO] [stdout] error: set `DATABASE_URL` to use query macros online, or run `cargo sqlx prepare` to update the query cache
[INFO] [stdout]   --> src/server/db.rs:84:15
[INFO] [stdout]    |
[INFO] [stdout] 84 |       let row = sqlx::query_as!(
[INFO] [stdout]    |  _______________^
[INFO] [stdout] 85 | |         FsrsCardRow,
[INFO] [stdout] 86 | |         r#"SELECT
[INFO] [stdout] 87 | |             id,
[INFO] [stdout] ...  |
[INFO] [stdout] 98 | |         id
[INFO] [stdout] 99 | |     )
[INFO] [stdout]    | |_____^
[INFO] [stdout]    |
[INFO] [stdout]    = note: this error originates in the macro `$crate::sqlx_macros::expand_query` which comes from the expansion of the macro `sqlx::query_as` (in Nightly builds, run with -Z macro-backtrace for more info)
[INFO] [stdout] 
[INFO] [stdout] 
[INFO] [stdout] error: set `DATABASE_URL` to use query macros online, or run `cargo sqlx prepare` to update the query cache
[INFO] [stdout]    --> src/server/db.rs:110:15
[INFO] [stdout]     |
[INFO] [stdout] 110 |       let row = sqlx::query!(
[INFO] [stdout]     |  _______________^
[INFO] [stdout] 111 | |         r#"
[INFO] [stdout] 112 | |     SELECT
[INFO] [stdout] 113 | |     stability AS "stability: f32",
[INFO] [stdout] ...   |
[INFO] [stdout] 119 | |         problem_id
[INFO] [stdout] 120 | |     )
[INFO] [stdout]     | |_____^
[INFO] [stdout]     |
[INFO] [stdout]     = note: this error originates in the macro `$crate::sqlx_macros::expand_query` which comes from the expansion of the macro `sqlx::query` (in Nightly builds, run with -Z macro-backtrace for more info)
[INFO] [stdout] 
[INFO] [stdout] 
[INFO] [stdout] error: set `DATABASE_URL` to use query macros online, or run `cargo sqlx prepare` to update the query cache
[INFO] [stdout]    --> src/server/db.rs:132:20
[INFO] [stdout]     |
[INFO] [stdout] 132 |       let problems = sqlx::query_as!(
[INFO] [stdout]     |  ____________________^
[INFO] [stdout] 133 | |         LeetcodeProblem,
[INFO] [stdout] 134 | |         r#"SELECT 
[INFO] [stdout] 135 | |             id, 
[INFO] [stdout] ...   |
[INFO] [stdout] 141 | |         FROM leetcode_problems"#
[INFO] [stdout] 142 | |     )
[INFO] [stdout]     | |_____^
[INFO] [stdout]     |
[INFO] [stdout]     = note: this error originates in the macro `$crate::sqlx_macros::expand_query` which comes from the expansion of the macro `sqlx::query_as` (in Nightly builds, run with -Z macro-backtrace for more info)
[INFO] [stdout] 
[INFO] [stdout] 
[INFO] [stdout] error: set `DATABASE_URL` to use query macros online, or run `cargo sqlx prepare` to update the query cache
[INFO] [stdout]    --> src/server/db.rs:150:15
[INFO] [stdout]     |
[INFO] [stdout] 150 |       let row = sqlx::query_as!(
[INFO] [stdout]     |  _______________^
[INFO] [stdout] 151 | |         FsrsCardRow,
[INFO] [stdout] 152 | |         r#"SELECT
[INFO] [stdout] 153 | |             id,
[INFO] [stdout] ...   |
[INFO] [stdout] 162 | |             FROM fsrs_cards"#
[INFO] [stdout] 163 | |     )
[INFO] [stdout]     | |_____^
[INFO] [stdout]     |
[INFO] [stdout]     = note: this error originates in the macro `$crate::sqlx_macros::expand_query` which comes from the expansion of the macro `sqlx::query_as` (in Nightly builds, run with -Z macro-backtrace for more info)
[INFO] [stdout] 
[INFO] [stdout] 
[INFO] [stdout] error: set `DATABASE_URL` to use query macros online, or run `cargo sqlx prepare` to update the query cache
[INFO] [stdout]    --> src/server/db.rs:174:20
[INFO] [stdout]     |
[INFO] [stdout] 174 |       let due_rows = sqlx::query_as!(
[INFO] [stdout]     |  ____________________^
[INFO] [stdout] 175 | |         TableDataRow,
[INFO] [stdout] 176 | |         r#"
[INFO] [stdout] 177 | |     SELECT
[INFO] [stdout] ...   |
[INFO] [stdout] 192 | |         "#
[INFO] [stdout] 193 | |     )
[INFO] [stdout]     | |_____^
[INFO] [stdout]     |
[INFO] [stdout]     = note: this error originates in the macro `$crate::sqlx_macros::expand_query` which comes from the expansion of the macro `sqlx::query_as` (in Nightly builds, run with -Z macro-backtrace for more info)
[INFO] [stdout] 
[INFO] [stdout] 
[INFO] [stdout] error: set `DATABASE_URL` to use query macros online, or run `cargo sqlx prepare` to update the query cache
[INFO] [stdout]    --> src/server/db.rs:197:20
[INFO] [stdout]     |
[INFO] [stdout] 197 |       let new_rows = sqlx::query_as!(
[INFO] [stdout]     |  ____________________^
[INFO] [stdout] 198 | |         TableDataRow,
[INFO] [stdout] 199 | |         r#"
[INFO] [stdout] 200 | |     WITH medium_progress AS (
[INFO] [stdout] ...   |
[INFO] [stdout] 234 | |         DAILY_CARD_LIMIT
[INFO] [stdout] 235 | |     )
[INFO] [stdout]     | |_____^
[INFO] [stdout]     |
[INFO] [stdout]     = note: this error originates in the macro `$crate::sqlx_macros::expand_query` which comes from the expansion of the macro `sqlx::query_as` (in Nightly builds, run with -Z macro-backtrace for more info)
[INFO] [stdout] 
[INFO] [stdout] 
[INFO] [stdout] error: set `DATABASE_URL` to use query macros online, or run `cargo sqlx prepare` to update the query cache
[INFO] [stdout]    --> src/server/db.rs:289:5
[INFO] [stdout]     |
[INFO] [stdout] 289 | /     sqlx::query!(
[INFO] [stdout] 290 | |         r#"
[INFO] [stdout] 291 | |     UPDATE fsrs_cards
[INFO] [stdout] 292 | |     SET
[INFO] [stdout] ...   |
[INFO] [stdout] 301 | |         review_data.problem_id
[INFO] [stdout] 302 | |     )
[INFO] [stdout]     | |_____^
[INFO] [stdout]     |
[INFO] [stdout]     = note: this error originates in the macro `$crate::sqlx_macros::expand_query` which comes from the expansion of the macro `sqlx::query` (in Nightly builds, run with -Z macro-backtrace for more info)
[INFO] [stdout] 
[INFO] [stdout] 
[INFO] [stdout] error: set `DATABASE_URL` to use query macros online, or run `cargo sqlx prepare` to update the query cache
[INFO] [stdout]    --> src/server/db.rs:306:5
[INFO] [stdout]     |
[INFO] [stdout] 306 | /     sqlx::query!(
[INFO] [stdout] 307 | |         r#"
[INFO] [stdout] 308 | |         INSERT INTO review_logs (problem_id, rating) VALUES(?,?)
[INFO] [stdout] 309 | |         "#,
[INFO] [stdout] 310 | |         review_data.problem_id,
[INFO] [stdout] 311 | |         review_data.review
[INFO] [stdout] 312 | |     )
[INFO] [stdout]     | |_____^
[INFO] [stdout]     |
[INFO] [stdout]     = note: this error originates in the macro `$crate::sqlx_macros::expand_query` which comes from the expansion of the macro `sqlx::query` (in Nightly builds, run with -Z macro-backtrace for more info)
[INFO] [stdout] 
[INFO] [stdout] 
[INFO] [stdout] warning: unused imports: `FsrsCardRow` and `TableDataRow`
[INFO] [stdout]  --> src/server/db.rs:6:24
[INFO] [stdout]   |
[INFO] [stdout] 6 |     actors::{FsrsCard, FsrsCardRow, LeetcodeProblem, Level, TableData, TableDataRow},
[INFO] [stdout]   |                        ^^^^^^^^^^^                                     ^^^^^^^^^^^^
[INFO] [stdout]   |
[INFO] [stdout]   = note: `#[warn(unused_imports)]` (part of `#[warn(unused)]`) on by default
[INFO] [stdout] 
[INFO] [stdout] 
[INFO] [stdout] warning: method call on a diverging inference variable
[INFO] [stdout]   --> src/server/db.rs:35:37
[INFO] [stdout]    |
[INFO] [stdout] 35 |     let problem_id = problem_result.last_insert_rowid();
[INFO] [stdout]    |                                     ^^^^^^^^^^^^^^^^^
[INFO] [stdout]    |
[INFO] [stdout]    = help: consider providing a type annotation
[INFO] [stdout]    = warning: this was previously accepted by the compiler but is being phased out; it will become a hard error in a future release!
[INFO] [stdout]    = note: for more information, see issue #156047 <https://github.com/rust-lang/rust/issues/156047>
[INFO] [stdout]    = note: `#[warn(method_call_on_diverging_infer_var)]` (part of `#[warn(future_incompatible)]`) on by default
[INFO] [stdout] 
[INFO] [stdout] 
[INFO] [stdout] error[E0599]: no method named `last_insert_rowid` found for type `!` in the current scope
[INFO] [stdout]   --> src/server/db.rs:35:37
[INFO] [stdout]    |
[INFO] [stdout] 35 |     let problem_id = problem_result.last_insert_rowid();
[INFO] [stdout]    |                                     ^^^^^^^^^^^^^^^^^ method not found in `!`
[INFO] [stdout] 
[INFO] [stdout] 
[INFO] [stdout] warning: method call on a diverging inference variable
[INFO] [stdout]    --> src/server/db.rs:103:12
[INFO] [stdout]     |
[INFO] [stdout] 103 |     Ok(row.into())
[INFO] [stdout]     |            ^^^^
[INFO] [stdout]     |
[INFO] [stdout]     = help: consider providing a type annotation
[INFO] [stdout]     = warning: this was previously accepted by the compiler but is being phased out; it will become a hard error in a future release!
[INFO] [stdout]     = note: for more information, see issue #156047 <https://github.com/rust-lang/rust/issues/156047>
[INFO] [stdout] 
[INFO] [stdout] 
[INFO] [stdout] error[E0277]: the trait bound `FsrsCard: From<!>` is not satisfied
[INFO] [stdout]    --> src/server/db.rs:103:12
[INFO] [stdout]     |
[INFO] [stdout] 103 |     Ok(row.into())
[INFO] [stdout]     |            ^^^^ unsatisfied trait bound
[INFO] [stdout]     |
[INFO] [stdout] help: the trait `From<!>` is not implemented for `FsrsCard`
[INFO] [stdout]       but trait `From<FsrsCardRow>` is implemented for it
[INFO] [stdout]    --> src/server/actors.rs:81:1
[INFO] [stdout]     |
[INFO] [stdout]  81 | impl From<FsrsCardRow> for FsrsCard {
[INFO] [stdout]     | ^^^^^^^^^^^^^^^^^^^^^^^^^^^^^^^^^^^
[INFO] [stdout]     = help: for that trait implementation, expected `FsrsCardRow`, found `!`
[INFO] [stdout]     = note: required for `!` to implement `Into<FsrsCard>`
[INFO] [stdout] 
[INFO] [stdout] 
[INFO] [stdout] warning: method call on a diverging inference variable
[INFO] [stdout]    --> src/server/db.rs:167:12
[INFO] [stdout]     |
[INFO] [stdout] 167 |     Ok(row.into_iter().map(|r| r.into()).collect())
[INFO] [stdout]     |            ^^^^^^^^^
[INFO] [stdout]     |
[INFO] [stdout]     = help: consider providing a type annotation
[INFO] [stdout]     = warning: this was previously accepted by the compiler but is being phased out; it will become a hard error in a future release!
[INFO] [stdout]     = note: for more information, see issue #156047 <https://github.com/rust-lang/rust/issues/156047>
[INFO] [stdout] 
[INFO] [stdout] 
[INFO] [stdout] error[E0599]: `!` is not an iterator
[INFO] [stdout]    --> src/server/db.rs:167:12
[INFO] [stdout]     |
[INFO] [stdout] 167 |     Ok(row.into_iter().map(|r| r.into()).collect())
[INFO] [stdout]     |            ^^^^^^^^^ `!` is not an iterator
[INFO] [stdout]     |
[INFO] [stdout]     = note: the following trait bounds were not satisfied:
[INFO] [stdout]             `!: Iterator`
[INFO] [stdout]             which is required by `!: IntoIterator`
[INFO] [stdout]             `&!: Iterator`
[INFO] [stdout]             which is required by `&!: IntoIterator`
[INFO] [stdout]             `&mut !: Iterator`
[INFO] [stdout]             which is required by `&mut !: IntoIterator`
[INFO] [stdout] 
[INFO] [stdout] 
[INFO] [stdout] warning: method call on a diverging inference variable
[INFO] [stdout]    --> src/server/db.rs:239:46
[INFO] [stdout]     |
[INFO] [stdout] 239 |     let mut queue: Vec<TableData> = due_rows.into_iter().map(Into::into).collect();
[INFO] [stdout]     |                                              ^^^^^^^^^
[INFO] [stdout]     |
[INFO] [stdout]     = help: consider providing a type annotation
[INFO] [stdout]     = warning: this was previously accepted by the compiler but is being phased out; it will become a hard error in a future release!
[INFO] [stdout]     = note: for more information, see issue #156047 <https://github.com/rust-lang/rust/issues/156047>
[INFO] [stdout] 
[INFO] [stdout] 
[INFO] [stdout] error[E0599]: `!` is not an iterator
[INFO] [stdout]    --> src/server/db.rs:239:46
[INFO] [stdout]     |
[INFO] [stdout] 239 |     let mut queue: Vec<TableData> = due_rows.into_iter().map(Into::into).collect();
[INFO] [stdout]     |                                              ^^^^^^^^^ `!` is not an iterator
[INFO] [stdout]     |
[INFO] [stdout]     = note: the following trait bounds were not satisfied:
[INFO] [stdout]             `!: Iterator`
[INFO] [stdout]             which is required by `!: IntoIterator`
[INFO] [stdout]             `&!: Iterator`
[INFO] [stdout]             which is required by `&!: IntoIterator`
[INFO] [stdout]             `&mut !: Iterator`
[INFO] [stdout]             which is required by `&mut !: IntoIterator`
[INFO] [stdout] 
[INFO] [stdout] 
[INFO] [stdout] warning: method call on a diverging inference variable
[INFO] [stdout]    --> src/server/db.rs:241:27
[INFO] [stdout]     |
[INFO] [stdout] 241 |     queue.extend(new_rows.into_iter().map(Into::into));
[INFO] [stdout]     |                           ^^^^^^^^^
[INFO] [stdout]     |
[INFO] [stdout]     = help: consider providing a type annotation
[INFO] [stdout]     = warning: this was previously accepted by the compiler but is being phased out; it will become a hard error in a future release!
[INFO] [stdout]     = note: for more information, see issue #156047 <https://github.com/rust-lang/rust/issues/156047>
[INFO] [stdout] 
[INFO] [stdout] 
[INFO] [stdout] error[E0599]: `!` is not an iterator
[INFO] [stdout]    --> src/server/db.rs:241:27
[INFO] [stdout]     |
[INFO] [stdout] 241 |     queue.extend(new_rows.into_iter().map(Into::into));
[INFO] [stdout]     |                           ^^^^^^^^^ `!` is not an iterator
[INFO] [stdout]     |
[INFO] [stdout]     = note: the following trait bounds were not satisfied:
[INFO] [stdout]             `!: Iterator`
[INFO] [stdout]             which is required by `!: IntoIterator`
[INFO] [stdout]             `&!: Iterator`
[INFO] [stdout]             which is required by `&!: IntoIterator`
[INFO] [stdout]             `&mut !: Iterator`
[INFO] [stdout]             which is required by `&mut !: IntoIterator`
[INFO] [stdout] 
[INFO] [stdout] 
[INFO] [stdout] Some errors have detailed explanations: E0277, E0599.
[INFO] [stdout] 
[INFO] [stdout] For more information about an error, try `rustc --explain E0277`.
[INFO] [stdout] 
[INFO] [stderr] error: could not compile `grind-tracker` (lib) due to 17 previous errors; 11 warnings emitted
[INFO] [stderr] warning: build failed, waiting for other jobs to finish...
[INFO] running `Command { std: "docker" "inspect" "48e7bd98a615c142da233c7e0036fdb1bfa863fd4b1c730d067cdcc8b053191b", kill_on_drop: false }`
[INFO] running `Command { std: "docker" "rm" "-f" "48e7bd98a615c142da233c7e0036fdb1bfa863fd4b1c730d067cdcc8b053191b", kill_on_drop: false }`
[INFO] [stdout] 48e7bd98a615c142da233c7e0036fdb1bfa863fd4b1c730d067cdcc8b053191b
