[INFO] cloning repository https://github.com/gsjonio/hightower
[INFO] running `Command { std: "git" "-c" "credential.helper=" "-c" "credential.helper=/workspace/cargo-home/bin/git-credential-null" "clone" "--bare" "https://github.com/gsjonio/hightower" "/workspace/cache/git-repos/https%3A%2F%2Fgithub.com%2Fgsjonio%2Fhightower", kill_on_drop: false }`
[INFO] [stderr] Cloning into bare repository '/workspace/cache/git-repos/https%3A%2F%2Fgithub.com%2Fgsjonio%2Fhightower'...
[INFO] running `Command { std: "git" "rev-parse" "HEAD", kill_on_drop: false }`
[INFO] [stdout] 7c5f87621da027b22c68fae68fe4039090de5652
[INFO] testing gsjonio/hightower against 1.99.0-beta.8 for beta-1.100-2
[INFO] running `Command { std: "git" "clone" "/workspace/cache/git-repos/https%3A%2F%2Fgithub.com%2Fgsjonio%2Fhightower" "/workspace/builds/worker-0-tc1/source", kill_on_drop: false }`
[INFO] [stderr] Cloning into '/workspace/builds/worker-0-tc1/source'...
[INFO] [stderr] done.
[INFO] started tweaking git repo https://github.com/gsjonio/hightower
[INFO] finished tweaking git repo https://github.com/gsjonio/hightower
[INFO] tweaked toml for git repo https://github.com/gsjonio/hightower written to /workspace/builds/worker-0-tc1/source/Cargo.toml
[INFO] validating manifest of git repo https://github.com/gsjonio/hightower on toolchain 1.99.0-beta.8
[INFO] running `Command { std: CARGO_HOME="/workspace/cargo-home" RUSTUP_HOME="/workspace/rustup-home" "/workspace/cargo-home/bin/cargo" "+1.99.0-beta.8" "metadata" "--manifest-path" "Cargo.toml" "--no-deps", kill_on_drop: false }`
[INFO] crate git repo https://github.com/gsjonio/hightower already has a lockfile, it will not be regenerated
[INFO] running `Command { std: CARGO_HOME="/workspace/cargo-home" RUSTUP_HOME="/workspace/rustup-home" "/workspace/cargo-home/bin/cargo" "+1.99.0-beta.8" "fetch" "--manifest-path" "Cargo.toml", kill_on_drop: false }`
[INFO] [stderr]  Downloading crates ...
[INFO] [stderr]   Downloaded quote v1.0.46
[INFO] [stderr]   Downloaded comfy-table v7.2.2
[INFO] [stderr]   Downloaded syn v2.0.118
[INFO] running `Command { std: "docker" "create" "-v" "/var/lib/crater-agent-workspace/builds/worker-0-tc1/source:/opt/rustwide/workdir:ro,Z" "-v" "/var/lib/crater-agent-workspace/builds/worker-0-tc1/target:/opt/rustwide/target:rw,Z" "-v" "/var/lib/crater-agent-workspace/cargo-home:/opt/rustwide/cargo-home:ro,Z" "-v" "/var/lib/crater-agent-workspace/rustup-home:/opt/rustwide/rustup-home:ro,Z" "-m" "1610612736" "--network" "none" "ghcr.io/rust-lang/crates-build-env/linux@sha256:3111399a4047eeb3a02b7a90e478d715f38a8c6669b5c4b49d30a17385265909" "sleep" "infinity", kill_on_drop: false }`
[INFO] [stdout] aa26874bccf42bd599ab0ee94e2ad4da914e0dcaa344c5844bce1c19440becc2
[INFO] running `Command { std: "docker" "start" "aa26874bccf42bd599ab0ee94e2ad4da914e0dcaa344c5844bce1c19440becc2", kill_on_drop: false }`
[INFO] running `Command { std: "docker" "inspect" "aa26874bccf42bd599ab0ee94e2ad4da914e0dcaa344c5844bce1c19440becc2", kill_on_drop: false }`
[INFO] running `Command { std: "docker" "exec" "-e" "SOURCE_DIR=/opt/rustwide/workdir" "-e" "CARGO_HOME=/opt/rustwide/cargo-home" "-e" "RUSTUP_HOME=/opt/rustwide/rustup-home" "-e" "CARGO_TARGET_DIR=/opt/rustwide/target" "-w" "/opt/rustwide/workdir" "--user" "0:0" "aa26874bccf42bd599ab0ee94e2ad4da914e0dcaa344c5844bce1c19440becc2" "/opt/rustwide/cargo-home/bin/cargo" "+1.99.0-beta.8" "metadata" "--no-deps" "--format-version=1", kill_on_drop: false }`
[INFO] running `Command { std: "docker" "inspect" "aa26874bccf42bd599ab0ee94e2ad4da914e0dcaa344c5844bce1c19440becc2", kill_on_drop: false }`
[INFO] running `Command { std: "docker" "exec" "-e" "SOURCE_DIR=/opt/rustwide/workdir" "-e" "CARGO_HOME=/opt/rustwide/cargo-home" "-e" "RUSTUP_HOME=/opt/rustwide/rustup-home" "-e" "CARGO_TARGET_DIR=/opt/rustwide/target" "-e" "CARGO_INCREMENTAL=0" "-e" "RUST_BACKTRACE=full" "-e" "RUSTFLAGS=--cap-lints=warn" "-e" "RUSTDOCFLAGS=--cap-lints=warn" "-w" "/opt/rustwide/workdir" "--user" "0:0" "aa26874bccf42bd599ab0ee94e2ad4da914e0dcaa344c5844bce1c19440becc2" "/opt/rustwide/cargo-home/bin/cargo" "+1.99.0-beta.8" "build" "--frozen" "--message-format=json", kill_on_drop: false }`
[INFO] [stderr]    Compiling quote v1.0.46
[INFO] [stderr]    Compiling libc v0.2.186
[INFO] [stderr]    Compiling rustix v1.1.4
[INFO] [stderr]    Compiling smallvec v1.15.2
[INFO] [stderr]    Compiling clap_lex v1.1.0
[INFO] [stderr]    Compiling memchr v2.8.3
[INFO] [stderr]    Compiling unicode-segmentation v1.13.3
[INFO] [stderr]    Compiling anstream v0.6.21
[INFO] [stderr]    Compiling clap_builder v4.6.0
[INFO] [stderr]    Compiling syn v2.0.118
[INFO] [stderr]    Compiling serde_json v1.0.150
[INFO] [stderr]    Compiling terminal_size v0.4.4
[INFO] [stderr]    Compiling parking_lot_core v0.9.12
[INFO] [stderr]    Compiling parking_lot v0.12.5
[INFO] [stderr]    Compiling crossterm v0.29.0
[INFO] [stderr]    Compiling comfy-table v7.2.2
[INFO] [stderr]    Compiling serde_derive v1.0.228
[INFO] [stderr]    Compiling thiserror-impl v2.0.18
[INFO] [stderr]    Compiling clap_derive v4.6.1
[INFO] [stderr]    Compiling thiserror v2.0.18
[INFO] [stderr]    Compiling clap v4.6.1
[INFO] [stderr]    Compiling serde v1.0.228
[INFO] [stderr]    Compiling hightower-core v1.0.0 (/opt/rustwide/workdir/core)
[INFO] [stderr]    Compiling hightower-adapters v1.0.0 (/opt/rustwide/workdir/adapters)
[INFO] [stderr]    Compiling hightower-cli v1.0.0 (/opt/rustwide/workdir/cli)
[INFO] [stdout] error[E0432]: unresolved import `hightower_adapters::procinfo`
[INFO] [stdout]   --> cli/src/explain.rs:8:25
[INFO] [stdout]    |
[INFO] [stdout]  8 | use hightower_adapters::procinfo::ToolHelpProcessLister;
[INFO] [stdout]    |                         ^^^^^^^^ could not find `procinfo` in `hightower_adapters`
[INFO] [stdout]    |
[INFO] [stdout] note: found an item that was configured out
[INFO] [stdout]   --> adapters/src/lib.rs:26:9
[INFO] [stdout]    |
[INFO] [stdout] 25 | #[cfg(windows)]
[INFO] [stdout]    |       ------- the item is gated here
[INFO] [stdout] 26 | pub mod procinfo;
[INFO] [stdout]    |         ^^^^^^^^
[INFO] [stdout] 
[INFO] [stdout] 
[INFO] [stdout] error[E0432]: unresolved import `hightower_adapters::procinfo`
[INFO] [stdout]   --> cli/src/main.rs:21:25
[INFO] [stdout]    |
[INFO] [stdout] 21 | use hightower_adapters::procinfo::ToolHelpProcessLister;
[INFO] [stdout]    |                         ^^^^^^^^ could not find `procinfo` in `hightower_adapters`
[INFO] [stdout]    |
[INFO] [stdout] note: found an item that was configured out
[INFO] [stdout]   --> adapters/src/lib.rs:26:9
[INFO] [stdout]    |
[INFO] [stdout] 25 | #[cfg(windows)]
[INFO] [stdout]    |       ------- the item is gated here
[INFO] [stdout] 26 | pub mod procinfo;
[INFO] [stdout]    |         ^^^^^^^^
[INFO] [stdout] 
[INFO] [stdout] 
[INFO] [stdout] error[E0432]: unresolved import `hightower_adapters::signature`
[INFO] [stdout]   --> cli/src/main.rs:22:25
[INFO] [stdout]    |
[INFO] [stdout] 22 | use hightower_adapters::signature::AuthenticodeVerifier;
[INFO] [stdout]    |                         ^^^^^^^^^ could not find `signature` in `hightower_adapters`
[INFO] [stdout]    |
[INFO] [stdout] note: found an item that was configured out
[INFO] [stdout]   --> adapters/src/lib.rs:30:9
[INFO] [stdout]    |
[INFO] [stdout] 29 | #[cfg(windows)]
[INFO] [stdout]    |       ------- the item is gated here
[INFO] [stdout] 30 | pub mod signature;
[INFO] [stdout]    |         ^^^^^^^^^
[INFO] [stdout] 
[INFO] [stdout] 
[INFO] [stdout] warning: method call on a diverging inference variable
[INFO] [stdout]   --> cli/src/explain.rs:28:34
[INFO] [stdout]    |
[INFO] [stdout] 28 |         Ok(pid) => all_processes.into_iter().filter(|p| p.pid == pid).collect(),
[INFO] [stdout]    |                                  ^^^^^^^^^
[INFO] [stdout]    |
[INFO] [stdout]    = help: consider providing a type annotation
[INFO] [stdout]    = warning: this was previously accepted by the compiler but is being phased out; it will become a hard error in a future release!
[INFO] [stdout]    = note: for more information, see issue #156047 <https://github.com/rust-lang/rust/issues/156047>
[INFO] [stdout]    = note: `#[warn(method_call_on_diverging_infer_var)]` (part of `#[warn(future_incompatible)]`) on by default
[INFO] [stdout] 
[INFO] [stdout] 
[INFO] [stdout] error[E0599]: `!` is not an iterator
[INFO] [stdout]   --> cli/src/explain.rs:28:34
[INFO] [stdout]    |
[INFO] [stdout] 28 |         Ok(pid) => all_processes.into_iter().filter(|p| p.pid == pid).collect(),
[INFO] [stdout]    |                                  ^^^^^^^^^ `!` is not an iterator
[INFO] [stdout]    |
[INFO] [stdout]    = note: the following trait bounds were not satisfied:
[INFO] [stdout]            `!: Iterator`
[INFO] [stdout]            which is required by `!: IntoIterator`
[INFO] [stdout]            `&!: Iterator`
[INFO] [stdout]            which is required by `&!: IntoIterator`
[INFO] [stdout]            `&mut !: Iterator`
[INFO] [stdout]            which is required by `&mut !: IntoIterator`
[INFO] [stdout] 
[INFO] [stdout] 
[INFO] [stdout] error[E0599]: `!` is not an iterator
[INFO] [stdout]   --> cli/src/explain.rs:30:14
[INFO] [stdout]    |
[INFO] [stdout] 29 |           Err(_) => all_processes
[INFO] [stdout]    |  ___________________-
[INFO] [stdout] 30 | |             .into_iter()
[INFO] [stdout]    | |             -^^^^^^^^^ `!` is not an iterator
[INFO] [stdout]    | |_____________|
[INFO] [stdout]    |
[INFO] [stdout]    |
[INFO] [stdout]    = note: the following trait bounds were not satisfied:
[INFO] [stdout]            `!: Iterator`
[INFO] [stdout]            which is required by `!: IntoIterator`
[INFO] [stdout]            `&!: Iterator`
[INFO] [stdout]            which is required by `&!: IntoIterator`
[INFO] [stdout]            `&mut !: Iterator`
[INFO] [stdout]            which is required by `&mut !: IntoIterator`
[INFO] [stdout] 
[INFO] [stdout] 
[INFO] [stdout] warning: unreachable call
[INFO] [stdout]   --> cli/src/explain.rs:30:14
[INFO] [stdout]    |
[INFO] [stdout] 29 |         Err(_) => all_processes
[INFO] [stdout]    |                   ------------- any code following this expression is unreachable
[INFO] [stdout] 30 |             .into_iter()
[INFO] [stdout]    |              ^^^^^^^^^ unreachable call
[INFO] [stdout]    |
[INFO] [stdout]    = note: `#[warn(unreachable_code)]` (part of `#[warn(unused)]`) on by default
[INFO] [stdout] 
[INFO] [stdout] 
[INFO] [stdout] error[E0277]: the size for values of type `[ProcessInfo]` cannot be known at compilation time
[INFO] [stdout]   --> cli/src/main.rs:96:9
[INFO] [stdout]    |
[INFO] [stdout] 96 |     let mut processes = match ToolHelpProcessLister.list() {
[INFO] [stdout]    |         ^^^^^^^^^^^^^ doesn't have a size known at compile-time
[INFO] [stdout]    |
[INFO] [stdout]    = help: the trait `Sized` is not implemented for `[ProcessInfo]`
[INFO] [stdout]    = note: all local variables must have a statically known size
[INFO] [stdout] 
[INFO] [stdout] 
[INFO] [stdout] error[E0277]: the size for values of type `[ProcessInfo]` cannot be known at compilation time
[INFO] [stdout]   --> cli/src/main.rs:97:12
[INFO] [stdout]    |
[INFO] [stdout] 97 |         Ok(processes) => processes,
[INFO] [stdout]    |            ^^^^^^^^^ doesn't have a size known at compile-time
[INFO] [stdout]    |
[INFO] [stdout]    = help: the trait `Sized` is not implemented for `[ProcessInfo]`
[INFO] [stdout]    = note: all local variables must have a statically known size
[INFO] [stdout] 
[INFO] [stdout] 
[INFO] [stdout] error[E0277]: the size for values of type `[ProcessInfo]` cannot be known at compilation time
[INFO] [stdout]   --> cli/src/main.rs:97:9
[INFO] [stdout]    |
[INFO] [stdout] 97 |         Ok(processes) => processes,
[INFO] [stdout]    |         ^^^^^^^^^^^^^ doesn't have a size known at compile-time
[INFO] [stdout]    |
[INFO] [stdout]    = help: the trait `Sized` is not implemented for `[ProcessInfo]`
[INFO] [stdout] note: required by a bound in `Ok`
[INFO] [stdout]   --> /rustc/dfb0accb7f508ae8be965d8629557221c889dd98/library/core/src/result.rs:562:4
[INFO] [stdout] 
[INFO] [stdout] 
[INFO] [stdout] Some errors have detailed explanations: E0277, E0432, E0599.
[INFO] [stdout] 
[INFO] [stdout] For more information about an error, try `rustc --explain E0277`.
[INFO] [stdout] 
[INFO] [stderr] error: could not compile `hightower-cli` (bin "hightower") due to 8 previous errors; 3 warnings emitted
[INFO] running `Command { std: "docker" "inspect" "aa26874bccf42bd599ab0ee94e2ad4da914e0dcaa344c5844bce1c19440becc2", kill_on_drop: false }`
[INFO] running `Command { std: "docker" "rm" "-f" "aa26874bccf42bd599ab0ee94e2ad4da914e0dcaa344c5844bce1c19440becc2", kill_on_drop: false }`
[INFO] [stdout] aa26874bccf42bd599ab0ee94e2ad4da914e0dcaa344c5844bce1c19440becc2
