[INFO] cloning repository https://github.com/gopmur/piano-tiles-bot
[INFO] running `Command { std: "git" "-c" "credential.helper=" "-c" "credential.helper=/workspace/cargo-home/bin/git-credential-null" "clone" "--bare" "https://github.com/gopmur/piano-tiles-bot" "/workspace/cache/git-repos/https%3A%2F%2Fgithub.com%2Fgopmur%2Fpiano-tiles-bot", kill_on_drop: false }`
[INFO] [stderr] Cloning into bare repository '/workspace/cache/git-repos/https%3A%2F%2Fgithub.com%2Fgopmur%2Fpiano-tiles-bot'...
[INFO] running `Command { std: "git" "rev-parse" "HEAD", kill_on_drop: false }`
[INFO] [stdout] 02b9d2aaee05f581edd6fac7d1f800240fe8c2bc
[INFO] testing gopmur/piano-tiles-bot against 1.100.0-beta.1 for beta-1.100-2
[INFO] running `Command { std: "git" "clone" "/workspace/cache/git-repos/https%3A%2F%2Fgithub.com%2Fgopmur%2Fpiano-tiles-bot" "/workspace/builds/worker-7-tc2/source", kill_on_drop: false }`
[INFO] [stderr] Cloning into '/workspace/builds/worker-7-tc2/source'...
[INFO] [stderr] done.
[INFO] started tweaking git repo https://github.com/gopmur/piano-tiles-bot
[INFO] finished tweaking git repo https://github.com/gopmur/piano-tiles-bot
[INFO] tweaked toml for git repo https://github.com/gopmur/piano-tiles-bot written to /workspace/builds/worker-7-tc2/source/Cargo.toml
[INFO] validating manifest of git repo https://github.com/gopmur/piano-tiles-bot on toolchain 1.100.0-beta.1
[INFO] running `Command { std: CARGO_HOME="/workspace/cargo-home" RUSTUP_HOME="/workspace/rustup-home" "/workspace/cargo-home/bin/cargo" "+1.100.0-beta.1" "metadata" "--manifest-path" "Cargo.toml" "--no-deps", kill_on_drop: false }`
[INFO] crate git repo https://github.com/gopmur/piano-tiles-bot already has a lockfile, it will not be regenerated
[INFO] running `Command { std: CARGO_HOME="/workspace/cargo-home" RUSTUP_HOME="/workspace/rustup-home" "/workspace/cargo-home/bin/cargo" "+1.100.0-beta.1" "fetch" "--manifest-path" "Cargo.toml", kill_on_drop: false }`
[INFO] [stderr]     Blocking waiting for file lock on package cache
[INFO] running `Command { std: "docker" "create" "-v" "/var/lib/crater-agent-workspace/builds/worker-7-tc2/source:/opt/rustwide/workdir:ro,Z" "-v" "/var/lib/crater-agent-workspace/builds/worker-7-tc2/target:/opt/rustwide/target:rw,Z" "-v" "/var/lib/crater-agent-workspace/cargo-home:/opt/rustwide/cargo-home:ro,Z" "-v" "/var/lib/crater-agent-workspace/rustup-home:/opt/rustwide/rustup-home:ro,Z" "-m" "1610612736" "--network" "none" "ghcr.io/rust-lang/crates-build-env/linux@sha256:3111399a4047eeb3a02b7a90e478d715f38a8c6669b5c4b49d30a17385265909" "sleep" "infinity", kill_on_drop: false }`
[INFO] [stdout] 55d50ad865338872e051d952df7ab16859c7144fb9f4adfc3d33afaf10438525
[INFO] running `Command { std: "docker" "start" "55d50ad865338872e051d952df7ab16859c7144fb9f4adfc3d33afaf10438525", kill_on_drop: false }`
[INFO] running `Command { std: "docker" "inspect" "55d50ad865338872e051d952df7ab16859c7144fb9f4adfc3d33afaf10438525", kill_on_drop: false }`
[INFO] running `Command { std: "docker" "exec" "-e" "SOURCE_DIR=/opt/rustwide/workdir" "-e" "CARGO_HOME=/opt/rustwide/cargo-home" "-e" "RUSTUP_HOME=/opt/rustwide/rustup-home" "-e" "CARGO_TARGET_DIR=/opt/rustwide/target" "-w" "/opt/rustwide/workdir" "--user" "0:0" "55d50ad865338872e051d952df7ab16859c7144fb9f4adfc3d33afaf10438525" "/opt/rustwide/cargo-home/bin/cargo" "+1.100.0-beta.1" "metadata" "--no-deps" "--format-version=1", kill_on_drop: false }`
[INFO] running `Command { std: "docker" "inspect" "55d50ad865338872e051d952df7ab16859c7144fb9f4adfc3d33afaf10438525", kill_on_drop: false }`
[INFO] running `Command { std: "docker" "exec" "-e" "SOURCE_DIR=/opt/rustwide/workdir" "-e" "CARGO_HOME=/opt/rustwide/cargo-home" "-e" "RUSTUP_HOME=/opt/rustwide/rustup-home" "-e" "CARGO_TARGET_DIR=/opt/rustwide/target" "-e" "CARGO_INCREMENTAL=0" "-e" "RUST_BACKTRACE=full" "-e" "RUSTFLAGS=--cap-lints=warn" "-e" "RUSTDOCFLAGS=--cap-lints=warn" "-w" "/opt/rustwide/workdir" "--user" "0:0" "55d50ad865338872e051d952df7ab16859c7144fb9f4adfc3d33afaf10438525" "/opt/rustwide/cargo-home/bin/cargo" "+1.100.0-beta.1" "build" "--frozen" "--message-format=json", kill_on_drop: false }`
[INFO] [stderr]    Compiling version_check v0.9.4
[INFO] [stderr]    Compiling proc-macro2 v1.0.43
[INFO] [stderr]    Compiling quote v1.0.21
[INFO] [stderr]    Compiling unicode-ident v1.0.4
[INFO] [stderr]    Compiling syn v1.0.99
[INFO] [stderr]    Compiling libc v0.2.132
[INFO] [stderr]    Compiling heck v0.4.0
[INFO] [stderr]    Compiling indexmap v1.9.1
[INFO] [stderr]    Compiling hashbrown v0.12.3
[INFO] [stderr]    Compiling os_str_bytes v6.3.0
[INFO] [stderr]    Compiling lazy_static v1.4.0
[INFO] [stderr]    Compiling bitflags v1.3.2
[INFO] [stderr]    Compiling once_cell v1.14.0
[INFO] [stderr]    Compiling strsim v0.10.0
[INFO] [stderr]    Compiling termcolor v1.1.3
[INFO] [stderr]    Compiling clap_lex v0.2.4
[INFO] [stderr]    Compiling proc-macro-error-attr v1.0.4
[INFO] [stderr]    Compiling proc-macro-error v1.0.4
[INFO] [stderr]    Compiling textwrap v0.15.0
[INFO] [stderr]    Compiling windows v0.39.0
[INFO] [stderr]    Compiling atty v0.2.14
[INFO] [stderr]    Compiling colored v2.0.0
[INFO] [stderr]    Compiling clap_derive v3.2.18
[INFO] [stderr]    Compiling clap v3.2.21
[INFO] [stderr]    Compiling piano-cheat v0.1.1 (/opt/rustwide/workdir)
[INFO] [stdout] error: linking with `cc` failed: exit status: 1
[INFO] [stdout]   |
[INFO] [stdout]   = note:  "cc" "-m64" "/opt/rustwide/target/debug/build/piano-cheat/8880303b65a25674/out/rustcnt3BM7/symbols.o" "<2 object files omitted>" "-Wl,--as-needed" "-Wl,-Bstatic" "/opt/rustwide/target/debug/build/colored/a8a1ecfa9d6f87c6/out/libcolored-a8a1ecfa9d6f87c6.rlib" "/opt/rustwide/target/debug/build/lazy_static/af860367908b8176/out/liblazy_static-af860367908b8176.rlib" "/opt/rustwide/target/debug/build/clap/5a29d225ffc53bfa/out/libclap-5a29d225ffc53bfa.rlib" "/opt/rustwide/target/debug/build/atty/01f8e1c1da87e1e6/out/libatty-01f8e1c1da87e1e6.rlib" "/opt/rustwide/target/debug/build/libc/e75ead0b32bb1d28/out/liblibc-e75ead0b32bb1d28.rlib" "/opt/rustwide/target/debug/build/strsim/934c6b5db5b11ce4/out/libstrsim-934c6b5db5b11ce4.rlib" "/opt/rustwide/target/debug/build/termcolor/214b0416d5f44404/out/libtermcolor-214b0416d5f44404.rlib" "/opt/rustwide/target/debug/build/textwrap/b6f72e6dc353c77f/out/libtextwrap-b6f72e6dc353c77f.rlib" "/opt/rustwide/target/debug/build/indexmap/091a2dbb614338b8/out/libindexmap-091a2dbb614338b8.rlib" "/opt/rustwide/target/debug/build/hashbrown/cae2cd0d9cc0a6cf/out/libhashbrown-cae2cd0d9cc0a6cf.rlib" "/opt/rustwide/target/debug/build/clap_lex/1f61fae3334028bf/out/libclap_lex-1f61fae3334028bf.rlib" "/opt/rustwide/target/debug/build/os_str_bytes/fb7825282e1fd80e/out/libos_str_bytes-fb7825282e1fd80e.rlib" "/opt/rustwide/target/debug/build/bitflags/dde12b0d7d495b50/out/libbitflags-dde12b0d7d495b50.rlib" "/opt/rustwide/target/debug/build/once_cell/6b1795042b24f014/out/libonce_cell-6b1795042b24f014.rlib" "/opt/rustwide/target/debug/build/windows/beb7b4f36a7a389f/out/libwindows-beb7b4f36a7a389f.rlib" "<sysroot>/lib/rustlib/x86_64-unknown-linux-gnu/lib/{libstd-*,libpanic_unwind-*,libobject-*,libmemchr-*,libaddr2line-*,libgimli-*,libcfg_if-*,librustc_demangle-*,libstd_detect-*,libhashbrown-*,librustc_std_workspace_alloc-*,libminiz_oxide-*,libadler2-*,libunwind-*,liblibc-*,librustc_std_workspace_core-*,liballoc-*,libcore-*,libcompiler_builtins-*}.rlib" "-Wl,-Bdynamic" "-lc" "-lm" "-lrt" "-lpthread" "-lgcc_s" "-lutil" "-lrt" "-lpthread" "-lm" "-ldl" "-lc" "-L" "/opt/rustwide/target/debug/build/piano-cheat/8880303b65a25674/out/rustcnt3BM7/raw-dylibs" "-B<sysroot>/lib/rustlib/x86_64-unknown-linux-gnu/bin/gcc-ld" "-fuse-ld=lld" "-Wl,--eh-frame-hdr" "-Wl,-z,noexecstack" "-L" "<sysroot>/lib/rustlib/x86_64-unknown-linux-gnu/lib" "-o" "/opt/rustwide/target/debug/build/piano-cheat/8880303b65a25674/out/piano_cheat" "-Wl,--gc-sections" "-pie" "-Wl,-z,relro,-z,now" "-nodefaultlibs"
[INFO] [stdout]   = note: some arguments are omitted. use `--verbose` to show all linker arguments
[INFO] [stdout]   = note: rust-lld: error: undefined symbol: GetDC
[INFO] [stdout]           >>> referenced by mod.rs:10074 (/opt/rustwide/cargo-home/registry/src/index.crates.io-1949cf8c6b5b557f/windows-0.39.0/src/Windows/Win32/Graphics/Gdi/mod.rs:10074)
[INFO] [stdout]           >>>               /opt/rustwide/target/debug/build/piano-cheat/8880303b65a25674/out/piano_cheat.piano_cheat.b8c1d9442cc1518e-cgu.0.rcgu.o:(windows::Windows::Win32::Graphics::Gdi::GetDC::<core::option::Option<windows::Windows::Win32::Foundation::HWND>>)
[INFO] [stdout]           
[INFO] [stdout]           rust-lld: error: undefined symbol: GetPixel
[INFO] [stdout]           >>> referenced by mod.rs:10604 (/opt/rustwide/cargo-home/registry/src/index.crates.io-1949cf8c6b5b557f/windows-0.39.0/src/Windows/Win32/Graphics/Gdi/mod.rs:10604)
[INFO] [stdout]           >>>               /opt/rustwide/target/debug/build/piano-cheat/8880303b65a25674/out/piano_cheat.piano_cheat.b8c1d9442cc1518e-cgu.0.rcgu.o:(windows::Windows::Win32::Graphics::Gdi::GetPixel::<windows::Windows::Win32::Graphics::Gdi::HDC>)
[INFO] [stdout]           
[INFO] [stdout]           rust-lld: error: undefined symbol: GetCursorPos
[INFO] [stdout]           >>> referenced by mod.rs:4066 (/opt/rustwide/cargo-home/registry/src/index.crates.io-1949cf8c6b5b557f/windows-0.39.0/src/Windows/Win32/UI/WindowsAndMessaging/mod.rs:4066)
[INFO] [stdout]           >>>               /opt/rustwide/target/debug/build/piano-cheat/8880303b65a25674/out/piano_cheat.piano_cheat.b8c1d9442cc1518e-cgu.0.rcgu.o:(windows::Windows::Win32::UI::WindowsAndMessaging::GetCursorPos)
[INFO] [stdout]           
[INFO] [stdout]           rust-lld: error: undefined symbol: SetCursorPos
[INFO] [stdout]           >>> referenced by mod.rs:12590 (/opt/rustwide/cargo-home/registry/src/index.crates.io-1949cf8c6b5b557f/windows-0.39.0/src/Windows/Win32/UI/WindowsAndMessaging/mod.rs:12590)
[INFO] [stdout]           >>>               /opt/rustwide/target/debug/build/piano-cheat/8880303b65a25674/out/piano_cheat.piano_cheat.b8c1d9442cc1518e-cgu.0.rcgu.o:(windows::Windows::Win32::UI::WindowsAndMessaging::SetCursorPos)
[INFO] [stdout]           
[INFO] [stdout]           rust-lld: error: undefined symbol: SetProcessDPIAware
[INFO] [stdout]           >>> referenced by mod.rs:12807 (/opt/rustwide/cargo-home/registry/src/index.crates.io-1949cf8c6b5b557f/windows-0.39.0/src/Windows/Win32/UI/WindowsAndMessaging/mod.rs:12807)
[INFO] [stdout]           >>>               /opt/rustwide/target/debug/build/piano-cheat/8880303b65a25674/out/piano_cheat.piano_cheat.b8c1d9442cc1518e-cgu.0.rcgu.o:(windows::Windows::Win32::UI::WindowsAndMessaging::SetProcessDPIAware)
[INFO] [stdout]           
[INFO] [stdout]           rust-lld: error: undefined symbol: SendInput
[INFO] [stdout]           >>> referenced by mod.rs:1388 (/opt/rustwide/cargo-home/registry/src/index.crates.io-1949cf8c6b5b557f/windows-0.39.0/src/Windows/Win32/UI/Input/KeyboardAndMouse/mod.rs:1388)
[INFO] [stdout]           >>>               /opt/rustwide/target/debug/build/piano-cheat/8880303b65a25674/out/piano_cheat.piano_cheat.b8c1d9442cc1518e-cgu.0.rcgu.o:(windows::Windows::Win32::UI::Input::KeyboardAndMouse::SendInput)
[INFO] [stdout]           collect2: error: ld returned 1 exit status
[INFO] [stdout]           
[INFO] [stdout] 
[INFO] [stdout] 
[INFO] [stderr] error: could not compile `piano-cheat` (bin "piano-cheat") due to 1 previous error
[INFO] running `Command { std: "docker" "inspect" "55d50ad865338872e051d952df7ab16859c7144fb9f4adfc3d33afaf10438525", kill_on_drop: false }`
[INFO] running `Command { std: "docker" "rm" "-f" "55d50ad865338872e051d952df7ab16859c7144fb9f4adfc3d33afaf10438525", kill_on_drop: false }`
[INFO] [stdout] 55d50ad865338872e051d952df7ab16859c7144fb9f4adfc3d33afaf10438525
