[INFO] cloning repository https://github.com/google/automotive-design-compose
[INFO] running `Command { std: "git" "-c" "credential.helper=" "-c" "credential.helper=/workspace/cargo-home/bin/git-credential-null" "clone" "--bare" "https://github.com/google/automotive-design-compose" "/workspace/cache/git-repos/https%3A%2F%2Fgithub.com%2Fgoogle%2Fautomotive-design-compose", kill_on_drop: false }`
[INFO] [stderr] Cloning into bare repository '/workspace/cache/git-repos/https%3A%2F%2Fgithub.com%2Fgoogle%2Fautomotive-design-compose'...
[INFO] running `Command { std: "git" "rev-parse" "HEAD", kill_on_drop: false }`
[INFO] [stdout] b7276c55d16736f263105a67488f4aaa85636fae
[INFO] testing google/automotive-design-compose against 1.100.0-beta.1 for beta-1.100-2
[INFO] running `Command { std: "git" "clone" "/workspace/cache/git-repos/https%3A%2F%2Fgithub.com%2Fgoogle%2Fautomotive-design-compose" "/workspace/builds/worker-6-tc2/source", kill_on_drop: false }`
[INFO] [stderr] Cloning into '/workspace/builds/worker-6-tc2/source'...
[INFO] [stderr] done.
[INFO] started tweaking git repo https://github.com/google/automotive-design-compose
[INFO] finished tweaking git repo https://github.com/google/automotive-design-compose
[INFO] tweaked toml for git repo https://github.com/google/automotive-design-compose written to /workspace/builds/worker-6-tc2/source/Cargo.toml
[INFO] validating manifest of git repo https://github.com/google/automotive-design-compose on toolchain 1.100.0-beta.1
[INFO] running `Command { std: CARGO_HOME="/workspace/cargo-home" RUSTUP_HOME="/workspace/rustup-home" "/workspace/cargo-home/bin/cargo" "+1.100.0-beta.1" "metadata" "--manifest-path" "Cargo.toml" "--no-deps", kill_on_drop: false }`
[INFO] crate git repo https://github.com/google/automotive-design-compose already has a lockfile, it will not be regenerated
[INFO] running `Command { std: CARGO_HOME="/workspace/cargo-home" RUSTUP_HOME="/workspace/rustup-home" "/workspace/cargo-home/bin/cargo" "+1.100.0-beta.1" "fetch" "--manifest-path" "Cargo.toml", kill_on_drop: false }`
[INFO] [stderr] warning: unused workspace dependency `dc_jni`
[INFO] [stderr]   --> Cargo.toml:44:25
[INFO] [stderr]    |
[INFO] [stderr] 44 | [workspace.dependencies.dc_jni]
[INFO] [stderr]    |                         ^^^^^^
[INFO] [stderr]    |
[INFO] [stderr]    = note: `cargo::unused_workspace_dependencies` is set to `warn` by default
[INFO] [stderr] help: consider removing the workspace dependency `dc_jni`
[INFO] [stderr] warning: unused workspace dependency `dc_squoosh_parser`
[INFO] [stderr]   --> Cargo.toml:56:25
[INFO] [stderr]    |
[INFO] [stderr] 56 | [workspace.dependencies.dc_squoosh_parser]
[INFO] [stderr]    |                         ^^^^^^^^^^^^^^^^^
[INFO] [stderr]    |
[INFO] [stderr] help: consider removing the workspace dependency `dc_squoosh_parser`
[INFO] [stderr] warning: unused workspace dependency `jni`
[INFO] [stderr]   --> Cargo.toml:21:1
[INFO] [stderr]    |
[INFO] [stderr] 21 | jni = "0.22.4"
[INFO] [stderr]    | ^^^
[INFO] [stderr]    |
[INFO] [stderr] help: consider removing the workspace dependency `jni`
[INFO] [stderr] warning: unused workspace dependency `phf`
[INFO] [stderr]   --> Cargo.toml:65:25
[INFO] [stderr]    |
[INFO] [stderr] 65 | [workspace.dependencies.phf]
[INFO] [stderr]    |                         ^^^
[INFO] [stderr]    |
[INFO] [stderr] help: consider removing the workspace dependency `phf`
[INFO] [stderr] warning: unused workspace dependency `serde-generate`
[INFO] [stderr]   --> Cargo.toml:78:25
[INFO] [stderr]    |
[INFO] [stderr] 78 | [workspace.dependencies.serde-generate]
[INFO] [stderr]    |                         ^^^^^^^^^^^^^^
[INFO] [stderr]    |
[INFO] [stderr] help: consider removing the workspace dependency `serde-generate`
[INFO] [stderr] warning: unused workspace dependency `serde-reflection`
[INFO] [stderr]   --> Cargo.toml:81:25
[INFO] [stderr]    |
[INFO] [stderr] 81 | [workspace.dependencies.serde-reflection]
[INFO] [stderr]    |                         ^^^^^^^^^^^^^^^^
[INFO] [stderr]    |
[INFO] [stderr] help: consider removing the workspace dependency `serde-reflection`
[INFO] [stderr] warning: workspace (manifest) generated 6 warnings
[INFO] [stderr] warning: unused build dependency `anyhow`
[INFO] [stderr]   --> crates/dc_figma_import/Cargo.toml:65:1
[INFO] [stderr]    |
[INFO] [stderr] 65 | anyhow.workspace = true
[INFO] [stderr]    | ^^^^^^
[INFO] [stderr]    |
[INFO] [stderr]    = note: `cargo::unused_dependencies` is set to `warn` by default
[INFO] [stderr] help: consider removing the dependency on `anyhow`
[INFO] [stderr] warning: unused build dependency `vergen`
[INFO] [stderr]   --> crates/dc_figma_import/Cargo.toml:64:1
[INFO] [stderr]    |
[INFO] [stderr] 64 | vergen.workspace = true
[INFO] [stderr]    | ^^^^^^
[INFO] [stderr]    |
[INFO] [stderr] help: consider removing the dependency on `vergen`
[INFO] [stderr] warning: `dc_figma_import` (manifest) generated 2 warnings
[INFO] [stderr]     Blocking waiting for file lock on package cache
[INFO] [stderr]     Blocking waiting for file lock on package cache
[INFO] running `Command { std: "docker" "create" "-v" "/var/lib/crater-agent-workspace/builds/worker-6-tc2/source:/opt/rustwide/workdir:ro,Z" "-v" "/var/lib/crater-agent-workspace/builds/worker-6-tc2/target:/opt/rustwide/target:rw,Z" "-v" "/var/lib/crater-agent-workspace/cargo-home:/opt/rustwide/cargo-home:ro,Z" "-v" "/var/lib/crater-agent-workspace/rustup-home:/opt/rustwide/rustup-home:ro,Z" "-m" "1610612736" "--network" "none" "ghcr.io/rust-lang/crates-build-env/linux@sha256:3111399a4047eeb3a02b7a90e478d715f38a8c6669b5c4b49d30a17385265909" "sleep" "infinity", kill_on_drop: false }`
[INFO] [stdout] 66447c1f0c902975735d0140e2b5c2ab4415b688eaaa131061be6c3ecdbd6ead
[INFO] running `Command { std: "docker" "start" "66447c1f0c902975735d0140e2b5c2ab4415b688eaaa131061be6c3ecdbd6ead", kill_on_drop: false }`
[INFO] running `Command { std: "docker" "inspect" "66447c1f0c902975735d0140e2b5c2ab4415b688eaaa131061be6c3ecdbd6ead", kill_on_drop: false }`
[INFO] running `Command { std: "docker" "exec" "-e" "SOURCE_DIR=/opt/rustwide/workdir" "-e" "CARGO_HOME=/opt/rustwide/cargo-home" "-e" "RUSTUP_HOME=/opt/rustwide/rustup-home" "-e" "CARGO_TARGET_DIR=/opt/rustwide/target" "-w" "/opt/rustwide/workdir" "--user" "0:0" "66447c1f0c902975735d0140e2b5c2ab4415b688eaaa131061be6c3ecdbd6ead" "/opt/rustwide/cargo-home/bin/cargo" "+1.100.0-beta.1" "metadata" "--no-deps" "--format-version=1", kill_on_drop: false }`
[INFO] running `Command { std: "docker" "inspect" "66447c1f0c902975735d0140e2b5c2ab4415b688eaaa131061be6c3ecdbd6ead", kill_on_drop: false }`
[INFO] running `Command { std: "docker" "exec" "-e" "SOURCE_DIR=/opt/rustwide/workdir" "-e" "CARGO_HOME=/opt/rustwide/cargo-home" "-e" "RUSTUP_HOME=/opt/rustwide/rustup-home" "-e" "CARGO_TARGET_DIR=/opt/rustwide/target" "-e" "CARGO_INCREMENTAL=0" "-e" "RUST_BACKTRACE=full" "-e" "RUSTFLAGS=--cap-lints=warn" "-e" "RUSTDOCFLAGS=--cap-lints=warn" "-w" "/opt/rustwide/workdir" "--user" "0:0" "66447c1f0c902975735d0140e2b5c2ab4415b688eaaa131061be6c3ecdbd6ead" "/opt/rustwide/cargo-home/bin/cargo" "+1.100.0-beta.1" "build" "--frozen" "--message-format=json", kill_on_drop: false }`
[INFO] [stderr] warning: unused workspace dependency `dc_jni`
[INFO] [stderr]   --> Cargo.toml:44:25
[INFO] [stderr]    |
[INFO] [stderr] 44 | [workspace.dependencies.dc_jni]
[INFO] [stderr]    |                         ^^^^^^
[INFO] [stderr]    |
[INFO] [stderr]    = note: `cargo::unused_workspace_dependencies` is set to `warn` by default
[INFO] [stderr] help: consider removing the workspace dependency `dc_jni`
[INFO] [stderr] warning: unused workspace dependency `dc_squoosh_parser`
[INFO] [stderr]   --> Cargo.toml:56:25
[INFO] [stderr]    |
[INFO] [stderr] 56 | [workspace.dependencies.dc_squoosh_parser]
[INFO] [stderr]    |                         ^^^^^^^^^^^^^^^^^
[INFO] [stderr]    |
[INFO] [stderr] help: consider removing the workspace dependency `dc_squoosh_parser`
[INFO] [stderr] warning: unused workspace dependency `jni`
[INFO] [stderr]   --> Cargo.toml:21:1
[INFO] [stderr]    |
[INFO] [stderr] 21 | jni = "0.22.4"
[INFO] [stderr]    | ^^^
[INFO] [stderr]    |
[INFO] [stderr] help: consider removing the workspace dependency `jni`
[INFO] [stderr] warning: unused workspace dependency `phf`
[INFO] [stderr]   --> Cargo.toml:65:25
[INFO] [stderr]    |
[INFO] [stderr] 65 | [workspace.dependencies.phf]
[INFO] [stderr]    |                         ^^^
[INFO] [stderr]    |
[INFO] [stderr] help: consider removing the workspace dependency `phf`
[INFO] [stderr] warning: unused workspace dependency `serde-generate`
[INFO] [stderr]   --> Cargo.toml:78:25
[INFO] [stderr]    |
[INFO] [stderr] 78 | [workspace.dependencies.serde-generate]
[INFO] [stderr]    |                         ^^^^^^^^^^^^^^
[INFO] [stderr]    |
[INFO] [stderr] help: consider removing the workspace dependency `serde-generate`
[INFO] [stderr] warning: unused workspace dependency `serde-reflection`
[INFO] [stderr]   --> Cargo.toml:81:25
[INFO] [stderr]    |
[INFO] [stderr] 81 | [workspace.dependencies.serde-reflection]
[INFO] [stderr]    |                         ^^^^^^^^^^^^^^^^
[INFO] [stderr]    |
[INFO] [stderr] help: consider removing the workspace dependency `serde-reflection`
[INFO] [stderr] warning: workspace (manifest) generated 6 warnings
[INFO] [stderr] warning: unused build dependency `anyhow`
[INFO] [stderr]   --> crates/dc_figma_import/Cargo.toml:65:1
[INFO] [stderr]    |
[INFO] [stderr] 65 | anyhow.workspace = true
[INFO] [stderr]    | ^^^^^^
[INFO] [stderr]    |
[INFO] [stderr]    = note: `cargo::unused_dependencies` is set to `warn` by default
[INFO] [stderr] help: consider removing the dependency on `anyhow`
[INFO] [stderr] warning: unused build dependency `vergen`
[INFO] [stderr]   --> crates/dc_figma_import/Cargo.toml:64:1
[INFO] [stderr]    |
[INFO] [stderr] 64 | vergen.workspace = true
[INFO] [stderr]    | ^^^^^^
[INFO] [stderr]    |
[INFO] [stderr] help: consider removing the dependency on `vergen`
[INFO] [stderr] warning: `dc_figma_import` (manifest) generated 2 warnings
[INFO] [stderr]    Compiling proc-macro2 v1.0.106
[INFO] [stderr]    Compiling quote v1.0.45
[INFO] [stderr]    Compiling unicode-ident v1.0.24
[INFO] [stderr]    Compiling libc v0.2.184
[INFO] [stderr]    Compiling cfg-if v1.0.4
[INFO] [stderr]    Compiling once_cell v1.21.4
[INFO] [stderr]    Compiling memchr v2.8.0
[INFO] [stderr]    Compiling equivalent v1.0.2
[INFO] [stderr]    Compiling pin-project-lite v0.2.17
[INFO] [stderr]    Compiling bytes v1.11.1
[INFO] [stderr]    Compiling hashbrown v0.16.1
[INFO] [stderr]    Compiling stable_deref_trait v1.2.1
[INFO] [stderr]    Compiling futures-core v0.3.32
[INFO] [stderr]    Compiling thiserror v1.0.69
[INFO] [stderr]    Compiling serde_core v1.0.228
[INFO] [stderr]    Compiling bitflags v2.11.0
[INFO] [stderr]    Compiling itoa v1.0.18
[INFO] [stderr]    Compiling rustix v0.38.44
[INFO] [stderr]    Compiling getrandom v0.4.2
[INFO] [stderr]    Compiling rustix v1.1.4
[INFO] [stderr]    Compiling futures-sink v0.3.32
[INFO] [stderr]    Compiling protobuf v3.7.2
[INFO] [stderr]    Compiling anyhow v1.0.103
[INFO] [stderr]    Compiling linux-raw-sys v0.4.15
[INFO] [stderr]    Compiling linux-raw-sys v0.12.1
[INFO] [stderr]    Compiling smallvec v1.15.1
[INFO] [stderr]    Compiling find-msvc-tools v0.1.9
[INFO] [stderr]    Compiling home v0.5.12
[INFO] [stderr]    Compiling either v1.15.0
[INFO] [stderr]    Compiling fastrand v2.4.1
[INFO] [stderr]    Compiling slab v0.4.12
[INFO] [stderr]    Compiling regex-syntax v0.8.10
[INFO] [stderr]    Compiling shlex v1.3.0
[INFO] [stderr]    Compiling futures-channel v0.3.32
[INFO] [stderr]    Compiling log v0.4.29
[INFO] [stderr]    Compiling serde v1.0.228
[INFO] [stderr]    Compiling cc v1.2.59
[INFO] [stderr]    Compiling aho-corasick v1.1.4
[INFO] [stderr]    Compiling futures-io v0.3.32
[INFO] [stderr]    Compiling zeroize v1.8.2
[INFO] [stderr]    Compiling litemap v0.8.2
[INFO] [stderr]    Compiling writeable v0.6.3
[INFO] [stderr]    Compiling http v1.4.0
[INFO] [stderr]    Compiling thiserror v2.0.18
[INFO] [stderr]    Compiling indexmap v2.13.1
[INFO] [stderr]    Compiling futures-task v0.3.32
[INFO] [stderr]    Compiling rustls-pki-types v1.14.0
[INFO] [stderr]    Compiling syn v2.0.117
[INFO] [stderr]    Compiling autocfg v1.5.0
[INFO] [stderr]    Compiling utf8_iter v1.0.4
[INFO] [stderr]    Compiling icu_normalizer_data v2.2.0
[INFO] [stderr]    Compiling icu_properties_data v2.2.0
[INFO] [stderr]    Compiling tracing-core v0.1.36
[INFO] [stderr]    Compiling percent-encoding v2.3.2
[INFO] [stderr]    Compiling httparse v1.10.1
[INFO] [stderr]    Compiling untrusted v0.9.0
[INFO] [stderr]    Compiling num-traits v0.2.19
[INFO] [stderr]    Compiling rustls v0.23.45
[INFO] [stderr]    Compiling version_check v0.9.5
[INFO] [stderr]    Compiling fnv v1.0.7
[INFO] [stderr]    Compiling crc32fast v1.5.0
[INFO] [stderr]    Compiling simd-adler32 v0.3.9
[INFO] [stderr]    Compiling tracing v0.1.44
[INFO] [stderr]    Compiling mio v1.2.0
[INFO] [stderr]    Compiling socket2 v0.6.3
[INFO] [stderr]    Compiling getrandom v0.2.17
[INFO] [stderr]    Compiling tower-service v0.3.3
[INFO] [stderr]    Compiling atomic-waker v1.1.2
[INFO] [stderr]    Compiling try-lock v0.2.5
[INFO] [stderr]    Compiling slotmap v1.1.1
[INFO] [stderr]    Compiling http-body v1.0.1
[INFO] [stderr]    Compiling want v0.3.1
[INFO] [stderr]    Compiling ring v0.17.14
[INFO] [stderr]    Compiling semver v1.0.28
[INFO] [stderr]    Compiling adler2 v2.0.1
[INFO] [stderr]    Compiling zmij v1.0.21
[INFO] [stderr]    Compiling arrayvec v0.7.6
[INFO] [stderr]    Compiling subtle v2.6.1
[INFO] [stderr]    Compiling rustc_version v0.4.1
[INFO] [stderr]    Compiling miniz_oxide v0.8.9
[INFO] [stderr]    Compiling is-terminal v0.4.17
[INFO] [stderr]    Compiling form_urlencoded v1.2.2
[INFO] [stderr]    Compiling sync_wrapper v1.0.2
[INFO] [stderr]    Compiling same-file v1.0.6
[INFO] [stderr]    Compiling tower-layer v0.3.3
[INFO] [stderr]    Compiling regex-automata v0.4.14
[INFO] [stderr]    Compiling termcolor v1.4.1
[INFO] [stderr]    Compiling tempfile v3.27.0
[INFO] [stderr]    Compiling serde_json v1.0.149
[INFO] [stderr]    Compiling which v4.4.2
[INFO] [stderr]    Compiling base64 v0.22.1
[INFO] [stderr]    Compiling ipnet v2.12.0
[INFO] [stderr]    Compiling humantime v2.3.0
[INFO] [stderr]    Compiling openssl-probe v0.2.1
[INFO] [stderr]    Compiling jni-macros v0.22.4
[INFO] [stderr]    Compiling rustls-native-certs v0.8.3
[INFO] [stderr]    Compiling flate2 v1.1.9
[INFO] [stderr]    Compiling walkdir v2.5.0
[INFO] [stderr]    Compiling fdeflate v0.3.7
[INFO] [stderr]    Compiling serde_bytes v0.11.19
[INFO] [stderr]    Compiling webpki-roots v1.0.6
[INFO] [stderr]    Compiling android_log-sys v0.3.2
[INFO] [stderr]    Compiling iri-string v0.7.12
[INFO] [stderr]    Compiling ryu v1.0.23
[INFO] [stderr]    Compiling pxfm v0.1.28
[INFO] [stderr]    Compiling simdutf8 v0.1.5
[INFO] [stderr]    Compiling zune-core v0.5.1
[INFO] [stderr]    Compiling png v0.18.1
[INFO] [stderr]    Compiling jni v0.22.4
[INFO] [stderr]    Compiling kurbo v0.13.0
[INFO] [stderr]    Compiling http-body-util v0.1.3
[INFO] [stderr]    Compiling simd_cesu8 v1.1.1
[INFO] [stderr]    Compiling zune-jpeg v0.5.15
[INFO] [stderr]    Compiling taffy v0.6.3
[INFO] [stderr]    Compiling byteorder-lite v0.1.0
[INFO] [stderr]    Compiling siphasher v1.0.2
[INFO] [stderr]    Compiling bytemuck v1.25.0
[INFO] [stderr]    Compiling serde_path_to_error v0.1.20
[INFO] [stderr]    Compiling combine v4.6.7
[INFO] [stderr]    Compiling unicode-segmentation v1.13.2
[INFO] [stderr]    Compiling svgtypes v0.16.1
[INFO] [stderr]    Compiling regex v1.12.3
[INFO] [stderr]    Compiling synstructure v0.13.2
[INFO] [stderr]    Compiling zerofrom-derive v0.1.7
[INFO] [stderr]    Compiling yoke-derive v0.8.2
[INFO] [stderr]    Compiling thiserror-impl v1.0.69
[INFO] [stderr]    Compiling zerovec-derive v0.11.3
[INFO] [stderr]    Compiling displaydoc v0.2.5
[INFO] [stderr]    Compiling tokio-macros v2.7.0
[INFO] [stderr]    Compiling futures-macro v0.3.32
[INFO] [stderr]    Compiling serde_derive v1.0.228
[INFO] [stderr]    Compiling thiserror-impl v2.0.18
[INFO] [stderr]    Compiling jni-sys-macros v0.4.1
[INFO] [stderr]    Compiling moxcms v0.8.1
[INFO] [stderr]    Compiling env_logger v0.10.2
[INFO] [stderr]    Compiling jni-sys v0.4.1
[INFO] [stderr]    Compiling tokio v1.51.0
[INFO] [stderr]    Compiling futures-util v0.3.32
[INFO] [stderr]    Compiling rustls-webpki v0.103.15
[INFO] [stderr]    Compiling android_logger v0.13.3
[INFO] [stderr]    Compiling zerofrom v0.1.7
[INFO] [stderr]    Compiling protobuf-support v3.7.2
[INFO] [stderr]    Compiling yoke v0.8.2
[INFO] [stderr]    Compiling zerovec v0.11.6
[INFO] [stderr]    Compiling zerotrie v0.2.4
[INFO] [stderr]    Compiling tinystr v0.8.3
[INFO] [stderr]    Compiling potential_utf v0.1.5
[INFO] [stderr]    Compiling icu_collections v2.2.0
[INFO] [stderr]    Compiling icu_locale_core v2.2.0
[INFO] [stderr]    Compiling serde_urlencoded v0.7.1
[INFO] [stderr]    Compiling icu_provider v2.2.0
[INFO] [stderr]    Compiling icu_properties v2.2.0
[INFO] [stderr]    Compiling icu_normalizer v2.2.0
[INFO] [stderr]    Compiling futures-executor v0.3.32
[INFO] [stderr]    Compiling image v0.25.10
[INFO] [stderr]    Compiling futures v0.3.32
[INFO] [stderr]    Compiling idna_adapter v1.2.1
[INFO] [stderr]    Compiling idna v1.1.0
[INFO] [stderr]    Compiling url v2.5.8
[INFO] [stderr]    Compiling protobuf-parse v3.7.2
[INFO] [stderr]    Compiling tokio-util v0.7.18
[INFO] [stderr]    Compiling tower v0.5.3
[INFO] [stderr]    Compiling tokio-rustls v0.26.4
[INFO] [stderr]    Compiling tower-http v0.6.8
[INFO] [stderr]    Compiling h2 v0.4.19
[INFO] [stderr]    Compiling protobuf-codegen v3.7.2
[INFO] [stderr]    Compiling dc_bundle v0.39.6 (/opt/rustwide/workdir/crates/dc_bundle)
[INFO] [stdout] error[E0432]: unresolved import `crate::variable`
[INFO] [stdout]  --> crates/dc_bundle/src/definition.rs:1:12
[INFO] [stdout]   |
[INFO] [stdout] 1 | use crate::variable::VariableMap;
[INFO] [stdout]   |            ^^^^^^^^ could not find `variable` in the crate root
[INFO] [stdout] 
[INFO] [stdout] 
[INFO] [stdout] error[E0432]: unresolved import `crate::design_compose_definition`
[INFO] [stdout]   --> crates/dc_bundle/src/definition.rs:17:12
[INFO] [stdout]    |
[INFO] [stdout] 17 | use crate::design_compose_definition::{DesignComposeDefinition, DesignComposeDefinitionHeader};
[INFO] [stdout]    |            ^^^^^^^^^^^^^^^^^^^^^^^^^ could not find `design_compose_definition` in the crate root
[INFO] [stdout] 
[INFO] [stdout] 
[INFO] [stdout] error[E0432]: unresolved import `crate::view`
[INFO] [stdout]   --> crates/dc_bundle/src/definition.rs:18:12
[INFO] [stdout]    |
[INFO] [stdout] 18 | use crate::view::View;
[INFO] [stdout]    |            ^^^^ could not find `view` in the crate root
[INFO] [stdout] 
[INFO] [stdout] 
[INFO] [stdout] error[E0432]: unresolved import `crate::background`
[INFO] [stdout]   --> crates/dc_bundle/src/definition/element.rs:20:12
[INFO] [stdout]    |
[INFO] [stdout] 20 | use crate::background::{background, Background};
[INFO] [stdout]    |            ^^^^^^^^^^ could not find `background` in the crate root
[INFO] [stdout] 
[INFO] [stdout] 
[INFO] [stdout] error[E0432]: unresolved import `crate::color`
[INFO] [stdout]   --> crates/dc_bundle/src/definition/element.rs:21:12
[INFO] [stdout]    |
[INFO] [stdout] 21 | use crate::color::{Color, FloatColor};
[INFO] [stdout]    |            ^^^^^ could not find `color` in the crate root
[INFO] [stdout] 
[INFO] [stdout] 
[INFO] [stdout] error[E0433]: cannot find `geometry` in the crate root
[INFO] [stdout]   --> crates/dc_bundle/src/definition/element.rs:23:12
[INFO] [stdout]    |
[INFO] [stdout] 23 | use crate::geometry::dimension_proto::Dimension;
[INFO] [stdout]    |            ^^^^^^^^ could not find `geometry` in the crate root
[INFO] [stdout] 
[INFO] [stdout] 
[INFO] [stdout] error[E0432]: unresolved import `crate::font`
[INFO] [stdout]   --> crates/dc_bundle/src/definition/element.rs:22:12
[INFO] [stdout]    |
[INFO] [stdout] 22 | use crate::font::{FontFeature, FontStretch, FontStyle, FontWeight, TextDecoration};
[INFO] [stdout]    |            ^^^^ could not find `font` in the crate root
[INFO] [stdout] 
[INFO] [stdout] 
[INFO] [stdout] error[E0433]: cannot find `path` in the crate root
[INFO] [stdout]   --> crates/dc_bundle/src/definition/element.rs:25:12
[INFO] [stdout]    |
[INFO] [stdout] 25 | use crate::path::path::WindingRule;
[INFO] [stdout]    |            ^^^^ unresolved import
[INFO] [stdout]    |
[INFO] [stdout] help: a similar path exists
[INFO] [stdout]    |
[INFO] [stdout] 25 | use crate::std::path::path::WindingRule;
[INFO] [stdout]    |            +++++
[INFO] [stdout] 
[INFO] [stdout] 
[INFO] [stdout] error[E0432]: unresolved import `crate::geometry`
[INFO] [stdout]   --> crates/dc_bundle/src/definition/element.rs:24:12
[INFO] [stdout]    |
[INFO] [stdout] 24 | use crate::geometry::{DimensionProto, DimensionRect};
[INFO] [stdout]    |            ^^^^^^^^ could not find `geometry` in the crate root
[INFO] [stdout] 
[INFO] [stdout] 
[INFO] [stdout] error[E0433]: cannot find `variable` in the crate root
[INFO] [stdout]   --> crates/dc_bundle/src/definition/element.rs:27:12
[INFO] [stdout]    |
[INFO] [stdout] 27 | use crate::variable::num_or_var::NumOrVarType;
[INFO] [stdout]    |            ^^^^^^^^ could not find `variable` in the crate root
[INFO] [stdout] 
[INFO] [stdout] 
[INFO] [stdout] error[E0432]: unresolved import `crate::path`
[INFO] [stdout]   --> crates/dc_bundle/src/definition/element.rs:26:12
[INFO] [stdout]    |
[INFO] [stdout] 26 | use crate::path::Path;
[INFO] [stdout]    |            ^^^^ unresolved import
[INFO] [stdout]    |
[INFO] [stdout] help: a similar path exists
[INFO] [stdout]    |
[INFO] [stdout] 26 | use crate::std::path::Path;
[INFO] [stdout]    |            +++++
[INFO] [stdout] 
[INFO] [stdout] 
[INFO] [stdout] error[E0432]: unresolved import `crate::variable`
[INFO] [stdout]   --> crates/dc_bundle/src/definition/element.rs:28:12
[INFO] [stdout]    |
[INFO] [stdout] 28 | use crate::variable::{color_or_var, ColorOrVar, NumOrVar};
[INFO] [stdout]    |            ^^^^^^^^ could not find `variable` in the crate root
[INFO] [stdout] 
[INFO] [stdout] 
[INFO] [stdout] error[E0432]: unresolved import `crate::view_shape`
[INFO] [stdout]   --> crates/dc_bundle/src/definition/element.rs:29:12
[INFO] [stdout]    |
[INFO] [stdout] 29 | use crate::view_shape::{view_shape, ViewShape};
[INFO] [stdout]    |            ^^^^^^^^^^ could not find `view_shape` in the crate root
[INFO] [stdout] 
[INFO] [stdout] 
[INFO] [stdout] error[E0432]: unresolved import `crate::geometry`
[INFO] [stdout]   --> crates/dc_bundle/src/definition/layout.rs:17:12
[INFO] [stdout]    |
[INFO] [stdout] 17 | use crate::geometry::{DimensionProto, DimensionRect, Size};
[INFO] [stdout]    |            ^^^^^^^^ could not find `geometry` in the crate root
[INFO] [stdout] 
[INFO] [stdout] 
[INFO] [stdout] error[E0433]: cannot find `positioning` in the crate root
[INFO] [stdout]   --> crates/dc_bundle/src/definition/layout.rs:19:12
[INFO] [stdout]    |
[INFO] [stdout] 19 | use crate::positioning::item_spacing::{self, ItemSpacingType};
[INFO] [stdout]    |            ^^^^^^^^^^^ could not find `positioning` in the crate root
[INFO] [stdout] 
[INFO] [stdout] 
[INFO] [stdout] error[E0432]: unresolved import `crate::layout_style`
[INFO] [stdout]   --> crates/dc_bundle/src/definition/layout.rs:18:12
[INFO] [stdout]    |
[INFO] [stdout] 18 | use crate::layout_style::LayoutStyle;
[INFO] [stdout]    |            ^^^^^^^^^^^^ could not find `layout_style` in the crate root
[INFO] [stdout] 
[INFO] [stdout] 
[INFO] [stdout] error[E0432]: unresolved import `crate::positioning`
[INFO] [stdout]   --> crates/dc_bundle/src/definition/layout.rs:20:12
[INFO] [stdout]    |
[INFO] [stdout] 20 | use crate::positioning::{
[INFO] [stdout]    |            ^^^^^^^^^^^ could not find `positioning` in the crate root
[INFO] [stdout] 
[INFO] [stdout] 
[INFO] [stdout] error[E0432]: unresolved imports `crate::filter`, `crate::shadow`, `crate::variable`
[INFO] [stdout]   --> crates/dc_bundle/src/definition/modifier.rs:18:5
[INFO] [stdout]    |
[INFO] [stdout] 18 |     filter::{filter_op, FilterOp},
[INFO] [stdout]    |     ^^^^^^ could not find `filter` in the crate root
[INFO] [stdout] 19 |     shadow::{box_shadow, BoxShadow, ShadowBox},
[INFO] [stdout]    |     ^^^^^^ could not find `shadow` in the crate root
[INFO] [stdout] 20 |     variable::ColorOrVar,
[INFO] [stdout]    |     ^^^^^^^^ could not find `variable` in the crate root
[INFO] [stdout] 
[INFO] [stdout] 
[INFO] [stdout] error[E0432]: unresolved import `crate::matrix_transform`
[INFO] [stdout]   --> crates/dc_bundle/src/definition/modifier/affine_transform.rs:10:12
[INFO] [stdout]    |
[INFO] [stdout] 10 | use crate::matrix_transform::AffineTransform;
[INFO] [stdout]    |            ^^^^^^^^^^^^^^^^ could not find `matrix_transform` in the crate root
[INFO] [stdout] 
[INFO] [stdout] 
[INFO] [stdout] error[E0432]: unresolved import `crate::matrix_transform`
[INFO] [stdout]   --> crates/dc_bundle/src/definition/modifier/layout_transform.rs:10:12
[INFO] [stdout]    |
[INFO] [stdout] 10 | use crate::matrix_transform::{AffineTransform, LayoutTransform};
[INFO] [stdout]    |            ^^^^^^^^^^^^^^^^ could not find `matrix_transform` in the crate root
[INFO] [stdout] 
[INFO] [stdout] 
[INFO] [stdout] error[E0432]: unresolved import `crate::background`
[INFO] [stdout]   --> crates/dc_bundle/src/definition/view.rs:19:12
[INFO] [stdout]    |
[INFO] [stdout] 19 | use crate::background::{background, Background};
[INFO] [stdout]    |            ^^^^^^^^^^ could not find `background` in the crate root
[INFO] [stdout] 
[INFO] [stdout] 
[INFO] [stdout] error[E0432]: unresolved import `crate::blend`
[INFO] [stdout]   --> crates/dc_bundle/src/definition/view.rs:20:12
[INFO] [stdout]    |
[INFO] [stdout] 20 | use crate::blend::BlendMode;
[INFO] [stdout]    |            ^^^^^ could not find `blend` in the crate root
[INFO] [stdout] 
[INFO] [stdout] 
[INFO] [stdout] error[E0432]: unresolved import `crate::font`
[INFO] [stdout]   --> crates/dc_bundle/src/definition/view.rs:21:12
[INFO] [stdout]    |
[INFO] [stdout] 21 | use crate::font::{FontStretch, FontStyle, FontWeight, TextDecoration};
[INFO] [stdout]    |            ^^^^ could not find `font` in the crate root
[INFO] [stdout] 
[INFO] [stdout] 
[INFO] [stdout] error[E0432]: unresolved import `crate::frame_extras`
[INFO] [stdout]   --> crates/dc_bundle/src/definition/view.rs:22:12
[INFO] [stdout]    |
[INFO] [stdout] 22 | use crate::frame_extras::FrameExtras;
[INFO] [stdout]    |            ^^^^^^^^^^^^ could not find `frame_extras` in the crate root
[INFO] [stdout] 
[INFO] [stdout] 
[INFO] [stdout] error[E0432]: unresolved import `crate::geometry`
[INFO] [stdout]   --> crates/dc_bundle/src/definition/view.rs:23:12
[INFO] [stdout]    |
[INFO] [stdout] 23 | use crate::geometry::{Rectangle, Size};
[INFO] [stdout]    |            ^^^^^^^^ could not find `geometry` in the crate root
[INFO] [stdout] 
[INFO] [stdout] 
[INFO] [stdout] error[E0432]: unresolved import `crate::layout_style`
[INFO] [stdout]   --> crates/dc_bundle/src/definition/view.rs:24:12
[INFO] [stdout]    |
[INFO] [stdout] 24 | use crate::layout_style::LayoutStyle;
[INFO] [stdout]    |            ^^^^^^^^^^^^ could not find `layout_style` in the crate root
[INFO] [stdout] 
[INFO] [stdout] 
[INFO] [stdout] error[E0433]: cannot find `path` in the crate root
[INFO] [stdout]   --> crates/dc_bundle/src/definition/view.rs:26:12
[INFO] [stdout]    |
[INFO] [stdout] 26 | use crate::path::line_height::Line_height_type;
[INFO] [stdout]    |            ^^^^ unresolved import
[INFO] [stdout]    |
[INFO] [stdout] help: a similar path exists
[INFO] [stdout]    |
[INFO] [stdout] 26 | use crate::std::path::line_height::Line_height_type;
[INFO] [stdout]    |            +++++
[INFO] [stdout] 
[INFO] [stdout] 
[INFO] [stdout] error[E0432]: unresolved import `crate::node_style`
[INFO] [stdout]   --> crates/dc_bundle/src/definition/view.rs:25:12
[INFO] [stdout]    |
[INFO] [stdout] 25 | use crate::node_style::{Display, NodeStyle};
[INFO] [stdout]    |            ^^^^^^^^^^ could not find `node_style` in the crate root
[INFO] [stdout] 
[INFO] [stdout] 
[INFO] [stdout] error[E0432]: unresolved import `crate::path`
[INFO] [stdout]   --> crates/dc_bundle/src/definition/view.rs:27:12
[INFO] [stdout]    |
[INFO] [stdout] 27 | use crate::path::{LineHeight, Stroke};
[INFO] [stdout]    |            ^^^^ unresolved import
[INFO] [stdout]    |
[INFO] [stdout] help: a similar path exists
[INFO] [stdout]    |
[INFO] [stdout] 27 | use crate::std::path::{LineHeight, Stroke};
[INFO] [stdout]    |            +++++
[INFO] [stdout] 
[INFO] [stdout] 
[INFO] [stdout] error[E0432]: unresolved import `crate::pointer`
[INFO] [stdout]   --> crates/dc_bundle/src/definition/view.rs:28:12
[INFO] [stdout]    |
[INFO] [stdout] 28 | use crate::pointer::PointerEvents;
[INFO] [stdout]    |            ^^^^^^^ could not find `pointer` in the crate root
[INFO] [stdout] 
[INFO] [stdout] 
[INFO] [stdout] error[E0432]: unresolved import `crate::positioning`
[INFO] [stdout]   --> crates/dc_bundle/src/definition/view.rs:29:12
[INFO] [stdout]    |
[INFO] [stdout] 29 | use crate::positioning::{FlexWrap, LayoutSizing, Overflow, OverflowDirection, ScrollInfo};
[INFO] [stdout]    |            ^^^^^^^^^^^ could not find `positioning` in the crate root
[INFO] [stdout] 
[INFO] [stdout] 
[INFO] [stdout] error[E0432]: unresolved import `crate::reaction`
[INFO] [stdout]   --> crates/dc_bundle/src/definition/view.rs:30:12
[INFO] [stdout]    |
[INFO] [stdout] 30 | use crate::reaction::Reaction;
[INFO] [stdout]    |            ^^^^^^^^ could not find `reaction` in the crate root
[INFO] [stdout] 
[INFO] [stdout] 
[INFO] [stdout] error[E0432]: unresolved import `crate::text`
[INFO] [stdout]   --> crates/dc_bundle/src/definition/view.rs:31:12
[INFO] [stdout]    |
[INFO] [stdout] 31 | use crate::text::{TextAlign, TextAlignVertical, TextOverflow};
[INFO] [stdout]    |            ^^^^ could not find `text` in the crate root
[INFO] [stdout] 
[INFO] [stdout] 
[INFO] [stdout] error[E0432]: unresolved import `crate::text_style`
[INFO] [stdout]   --> crates/dc_bundle/src/definition/view.rs:32:12
[INFO] [stdout]    |
[INFO] [stdout] 32 | use crate::text_style::StyledTextRun;
[INFO] [stdout]    |            ^^^^^^^^^^ could not find `text_style` in the crate root
[INFO] [stdout] 
[INFO] [stdout] 
[INFO] [stdout] error[E0433]: cannot find `view` in the crate root
[INFO] [stdout]   --> crates/dc_bundle/src/definition/view.rs:34:12
[INFO] [stdout]    |
[INFO] [stdout] 34 | use crate::view::view::RenderMethod;
[INFO] [stdout]    |            ^^^^ unresolved import
[INFO] [stdout]    |
[INFO] [stdout] help: a similar path exists
[INFO] [stdout]    |
[INFO] [stdout] 34 | use crate::definition::view::view::RenderMethod;
[INFO] [stdout]    |            ++++++++++++
[INFO] [stdout] 
[INFO] [stdout] 
[INFO] [stdout] error[E0433]: cannot find `view` in the crate root
[INFO] [stdout]   --> crates/dc_bundle/src/definition/view.rs:35:12
[INFO] [stdout]    |
[INFO] [stdout] 35 | use crate::view::view_data::{Container, StyledTextRuns, Text, View_data_type};
[INFO] [stdout]    |            ^^^^ unresolved import
[INFO] [stdout]    |
[INFO] [stdout] help: a similar path exists
[INFO] [stdout]    |
[INFO] [stdout] 35 | use crate::definition::view::view_data::{Container, StyledTextRuns, Text, View_data_type};
[INFO] [stdout]    |            ++++++++++++
[INFO] [stdout] 
[INFO] [stdout] 
[INFO] [stdout] error[E0432]: unresolved import `crate::variable`
[INFO] [stdout]   --> crates/dc_bundle/src/definition/view.rs:33:12
[INFO] [stdout]    |
[INFO] [stdout] 33 | use crate::variable::NumOrVar;
[INFO] [stdout]    |            ^^^^^^^^ could not find `variable` in the crate root
[INFO] [stdout] 
[INFO] [stdout] 
[INFO] [stdout] error[E0432]: unresolved import `crate::view`
[INFO] [stdout]   --> crates/dc_bundle/src/definition/view.rs:36:12
[INFO] [stdout]    |
[INFO] [stdout] 36 | use crate::view::{ComponentInfo, View, ViewData};
[INFO] [stdout]    |            ^^^^ unresolved import
[INFO] [stdout]    |
[INFO] [stdout] help: a similar path exists
[INFO] [stdout]    |
[INFO] [stdout] 36 | use crate::definition::view::{ComponentInfo, View, ViewData};
[INFO] [stdout]    |            ++++++++++++
[INFO] [stdout] 
[INFO] [stdout] 
[INFO] [stdout] error[E0432]: unresolved import `crate::view_shape`
[INFO] [stdout]   --> crates/dc_bundle/src/definition/view.rs:37:12
[INFO] [stdout]    |
[INFO] [stdout] 37 | use crate::view_shape::ViewShape;
[INFO] [stdout]    |            ^^^^^^^^^^ could not find `view_shape` in the crate root
[INFO] [stdout] 
[INFO] [stdout] 
[INFO] [stdout] error[E0432]: unresolved import `crate::view_style`
[INFO] [stdout]   --> crates/dc_bundle/src/definition/view.rs:38:12
[INFO] [stdout]    |
[INFO] [stdout] 38 | use crate::view_style::ViewStyle;
[INFO] [stdout]    |            ^^^^^^^^^^ could not find `view_style` in the crate root
[INFO] [stdout] 
[INFO] [stdout] 
[INFO] [stdout] error[E0432]: unresolved import `crate::design_compose_definition`
[INFO] [stdout]   --> crates/dc_bundle/src/definition_file.rs:17:12
[INFO] [stdout]    |
[INFO] [stdout] 17 | use crate::design_compose_definition::{DesignComposeDefinition, DesignComposeDefinitionHeader};
[INFO] [stdout]    |            ^^^^^^^^^^^^^^^^^^^^^^^^^ could not find `design_compose_definition` in the crate root
[INFO] [stdout] 
[INFO] [stdout] 
[INFO] [stderr]    Compiling hyper v1.9.0
[INFO] [stdout] Some errors have detailed explanations: E0432, E0433.
[INFO] [stdout] 
[INFO] [stdout] For more information about an error, try `rustc --explain E0432`.
[INFO] [stdout] 
[INFO] [stderr] error: could not compile `dc_bundle` (lib) due to 41 previous errors
[INFO] [stderr] warning: build failed, waiting for other jobs to finish...
[INFO] running `Command { std: "docker" "inspect" "66447c1f0c902975735d0140e2b5c2ab4415b688eaaa131061be6c3ecdbd6ead", kill_on_drop: false }`
[INFO] running `Command { std: "docker" "rm" "-f" "66447c1f0c902975735d0140e2b5c2ab4415b688eaaa131061be6c3ecdbd6ead", kill_on_drop: false }`
[INFO] [stdout] 66447c1f0c902975735d0140e2b5c2ab4415b688eaaa131061be6c3ecdbd6ead
