[INFO] cloning repository https://github.com/goodtab/cptaro
[INFO] running `Command { std: "git" "-c" "credential.helper=" "-c" "credential.helper=/workspace/cargo-home/bin/git-credential-null" "clone" "--bare" "https://github.com/goodtab/cptaro" "/workspace/cache/git-repos/https%3A%2F%2Fgithub.com%2Fgoodtab%2Fcptaro", kill_on_drop: false }`
[INFO] [stderr] Cloning into bare repository '/workspace/cache/git-repos/https%3A%2F%2Fgithub.com%2Fgoodtab%2Fcptaro'...
[INFO] running `Command { std: "git" "rev-parse" "HEAD", kill_on_drop: false }`
[INFO] [stdout] b1e8dc9349b3eda8d417144bb63c82bc99ac2b91
[INFO] testing goodtab/cptaro against 1.99.0-beta.8 for beta-1.100-2
[INFO] running `Command { std: "git" "clone" "/workspace/cache/git-repos/https%3A%2F%2Fgithub.com%2Fgoodtab%2Fcptaro" "/workspace/builds/worker-2-tc1/source", kill_on_drop: false }`
[INFO] [stderr] Cloning into '/workspace/builds/worker-2-tc1/source'...
[INFO] [stderr] done.
[INFO] removed /workspace/builds/worker-2-tc1/source/.cargo/config.toml
[INFO] started tweaking git repo https://github.com/goodtab/cptaro
[INFO] finished tweaking git repo https://github.com/goodtab/cptaro
[INFO] tweaked toml for git repo https://github.com/goodtab/cptaro written to /workspace/builds/worker-2-tc1/source/Cargo.toml
[INFO] validating manifest of git repo https://github.com/goodtab/cptaro on toolchain 1.99.0-beta.8
[INFO] running `Command { std: CARGO_HOME="/workspace/cargo-home" RUSTUP_HOME="/workspace/rustup-home" "/workspace/cargo-home/bin/cargo" "+1.99.0-beta.8" "metadata" "--manifest-path" "Cargo.toml" "--no-deps", kill_on_drop: false }`
[INFO] crate git repo https://github.com/goodtab/cptaro already has a lockfile, it will not be regenerated
[INFO] running `Command { std: CARGO_HOME="/workspace/cargo-home" RUSTUP_HOME="/workspace/rustup-home" "/workspace/cargo-home/bin/cargo" "+1.99.0-beta.8" "fetch" "--manifest-path" "Cargo.toml", kill_on_drop: false }`
[INFO] [stderr]     Updating crates.io index
[INFO] [stderr]     Blocking waiting for file lock on package cache
[INFO] [stderr]  Downloading crates ...
[INFO] [stderr]   Downloaded spinners v4.1.1
[INFO] [stderr]   Downloaded maplit v1.0.2
[INFO] [stderr]   Downloaded ryu v1.0.16
[INFO] [stderr]   Downloaded napi-derive v2.15.3
[INFO] [stderr]   Downloaded semver v1.0.20
[INFO] [stderr]   Downloaded napi-sys v2.3.0
[INFO] [stderr]   Downloaded ctor v0.2.6
[INFO] [stderr]   Downloaded thiserror-impl v1.0.52
[INFO] [stderr]   Downloaded slug v0.1.5
[INFO] [stderr]   Downloaded serde_spanned v0.6.5
[INFO] [stderr]   Downloaded thiserror v1.0.52
[INFO] [stderr]   Downloaded serde_yaml v0.9.29
[INFO] [stderr]   Downloaded handlebars_misc_helpers v0.15.0
[INFO] [stderr]   Downloaded toml v0.8.10
[INFO] [stderr]   Downloaded napi v2.15.2
[INFO] [stderr]   Downloaded wasm-bindgen-macro v0.2.89
[INFO] [stderr]   Downloaded cpufeatures v0.2.11
[INFO] [stderr]   Downloaded cruet v0.14.0
[INFO] [stderr]   Downloaded wasm-bindgen-shared v0.2.89
[INFO] [stderr]   Downloaded wasm-bindgen-backend v0.2.89
[INFO] [stderr]   Downloaded pest_generator v2.7.5
[INFO] [stderr]   Downloaded unsafe-libyaml v0.2.10
[INFO] [stderr]   Downloaded pest_meta v2.7.5
[INFO] [stderr]   Downloaded wasm-bindgen-macro-support v0.2.89
[INFO] [stderr]   Downloaded jmespath v0.3.0
[INFO] [stderr]   Downloaded pest_derive v2.7.5
[INFO] [stderr]   Downloaded toml_edit v0.22.6
[INFO] [stderr]   Downloaded attohttpc v0.26.1
[INFO] [stderr]   Downloaded unicode-bidi v0.3.14
[INFO] [stderr]   Downloaded syn v2.0.50
[INFO] [stderr]   Downloaded handlebars v5.1.0
[INFO] [stderr]   Downloaded winnow v0.6.2
[INFO] [stderr]   Downloaded pest v2.7.5
[INFO] [stderr]   Downloaded wasm-bindgen v0.2.89
[INFO] [stderr]   Downloaded deunicode v1.4.2
[INFO] [stderr]   Downloaded regex-automata v0.4.5
[INFO] [stderr]   Downloaded anyhow v1.0.80
[INFO] [stderr]   Downloaded swc_core v0.87.7
[INFO] [stderr]   Downloaded vergen v8.2.6
[INFO] [stderr]   Downloaded swc_plugin_proxy v0.39.15
[INFO] [stderr]   Downloaded swc_trace_macro v0.1.3
[INFO] [stderr]   Downloaded unicode-id v0.3.4
[INFO] [stderr]   Downloaded swc_common v0.33.12
[INFO] [stderr]   Downloaded termcolor v1.4.0
[INFO] [stderr]   Downloaded swc_ecma_ast v0.110.15
[INFO] [stderr]   Downloaded swc_visit v0.5.8
[INFO] [stderr]   Downloaded pmutil v0.6.1
[INFO] [stderr]   Downloaded swc_visit_macros v0.5.9
[INFO] [stderr]   Downloaded swc_macros_common v0.3.9
[INFO] [stderr]   Downloaded swc_atoms v0.6.5
[INFO] [stderr]   Downloaded rend v0.4.1
[INFO] [stderr]   Downloaded bytecheck v0.6.11
[INFO] [stderr]   Downloaded swc_eq_ignore_macros v0.1.3
[INFO] [stderr]   Downloaded rkyv v0.7.42
[INFO] [stderr]   Downloaded uuid v1.6.1
[INFO] [stderr]   Downloaded ahash v0.7.7
[INFO] [stderr]   Downloaded rkyv_derive v0.7.43
[INFO] [stderr]   Downloaded bytecheck_derive v0.6.11
[INFO] [stderr]   Downloaded hstr v0.2.6
[INFO] [stderr]   Downloaded ring v0.17.7
[INFO] [stderr]   Downloaded phf_macros v0.11.2
[INFO] [stderr]   Downloaded sourcemap v6.4.1
[INFO] [stderr]   Downloaded if_chain v1.0.2
[INFO] [stderr]   Downloaded data-encoding v2.5.0
[INFO] [stderr]   Downloaded better_scoped_tls v0.1.1
[INFO] [stderr]   Downloaded num-bigint v0.4.4
[INFO] [stderr]   Downloaded swc_plugin v0.90.0
[INFO] [stderr]   Downloaded swc_plugin_macro v0.9.15
[INFO] [stderr]   Downloaded from_variant v0.1.7
[INFO] [stderr]   Downloaded ast_node v0.9.6
[INFO] [stderr]   Downloaded string_enum v0.4.2
[INFO] [stderr]   Downloaded swc_ecma_visit v0.96.15
[INFO] [stderr]   Downloaded testing v0.35.14
[INFO] [stderr]   Downloaded is-macro v0.3.4
[INFO] [stderr]   Downloaded swc_ecma_transforms_testing v0.138.3
[INFO] [stderr]   Downloaded testing_macros v0.2.12
[INFO] [stderr]   Downloaded miette v4.7.1
[INFO] [stderr]   Downloaded textwrap v0.15.2
[INFO] [stderr]   Downloaded supports-color v1.3.1
[INFO] [stderr]   Downloaded cargo-platform v0.1.5
[INFO] [stderr]   Downloaded terminal_size v0.1.17
[INFO] [stderr]   Downloaded supports-unicode v1.0.2
[INFO] [stderr]   Downloaded supports-hyperlinks v1.2.0
[INFO] [stderr]   Downloaded is_ci v1.1.1
[INFO] [stderr]   Downloaded miette-derive v4.7.1
[INFO] [stderr]   Downloaded pretty_assertions v1.4.0
[INFO] [stderr]   Downloaded cargo_metadata v0.15.4
[INFO] [stderr]   Downloaded difference v2.0.0
[INFO] [stderr]   Downloaded swc_ecma_transforms_base v0.135.3
[INFO] [stderr]   Downloaded typed-arena v2.0.2
[INFO] [stderr]   Downloaded swc_ecma_testing v0.22.15
[INFO] [stderr]   Downloaded stacker v0.1.15
[INFO] [stderr]   Downloaded swc_ecma_codegen_macros v0.7.4
[INFO] [stderr]   Downloaded napi-build v2.1.2
[INFO] [stderr]   Downloaded swc_ecma_parser v0.141.33
[INFO] [stderr]   Downloaded napi-derive-backend v1.0.61
[INFO] [stderr]   Downloaded swc_error_reporters v0.17.12
[INFO] [stderr]   Downloaded swc_ecma_codegen v0.146.47
[INFO] [stderr]   Downloaded swc_ecma_utils v0.125.0
[INFO] running `Command { std: "docker" "create" "-v" "/var/lib/crater-agent-workspace/builds/worker-2-tc1/source:/opt/rustwide/workdir:ro,Z" "-v" "/var/lib/crater-agent-workspace/builds/worker-2-tc1/target:/opt/rustwide/target:rw,Z" "-v" "/var/lib/crater-agent-workspace/cargo-home:/opt/rustwide/cargo-home:ro,Z" "-v" "/var/lib/crater-agent-workspace/rustup-home:/opt/rustwide/rustup-home:ro,Z" "-m" "1610612736" "--network" "none" "ghcr.io/rust-lang/crates-build-env/linux@sha256:3111399a4047eeb3a02b7a90e478d715f38a8c6669b5c4b49d30a17385265909" "sleep" "infinity", kill_on_drop: false }`
[INFO] [stdout] d5ca1b04f4991c7477a784d7bc21eebc276de885ca088883e34c2eacd22cd82d
[INFO] running `Command { std: "docker" "start" "d5ca1b04f4991c7477a784d7bc21eebc276de885ca088883e34c2eacd22cd82d", kill_on_drop: false }`
[INFO] running `Command { std: "docker" "inspect" "d5ca1b04f4991c7477a784d7bc21eebc276de885ca088883e34c2eacd22cd82d", kill_on_drop: false }`
[INFO] running `Command { std: "docker" "exec" "-e" "SOURCE_DIR=/opt/rustwide/workdir" "-e" "CARGO_HOME=/opt/rustwide/cargo-home" "-e" "RUSTUP_HOME=/opt/rustwide/rustup-home" "-e" "CARGO_TARGET_DIR=/opt/rustwide/target" "-w" "/opt/rustwide/workdir" "--user" "0:0" "d5ca1b04f4991c7477a784d7bc21eebc276de885ca088883e34c2eacd22cd82d" "/opt/rustwide/cargo-home/bin/cargo" "+1.99.0-beta.8" "metadata" "--no-deps" "--format-version=1", kill_on_drop: false }`
[INFO] running `Command { std: "docker" "inspect" "d5ca1b04f4991c7477a784d7bc21eebc276de885ca088883e34c2eacd22cd82d", kill_on_drop: false }`
[INFO] running `Command { std: "docker" "exec" "-e" "SOURCE_DIR=/opt/rustwide/workdir" "-e" "CARGO_HOME=/opt/rustwide/cargo-home" "-e" "RUSTUP_HOME=/opt/rustwide/rustup-home" "-e" "CARGO_TARGET_DIR=/opt/rustwide/target" "-e" "CARGO_INCREMENTAL=0" "-e" "RUST_BACKTRACE=full" "-e" "RUSTFLAGS=--cap-lints=warn" "-e" "RUSTDOCFLAGS=--cap-lints=warn" "-w" "/opt/rustwide/workdir" "--user" "0:0" "d5ca1b04f4991c7477a784d7bc21eebc276de885ca088883e34c2eacd22cd82d" "/opt/rustwide/cargo-home/bin/cargo" "+1.99.0-beta.8" "build" "--frozen" "--message-format=json", kill_on_drop: false }`
[INFO] [stderr]    Compiling proc-macro2 v1.0.78
[INFO] [stderr]    Compiling libc v0.2.151
[INFO] [stderr]    Compiling memchr v2.6.4
[INFO] [stderr]    Compiling serde v1.0.197
[INFO] [stderr]    Compiling itoa v1.0.10
[INFO] [stderr]    Compiling regex-syntax v0.8.2
[INFO] [stderr]    Compiling ryu v1.0.16
[INFO] [stderr]    Compiling pin-project-lite v0.2.13
[INFO] [stderr]    Compiling serde_json v1.0.114
[INFO] [stderr]    Compiling anyhow v1.0.80
[INFO] [stderr]    Compiling siphasher v0.3.11
[INFO] [stderr]    Compiling unicode-bidi v0.3.14
[INFO] [stderr]    Compiling tinyvec v1.6.0
[INFO] [stderr]    Compiling rand_core v0.6.4
[INFO] [stderr]    Compiling ahash v0.7.7
[INFO] [stderr]    Compiling bytecheck v0.6.11
[INFO] [stderr]    Compiling thiserror v1.0.52
[INFO] [stderr]    Compiling unicode-width v0.1.11
[INFO] [stderr]    Compiling smallvec v1.11.2
[INFO] [stderr]    Compiling rand v0.8.5
[INFO] [stderr]    Compiling num-traits v0.2.17
[INFO] [stderr]    Compiling simdutf8 v0.1.4
[INFO] [stderr]    Compiling phf_shared v0.11.2
[INFO] [stderr]    Compiling rend v0.4.1
[INFO] [stderr]    Compiling lock_api v0.4.11
[INFO] [stderr]    Compiling tracing-core v0.1.32
[INFO] [stderr]    Compiling parking_lot_core v0.9.9
[INFO] [stderr]    Compiling rkyv v0.7.42
[INFO] [stderr]    Compiling num-bigint v0.4.4
[INFO] [stderr]    Compiling new_debug_unreachable v1.0.4
[INFO] [stderr]    Compiling rustc-hash v1.1.0
[INFO] [stderr]    Compiling seahash v4.1.0
[INFO] [stderr]    Compiling uuid v1.6.1
[INFO] [stderr]    Compiling getrandom v0.2.11
[INFO] [stderr]    Compiling atty v0.2.14
[INFO] [stderr]    Compiling if_chain v1.0.2
[INFO] [stderr]    Compiling either v1.9.0
[INFO] [stderr]    Compiling quote v1.0.35
[INFO] [stderr]    Compiling unicode-normalization v0.1.22
[INFO] [stderr]    Compiling bitflags v2.4.1
[INFO] [stderr]    Compiling aho-corasick v1.1.2
[INFO] [stderr]    Compiling data-encoding v2.5.0
[INFO] [stderr]    Compiling unicode-id v0.3.4
[INFO] [stderr]    Compiling phf_generator v0.11.2
[INFO] [stderr]    Compiling scoped-tls v1.0.1
[INFO] [stderr]    Compiling parking_lot v0.12.1
[INFO] [stderr]    Compiling hashbrown v0.12.3
[INFO] [stderr]    Compiling rustversion v1.0.14
[INFO] [stderr]    Compiling termcolor v1.4.0
[INFO] [stderr]    Compiling better_scoped_tls v0.1.1
[INFO] [stderr]    Compiling miniz_oxide v0.7.1
[INFO] [stderr]    Compiling log v0.4.20
[INFO] [stderr]    Compiling hashbrown v0.14.3
[INFO] [stderr]    Compiling typenum v1.17.0
[INFO] [stderr]    Compiling cc v1.0.83
[INFO] [stderr]    Compiling syn v2.0.50
[INFO] [stderr]    Compiling syn v1.0.109
[INFO] [stderr]    Compiling num_cpus v1.16.0
[INFO] [stderr]    Compiling idna v0.5.0
[INFO] [stderr]    Compiling generic-array v0.14.7
[INFO] [stderr]    Compiling gimli v0.28.1
[INFO] [stderr]    Compiling object v0.32.2
[INFO] [stderr]    Compiling rustc-demangle v0.1.23
[INFO] [stderr]    Compiling semver v1.0.20
[INFO] [stderr]    Compiling smawk v0.3.2
[INFO] [stderr]    Compiling url v2.5.0
[INFO] [stderr]    Compiling is_ci v1.1.1
[INFO] [stderr]    Compiling camino v1.1.6
[INFO] [stderr]    Compiling unicode-linebreak v0.1.5
[INFO] [stderr]    Compiling regex-syntax v0.6.29
[INFO] [stderr]    Compiling supports-color v1.3.1
[INFO] [stderr]    Compiling num-integer v0.1.45
[INFO] [stderr]    Compiling textwrap v0.15.2
[INFO] [stderr]    Compiling supports-hyperlinks v1.2.0
[INFO] [stderr]    Compiling supports-unicode v1.0.2
[INFO] [stderr]    Compiling terminal_size v0.1.17
[INFO] [stderr]    Compiling indexmap v2.1.0
[INFO] [stderr]    Compiling smartstring v1.0.1
[INFO] [stderr]    Compiling owo-colors v3.5.0
[INFO] [stderr]    Compiling backtrace v0.3.69
[INFO] [stderr]    Compiling ring v0.17.7
[INFO] [stderr]    Compiling psm v0.1.21
[INFO] [stderr]    Compiling stacker v0.1.15
[INFO] [stderr]    Compiling overload v0.1.1
[INFO] [stderr]    Compiling nu-ansi-term v0.46.0
[INFO] [stderr]    Compiling vergen v8.2.6
[INFO] [stderr]    Compiling tracing-log v0.2.0
[INFO] [stderr]    Compiling thread_local v1.1.7
[INFO] [stderr]    Compiling regex-automata v0.4.5
[INFO] [stderr]    Compiling sharded-slab v0.1.7
[INFO] [stderr]    Compiling relative-path v1.9.2
[INFO] [stderr]    Compiling ucd-trie v0.1.6
[INFO] [stderr]    Compiling yansi v0.5.1
[INFO] [stderr]    Compiling spin v0.9.8
[INFO] [stderr]    Compiling bytes v1.5.0
[INFO] [stderr]    Compiling rustix v0.38.28
[INFO] [stderr]    Compiling diff v0.1.13
[INFO] [stderr]    Compiling block-buffer v0.10.4
[INFO] [stderr]    Compiling crypto-common v0.1.6
[INFO] [stderr]    Compiling digest v0.10.7
[INFO] [stderr]    Compiling pretty_assertions v1.4.0
[INFO] [stderr]    Compiling slab v0.4.9
[INFO] [stderr]    Compiling typed-arena v2.0.2
[INFO] [stderr]    Compiling deunicode v1.4.2
[INFO] [stderr]    Compiling linux-raw-sys v0.4.12
[INFO] [stderr]    Compiling crc32fast v1.3.2
[INFO] [stderr]    Compiling cpufeatures v0.2.11
[INFO] [stderr]    Compiling difference v2.0.0
[INFO] [stderr]    Compiling sha2 v0.10.8
[INFO] [stderr]    Compiling slug v0.1.5
[INFO] [stderr]    Compiling fastrand v2.0.1
[INFO] [stderr]    Compiling rustls v0.21.10
[INFO] [stderr]    Compiling swc_core v0.87.7
[INFO] [stderr]    Compiling regex-automata v0.1.10
[INFO] [stderr]    Compiling futures-channel v0.3.30
[INFO] [stderr]    Compiling mio v0.8.10
[INFO] [stderr]    Compiling signal-hook-registry v1.4.1
[INFO] [stderr]    Compiling unicode-segmentation v1.10.1
[INFO] [stderr]    Compiling winnow v0.6.2
[INFO] [stderr]    Compiling base64 v0.21.5
[INFO] [stderr]    Compiling http v0.2.11
[INFO] [stderr]    Compiling convert_case v0.6.0
[INFO] [stderr]    Compiling flate2 v1.0.28
[INFO] [stderr]    Compiling swc_plugin v0.90.0
[INFO] [stderr]    Compiling addr2line v0.21.0
[INFO] [stderr]    Compiling unsafe-libyaml v0.2.10
[INFO] [stderr]    Compiling webpki-roots v0.25.4
[INFO] [stderr]    Compiling matchers v0.1.0
[INFO] [stderr]    Compiling napi-sys v2.3.0
[INFO] [stderr]    Compiling maplit v1.0.2
[INFO] [stderr]    Compiling napi-build v2.1.2
[INFO] [stderr]    Compiling console v0.15.8
[INFO] [stderr]    Compiling taro_binding v0.1.0 (/opt/rustwide/workdir/crates/native_binding)
[INFO] [stderr]    Compiling regex v1.10.3
[INFO] [stderr]    Compiling ptr_meta_derive v0.1.4
[INFO] [stderr]    Compiling bytecheck_derive v0.6.11
[INFO] [stderr]    Compiling rkyv_derive v0.7.43
[INFO] [stderr]    Compiling miette-derive v4.7.1
[INFO] [stderr]    Compiling strum_macros v0.24.3
[INFO] [stderr]    Compiling swc_macros_common v0.3.9
[INFO] [stderr]    Compiling pmutil v0.6.1
[INFO] [stderr]    Compiling ptr_meta v0.1.4
[INFO] [stderr]    Compiling Inflector v0.11.4
[INFO] [stderr]    Compiling tempfile v3.8.1
[INFO] [stderr]    Compiling cruet v0.14.0
[INFO] [stderr]    Compiling napi-derive-backend v1.0.61
[INFO] [stderr]    Compiling sct v0.7.1
[INFO] [stderr]    Compiling rustls-webpki v0.101.7
[INFO] [stderr]    Compiling serde_derive v1.0.197
[INFO] [stderr]    Compiling thiserror-impl v1.0.52
[INFO] [stderr]    Compiling phf_macros v0.11.2
[INFO] [stderr]    Compiling tracing-attributes v0.1.27
[INFO] [stderr]    Compiling from_variant v0.1.7
[INFO] [stderr]    Compiling ast_node v0.9.6
[INFO] [stderr]    Compiling swc_eq_ignore_macros v0.1.3
[INFO] [stderr]    Compiling string_enum v0.4.2
[INFO] [stderr]    Compiling swc_ecma_codegen_macros v0.7.4
[INFO] [stderr]    Compiling futures-macro v0.3.30
[INFO] [stderr]    Compiling tokio-macros v2.2.0
[INFO] [stderr]    Compiling swc_visit_macros v0.5.9
[INFO] [stderr]    Compiling phf v0.11.2
[INFO] [stderr]    Compiling is-macro v0.3.4
[INFO] [stderr]    Compiling hstr v0.2.6
[INFO] [stderr]    Compiling testing_macros v0.2.12
[INFO] [stderr]    Compiling swc_trace_macro v0.1.3
[INFO] [stderr]    Compiling tokio v1.36.0
[INFO] [stderr]    Compiling swc_plugin_macro v0.9.15
[INFO] [stderr]    Compiling strum v0.24.1
[INFO] [stderr]    Compiling futures-util v0.3.30
[INFO] [stderr]    Compiling ctor v0.2.6
[INFO] [stderr]    Compiling spinners v4.1.1
[INFO] [stderr]    Compiling miette v4.7.1
[INFO] [stderr]    Compiling pest v2.7.5
[INFO] [stderr]    Compiling tracing v0.1.40
[INFO] [stderr]    Compiling enquote v1.1.0
[INFO] [stderr]    Compiling tracing-subscriber v0.3.18
[INFO] [stderr]    Compiling napi-derive v2.15.3
[INFO] [stderr]    Compiling jmespath v0.3.0
[INFO] [stderr]    Compiling pest_meta v2.7.5
[INFO] [stderr]    Compiling swc_visit v0.5.8
[INFO] [stderr]    Compiling attohttpc v0.26.1
[INFO] [stderr]    Compiling pest_generator v2.7.5
[INFO] [stderr]    Compiling pest_derive v2.7.5
[INFO] [stderr]    Compiling futures-executor v0.3.30
[INFO] [stderr]    Compiling futures v0.3.30
[INFO] [stderr]    Compiling tokio-util v0.7.10
[INFO] [stderr]    Compiling napi v2.15.2
[INFO] [stderr]    Compiling debugid v0.8.0
[INFO] [stderr]    Compiling swc_atoms v0.6.5
[INFO] [stderr]    Compiling cargo-platform v0.1.5
[INFO] [stderr]    Compiling toml_datetime v0.6.5
[INFO] [stderr]    Compiling serde_spanned v0.6.5
[INFO] [stderr]    Compiling serde_yaml v0.9.29
[INFO] [stderr]    Compiling toml_edit v0.22.6
[INFO] [stderr]    Compiling sourcemap v6.4.1
[INFO] [stderr]    Compiling cargo_metadata v0.15.4
[INFO] [stderr]    Compiling handlebars v5.1.0
[INFO] [stderr]    Compiling swc_common v0.33.12
[INFO] [stderr]    Compiling toml v0.8.10
[INFO] [stderr]    Compiling handlebars_misc_helpers v0.15.0
[INFO] [stderr]    Compiling taro_init v0.0.1 (/opt/rustwide/workdir/crates/taro_init)
[INFO] [stdout] warning: unexpected `cfg` condition value: `noop`
[INFO] [stdout]   --> crates/taro_init/src/constants.rs:85:1
[INFO] [stdout]    |
[INFO] [stdout] 85 | #[napi(string_enum)]
[INFO] [stdout]    | ^^^^^^^^^^^^^^^^^^^^
[INFO] [stdout]    |
[INFO] [stdout]    = note: no expected values for `feature`
[INFO] [stdout]    = note: using a cfg inside a attribute macro will use the cfgs from the destination crate and not the ones from the defining crate
[INFO] [stdout]    = help: try referring to `napi` crate for guidance on how handle this unexpected cfg
[INFO] [stdout]    = note: see <https://doc.rust-lang.org/nightly/rustc/check-cfg/cargo-specifics.html> for more information about checking conditional configuration
[INFO] [stdout]    = note: `#[warn(unexpected_cfgs)]` on by default
[INFO] [stdout]    = note: this warning originates in the attribute macro `napi` (in Nightly builds, run with -Z macro-backtrace for more info)
[INFO] [stdout] 
[INFO] [stdout] 
[INFO] [stdout] warning: unexpected `cfg` condition value: `used_linker`
[INFO] [stdout]   --> crates/taro_init/src/constants.rs:85:1
[INFO] [stdout]    |
[INFO] [stdout] 85 | #[napi(string_enum)]
[INFO] [stdout]    | ^^^^^^^^^^^^^^^^^^^^
[INFO] [stdout]    |
[INFO] [stdout]    = note: no expected values for `feature`
[INFO] [stdout]    = note: using a cfg inside a attribute macro will use the cfgs from the destination crate and not the ones from the defining crate
[INFO] [stdout]    = help: try referring to `napi::bindgen_prelude::ctor` crate for guidance on how handle this unexpected cfg
[INFO] [stdout]    = note: see <https://doc.rust-lang.org/nightly/rustc/check-cfg/cargo-specifics.html> for more information about checking conditional configuration
[INFO] [stdout]    = note: this warning originates in the attribute macro `napi::bindgen_prelude::ctor` (in Nightly builds, run with -Z macro-backtrace for more info)
[INFO] [stdout] 
[INFO] [stdout] 
[INFO] [stdout] warning: unexpected `cfg` condition value: `noop`
[INFO] [stdout]   --> crates/taro_init/src/constants.rs:94:1
[INFO] [stdout]    |
[INFO] [stdout] 94 | #[napi(string_enum)]
[INFO] [stdout]    | ^^^^^^^^^^^^^^^^^^^^
[INFO] [stdout]    |
[INFO] [stdout]    = note: no expected values for `feature`
[INFO] [stdout]    = note: using a cfg inside a attribute macro will use the cfgs from the destination crate and not the ones from the defining crate
[INFO] [stdout]    = help: try referring to `napi` crate for guidance on how handle this unexpected cfg
[INFO] [stdout]    = note: see <https://doc.rust-lang.org/nightly/rustc/check-cfg/cargo-specifics.html> for more information about checking conditional configuration
[INFO] [stdout]    = note: this warning originates in the attribute macro `napi` (in Nightly builds, run with -Z macro-backtrace for more info)
[INFO] [stdout] 
[INFO] [stdout] 
[INFO] [stdout] warning: unexpected `cfg` condition value: `used_linker`
[INFO] [stdout]   --> crates/taro_init/src/constants.rs:94:1
[INFO] [stdout]    |
[INFO] [stdout] 94 | #[napi(string_enum)]
[INFO] [stdout]    | ^^^^^^^^^^^^^^^^^^^^
[INFO] [stdout]    |
[INFO] [stdout]    = note: no expected values for `feature`
[INFO] [stdout]    = note: using a cfg inside a attribute macro will use the cfgs from the destination crate and not the ones from the defining crate
[INFO] [stdout]    = help: try referring to `napi::bindgen_prelude::ctor` crate for guidance on how handle this unexpected cfg
[INFO] [stdout]    = note: see <https://doc.rust-lang.org/nightly/rustc/check-cfg/cargo-specifics.html> for more information about checking conditional configuration
[INFO] [stdout]    = note: this warning originates in the attribute macro `napi::bindgen_prelude::ctor` (in Nightly builds, run with -Z macro-backtrace for more info)
[INFO] [stdout] 
[INFO] [stdout] 
[INFO] [stdout] warning: unexpected `cfg` condition value: `noop`
[INFO] [stdout]    --> crates/taro_init/src/constants.rs:104:1
[INFO] [stdout]     |
[INFO] [stdout] 104 | #[napi(string_enum)]
[INFO] [stdout]     | ^^^^^^^^^^^^^^^^^^^^
[INFO] [stdout]     |
[INFO] [stdout]     = note: no expected values for `feature`
[INFO] [stdout]     = note: using a cfg inside a attribute macro will use the cfgs from the destination crate and not the ones from the defining crate
[INFO] [stdout]     = help: try referring to `napi` crate for guidance on how handle this unexpected cfg
[INFO] [stdout]     = note: see <https://doc.rust-lang.org/nightly/rustc/check-cfg/cargo-specifics.html> for more information about checking conditional configuration
[INFO] [stdout]     = note: this warning originates in the attribute macro `napi` (in Nightly builds, run with -Z macro-backtrace for more info)
[INFO] [stdout] 
[INFO] [stdout] 
[INFO] [stdout] warning: unexpected `cfg` condition value: `used_linker`
[INFO] [stdout]    --> crates/taro_init/src/constants.rs:104:1
[INFO] [stdout]     |
[INFO] [stdout] 104 | #[napi(string_enum)]
[INFO] [stdout]     | ^^^^^^^^^^^^^^^^^^^^
[INFO] [stdout]     |
[INFO] [stdout]     = note: no expected values for `feature`
[INFO] [stdout]     = note: using a cfg inside a attribute macro will use the cfgs from the destination crate and not the ones from the defining crate
[INFO] [stdout]     = help: try referring to `napi::bindgen_prelude::ctor` crate for guidance on how handle this unexpected cfg
[INFO] [stdout]     = note: see <https://doc.rust-lang.org/nightly/rustc/check-cfg/cargo-specifics.html> for more information about checking conditional configuration
[INFO] [stdout]     = note: this warning originates in the attribute macro `napi::bindgen_prelude::ctor` (in Nightly builds, run with -Z macro-backtrace for more info)
[INFO] [stdout] 
[INFO] [stdout] 
[INFO] [stdout] warning: unexpected `cfg` condition value: `noop`
[INFO] [stdout]    --> crates/taro_init/src/constants.rs:113:1
[INFO] [stdout]     |
[INFO] [stdout] 113 | #[napi(string_enum)]
[INFO] [stdout]     | ^^^^^^^^^^^^^^^^^^^^
[INFO] [stdout]     |
[INFO] [stdout]     = note: no expected values for `feature`
[INFO] [stdout]     = note: using a cfg inside a attribute macro will use the cfgs from the destination crate and not the ones from the defining crate
[INFO] [stdout]     = help: try referring to `napi` crate for guidance on how handle this unexpected cfg
[INFO] [stdout]     = note: see <https://doc.rust-lang.org/nightly/rustc/check-cfg/cargo-specifics.html> for more information about checking conditional configuration
[INFO] [stdout]     = note: this warning originates in the attribute macro `napi` (in Nightly builds, run with -Z macro-backtrace for more info)
[INFO] [stdout] 
[INFO] [stdout] 
[INFO] [stdout] warning: unexpected `cfg` condition value: `used_linker`
[INFO] [stdout]    --> crates/taro_init/src/constants.rs:113:1
[INFO] [stdout]     |
[INFO] [stdout] 113 | #[napi(string_enum)]
[INFO] [stdout]     | ^^^^^^^^^^^^^^^^^^^^
[INFO] [stdout]     |
[INFO] [stdout]     = note: no expected values for `feature`
[INFO] [stdout]     = note: using a cfg inside a attribute macro will use the cfgs from the destination crate and not the ones from the defining crate
[INFO] [stdout]     = help: try referring to `napi::bindgen_prelude::ctor` crate for guidance on how handle this unexpected cfg
[INFO] [stdout]     = note: see <https://doc.rust-lang.org/nightly/rustc/check-cfg/cargo-specifics.html> for more information about checking conditional configuration
[INFO] [stdout]     = note: this warning originates in the attribute macro `napi::bindgen_prelude::ctor` (in Nightly builds, run with -Z macro-backtrace for more info)
[INFO] [stdout] 
[INFO] [stdout] 
[INFO] [stdout] warning: unexpected `cfg` condition value: `noop`
[INFO] [stdout]    --> crates/taro_init/src/constants.rs:121:1
[INFO] [stdout]     |
[INFO] [stdout] 121 | #[napi(string_enum)]
[INFO] [stdout]     | ^^^^^^^^^^^^^^^^^^^^
[INFO] [stdout]     |
[INFO] [stdout]     = note: no expected values for `feature`
[INFO] [stdout]     = note: using a cfg inside a attribute macro will use the cfgs from the destination crate and not the ones from the defining crate
[INFO] [stdout]     = help: try referring to `napi` crate for guidance on how handle this unexpected cfg
[INFO] [stdout]     = note: see <https://doc.rust-lang.org/nightly/rustc/check-cfg/cargo-specifics.html> for more information about checking conditional configuration
[INFO] [stdout]     = note: this warning originates in the attribute macro `napi` (in Nightly builds, run with -Z macro-backtrace for more info)
[INFO] [stdout] 
[INFO] [stdout] 
[INFO] [stdout] warning: unexpected `cfg` condition value: `used_linker`
[INFO] [stdout]    --> crates/taro_init/src/constants.rs:121:1
[INFO] [stdout]     |
[INFO] [stdout] 121 | #[napi(string_enum)]
[INFO] [stdout]     | ^^^^^^^^^^^^^^^^^^^^
[INFO] [stdout]     |
[INFO] [stdout]     = note: no expected values for `feature`
[INFO] [stdout]     = note: using a cfg inside a attribute macro will use the cfgs from the destination crate and not the ones from the defining crate
[INFO] [stdout]     = help: try referring to `napi::bindgen_prelude::ctor` crate for guidance on how handle this unexpected cfg
[INFO] [stdout]     = note: see <https://doc.rust-lang.org/nightly/rustc/check-cfg/cargo-specifics.html> for more information about checking conditional configuration
[INFO] [stdout]     = note: this warning originates in the attribute macro `napi::bindgen_prelude::ctor` (in Nightly builds, run with -Z macro-backtrace for more info)
[INFO] [stdout] 
[INFO] [stdout] 
[INFO] [stdout] warning: unexpected `cfg` condition value: `noop`
[INFO] [stdout]    --> crates/taro_init/src/creator.rs:106:1
[INFO] [stdout]     |
[INFO] [stdout] 106 | #[napi(constructor)]
[INFO] [stdout]     | ^^^^^^^^^^^^^^^^^^^^
[INFO] [stdout]     |
[INFO] [stdout]     = note: no expected values for `feature`
[INFO] [stdout]     = note: using a cfg inside a attribute macro will use the cfgs from the destination crate and not the ones from the defining crate
[INFO] [stdout]     = help: try referring to `napi` crate for guidance on how handle this unexpected cfg
[INFO] [stdout]     = note: see <https://doc.rust-lang.org/nightly/rustc/check-cfg/cargo-specifics.html> for more information about checking conditional configuration
[INFO] [stdout]     = note: this warning originates in the attribute macro `napi` (in Nightly builds, run with -Z macro-backtrace for more info)
[INFO] [stdout] 
[INFO] [stdout] 
[INFO] [stdout] warning: unexpected `cfg` condition value: `used_linker`
[INFO] [stdout]    --> crates/taro_init/src/creator.rs:106:1
[INFO] [stdout]     |
[INFO] [stdout] 106 | #[napi(constructor)]
[INFO] [stdout]     | ^^^^^^^^^^^^^^^^^^^^
[INFO] [stdout]     |
[INFO] [stdout]     = note: no expected values for `feature`
[INFO] [stdout]     = note: using a cfg inside a attribute macro will use the cfgs from the destination crate and not the ones from the defining crate
[INFO] [stdout]     = help: try referring to `napi::bindgen_prelude::ctor` crate for guidance on how handle this unexpected cfg
[INFO] [stdout]     = note: see <https://doc.rust-lang.org/nightly/rustc/check-cfg/cargo-specifics.html> for more information about checking conditional configuration
[INFO] [stdout]     = note: this warning originates in the attribute macro `napi::bindgen_prelude::ctor` (in Nightly builds, run with -Z macro-backtrace for more info)
[INFO] [stdout] 
[INFO] [stdout] 
[INFO] [stdout] warning: unexpected `cfg` condition value: `noop`
[INFO] [stdout]    --> crates/taro_init/src/creator.rs:112:1
[INFO] [stdout]     |
[INFO] [stdout] 112 | #[napi]
[INFO] [stdout]     | ^^^^^^^
[INFO] [stdout]     |
[INFO] [stdout]     = note: no expected values for `feature`
[INFO] [stdout]     = note: using a cfg inside a attribute macro will use the cfgs from the destination crate and not the ones from the defining crate
[INFO] [stdout]     = help: try referring to `napi` crate for guidance on how handle this unexpected cfg
[INFO] [stdout]     = note: see <https://doc.rust-lang.org/nightly/rustc/check-cfg/cargo-specifics.html> for more information about checking conditional configuration
[INFO] [stdout]     = note: this warning originates in the attribute macro `napi` (in Nightly builds, run with -Z macro-backtrace for more info)
[INFO] [stdout] 
[INFO] [stdout] 
[INFO] [stdout] warning: unexpected `cfg` condition value: `used_linker`
[INFO] [stdout]    --> crates/taro_init/src/creator.rs:112:1
[INFO] [stdout]     |
[INFO] [stdout] 112 | #[napi]
[INFO] [stdout]     | ^^^^^^^
[INFO] [stdout]     |
[INFO] [stdout]     = note: no expected values for `feature`
[INFO] [stdout]     = note: using a cfg inside a attribute macro will use the cfgs from the destination crate and not the ones from the defining crate
[INFO] [stdout]     = help: try referring to `napi::bindgen_prelude::ctor` crate for guidance on how handle this unexpected cfg
[INFO] [stdout]     = note: see <https://doc.rust-lang.org/nightly/rustc/check-cfg/cargo-specifics.html> for more information about checking conditional configuration
[INFO] [stdout]     = note: this warning originates in the attribute macro `napi::bindgen_prelude::ctor` (in Nightly builds, run with -Z macro-backtrace for more info)
[INFO] [stdout] 
[INFO] [stdout] 
[INFO] [stdout] warning: unexpected `cfg` condition name: `debug_assert`
[INFO] [stdout]    --> crates/taro_init/src/creator.rs:112:1
[INFO] [stdout]     |
[INFO] [stdout] 112 | #[napi]
[INFO] [stdout]     | ^^^^^^^
[INFO] [stdout]     |
[INFO] [stdout]     = note: using a cfg inside a attribute macro will use the cfgs from the destination crate and not the ones from the defining crate
[INFO] [stdout]     = help: try referring to `napi` crate for guidance on how handle this unexpected cfg
[INFO] [stdout]     = note: see <https://doc.rust-lang.org/nightly/rustc/check-cfg/cargo-specifics.html> for more information about checking conditional configuration
[INFO] [stdout]     = note: this warning originates in the attribute macro `napi` (in Nightly builds, run with -Z macro-backtrace for more info)
[INFO] [stdout] 
[INFO] [stdout] 
[INFO] [stderr]    Compiling swc_ecma_ast v0.110.15
[INFO] [stderr]    Compiling swc_error_reporters v0.17.12
[INFO] [stderr]    Compiling testing v0.35.14
[INFO] [stderr]    Compiling swc_ecma_testing v0.22.15
[INFO] [stdout] warning: unexpected `cfg` condition value: `noop`
[INFO] [stdout]   --> crates/native_binding/src/lib.rs:10:1
[INFO] [stdout]    |
[INFO] [stdout] 10 | #[napi]
[INFO] [stdout]    | ^^^^^^^
[INFO] [stdout]    |
[INFO] [stdout]    = note: no expected values for `feature`
[INFO] [stdout]    = note: using a cfg inside a attribute macro will use the cfgs from the destination crate and not the ones from the defining crate
[INFO] [stdout]    = help: try referring to `napi` crate for guidance on how handle this unexpected cfg
[INFO] [stdout]    = note: see <https://doc.rust-lang.org/nightly/rustc/check-cfg/cargo-specifics.html> for more information about checking conditional configuration
[INFO] [stdout]    = note: `#[warn(unexpected_cfgs)]` on by default
[INFO] [stdout]    = note: this warning originates in the attribute macro `napi` (in Nightly builds, run with -Z macro-backtrace for more info)
[INFO] [stdout] 
[INFO] [stdout] 
[INFO] [stdout] warning: unexpected `cfg` condition value: `used_linker`
[INFO] [stdout]   --> crates/native_binding/src/lib.rs:10:1
[INFO] [stdout]    |
[INFO] [stdout] 10 | #[napi]
[INFO] [stdout]    | ^^^^^^^
[INFO] [stdout]    |
[INFO] [stdout]    = note: no expected values for `feature`
[INFO] [stdout]    = note: using a cfg inside a attribute macro will use the cfgs from the destination crate and not the ones from the defining crate
[INFO] [stdout]    = help: try referring to `napi::bindgen_prelude::ctor` crate for guidance on how handle this unexpected cfg
[INFO] [stdout]    = note: see <https://doc.rust-lang.org/nightly/rustc/check-cfg/cargo-specifics.html> for more information about checking conditional configuration
[INFO] [stdout]    = note: this warning originates in the attribute macro `napi::bindgen_prelude::ctor` (in Nightly builds, run with -Z macro-backtrace for more info)
[INFO] [stdout] 
[INFO] [stdout] 
[INFO] [stdout] warning: unexpected `cfg` condition value: `noop`
[INFO] [stdout]   --> crates/native_binding/src/lib.rs:44:1
[INFO] [stdout]    |
[INFO] [stdout] 44 | #[napi]
[INFO] [stdout]    | ^^^^^^^
[INFO] [stdout]    |
[INFO] [stdout]    = note: no expected values for `feature`
[INFO] [stdout]    = note: using a cfg inside a attribute macro will use the cfgs from the destination crate and not the ones from the defining crate
[INFO] [stdout]    = help: try referring to `napi` crate for guidance on how handle this unexpected cfg
[INFO] [stdout]    = note: see <https://doc.rust-lang.org/nightly/rustc/check-cfg/cargo-specifics.html> for more information about checking conditional configuration
[INFO] [stdout]    = note: this warning originates in the attribute macro `napi` (in Nightly builds, run with -Z macro-backtrace for more info)
[INFO] [stdout] 
[INFO] [stdout] 
[INFO] [stdout] warning: unexpected `cfg` condition value: `used_linker`
[INFO] [stdout]   --> crates/native_binding/src/lib.rs:44:1
[INFO] [stdout]    |
[INFO] [stdout] 44 | #[napi]
[INFO] [stdout]    | ^^^^^^^
[INFO] [stdout]    |
[INFO] [stdout]    = note: no expected values for `feature`
[INFO] [stdout]    = note: using a cfg inside a attribute macro will use the cfgs from the destination crate and not the ones from the defining crate
[INFO] [stdout]    = help: try referring to `napi::bindgen_prelude::ctor` crate for guidance on how handle this unexpected cfg
[INFO] [stdout]    = note: see <https://doc.rust-lang.org/nightly/rustc/check-cfg/cargo-specifics.html> for more information about checking conditional configuration
[INFO] [stdout]    = note: this warning originates in the attribute macro `napi::bindgen_prelude::ctor` (in Nightly builds, run with -Z macro-backtrace for more info)
[INFO] [stdout] 
[INFO] [stdout] 
[INFO] [stdout] warning: unexpected `cfg` condition value: `noop`
[INFO] [stdout]   --> crates/native_binding/src/lib.rs:81:1
[INFO] [stdout]    |
[INFO] [stdout] 81 | #[napi]
[INFO] [stdout]    | ^^^^^^^
[INFO] [stdout]    |
[INFO] [stdout]    = note: no expected values for `feature`
[INFO] [stdout]    = note: using a cfg inside a attribute macro will use the cfgs from the destination crate and not the ones from the defining crate
[INFO] [stdout]    = help: try referring to `napi` crate for guidance on how handle this unexpected cfg
[INFO] [stdout]    = note: see <https://doc.rust-lang.org/nightly/rustc/check-cfg/cargo-specifics.html> for more information about checking conditional configuration
[INFO] [stdout]    = note: this warning originates in the attribute macro `napi` (in Nightly builds, run with -Z macro-backtrace for more info)
[INFO] [stdout] 
[INFO] [stdout] 
[INFO] [stdout] warning: unexpected `cfg` condition value: `used_linker`
[INFO] [stdout]   --> crates/native_binding/src/lib.rs:81:1
[INFO] [stdout]    |
[INFO] [stdout] 81 | #[napi]
[INFO] [stdout]    | ^^^^^^^
[INFO] [stdout]    |
[INFO] [stdout]    = note: no expected values for `feature`
[INFO] [stdout]    = note: using a cfg inside a attribute macro will use the cfgs from the destination crate and not the ones from the defining crate
[INFO] [stdout]    = help: try referring to `napi::bindgen_prelude::ctor` crate for guidance on how handle this unexpected cfg
[INFO] [stdout]    = note: see <https://doc.rust-lang.org/nightly/rustc/check-cfg/cargo-specifics.html> for more information about checking conditional configuration
[INFO] [stdout]    = note: this warning originates in the attribute macro `napi::bindgen_prelude::ctor` (in Nightly builds, run with -Z macro-backtrace for more info)
[INFO] [stdout] 
[INFO] [stdout] 
[INFO] [stdout] warning: unexpected `cfg` condition name: `debug_assert`
[INFO] [stdout]   --> crates/native_binding/src/lib.rs:10:1
[INFO] [stdout]    |
[INFO] [stdout] 10 | #[napi]
[INFO] [stdout]    | ^^^^^^^
[INFO] [stdout]    |
[INFO] [stdout]    = note: using a cfg inside a attribute macro will use the cfgs from the destination crate and not the ones from the defining crate
[INFO] [stdout]    = help: try referring to `napi` crate for guidance on how handle this unexpected cfg
[INFO] [stdout]    = note: see <https://doc.rust-lang.org/nightly/rustc/check-cfg/cargo-specifics.html> for more information about checking conditional configuration
[INFO] [stdout]    = note: this warning originates in the attribute macro `napi` (in Nightly builds, run with -Z macro-backtrace for more info)
[INFO] [stdout] 
[INFO] [stdout] 
[INFO] [stdout] warning: unexpected `cfg` condition name: `debug_assert`
[INFO] [stdout]   --> crates/native_binding/src/lib.rs:44:1
[INFO] [stdout]    |
[INFO] [stdout] 44 | #[napi]
[INFO] [stdout]    | ^^^^^^^
[INFO] [stdout]    |
[INFO] [stdout]    = note: using a cfg inside a attribute macro will use the cfgs from the destination crate and not the ones from the defining crate
[INFO] [stdout]    = help: try referring to `napi` crate for guidance on how handle this unexpected cfg
[INFO] [stdout]    = note: see <https://doc.rust-lang.org/nightly/rustc/check-cfg/cargo-specifics.html> for more information about checking conditional configuration
[INFO] [stdout]    = note: this warning originates in the attribute macro `napi` (in Nightly builds, run with -Z macro-backtrace for more info)
[INFO] [stdout] 
[INFO] [stdout] 
[INFO] [stdout] warning: unexpected `cfg` condition name: `debug_assert`
[INFO] [stdout]   --> crates/native_binding/src/lib.rs:81:1
[INFO] [stdout]    |
[INFO] [stdout] 81 | #[napi]
[INFO] [stdout]    | ^^^^^^^
[INFO] [stdout]    |
[INFO] [stdout]    = note: using a cfg inside a attribute macro will use the cfgs from the destination crate and not the ones from the defining crate
[INFO] [stdout]    = help: try referring to `napi` crate for guidance on how handle this unexpected cfg
[INFO] [stdout]    = note: see <https://doc.rust-lang.org/nightly/rustc/check-cfg/cargo-specifics.html> for more information about checking conditional configuration
[INFO] [stdout]    = note: this warning originates in the attribute macro `napi` (in Nightly builds, run with -Z macro-backtrace for more info)
[INFO] [stdout] 
[INFO] [stdout] 
[INFO] [stderr]    Compiling swc_ecma_visit v0.96.15
[INFO] [stderr]    Compiling swc_ecma_parser v0.141.33
[INFO] [stderr]    Compiling swc_ecma_codegen v0.146.47
[INFO] [stderr]    Compiling swc_plugin_proxy v0.39.15
[INFO] [stderr]    Compiling swc_ecma_utils v0.125.0
[INFO] [stderr]    Compiling swc_ecma_transforms_base v0.135.3
[INFO] [stderr]    Compiling swc_ecma_transforms_testing v0.138.3
[INFO] [stderr]    Compiling swc_plugin_compile_mode_pre_process v0.1.0 (/opt/rustwide/workdir/crates/swc_plugin_compile_mode_pre_process)
[INFO] [stderr]    Compiling swc_plugin_compile_mode v0.1.0 (/opt/rustwide/workdir/crates/swc_plugin_compile_mode)
[INFO] [stderr]    Compiling swc_plugin_define_config v0.2.0 (/opt/rustwide/workdir/crates/swc_plugin_define_config)
[INFO] [stderr]     Finished `dev` profile [unoptimized + debuginfo] target(s) in 2m 25s
[INFO] running `Command { std: "docker" "inspect" "d5ca1b04f4991c7477a784d7bc21eebc276de885ca088883e34c2eacd22cd82d", kill_on_drop: false }`
[INFO] running `Command { std: "docker" "exec" "-e" "SOURCE_DIR=/opt/rustwide/workdir" "-e" "CARGO_HOME=/opt/rustwide/cargo-home" "-e" "RUSTUP_HOME=/opt/rustwide/rustup-home" "-e" "CARGO_TARGET_DIR=/opt/rustwide/target" "-e" "CARGO_INCREMENTAL=0" "-e" "RUST_BACKTRACE=full" "-e" "RUSTFLAGS=--cap-lints=warn" "-e" "RUSTDOCFLAGS=--cap-lints=warn" "-w" "/opt/rustwide/workdir" "--user" "0:0" "d5ca1b04f4991c7477a784d7bc21eebc276de885ca088883e34c2eacd22cd82d" "/opt/rustwide/cargo-home/bin/cargo" "+1.99.0-beta.8" "test" "--frozen" "--no-run" "--message-format=json", kill_on_drop: false }`
[INFO] [stderr]    Compiling swc_core v0.87.7
[INFO] [stdout] warning: unexpected `cfg` condition value: `noop`
[INFO] [stdout]   --> crates/taro_init/src/constants.rs:85:1
[INFO] [stdout]    |
[INFO] [stdout] 85 | #[napi(string_enum)]
[INFO] [stdout]    | ^^^^^^^^^^^^^^^^^^^^
[INFO] [stdout]    |
[INFO] [stdout]    = note: no expected values for `feature`
[INFO] [stdout]    = note: using a cfg inside a attribute macro will use the cfgs from the destination crate and not the ones from the defining crate
[INFO] [stdout]    = help: try referring to `napi` crate for guidance on how handle this unexpected cfg
[INFO] [stdout]    = note: see <https://doc.rust-lang.org/nightly/rustc/check-cfg/cargo-specifics.html> for more information about checking conditional configuration
[INFO] [stdout]    = note: `#[warn(unexpected_cfgs)]` on by default
[INFO] [stdout]    = note: this warning originates in the attribute macro `napi` (in Nightly builds, run with -Z macro-backtrace for more info)
[INFO] [stdout] 
[INFO] [stdout] 
[INFO] [stdout] warning: unexpected `cfg` condition value: `used_linker`
[INFO] [stdout]   --> crates/taro_init/src/constants.rs:85:1
[INFO] [stdout]    |
[INFO] [stdout] 85 | #[napi(string_enum)]
[INFO] [stdout]    | ^^^^^^^^^^^^^^^^^^^^
[INFO] [stdout]    |
[INFO] [stdout]    = note: no expected values for `feature`
[INFO] [stdout]    = note: using a cfg inside a attribute macro will use the cfgs from the destination crate and not the ones from the defining crate
[INFO] [stdout]    = help: try referring to `napi::bindgen_prelude::ctor` crate for guidance on how handle this unexpected cfg
[INFO] [stdout]    = note: see <https://doc.rust-lang.org/nightly/rustc/check-cfg/cargo-specifics.html> for more information about checking conditional configuration
[INFO] [stdout]    = note: this warning originates in the attribute macro `napi::bindgen_prelude::ctor` (in Nightly builds, run with -Z macro-backtrace for more info)
[INFO] [stdout] 
[INFO] [stdout] 
[INFO] [stdout] warning: unexpected `cfg` condition value: `noop`
[INFO] [stdout]   --> crates/taro_init/src/constants.rs:94:1
[INFO] [stdout]    |
[INFO] [stdout] 94 | #[napi(string_enum)]
[INFO] [stdout]    | ^^^^^^^^^^^^^^^^^^^^
[INFO] [stdout]    |
[INFO] [stdout]    = note: no expected values for `feature`
[INFO] [stdout]    = note: using a cfg inside a attribute macro will use the cfgs from the destination crate and not the ones from the defining crate
[INFO] [stdout]    = help: try referring to `napi` crate for guidance on how handle this unexpected cfg
[INFO] [stdout]    = note: see <https://doc.rust-lang.org/nightly/rustc/check-cfg/cargo-specifics.html> for more information about checking conditional configuration
[INFO] [stdout]    = note: this warning originates in the attribute macro `napi` (in Nightly builds, run with -Z macro-backtrace for more info)
[INFO] [stdout] 
[INFO] [stdout] 
[INFO] [stdout] warning: unexpected `cfg` condition value: `used_linker`
[INFO] [stdout]   --> crates/taro_init/src/constants.rs:94:1
[INFO] [stdout]    |
[INFO] [stdout] 94 | #[napi(string_enum)]
[INFO] [stdout]    | ^^^^^^^^^^^^^^^^^^^^
[INFO] [stdout]    |
[INFO] [stdout]    = note: no expected values for `feature`
[INFO] [stdout]    = note: using a cfg inside a attribute macro will use the cfgs from the destination crate and not the ones from the defining crate
[INFO] [stdout]    = help: try referring to `napi::bindgen_prelude::ctor` crate for guidance on how handle this unexpected cfg
[INFO] [stdout]    = note: see <https://doc.rust-lang.org/nightly/rustc/check-cfg/cargo-specifics.html> for more information about checking conditional configuration
[INFO] [stdout]    = note: this warning originates in the attribute macro `napi::bindgen_prelude::ctor` (in Nightly builds, run with -Z macro-backtrace for more info)
[INFO] [stdout] 
[INFO] [stdout] 
[INFO] [stdout] warning: unexpected `cfg` condition value: `noop`
[INFO] [stdout]    --> crates/taro_init/src/constants.rs:104:1
[INFO] [stdout]     |
[INFO] [stdout] 104 | #[napi(string_enum)]
[INFO] [stdout]     | ^^^^^^^^^^^^^^^^^^^^
[INFO] [stdout]     |
[INFO] [stdout]     = note: no expected values for `feature`
[INFO] [stdout]     = note: using a cfg inside a attribute macro will use the cfgs from the destination crate and not the ones from the defining crate
[INFO] [stdout]     = help: try referring to `napi` crate for guidance on how handle this unexpected cfg
[INFO] [stdout]     = note: see <https://doc.rust-lang.org/nightly/rustc/check-cfg/cargo-specifics.html> for more information about checking conditional configuration
[INFO] [stdout]     = note: this warning originates in the attribute macro `napi` (in Nightly builds, run with -Z macro-backtrace for more info)
[INFO] [stdout] 
[INFO] [stdout] 
[INFO] [stdout] warning: unexpected `cfg` condition value: `used_linker`
[INFO] [stdout]    --> crates/taro_init/src/constants.rs:104:1
[INFO] [stdout]     |
[INFO] [stdout] 104 | #[napi(string_enum)]
[INFO] [stdout]     | ^^^^^^^^^^^^^^^^^^^^
[INFO] [stdout]     |
[INFO] [stdout]     = note: no expected values for `feature`
[INFO] [stdout]     = note: using a cfg inside a attribute macro will use the cfgs from the destination crate and not the ones from the defining crate
[INFO] [stdout]     = help: try referring to `napi::bindgen_prelude::ctor` crate for guidance on how handle this unexpected cfg
[INFO] [stdout]     = note: see <https://doc.rust-lang.org/nightly/rustc/check-cfg/cargo-specifics.html> for more information about checking conditional configuration
[INFO] [stdout]     = note: this warning originates in the attribute macro `napi::bindgen_prelude::ctor` (in Nightly builds, run with -Z macro-backtrace for more info)
[INFO] [stdout] 
[INFO] [stdout] 
[INFO] [stdout] warning: unexpected `cfg` condition value: `noop`
[INFO] [stdout]    --> crates/taro_init/src/constants.rs:113:1
[INFO] [stdout]     |
[INFO] [stdout] 113 | #[napi(string_enum)]
[INFO] [stdout]     | ^^^^^^^^^^^^^^^^^^^^
[INFO] [stdout]     |
[INFO] [stdout]     = note: no expected values for `feature`
[INFO] [stdout]     = note: using a cfg inside a attribute macro will use the cfgs from the destination crate and not the ones from the defining crate
[INFO] [stdout]     = help: try referring to `napi` crate for guidance on how handle this unexpected cfg
[INFO] [stdout]     = note: see <https://doc.rust-lang.org/nightly/rustc/check-cfg/cargo-specifics.html> for more information about checking conditional configuration
[INFO] [stdout]     = note: this warning originates in the attribute macro `napi` (in Nightly builds, run with -Z macro-backtrace for more info)
[INFO] [stdout] 
[INFO] [stdout] 
[INFO] [stdout] warning: unexpected `cfg` condition value: `used_linker`
[INFO] [stdout]    --> crates/taro_init/src/constants.rs:113:1
[INFO] [stdout]     |
[INFO] [stdout] 113 | #[napi(string_enum)]
[INFO] [stdout]     | ^^^^^^^^^^^^^^^^^^^^
[INFO] [stdout]     |
[INFO] [stdout]     = note: no expected values for `feature`
[INFO] [stdout]     = note: using a cfg inside a attribute macro will use the cfgs from the destination crate and not the ones from the defining crate
[INFO] [stdout]     = help: try referring to `napi::bindgen_prelude::ctor` crate for guidance on how handle this unexpected cfg
[INFO] [stdout]     = note: see <https://doc.rust-lang.org/nightly/rustc/check-cfg/cargo-specifics.html> for more information about checking conditional configuration
[INFO] [stdout]     = note: this warning originates in the attribute macro `napi::bindgen_prelude::ctor` (in Nightly builds, run with -Z macro-backtrace for more info)
[INFO] [stdout] 
[INFO] [stdout] 
[INFO] [stdout] warning: unexpected `cfg` condition value: `noop`
[INFO] [stdout]    --> crates/taro_init/src/constants.rs:121:1
[INFO] [stdout]     |
[INFO] [stdout] 121 | #[napi(string_enum)]
[INFO] [stdout]     | ^^^^^^^^^^^^^^^^^^^^
[INFO] [stdout]     |
[INFO] [stdout]     = note: no expected values for `feature`
[INFO] [stdout]     = note: using a cfg inside a attribute macro will use the cfgs from the destination crate and not the ones from the defining crate
[INFO] [stdout]     = help: try referring to `napi` crate for guidance on how handle this unexpected cfg
[INFO] [stdout]     = note: see <https://doc.rust-lang.org/nightly/rustc/check-cfg/cargo-specifics.html> for more information about checking conditional configuration
[INFO] [stdout]     = note: this warning originates in the attribute macro `napi` (in Nightly builds, run with -Z macro-backtrace for more info)
[INFO] [stdout] 
[INFO] [stdout] 
[INFO] [stdout] warning: unexpected `cfg` condition value: `used_linker`
[INFO] [stdout]    --> crates/taro_init/src/constants.rs:121:1
[INFO] [stdout]     |
[INFO] [stdout] 121 | #[napi(string_enum)]
[INFO] [stdout]     | ^^^^^^^^^^^^^^^^^^^^
[INFO] [stdout]     |
[INFO] [stdout]     = note: no expected values for `feature`
[INFO] [stdout]     = note: using a cfg inside a attribute macro will use the cfgs from the destination crate and not the ones from the defining crate
[INFO] [stdout]     = help: try referring to `napi::bindgen_prelude::ctor` crate for guidance on how handle this unexpected cfg
[INFO] [stdout]     = note: see <https://doc.rust-lang.org/nightly/rustc/check-cfg/cargo-specifics.html> for more information about checking conditional configuration
[INFO] [stdout]     = note: this warning originates in the attribute macro `napi::bindgen_prelude::ctor` (in Nightly builds, run with -Z macro-backtrace for more info)
[INFO] [stdout] 
[INFO] [stdout] 
[INFO] [stdout] warning: unexpected `cfg` condition value: `noop`
[INFO] [stdout]    --> crates/taro_init/src/creator.rs:106:1
[INFO] [stdout]     |
[INFO] [stdout] 106 | #[napi(constructor)]
[INFO] [stdout]     | ^^^^^^^^^^^^^^^^^^^^
[INFO] [stdout]     |
[INFO] [stdout]     = note: no expected values for `feature`
[INFO] [stdout]     = note: using a cfg inside a attribute macro will use the cfgs from the destination crate and not the ones from the defining crate
[INFO] [stdout]     = help: try referring to `napi` crate for guidance on how handle this unexpected cfg
[INFO] [stdout]     = note: see <https://doc.rust-lang.org/nightly/rustc/check-cfg/cargo-specifics.html> for more information about checking conditional configuration
[INFO] [stdout]     = note: this warning originates in the attribute macro `napi` (in Nightly builds, run with -Z macro-backtrace for more info)
[INFO] [stdout] 
[INFO] [stdout] 
[INFO] [stdout] warning: unexpected `cfg` condition value: `used_linker`
[INFO] [stdout]    --> crates/taro_init/src/creator.rs:106:1
[INFO] [stdout]     |
[INFO] [stdout] 106 | #[napi(constructor)]
[INFO] [stdout]     | ^^^^^^^^^^^^^^^^^^^^
[INFO] [stdout]     |
[INFO] [stdout]     = note: no expected values for `feature`
[INFO] [stdout]     = note: using a cfg inside a attribute macro will use the cfgs from the destination crate and not the ones from the defining crate
[INFO] [stdout]     = help: try referring to `napi::bindgen_prelude::ctor` crate for guidance on how handle this unexpected cfg
[INFO] [stdout]     = note: see <https://doc.rust-lang.org/nightly/rustc/check-cfg/cargo-specifics.html> for more information about checking conditional configuration
[INFO] [stdout]     = note: this warning originates in the attribute macro `napi::bindgen_prelude::ctor` (in Nightly builds, run with -Z macro-backtrace for more info)
[INFO] [stdout] 
[INFO] [stdout] 
[INFO] [stdout] warning: unexpected `cfg` condition value: `noop`
[INFO] [stdout]    --> crates/taro_init/src/creator.rs:112:1
[INFO] [stdout]     |
[INFO] [stdout] 112 | #[napi]
[INFO] [stdout]     | ^^^^^^^
[INFO] [stdout]     |
[INFO] [stdout]     = note: no expected values for `feature`
[INFO] [stdout]     = note: using a cfg inside a attribute macro will use the cfgs from the destination crate and not the ones from the defining crate
[INFO] [stdout]     = help: try referring to `napi` crate for guidance on how handle this unexpected cfg
[INFO] [stdout]     = note: see <https://doc.rust-lang.org/nightly/rustc/check-cfg/cargo-specifics.html> for more information about checking conditional configuration
[INFO] [stdout]     = note: this warning originates in the attribute macro `napi` (in Nightly builds, run with -Z macro-backtrace for more info)
[INFO] [stdout] 
[INFO] [stdout] 
[INFO] [stdout] warning: unexpected `cfg` condition value: `used_linker`
[INFO] [stdout]    --> crates/taro_init/src/creator.rs:112:1
[INFO] [stdout]     |
[INFO] [stdout] 112 | #[napi]
[INFO] [stdout]     | ^^^^^^^
[INFO] [stdout]     |
[INFO] [stdout]     = note: no expected values for `feature`
[INFO] [stdout]     = note: using a cfg inside a attribute macro will use the cfgs from the destination crate and not the ones from the defining crate
[INFO] [stdout]     = help: try referring to `napi::bindgen_prelude::ctor` crate for guidance on how handle this unexpected cfg
[INFO] [stdout]     = note: see <https://doc.rust-lang.org/nightly/rustc/check-cfg/cargo-specifics.html> for more information about checking conditional configuration
[INFO] [stdout]     = note: this warning originates in the attribute macro `napi::bindgen_prelude::ctor` (in Nightly builds, run with -Z macro-backtrace for more info)
[INFO] [stdout] 
[INFO] [stdout] 
[INFO] [stdout] warning: unexpected `cfg` condition name: `debug_assert`
[INFO] [stdout]    --> crates/taro_init/src/creator.rs:112:1
[INFO] [stdout]     |
[INFO] [stdout] 112 | #[napi]
[INFO] [stdout]     | ^^^^^^^
[INFO] [stdout]     |
[INFO] [stdout]     = note: using a cfg inside a attribute macro will use the cfgs from the destination crate and not the ones from the defining crate
[INFO] [stdout]     = help: try referring to `napi` crate for guidance on how handle this unexpected cfg
[INFO] [stdout]     = note: see <https://doc.rust-lang.org/nightly/rustc/check-cfg/cargo-specifics.html> for more information about checking conditional configuration
[INFO] [stdout]     = note: this warning originates in the attribute macro `napi` (in Nightly builds, run with -Z macro-backtrace for more info)
[INFO] [stdout] 
[INFO] [stdout] 
[INFO] [stderr]    Compiling taro_init v0.0.1 (/opt/rustwide/workdir/crates/taro_init)
[INFO] [stderr]    Compiling taro_binding v0.1.0 (/opt/rustwide/workdir/crates/native_binding)
[INFO] [stdout] warning: unexpected `cfg` condition value: `noop`
[INFO] [stdout]   --> crates/native_binding/src/lib.rs:10:1
[INFO] [stdout]    |
[INFO] [stdout] 10 | #[napi]
[INFO] [stdout]    | ^^^^^^^
[INFO] [stdout]    |
[INFO] [stdout]    = note: no expected values for `feature`
[INFO] [stdout]    = note: using a cfg inside a attribute macro will use the cfgs from the destination crate and not the ones from the defining crate
[INFO] [stdout]    = help: try referring to `napi` crate for guidance on how handle this unexpected cfg
[INFO] [stdout]    = note: see <https://doc.rust-lang.org/nightly/rustc/check-cfg/cargo-specifics.html> for more information about checking conditional configuration
[INFO] [stdout]    = note: `#[warn(unexpected_cfgs)]` on by default
[INFO] [stdout]    = note: this warning originates in the attribute macro `napi` (in Nightly builds, run with -Z macro-backtrace for more info)
[INFO] [stdout] 
[INFO] [stdout] 
[INFO] [stdout] warning: unexpected `cfg` condition value: `noop`
[INFO] [stdout]   --> crates/native_binding/src/lib.rs:44:1
[INFO] [stdout]    |
[INFO] [stdout] 44 | #[napi]
[INFO] [stdout]    | ^^^^^^^
[INFO] [stdout]    |
[INFO] [stdout]    = note: no expected values for `feature`
[INFO] [stdout]    = note: using a cfg inside a attribute macro will use the cfgs from the destination crate and not the ones from the defining crate
[INFO] [stdout]    = help: try referring to `napi` crate for guidance on how handle this unexpected cfg
[INFO] [stdout]    = note: see <https://doc.rust-lang.org/nightly/rustc/check-cfg/cargo-specifics.html> for more information about checking conditional configuration
[INFO] [stdout]    = note: this warning originates in the attribute macro `napi` (in Nightly builds, run with -Z macro-backtrace for more info)
[INFO] [stdout] 
[INFO] [stdout] 
[INFO] [stdout] warning: unexpected `cfg` condition value: `noop`
[INFO] [stdout]   --> crates/native_binding/src/lib.rs:81:1
[INFO] [stdout]    |
[INFO] [stdout] 81 | #[napi]
[INFO] [stdout]    | ^^^^^^^
[INFO] [stdout]    |
[INFO] [stdout]    = note: no expected values for `feature`
[INFO] [stdout]    = note: using a cfg inside a attribute macro will use the cfgs from the destination crate and not the ones from the defining crate
[INFO] [stdout]    = help: try referring to `napi` crate for guidance on how handle this unexpected cfg
[INFO] [stdout]    = note: see <https://doc.rust-lang.org/nightly/rustc/check-cfg/cargo-specifics.html> for more information about checking conditional configuration
[INFO] [stdout]    = note: this warning originates in the attribute macro `napi` (in Nightly builds, run with -Z macro-backtrace for more info)
[INFO] [stdout] 
[INFO] [stdout] 
[INFO] [stdout] warning: unexpected `cfg` condition name: `debug_assert`
[INFO] [stdout]   --> crates/native_binding/src/lib.rs:10:1
[INFO] [stdout]    |
[INFO] [stdout] 10 | #[napi]
[INFO] [stdout]    | ^^^^^^^
[INFO] [stdout]    |
[INFO] [stdout]    = note: using a cfg inside a attribute macro will use the cfgs from the destination crate and not the ones from the defining crate
[INFO] [stdout]    = help: try referring to `napi` crate for guidance on how handle this unexpected cfg
[INFO] [stdout]    = note: see <https://doc.rust-lang.org/nightly/rustc/check-cfg/cargo-specifics.html> for more information about checking conditional configuration
[INFO] [stdout]    = note: this warning originates in the attribute macro `napi` (in Nightly builds, run with -Z macro-backtrace for more info)
[INFO] [stdout] 
[INFO] [stdout] 
[INFO] [stdout] warning: unexpected `cfg` condition name: `debug_assert`
[INFO] [stdout]   --> crates/native_binding/src/lib.rs:44:1
[INFO] [stdout]    |
[INFO] [stdout] 44 | #[napi]
[INFO] [stdout]    | ^^^^^^^
[INFO] [stdout]    |
[INFO] [stdout]    = note: using a cfg inside a attribute macro will use the cfgs from the destination crate and not the ones from the defining crate
[INFO] [stdout]    = help: try referring to `napi` crate for guidance on how handle this unexpected cfg
[INFO] [stdout]    = note: see <https://doc.rust-lang.org/nightly/rustc/check-cfg/cargo-specifics.html> for more information about checking conditional configuration
[INFO] [stdout]    = note: this warning originates in the attribute macro `napi` (in Nightly builds, run with -Z macro-backtrace for more info)
[INFO] [stdout] 
[INFO] [stdout] 
[INFO] [stdout] warning: unexpected `cfg` condition name: `debug_assert`
[INFO] [stdout]   --> crates/native_binding/src/lib.rs:81:1
[INFO] [stdout]    |
[INFO] [stdout] 81 | #[napi]
[INFO] [stdout]    | ^^^^^^^
[INFO] [stdout]    |
[INFO] [stdout]    = note: using a cfg inside a attribute macro will use the cfgs from the destination crate and not the ones from the defining crate
[INFO] [stdout]    = help: try referring to `napi` crate for guidance on how handle this unexpected cfg
[INFO] [stdout]    = note: see <https://doc.rust-lang.org/nightly/rustc/check-cfg/cargo-specifics.html> for more information about checking conditional configuration
[INFO] [stdout]    = note: this warning originates in the attribute macro `napi` (in Nightly builds, run with -Z macro-backtrace for more info)
[INFO] [stdout] 
[INFO] [stdout] 
[INFO] [stdout] warning: unexpected `cfg` condition value: `noop`
[INFO] [stdout]   --> crates/taro_init/src/constants.rs:85:1
[INFO] [stdout]    |
[INFO] [stdout] 85 | #[napi(string_enum)]
[INFO] [stdout]    | ^^^^^^^^^^^^^^^^^^^^
[INFO] [stdout]    |
[INFO] [stdout]    = note: no expected values for `feature`
[INFO] [stdout]    = note: using a cfg inside a attribute macro will use the cfgs from the destination crate and not the ones from the defining crate
[INFO] [stdout]    = help: try referring to `napi` crate for guidance on how handle this unexpected cfg
[INFO] [stdout]    = note: see <https://doc.rust-lang.org/nightly/rustc/check-cfg/cargo-specifics.html> for more information about checking conditional configuration
[INFO] [stdout]    = note: `#[warn(unexpected_cfgs)]` on by default
[INFO] [stdout]    = note: this warning originates in the attribute macro `napi` (in Nightly builds, run with -Z macro-backtrace for more info)
[INFO] [stdout] 
[INFO] [stdout] 
[INFO] [stdout] warning: unexpected `cfg` condition value: `noop`
[INFO] [stdout]   --> crates/taro_init/src/constants.rs:94:1
[INFO] [stdout]    |
[INFO] [stdout] 94 | #[napi(string_enum)]
[INFO] [stdout]    | ^^^^^^^^^^^^^^^^^^^^
[INFO] [stdout]    |
[INFO] [stdout]    = note: no expected values for `feature`
[INFO] [stdout]    = note: using a cfg inside a attribute macro will use the cfgs from the destination crate and not the ones from the defining crate
[INFO] [stdout]    = help: try referring to `napi` crate for guidance on how handle this unexpected cfg
[INFO] [stdout]    = note: see <https://doc.rust-lang.org/nightly/rustc/check-cfg/cargo-specifics.html> for more information about checking conditional configuration
[INFO] [stdout]    = note: this warning originates in the attribute macro `napi` (in Nightly builds, run with -Z macro-backtrace for more info)
[INFO] [stdout] 
[INFO] [stdout] 
[INFO] [stdout] warning: unexpected `cfg` condition value: `noop`
[INFO] [stdout]    --> crates/taro_init/src/constants.rs:104:1
[INFO] [stdout]     |
[INFO] [stdout] 104 | #[napi(string_enum)]
[INFO] [stdout]     | ^^^^^^^^^^^^^^^^^^^^
[INFO] [stdout]     |
[INFO] [stdout]     = note: no expected values for `feature`
[INFO] [stdout]     = note: using a cfg inside a attribute macro will use the cfgs from the destination crate and not the ones from the defining crate
[INFO] [stdout]     = help: try referring to `napi` crate for guidance on how handle this unexpected cfg
[INFO] [stdout]     = note: see <https://doc.rust-lang.org/nightly/rustc/check-cfg/cargo-specifics.html> for more information about checking conditional configuration
[INFO] [stdout]     = note: this warning originates in the attribute macro `napi` (in Nightly builds, run with -Z macro-backtrace for more info)
[INFO] [stdout] 
[INFO] [stdout] 
[INFO] [stdout] warning: unexpected `cfg` condition value: `noop`
[INFO] [stdout]    --> crates/taro_init/src/constants.rs:113:1
[INFO] [stdout]     |
[INFO] [stdout] 113 | #[napi(string_enum)]
[INFO] [stdout]     | ^^^^^^^^^^^^^^^^^^^^
[INFO] [stdout]     |
[INFO] [stdout]     = note: no expected values for `feature`
[INFO] [stdout]     = note: using a cfg inside a attribute macro will use the cfgs from the destination crate and not the ones from the defining crate
[INFO] [stdout]     = help: try referring to `napi` crate for guidance on how handle this unexpected cfg
[INFO] [stdout]     = note: see <https://doc.rust-lang.org/nightly/rustc/check-cfg/cargo-specifics.html> for more information about checking conditional configuration
[INFO] [stdout]     = note: this warning originates in the attribute macro `napi` (in Nightly builds, run with -Z macro-backtrace for more info)
[INFO] [stdout] 
[INFO] [stdout] 
[INFO] [stdout] warning: unexpected `cfg` condition value: `noop`
[INFO] [stdout]    --> crates/taro_init/src/constants.rs:121:1
[INFO] [stdout]     |
[INFO] [stdout] 121 | #[napi(string_enum)]
[INFO] [stdout]     | ^^^^^^^^^^^^^^^^^^^^
[INFO] [stdout]     |
[INFO] [stdout]     = note: no expected values for `feature`
[INFO] [stdout]     = note: using a cfg inside a attribute macro will use the cfgs from the destination crate and not the ones from the defining crate
[INFO] [stdout]     = help: try referring to `napi` crate for guidance on how handle this unexpected cfg
[INFO] [stdout]     = note: see <https://doc.rust-lang.org/nightly/rustc/check-cfg/cargo-specifics.html> for more information about checking conditional configuration
[INFO] [stdout]     = note: this warning originates in the attribute macro `napi` (in Nightly builds, run with -Z macro-backtrace for more info)
[INFO] [stdout] 
[INFO] [stdout] 
[INFO] [stdout] warning: unexpected `cfg` condition value: `noop`
[INFO] [stdout]    --> crates/taro_init/src/creator.rs:106:1
[INFO] [stdout]     |
[INFO] [stdout] 106 | #[napi(constructor)]
[INFO] [stdout]     | ^^^^^^^^^^^^^^^^^^^^
[INFO] [stdout]     |
[INFO] [stdout]     = note: no expected values for `feature`
[INFO] [stdout]     = note: using a cfg inside a attribute macro will use the cfgs from the destination crate and not the ones from the defining crate
[INFO] [stdout]     = help: try referring to `napi` crate for guidance on how handle this unexpected cfg
[INFO] [stdout]     = note: see <https://doc.rust-lang.org/nightly/rustc/check-cfg/cargo-specifics.html> for more information about checking conditional configuration
[INFO] [stdout]     = note: this warning originates in the attribute macro `napi` (in Nightly builds, run with -Z macro-backtrace for more info)
[INFO] [stdout] 
[INFO] [stdout] 
[INFO] [stdout] warning: unexpected `cfg` condition value: `noop`
[INFO] [stdout]    --> crates/taro_init/src/creator.rs:112:1
[INFO] [stdout]     |
[INFO] [stdout] 112 | #[napi]
[INFO] [stdout]     | ^^^^^^^
[INFO] [stdout]     |
[INFO] [stdout]     = note: no expected values for `feature`
[INFO] [stdout]     = note: using a cfg inside a attribute macro will use the cfgs from the destination crate and not the ones from the defining crate
[INFO] [stdout]     = help: try referring to `napi` crate for guidance on how handle this unexpected cfg
[INFO] [stdout]     = note: see <https://doc.rust-lang.org/nightly/rustc/check-cfg/cargo-specifics.html> for more information about checking conditional configuration
[INFO] [stdout]     = note: this warning originates in the attribute macro `napi` (in Nightly builds, run with -Z macro-backtrace for more info)
[INFO] [stdout] 
[INFO] [stdout] 
[INFO] [stdout] warning: unexpected `cfg` condition name: `debug_assert`
[INFO] [stdout]    --> crates/taro_init/src/creator.rs:112:1
[INFO] [stdout]     |
[INFO] [stdout] 112 | #[napi]
[INFO] [stdout]     | ^^^^^^^
[INFO] [stdout]     |
[INFO] [stdout]     = note: using a cfg inside a attribute macro will use the cfgs from the destination crate and not the ones from the defining crate
[INFO] [stdout]     = help: try referring to `napi` crate for guidance on how handle this unexpected cfg
[INFO] [stdout]     = note: see <https://doc.rust-lang.org/nightly/rustc/check-cfg/cargo-specifics.html> for more information about checking conditional configuration
[INFO] [stdout]     = note: this warning originates in the attribute macro `napi` (in Nightly builds, run with -Z macro-backtrace for more info)
[INFO] [stdout] 
[INFO] [stdout] 
[INFO] [stderr]    Compiling swc_plugin_compile_mode_pre_process v0.1.0 (/opt/rustwide/workdir/crates/swc_plugin_compile_mode_pre_process)
[INFO] [stderr]    Compiling swc_plugin_compile_mode v0.1.0 (/opt/rustwide/workdir/crates/swc_plugin_compile_mode)
[INFO] [stderr]    Compiling swc_plugin_define_config v0.2.0 (/opt/rustwide/workdir/crates/swc_plugin_define_config)
[INFO] [stdout] error: linking with `cc` failed: exit status: 1
[INFO] [stdout]   |
[INFO] [stdout]   = note:  "cc" "-m64" "/opt/rustwide/target/debug/deps/rustcol262U/symbols.o" "<5 object files omitted>" "-Wl,--as-needed" "-Wl,-Bstatic" "<sysroot>/lib/rustlib/x86_64-unknown-linux-gnu/lib/{libtest-*,libgetopts-*,librustc_std_workspace_std-*}.rlib" "/opt/rustwide/target/debug/deps/{libtaro_init-e4927282cb149dc0,libspinners-cc42975e7e18b335,libmaplit-f141af93a08d6c7e,libstrum-cce3549802565cf0,libconsole-d364bde4f2dc646b,libunicode_width-affb1d25ef114124,libanyhow-fce70270f04766e1,libhandlebars_misc_helpers-2f948e804673f201,libenquote-dd72d01f119a49fc,libserde_yaml-50edc5e549fa16cd,libunsafe_libyaml-bea94bb8f8b5cbc0,libcruet-f4cff8e22edc64ac,libregex-dd19385382b5d825,libregex_automata-afef10454e60083d,libaho_corasick-2ebf730bbd70a17f,libregex_syntax-493f5c90e53c4ba0,libtoml-18ceaa17e5def82e,libtoml_edit-f5670b6a10cc6721,libserde_spanned-11530164a52418b6,libwinnow-943f35e66180dc81,libtoml_datetime-66fc5d65d41dcd39,libindexmap-aa41d0b7e7e86d0e,libequivalent-487f93f8f6ab5e5b,libhashbrown-4d78fb2fe3afee13,libjmespath-4333835b746304f2,liblazy_static-af860367908b8176,libattohttpc-48c84cfbda50208a,libwebpki_roots-da6c00699c81e448,libflate2-474421654db8a78f,libminiz_oxide-0697485f201c7561,libadler-8a8ce72c9fb247b6,libcrc32fast-b1b13fb2b4f6e9b8,libhttp-92c13e3b53922df1,libfnv-79e2cbfbe03dcd16,liburl-6f30df90ea7bfeaa,libidna-758a2776ed16b8e7,libunicode_normalization-722b9cbf2786e917,libtinyvec-c98dfb84ce78a9e8,libtinyvec_macros-7b77ea21c73594ca,libunicode_bidi-7a255a92f016f850,libform_urlencoded-48069ad4ff13b53d,libpercent_encoding-af9df9186596bd92,librustls-7039bd0f140e02d2,libsct-78f1e50249de3d56,libwebpki-fac78c7f8125ed8d,libring-4fa76d721a374bf7,libgetrandom-a95d5bd965449fe0,libcfg_if-3e7fc4e38d4a72b5,libspin-77da57a1b47d23a3,libuntrusted-b2f816886faf2178,libhandlebars-2ab8b8d0d351a819,libpest-24a3fdf92cf46ccb,libucd_trie-666022523355d16f,libthiserror-4c6555e59217d174,libserde_json-2503cf2c28fdd1c6,libitoa-999a18e29041b8b9,libryu-1d56220ec609daf5,libserde-e0614aec6e6dbcc1,liblog-9e77c5346729da41,libfutures-6bedd615e55f9c31,libfutures_executor-baf395de90a4815d,libfutures_util-9036d7f1fa246b34,libmemchr-d8112fc1e1cdd527,libfutures_io-15f510aebc68962e,libslab-1d6e3276f95c46da,libfutures_channel-18ff196414649efc,libfutures_sink-bfbbbc7bce12d32f,libfutures_task-7735bb2404c6e6f3,libpin_utils-3860774ad9b215b5,libfutures_core-451bff7c303527ba,libnapi-524e4ace12bee220,libnapi_sys-6cdcbd3729d6fd25,libbitflags-d74e6b3e2104145d,libonce_cell-a1d7742f74efe1da,libtokio-63354f4bc32c1b43,libsignal_hook_registry-b52c5697ec0d71e4,libnum_cpus-8bd62ff6502aa6ef,libbytes-0cbd1c7110a1e56d,libmio-87d53371cade3612,liblibc-6d05f80e439c2e2e,libpin_project_lite-b342d85da484cd05}.rlib" "<sysroot>/lib/rustlib/x86_64-unknown-linux-gnu/lib/{libstd-*,libpanic_unwind-*,libobject-*,libmemchr-*,libaddr2line-*,libgimli-*,libcfg_if-*,librustc_demangle-*,libstd_detect-*,libhashbrown-*,librustc_std_workspace_alloc-*,libminiz_oxide-*,libadler2-*,libunwind-*,liblibc-*,librustc_std_workspace_core-*,liballoc-*,libcore-*,libcompiler_builtins-*}.rlib" "-Wl,-Bdynamic" "-lgcc_s" "-lutil" "-lrt" "-lpthread" "-lm" "-ldl" "-lc" "-L" "/opt/rustwide/target/debug/deps/rustcol262U/raw-dylibs" "-B<sysroot>/lib/rustlib/x86_64-unknown-linux-gnu/bin/gcc-ld" "-fuse-ld=lld" "-Wl,--eh-frame-hdr" "-Wl,-z,noexecstack" "-L" "/opt/rustwide/target/debug/build/ring-14ed998e837fabdf/out" "-L" "<sysroot>/lib/rustlib/x86_64-unknown-linux-gnu/lib" "-o" "/opt/rustwide/target/debug/deps/taro_binding-bf157f1fb38810cd" "-Wl,--gc-sections" "-pie" "-Wl,-z,relro,-z,now" "-nodefaultlibs"
[INFO] [stdout]   = note: some arguments are omitted. use `--verbose` to show all linker arguments
[INFO] [stdout]   = note: rust-lld: error: undefined symbol: napi_create_reference
[INFO] [stdout]           >>> referenced by creator.rs:112 (crates/taro_init/src/creator.rs:112)
[INFO] [stdout]           >>>               taro_init-e4927282cb149dc0.taro_init.9607d17c25274ed-cgu.02.rcgu.o:(taro_init::creator::__napi_impl_helper__Creator__0::__napi__create_file_from_template::{closure#0}::{closure#0}) in archive /opt/rustwide/target/debug/deps/libtaro_init-e4927282cb149dc0.rlib
[INFO] [stdout]           >>> referenced by callback_info.rs:70 (/opt/rustwide/cargo-home/registry/src/index.crates.io-1949cf8c6b5b557f/napi-2.15.2/src/bindgen_runtime/callback_info.rs:70)
[INFO] [stdout]           >>>               taro_init-e4927282cb149dc0.taro_init.9607d17c25274ed-cgu.07.rcgu.o:(<napi::bindgen_runtime::callback_info::CallbackInfo<0>>::new) in archive /opt/rustwide/target/debug/deps/libtaro_init-e4927282cb149dc0.rlib
[INFO] [stdout]           >>> referenced by callback_info.rs:70 (/opt/rustwide/cargo-home/registry/src/index.crates.io-1949cf8c6b5b557f/napi-2.15.2/src/bindgen_runtime/callback_info.rs:70)
[INFO] [stdout]           >>>               taro_init-e4927282cb149dc0.taro_init.9607d17c25274ed-cgu.07.rcgu.o:(<napi::bindgen_runtime::callback_info::CallbackInfo<1>>::new) in archive /opt/rustwide/target/debug/deps/libtaro_init-e4927282cb149dc0.rlib
[INFO] [stdout]           >>> referenced 3 more times
[INFO] [stdout]           
[INFO] [stdout]           rust-lld: error: undefined symbol: napi_reference_unref
[INFO] [stdout]           >>> referenced by creator.rs:112 (crates/taro_init/src/creator.rs:112)
[INFO] [stdout]           >>>               taro_init-e4927282cb149dc0.taro_init.9607d17c25274ed-cgu.02.rcgu.o:(<taro_init::creator::__napi_impl_helper__Creator__0::__napi__create_file_from_template::{closure#0}::NapiRefContainer>::drop) in archive /opt/rustwide/target/debug/deps/libtaro_init-e4927282cb149dc0.rlib
[INFO] [stdout]           
[INFO] [stdout]           rust-lld: error: undefined symbol: napi_delete_reference
[INFO] [stdout]           >>> referenced by creator.rs:112 (crates/taro_init/src/creator.rs:112)
[INFO] [stdout]           >>>               taro_init-e4927282cb149dc0.taro_init.9607d17c25274ed-cgu.02.rcgu.o:(<taro_init::creator::__napi_impl_helper__Creator__0::__napi__create_file_from_template::{closure#0}::NapiRefContainer>::drop) in archive /opt/rustwide/target/debug/deps/libtaro_init-e4927282cb149dc0.rlib
[INFO] [stdout]           >>> referenced by mod.rs:62 (/opt/rustwide/cargo-home/registry/src/index.crates.io-1949cf8c6b5b557f/napi-2.15.2/src/bindgen_runtime/mod.rs:62)
[INFO] [stdout]           >>>               taro_init-e4927282cb149dc0.taro_init.9607d17c25274ed-cgu.07.rcgu.o:(napi::bindgen_runtime::raw_finalize_unchecked::<taro_init::creator::Creator>) in archive /opt/rustwide/target/debug/deps/libtaro_init-e4927282cb149dc0.rlib
[INFO] [stdout]           >>> referenced by value_ref.rs:61 (/opt/rustwide/cargo-home/registry/src/index.crates.io-1949cf8c6b5b557f/napi-2.15.2/src/bindgen_runtime/js_values/value_ref.rs:61)
[INFO] [stdout]           >>>               taro_init-e4927282cb149dc0.taro_init.9607d17c25274ed-cgu.13.rcgu.o:(<napi::bindgen_runtime::js_values::value_ref::Reference<taro_init::creator::Creator>>::add_ref::{closure#0}) in archive /opt/rustwide/target/debug/deps/libtaro_init-e4927282cb149dc0.rlib
[INFO] [stdout]           >>> referenced 1 more times
[INFO] [stdout]           
[INFO] [stdout]           rust-lld: error: undefined symbol: napi_create_object
[INFO] [stdout]           >>> referenced by constants.rs:85 (crates/taro_init/src/constants.rs:85)
[INFO] [stdout]           >>>               taro_init-e4927282cb149dc0.taro_init.9607d17c25274ed-cgu.05.rcgu.o:(taro_init::constants::__register__enum__CSSType_callback__) in archive /opt/rustwide/target/debug/deps/libtaro_init-e4927282cb149dc0.rlib
[INFO] [stdout]           >>> referenced by constants.rs:104 (crates/taro_init/src/constants.rs:104)
[INFO] [stdout]           >>>               taro_init-e4927282cb149dc0.taro_init.9607d17c25274ed-cgu.05.rcgu.o:(taro_init::constants::__register__enum__NpmType_callback__) in archive /opt/rustwide/target/debug/deps/libtaro_init-e4927282cb149dc0.rlib
[INFO] [stdout]           >>> referenced by constants.rs:121 (crates/taro_init/src/constants.rs:121)
[INFO] [stdout]           >>>               taro_init-e4927282cb149dc0.taro_init.9607d17c25274ed-cgu.05.rcgu.o:(taro_init::constants::__register__enum__PeriodType_callback__) in archive /opt/rustwide/target/debug/deps/libtaro_init-e4927282cb149dc0.rlib
[INFO] [stdout]           >>> referenced 2 more times
[INFO] [stdout]           
[INFO] [stdout]           rust-lld: error: undefined symbol: napi_set_named_property
[INFO] [stdout]           >>> referenced by constants.rs:85 (crates/taro_init/src/constants.rs:85)
[INFO] [stdout]           >>>               taro_init-e4927282cb149dc0.taro_init.9607d17c25274ed-cgu.05.rcgu.o:(taro_init::constants::__register__enum__CSSType_callback__) in archive /opt/rustwide/target/debug/deps/libtaro_init-e4927282cb149dc0.rlib
[INFO] [stdout]           >>> referenced by constants.rs:85 (crates/taro_init/src/constants.rs:85)
[INFO] [stdout]           >>>               taro_init-e4927282cb149dc0.taro_init.9607d17c25274ed-cgu.05.rcgu.o:(taro_init::constants::__register__enum__CSSType_callback__) in archive /opt/rustwide/target/debug/deps/libtaro_init-e4927282cb149dc0.rlib
[INFO] [stdout]           >>> referenced by constants.rs:85 (crates/taro_init/src/constants.rs:85)
[INFO] [stdout]           >>>               taro_init-e4927282cb149dc0.taro_init.9607d17c25274ed-cgu.05.rcgu.o:(taro_init::constants::__register__enum__CSSType_callback__) in archive /opt/rustwide/target/debug/deps/libtaro_init-e4927282cb149dc0.rlib
[INFO] [stdout]           >>> referenced 15 more times
[INFO] [stdout]           
[INFO] [stdout]           rust-lld: error: undefined symbol: napi_unwrap
[INFO] [stdout]           >>> referenced by callback_info.rs:259 (/opt/rustwide/cargo-home/registry/src/index.crates.io-1949cf8c6b5b557f/napi-2.15.2/src/bindgen_runtime/callback_info.rs:259)
[INFO] [stdout]           >>>               taro_init-e4927282cb149dc0.taro_init.9607d17c25274ed-cgu.07.rcgu.o:(<napi::bindgen_runtime::callback_info::CallbackInfo<0>>::unwrap_raw::<taro_init::creator::Creator>) in archive /opt/rustwide/target/debug/deps/libtaro_init-e4927282cb149dc0.rlib
[INFO] [stdout]           >>> referenced by callback_info.rs:259 (/opt/rustwide/cargo-home/registry/src/index.crates.io-1949cf8c6b5b557f/napi-2.15.2/src/bindgen_runtime/callback_info.rs:259)
[INFO] [stdout]           >>>               taro_init-e4927282cb149dc0.taro_init.9607d17c25274ed-cgu.07.rcgu.o:(<napi::bindgen_runtime::callback_info::CallbackInfo<1>>::unwrap_raw::<taro_init::creator::Creator>) in archive /opt/rustwide/target/debug/deps/libtaro_init-e4927282cb149dc0.rlib
[INFO] [stdout]           >>> referenced by callback_info.rs:259 (/opt/rustwide/cargo-home/registry/src/index.crates.io-1949cf8c6b5b557f/napi-2.15.2/src/bindgen_runtime/callback_info.rs:259)
[INFO] [stdout]           >>>               taro_init-e4927282cb149dc0.taro_init.9607d17c25274ed-cgu.07.rcgu.o:(<napi::bindgen_runtime::callback_info::CallbackInfo<4>>::unwrap_raw::<taro_init::creator::Creator>) in archive /opt/rustwide/target/debug/deps/libtaro_init-e4927282cb149dc0.rlib
[INFO] [stdout]           
[INFO] [stdout]           rust-lld: error: undefined symbol: napi_wrap
[INFO] [stdout]           >>> referenced by callback_info.rs:109 (/opt/rustwide/cargo-home/registry/src/index.crates.io-1949cf8c6b5b557f/napi-2.15.2/src/bindgen_runtime/callback_info.rs:109)
[INFO] [stdout]           >>>               taro_init-e4927282cb149dc0.taro_init.9607d17c25274ed-cgu.07.rcgu.o:(<napi::bindgen_runtime::callback_info::CallbackInfo<2>>::_construct::<false, taro_init::creator::Creator>) in archive /opt/rustwide/target/debug/deps/libtaro_init-e4927282cb149dc0.rlib
[INFO] [stdout]           
[INFO] [stdout]           rust-lld: error: undefined symbol: napi_reject_deferred
[INFO] [stdout]           >>> referenced by deferred.rs:229 (/opt/rustwide/cargo-home/registry/src/index.crates.io-1949cf8c6b5b557f/napi-2.15.2/src/js_values/deferred.rs:229)
[INFO] [stdout]           >>>               taro_init-e4927282cb149dc0.taro_init.9607d17c25274ed-cgu.07.rcgu.o:(napi::js_values::deferred::napi_resolve_deferred::<napi::js_values::JsUnknown, napi::tokio_runtime::execute_tokio_future<(), taro_init::creator::__napi_impl_helper__Creator__0::__napi__create_file_from_template::{closure#0}::{closure#2}, taro_init::creator::__napi_impl_helper__Creator__0::__napi__create_file_from_template::{closure#0}::{closure#3}>::{closure#0}::{closure#0}>) in archive /opt/rustwide/target/debug/deps/libtaro_init-e4927282cb149dc0.rlib
[INFO] [stdout]           >>> referenced by deferred.rs:244 (/opt/rustwide/cargo-home/registry/src/index.crates.io-1949cf8c6b5b557f/napi-2.15.2/src/js_values/deferred.rs:244)
[INFO] [stdout]           >>>               taro_init-e4927282cb149dc0.taro_init.9607d17c25274ed-cgu.07.rcgu.o:(napi::js_values::deferred::napi_resolve_deferred::<napi::js_values::JsUnknown, napi::tokio_runtime::execute_tokio_future<(), taro_init::creator::__napi_impl_helper__Creator__0::__napi__create_file_from_template::{closure#0}::{closure#2}, taro_init::creator::__napi_impl_helper__Creator__0::__napi__create_file_from_template::{closure#0}::{closure#3}>::{closure#0}::{closure#0}>) in archive /opt/rustwide/target/debug/deps/libtaro_init-e4927282cb149dc0.rlib
[INFO] [stdout]           
[INFO] [stdout]           rust-lld: error: undefined symbol: napi_create_string_utf8
[INFO] [stdout]           >>> referenced by deferred.rs:237 (/opt/rustwide/cargo-home/registry/src/index.crates.io-1949cf8c6b5b557f/napi-2.15.2/src/js_values/deferred.rs:237)
[INFO] [stdout]           >>>               taro_init-e4927282cb149dc0.taro_init.9607d17c25274ed-cgu.07.rcgu.o:(napi::js_values::deferred::napi_resolve_deferred::<napi::js_values::JsUnknown, napi::tokio_runtime::execute_tokio_future<(), taro_init::creator::__napi_impl_helper__Creator__0::__napi__create_file_from_template::{closure#0}::{closure#2}, taro_init::creator::__napi_impl_helper__Creator__0::__napi__create_file_from_template::{closure#0}::{closure#3}>::{closure#0}::{closure#0}>) in archive /opt/rustwide/target/debug/deps/libtaro_init-e4927282cb149dc0.rlib
[INFO] [stdout]           >>> referenced by deferred.rs:121 (/opt/rustwide/cargo-home/registry/src/index.crates.io-1949cf8c6b5b557f/napi-2.15.2/src/js_values/deferred.rs:121)
[INFO] [stdout]           >>>               taro_init-e4927282cb149dc0.taro_init.9607d17c25274ed-cgu.07.rcgu.o:(<napi::js_values::deferred::JsDeferred<napi::js_values::JsUnknown, napi::tokio_runtime::execute_tokio_future<(), taro_init::creator::__napi_impl_helper__Creator__0::__napi__create_file_from_template::{closure#0}::{closure#2}, taro_init::creator::__napi_impl_helper__Creator__0::__napi__create_file_from_template::{closure#0}::{closure#3}>::{closure#0}::{closure#0}>>::new) in archive /opt/rustwide/target/debug/deps/libtaro_init-e4927282cb149dc0.rlib
[INFO] [stdout]           >>> referenced by string.rs:26 (src/bindgen_runtime/js_values/string.rs:26)
[INFO] [stdout]           >>>               napi-524e4ace12bee220.napi.b70460b06039d8f0-cgu.04.rcgu.o:(<&alloc::string::String as napi::bindgen_runtime::js_values::ToNapiValue>::to_napi_value) in archive /opt/rustwide/target/debug/deps/libnapi-524e4ace12bee220.rlib
[INFO] [stdout]           >>> referenced 2 more times
[INFO] [stdout]           
[INFO] [stdout]           rust-lld: error: undefined symbol: napi_create_error
[INFO] [stdout]           >>> referenced by deferred.rs:243 (/opt/rustwide/cargo-home/registry/src/index.crates.io-1949cf8c6b5b557f/napi-2.15.2/src/js_values/deferred.rs:243)
[INFO] [stdout]           >>>               taro_init-e4927282cb149dc0.taro_init.9607d17c25274ed-cgu.07.rcgu.o:(napi::js_values::deferred::napi_resolve_deferred::<napi::js_values::JsUnknown, napi::tokio_runtime::execute_tokio_future<(), taro_init::creator::__napi_impl_helper__Creator__0::__napi__create_file_from_template::{closure#0}::{closure#2}, taro_init::creator::__napi_impl_helper__Creator__0::__napi__create_file_from_template::{closure#0}::{closure#3}>::{closure#0}::{closure#0}>) in archive /opt/rustwide/target/debug/deps/libtaro_init-e4927282cb149dc0.rlib
[INFO] [stdout]           >>> referenced by error.rs:258 (src/error.rs:258)
[INFO] [stdout]           >>>               napi-524e4ace12bee220.napi.b70460b06039d8f0-cgu.11.rcgu.o:(<napi::error::JsError>::into_value) in archive /opt/rustwide/target/debug/deps/libnapi-524e4ace12bee220.rlib
[INFO] [stdout]           
[INFO] [stdout]           rust-lld: error: undefined symbol: napi_resolve_deferred
[INFO] [stdout]           >>> referenced by deferred.rs:218 (/opt/rustwide/cargo-home/registry/src/index.crates.io-1949cf8c6b5b557f/napi-2.15.2/src/js_values/deferred.rs:218)
[INFO] [stdout]           >>>               taro_init-e4927282cb149dc0.taro_init.9607d17c25274ed-cgu.07.rcgu.o:(napi::js_values::deferred::napi_resolve_deferred::<napi::js_values::JsUnknown, napi::tokio_runtime::execute_tokio_future<(), taro_init::creator::__napi_impl_helper__Creator__0::__napi__create_file_from_template::{closure#0}::{closure#2}, taro_init::creator::__napi_impl_helper__Creator__0::__napi__create_file_from_template::{closure#0}::{closure#3}>::{closure#0}::{closure#0}>::{closure#2}) in archive /opt/rustwide/target/debug/deps/libtaro_init-e4927282cb149dc0.rlib
[INFO] [stdout]           
[INFO] [stdout]           rust-lld: error: undefined symbol: napi_get_cb_info
[INFO] [stdout]           >>> referenced by callback_info.rs:42 (/opt/rustwide/cargo-home/registry/src/index.crates.io-1949cf8c6b5b557f/napi-2.15.2/src/bindgen_runtime/callback_info.rs:42)
[INFO] [stdout]           >>>               taro_init-e4927282cb149dc0.taro_init.9607d17c25274ed-cgu.07.rcgu.o:(<napi::bindgen_runtime::callback_info::CallbackInfo<0>>::new) in archive /opt/rustwide/target/debug/deps/libtaro_init-e4927282cb149dc0.rlib
[INFO] [stdout]           >>> referenced by callback_info.rs:42 (/opt/rustwide/cargo-home/registry/src/index.crates.io-1949cf8c6b5b557f/napi-2.15.2/src/bindgen_runtime/callback_info.rs:42)
[INFO] [stdout]           >>>               taro_init-e4927282cb149dc0.taro_init.9607d17c25274ed-cgu.07.rcgu.o:(<napi::bindgen_runtime::callback_info::CallbackInfo<1>>::new) in archive /opt/rustwide/target/debug/deps/libtaro_init-e4927282cb149dc0.rlib
[INFO] [stdout]           >>> referenced by callback_info.rs:42 (/opt/rustwide/cargo-home/registry/src/index.crates.io-1949cf8c6b5b557f/napi-2.15.2/src/bindgen_runtime/callback_info.rs:42)
[INFO] [stdout]           >>>               taro_init-e4927282cb149dc0.taro_init.9607d17c25274ed-cgu.07.rcgu.o:(<napi::bindgen_runtime::callback_info::CallbackInfo<2>>::new) in archive /opt/rustwide/target/debug/deps/libtaro_init-e4927282cb149dc0.rlib
[INFO] [stdout]           >>> referenced 1 more times
[INFO] [stdout]           
[INFO] [stdout]           rust-lld: error: undefined symbol: napi_create_promise
[INFO] [stdout]           >>> referenced by deferred.rs:114 (/opt/rustwide/cargo-home/registry/src/index.crates.io-1949cf8c6b5b557f/napi-2.15.2/src/js_values/deferred.rs:114)
[INFO] [stdout]           >>>               taro_init-e4927282cb149dc0.taro_init.9607d17c25274ed-cgu.07.rcgu.o:(<napi::js_values::deferred::JsDeferred<napi::js_values::JsUnknown, napi::tokio_runtime::execute_tokio_future<(), taro_init::creator::__napi_impl_helper__Creator__0::__napi__create_file_from_template::{closure#0}::{closure#2}, taro_init::creator::__napi_impl_helper__Creator__0::__napi__create_file_from_template::{closure#0}::{closure#3}>::{closure#0}::{closure#0}>>::new) in archive /opt/rustwide/target/debug/deps/libtaro_init-e4927282cb149dc0.rlib
[INFO] [stdout]           
[INFO] [stdout]           rust-lld: error: undefined symbol: napi_create_threadsafe_function
[INFO] [stdout]           >>> referenced by deferred.rs:128 (/opt/rustwide/cargo-home/registry/src/index.crates.io-1949cf8c6b5b557f/napi-2.15.2/src/js_values/deferred.rs:128)
[INFO] [stdout]           >>>               taro_init-e4927282cb149dc0.taro_init.9607d17c25274ed-cgu.07.rcgu.o:(<napi::js_values::deferred::JsDeferred<napi::js_values::JsUnknown, napi::tokio_runtime::execute_tokio_future<(), taro_init::creator::__napi_impl_helper__Creator__0::__napi__create_file_from_template::{closure#0}::{closure#2}, taro_init::creator::__napi_impl_helper__Creator__0::__napi__create_file_from_template::{closure#0}::{closure#3}>::{closure#0}::{closure#0}>>::new) in archive /opt/rustwide/target/debug/deps/libtaro_init-e4927282cb149dc0.rlib
[INFO] [stdout]           
[INFO] [stdout]           rust-lld: error: undefined symbol: napi_call_threadsafe_function
[INFO] [stdout]           >>> referenced by deferred.rs:182 (/opt/rustwide/cargo-home/registry/src/index.crates.io-1949cf8c6b5b557f/napi-2.15.2/src/js_values/deferred.rs:182)
[INFO] [stdout]           >>>               taro_init-e4927282cb149dc0.taro_init.9607d17c25274ed-cgu.07.rcgu.o:(<napi::js_values::deferred::JsDeferred<napi::js_values::JsUnknown, napi::tokio_runtime::execute_tokio_future<(), taro_init::creator::__napi_impl_helper__Creator__0::__napi__create_file_from_template::{closure#0}::{closure#2}, taro_init::creator::__napi_impl_helper__Creator__0::__napi__create_file_from_template::{closure#0}::{closure#3}>::{closure#0}::{closure#0}>>::call_tsfn) in archive /opt/rustwide/target/debug/deps/libtaro_init-e4927282cb149dc0.rlib
[INFO] [stdout]           
[INFO] [stdout]           rust-lld: error: undefined symbol: napi_release_threadsafe_function
[INFO] [stdout]           >>> referenced by deferred.rs:194 (/opt/rustwide/cargo-home/registry/src/index.crates.io-1949cf8c6b5b557f/napi-2.15.2/src/js_values/deferred.rs:194)
[INFO] [stdout]           >>>               taro_init-e4927282cb149dc0.taro_init.9607d17c25274ed-cgu.07.rcgu.o:(<napi::js_values::deferred::JsDeferred<napi::js_values::JsUnknown, napi::tokio_runtime::execute_tokio_future<(), taro_init::creator::__napi_impl_helper__Creator__0::__napi__create_file_from_template::{closure#0}::{closure#2}, taro_init::creator::__napi_impl_helper__Creator__0::__napi__create_file_from_template::{closure#0}::{closure#3}>::{closure#0}::{closure#0}>>::call_tsfn) in archive /opt/rustwide/target/debug/deps/libtaro_init-e4927282cb149dc0.rlib
[INFO] [stdout]           
[INFO] [stdout]           rust-lld: error: undefined symbol: napi_get_named_property
[INFO] [stdout]           >>> referenced by object.rs:31 (/opt/rustwide/cargo-home/registry/src/index.crates.io-1949cf8c6b5b557f/napi-2.15.2/src/bindgen_runtime/js_values/object.rs:31)
[INFO] [stdout]           >>>               taro_init-e4927282cb149dc0.taro_init.9607d17c25274ed-cgu.10.rcgu.o:(<napi::js_values::object::JsObject>::get::<&str, alloc::string::String>) in archive /opt/rustwide/target/debug/deps/libtaro_init-e4927282cb149dc0.rlib
[INFO] [stdout]           >>> referenced by object.rs:31 (/opt/rustwide/cargo-home/registry/src/index.crates.io-1949cf8c6b5b557f/napi-2.15.2/src/bindgen_runtime/js_values/object.rs:31)
[INFO] [stdout]           >>>               taro_init-e4927282cb149dc0.taro_init.9607d17c25274ed-cgu.10.rcgu.o:(<napi::js_values::object::JsObject>::get::<&str, taro_init::constants::CompilerType>) in archive /opt/rustwide/target/debug/deps/libtaro_init-e4927282cb149dc0.rlib
[INFO] [stdout]           >>> referenced by object.rs:31 (/opt/rustwide/cargo-home/registry/src/index.crates.io-1949cf8c6b5b557f/napi-2.15.2/src/bindgen_runtime/js_values/object.rs:31)
[INFO] [stdout]           >>>               taro_init-e4927282cb149dc0.taro_init.9607d17c25274ed-cgu.10.rcgu.o:(<napi::js_values::object::JsObject>::get::<&str, taro_init::constants::FrameworkType>) in archive /opt/rustwide/target/debug/deps/libtaro_init-e4927282cb149dc0.rlib
[INFO] [stdout]           >>> referenced 5 more times
[INFO] [stdout]           
[INFO] [stdout]           rust-lld: error: undefined symbol: napi_typeof
[INFO] [stdout]           >>> referenced by lib.rs:126 (/opt/rustwide/cargo-home/registry/src/index.crates.io-1949cf8c6b5b557f/napi-2.15.2/src/lib.rs:126)
[INFO] [stdout]           >>>               taro_init-e4927282cb149dc0.taro_init.9607d17c25274ed-cgu.10.rcgu.o:(<napi::js_values::object::JsObject>::get::<&str, alloc::string::String>) in archive /opt/rustwide/target/debug/deps/libtaro_init-e4927282cb149dc0.rlib
[INFO] [stdout]           >>> referenced by lib.rs:126 (/opt/rustwide/cargo-home/registry/src/index.crates.io-1949cf8c6b5b557f/napi-2.15.2/src/lib.rs:126)
[INFO] [stdout]           >>>               taro_init-e4927282cb149dc0.taro_init.9607d17c25274ed-cgu.10.rcgu.o:(<napi::js_values::object::JsObject>::get::<&str, taro_init::constants::CompilerType>) in archive /opt/rustwide/target/debug/deps/libtaro_init-e4927282cb149dc0.rlib
[INFO] [stdout]           >>> referenced by lib.rs:126 (/opt/rustwide/cargo-home/registry/src/index.crates.io-1949cf8c6b5b557f/napi-2.15.2/src/lib.rs:126)
[INFO] [stdout]           >>>               taro_init-e4927282cb149dc0.taro_init.9607d17c25274ed-cgu.10.rcgu.o:(<napi::js_values::object::JsObject>::get::<&str, taro_init::constants::FrameworkType>) in archive /opt/rustwide/target/debug/deps/libtaro_init-e4927282cb149dc0.rlib
[INFO] [stdout]           >>> referenced 6 more times
[INFO] [stdout]           
[INFO] [stdout]           rust-lld: error: undefined symbol: napi_get_value_string_utf8
[INFO] [stdout]           >>> referenced by string.rs:49 (src/bindgen_runtime/js_values/string.rs:49)
[INFO] [stdout]           >>>               napi-524e4ace12bee220.napi.b70460b06039d8f0-cgu.04.rcgu.o:(<alloc::string::String as napi::bindgen_runtime::js_values::FromNapiValue>::from_napi_value) in archive /opt/rustwide/target/debug/deps/libnapi-524e4ace12bee220.rlib
[INFO] [stdout]           >>> referenced by string.rs:64 (src/bindgen_runtime/js_values/string.rs:64)
[INFO] [stdout]           >>>               napi-524e4ace12bee220.napi.b70460b06039d8f0-cgu.04.rcgu.o:(<alloc::string::String as napi::bindgen_runtime::js_values::FromNapiValue>::from_napi_value) in archive /opt/rustwide/target/debug/deps/libnapi-524e4ace12bee220.rlib
[INFO] [stdout]           >>> referenced by mod.rs:36 (src/js_values/string/mod.rs:36)
[INFO] [stdout]           >>>               napi-524e4ace12bee220.napi.b70460b06039d8f0-cgu.09.rcgu.o:(<napi::js_values::string::JsString>::utf8_len) in archive /opt/rustwide/target/debug/deps/libnapi-524e4ace12bee220.rlib
[INFO] [stdout]           >>> referenced 3 more times
[INFO] [stdout]           
[INFO] [stdout]           rust-lld: error: undefined symbol: napi_get_undefined
[INFO] [stdout]           >>> referenced by nil.rs:75 (src/bindgen_runtime/js_values/nil.rs:75)
[INFO] [stdout]           >>>               napi-524e4ace12bee220.napi.b70460b06039d8f0-cgu.04.rcgu.o:(<() as napi::bindgen_runtime::js_values::ToNapiValue>::to_napi_value) in archive /opt/rustwide/target/debug/deps/libnapi-524e4ace12bee220.rlib
[INFO] [stdout]           >>> referenced by env.rs:17 (src/bindgen_runtime/env.rs:17)
[INFO] [stdout]           >>>               napi-524e4ace12bee220.napi.b70460b06039d8f0-cgu.12.rcgu.o:(<napi::env::Env>::get_undefined) in archive /opt/rustwide/target/debug/deps/libnapi-524e4ace12bee220.rlib
[INFO] [stdout]           
[INFO] [stdout]           rust-lld: error: too many errors emitted, stopping now (use --error-limit=0 to see all errors)
[INFO] [stdout]           collect2: error: ld returned 1 exit status
[INFO] [stdout]           
[INFO] [stdout] 
[INFO] [stdout] 
[INFO] [stderr] error: could not compile `taro_binding` (lib test) due to 1 previous error; 6 warnings emitted
[INFO] [stderr] warning: build failed, waiting for other jobs to finish...
[INFO] running `Command { std: "docker" "inspect" "d5ca1b04f4991c7477a784d7bc21eebc276de885ca088883e34c2eacd22cd82d", kill_on_drop: false }`
[INFO] running `Command { std: "docker" "rm" "-f" "d5ca1b04f4991c7477a784d7bc21eebc276de885ca088883e34c2eacd22cd82d", kill_on_drop: false }`
[INFO] [stdout] d5ca1b04f4991c7477a784d7bc21eebc276de885ca088883e34c2eacd22cd82d
