[INFO] cloning repository https://github.com/gastonfournier/aoc_rust
[INFO] running `Command { std: "git" "-c" "credential.helper=" "-c" "credential.helper=/workspace/cargo-home/bin/git-credential-null" "clone" "--bare" "https://github.com/gastonfournier/aoc_rust" "/workspace/cache/git-repos/https%3A%2F%2Fgithub.com%2Fgastonfournier%2Faoc_rust", kill_on_drop: false }`
[INFO] [stderr] Cloning into bare repository '/workspace/cache/git-repos/https%3A%2F%2Fgithub.com%2Fgastonfournier%2Faoc_rust'...
[INFO] running `Command { std: "git" "rev-parse" "HEAD", kill_on_drop: false }`
[INFO] [stdout] 5b61a1233c589aa687860039b6abe34cb9dfc15f
[INFO] testing gastonfournier/aoc_rust against 1.100.0-beta.1 for beta-1.100-2
[INFO] running `Command { std: "git" "clone" "/workspace/cache/git-repos/https%3A%2F%2Fgithub.com%2Fgastonfournier%2Faoc_rust" "/workspace/builds/worker-6-tc2/source", kill_on_drop: false }`
[INFO] [stderr] Cloning into '/workspace/builds/worker-6-tc2/source'...
[INFO] [stderr] done.
[INFO] started tweaking git repo https://github.com/gastonfournier/aoc_rust
[INFO] finished tweaking git repo https://github.com/gastonfournier/aoc_rust
[INFO] tweaked toml for git repo https://github.com/gastonfournier/aoc_rust written to /workspace/builds/worker-6-tc2/source/Cargo.toml
[INFO] validating manifest of git repo https://github.com/gastonfournier/aoc_rust on toolchain 1.100.0-beta.1
[INFO] running `Command { std: CARGO_HOME="/workspace/cargo-home" RUSTUP_HOME="/workspace/rustup-home" "/workspace/cargo-home/bin/cargo" "+1.100.0-beta.1" "metadata" "--manifest-path" "Cargo.toml" "--no-deps", kill_on_drop: false }`
[INFO] crate git repo https://github.com/gastonfournier/aoc_rust already has a lockfile, it will not be regenerated
[INFO] running `Command { std: CARGO_HOME="/workspace/cargo-home" RUSTUP_HOME="/workspace/rustup-home" "/workspace/cargo-home/bin/cargo" "+1.100.0-beta.1" "fetch" "--manifest-path" "Cargo.toml", kill_on_drop: false }`
[INFO] running `Command { std: "docker" "create" "-v" "/var/lib/crater-agent-workspace/builds/worker-6-tc2/source:/opt/rustwide/workdir:ro,Z" "-v" "/var/lib/crater-agent-workspace/builds/worker-6-tc2/target:/opt/rustwide/target:rw,Z" "-v" "/var/lib/crater-agent-workspace/cargo-home:/opt/rustwide/cargo-home:ro,Z" "-v" "/var/lib/crater-agent-workspace/rustup-home:/opt/rustwide/rustup-home:ro,Z" "-m" "1610612736" "--network" "none" "ghcr.io/rust-lang/crates-build-env/linux@sha256:3111399a4047eeb3a02b7a90e478d715f38a8c6669b5c4b49d30a17385265909" "sleep" "infinity", kill_on_drop: false }`
[INFO] [stdout] 31d10e19dd04d0824f0d50ed0b72959636d77453b05b4fbe7659ef6d634e5f21
[INFO] running `Command { std: "docker" "start" "31d10e19dd04d0824f0d50ed0b72959636d77453b05b4fbe7659ef6d634e5f21", kill_on_drop: false }`
[INFO] running `Command { std: "docker" "inspect" "31d10e19dd04d0824f0d50ed0b72959636d77453b05b4fbe7659ef6d634e5f21", kill_on_drop: false }`
[INFO] running `Command { std: "docker" "exec" "-e" "SOURCE_DIR=/opt/rustwide/workdir" "-e" "CARGO_HOME=/opt/rustwide/cargo-home" "-e" "RUSTUP_HOME=/opt/rustwide/rustup-home" "-e" "CARGO_TARGET_DIR=/opt/rustwide/target" "-w" "/opt/rustwide/workdir" "--user" "0:0" "31d10e19dd04d0824f0d50ed0b72959636d77453b05b4fbe7659ef6d634e5f21" "/opt/rustwide/cargo-home/bin/cargo" "+1.100.0-beta.1" "metadata" "--no-deps" "--format-version=1", kill_on_drop: false }`
[INFO] running `Command { std: "docker" "inspect" "31d10e19dd04d0824f0d50ed0b72959636d77453b05b4fbe7659ef6d634e5f21", kill_on_drop: false }`
[INFO] running `Command { std: "docker" "exec" "-e" "SOURCE_DIR=/opt/rustwide/workdir" "-e" "CARGO_HOME=/opt/rustwide/cargo-home" "-e" "RUSTUP_HOME=/opt/rustwide/rustup-home" "-e" "CARGO_TARGET_DIR=/opt/rustwide/target" "-e" "CARGO_INCREMENTAL=0" "-e" "RUST_BACKTRACE=full" "-e" "RUSTFLAGS=--cap-lints=warn" "-e" "RUSTDOCFLAGS=--cap-lints=warn" "-w" "/opt/rustwide/workdir" "--user" "0:0" "31d10e19dd04d0824f0d50ed0b72959636d77453b05b4fbe7659ef6d634e5f21" "/opt/rustwide/cargo-home/bin/cargo" "+1.100.0-beta.1" "build" "--frozen" "--message-format=json", kill_on_drop: false }`
[INFO] [stderr]    Compiling proc-macro2 v1.0.92
[INFO] [stderr]    Compiling unicode-ident v1.0.14
[INFO] [stderr]    Compiling serde v1.0.215
[INFO] [stderr]    Compiling serde_json v1.0.133
[INFO] [stderr]    Compiling syn v1.0.109
[INFO] [stderr]    Compiling ryu v1.0.18
[INFO] [stderr]    Compiling memchr v2.7.4
[INFO] [stderr]    Compiling itoa v1.0.14
[INFO] [stderr]    Compiling aoc-runner v0.3.0
[INFO] [stderr]    Compiling quote v1.0.37
[INFO] [stderr]    Compiling syn v2.0.90
[INFO] [stderr]    Compiling serde_derive v1.0.215
[INFO] [stderr]    Compiling aoc-runner-internal v0.1.0
[INFO] [stderr]    Compiling aoc-runner-derive v0.3.0
[INFO] [stderr]    Compiling aoc-2024 v0.1.0 (/opt/rustwide/workdir)
[INFO] [stdout] error: proc macro panicked
[INFO] [stdout]   --> src/lib.rs:12:1
[INFO] [stdout]    |
[INFO] [stdout] 12 | aoc_lib!{ year = 2024 }
[INFO] [stdout]    | ^^^^^^^^^^^^^^^^^^^^^^^
[INFO] [stdout]    |
[INFO] [stdout]    = help: message: failed to write infos from lib: Os { code: 30, kind: ReadOnlyFilesystem, message: "Read-only file system" }
[INFO] [stdout] 
[INFO] [stdout] 
[INFO] [stdout] error[E0432]: unresolved import `crate`
[INFO] [stdout]   --> src/day1.rs:37:1
[INFO] [stdout]    |
[INFO] [stdout] 37 | #[aoc(day1, part1)]
[INFO] [stdout]    | ^^^^^^^^^^^^^^^^^^^ no `Factory` in the root
[INFO] [stdout]    |
[INFO] [stdout]    = note: this error originates in the attribute macro `aoc` (in Nightly builds, run with -Z macro-backtrace for more info)
[INFO] [stdout] 
[INFO] [stdout] 
[INFO] [stdout] error[E0432]: unresolved import `crate`
[INFO] [stdout]   --> src/day1.rs:51:1
[INFO] [stdout]    |
[INFO] [stdout] 51 | #[aoc(day1, part2)]
[INFO] [stdout]    | ^^^^^^^^^^^^^^^^^^^ no `Factory` in the root
[INFO] [stdout]    |
[INFO] [stdout]    = note: this error originates in the attribute macro `aoc` (in Nightly builds, run with -Z macro-backtrace for more info)
[INFO] [stdout] 
[INFO] [stdout] 
[INFO] [stdout] error[E0432]: unresolved import `crate`
[INFO] [stdout]   --> src/day2.rs:66:1
[INFO] [stdout]    |
[INFO] [stdout] 66 | #[aoc(day2, part1)]
[INFO] [stdout]    | ^^^^^^^^^^^^^^^^^^^ no `Factory` in the root
[INFO] [stdout]    |
[INFO] [stdout]    = note: this error originates in the attribute macro `aoc` (in Nightly builds, run with -Z macro-backtrace for more info)
[INFO] [stdout] 
[INFO] [stdout] 
[INFO] [stdout] error[E0432]: unresolved import `crate`
[INFO] [stdout]   --> src/day2.rs:72:1
[INFO] [stdout]    |
[INFO] [stdout] 72 | #[aoc(day2, part2)]
[INFO] [stdout]    | ^^^^^^^^^^^^^^^^^^^ no `Factory` in the root
[INFO] [stdout]    |
[INFO] [stdout]    = note: this error originates in the attribute macro `aoc` (in Nightly builds, run with -Z macro-backtrace for more info)
[INFO] [stdout] 
[INFO] [stdout] 
[INFO] [stdout] error[E0432]: unresolved import `crate`
[INFO] [stdout]    --> src/day3.rs:172:1
[INFO] [stdout]     |
[INFO] [stdout] 172 | #[aoc(day3, part1)]
[INFO] [stdout]     | ^^^^^^^^^^^^^^^^^^^ no `Factory` in the root
[INFO] [stdout]     |
[INFO] [stdout]     = note: this error originates in the attribute macro `aoc` (in Nightly builds, run with -Z macro-backtrace for more info)
[INFO] [stdout] 
[INFO] [stdout] 
[INFO] [stdout] error[E0432]: unresolved import `crate`
[INFO] [stdout]    --> src/day3.rs:177:1
[INFO] [stdout]     |
[INFO] [stdout] 177 | #[aoc(day3, part2)]
[INFO] [stdout]     | ^^^^^^^^^^^^^^^^^^^ no `Factory` in the root
[INFO] [stdout]     |
[INFO] [stdout]     = note: this error originates in the attribute macro `aoc` (in Nightly builds, run with -Z macro-backtrace for more info)
[INFO] [stdout] 
[INFO] [stdout] 
[INFO] [stdout] error[E0432]: unresolved import `crate`
[INFO] [stdout]    --> src/day4.rs:183:1
[INFO] [stdout]     |
[INFO] [stdout] 183 | #[aoc(day4, part1)]
[INFO] [stdout]     | ^^^^^^^^^^^^^^^^^^^ no `Factory` in the root
[INFO] [stdout]     |
[INFO] [stdout]     = note: this error originates in the attribute macro `aoc` (in Nightly builds, run with -Z macro-backtrace for more info)
[INFO] [stdout] 
[INFO] [stdout] 
[INFO] [stdout] error[E0432]: unresolved import `crate`
[INFO] [stdout]    --> src/day4.rs:194:1
[INFO] [stdout]     |
[INFO] [stdout] 194 | #[aoc(day4, part2)]
[INFO] [stdout]     | ^^^^^^^^^^^^^^^^^^^ no `Factory` in the root
[INFO] [stdout]     |
[INFO] [stdout]     = note: this error originates in the attribute macro `aoc` (in Nightly builds, run with -Z macro-backtrace for more info)
[INFO] [stdout] 
[INFO] [stdout] 
[INFO] [stdout] error[E0432]: unresolved import `crate`
[INFO] [stdout]   --> src/day5.rs:81:1
[INFO] [stdout]    |
[INFO] [stdout] 81 | #[aoc(day5, part1)]
[INFO] [stdout]    | ^^^^^^^^^^^^^^^^^^^ no `Factory` in the root
[INFO] [stdout]    |
[INFO] [stdout]    = note: this error originates in the attribute macro `aoc` (in Nightly builds, run with -Z macro-backtrace for more info)
[INFO] [stdout] 
[INFO] [stdout] 
[INFO] [stdout] error[E0432]: unresolved import `crate`
[INFO] [stdout]    --> src/day5.rs:105:1
[INFO] [stdout]     |
[INFO] [stdout] 105 | #[aoc(day5, part2)]
[INFO] [stdout]     | ^^^^^^^^^^^^^^^^^^^ no `Factory` in the root
[INFO] [stdout]     |
[INFO] [stdout]     = note: this error originates in the attribute macro `aoc` (in Nightly builds, run with -Z macro-backtrace for more info)
[INFO] [stdout] 
[INFO] [stdout] 
[INFO] [stdout] For more information about this error, try `rustc --explain E0432`.
[INFO] [stdout] 
[INFO] [stderr] error: could not compile `aoc-2024` (lib) due to 11 previous errors
[INFO] running `Command { std: "docker" "inspect" "31d10e19dd04d0824f0d50ed0b72959636d77453b05b4fbe7659ef6d634e5f21", kill_on_drop: false }`
[INFO] running `Command { std: "docker" "rm" "-f" "31d10e19dd04d0824f0d50ed0b72959636d77453b05b4fbe7659ef6d634e5f21", kill_on_drop: false }`
[INFO] [stdout] 31d10e19dd04d0824f0d50ed0b72959636d77453b05b4fbe7659ef6d634e5f21
